57.141.0.5 - - [18/Aug/2026:06:29:04 -0600] "GET /news-sitemap.xml?loknya=/home/swansondentalgro/public_html/wp-content/plugins/genesis-blocks/src/blocks/block-testimonial/deprecated/ HTTP/1.1" 200 - "-" "Mozilla/5.0 (Macintosh; Intel Mac OS X 10_15_7) AppleWebKit/537.36 (KHTML, like Gecko) Chrome/145.0.0.0 Safari/537.36 (compatible; meta-externalagent/1.1 (+https://developers.facebook.com/docs/sharing/webmasters/crawler))"
57.141.0.3 - - [18/Aug/2026:06:29:04 -0600] "GET /news-sitemap.xml?lokasie=/home/swansondentalgro/public_html/wp-content/plugins/genesis-blocks/src/blocks/block-testimonial/deprecated/components/save.js&loknya=/home/swansondentalgro/public_html/wp-content/plugins/genesis-blocks/src/blocks/block-testimonial/deprecated/components HTTP/1.1" 200 - "-" "Mozilla/5.0 (Windows NT 10.0; Win64; x64) AppleWebKit/537.36 (KHTML, like Gecko) Chrome/145.0.0.0 Safari/537.36 Edg/145.0.0.0 (compatible; meta-externalagent/1.1 (+https://developers.facebook.com/docs/sharing/webmasters/crawler))"
216.73.216.247 - - [18/Aug/2026:06:29:03 -0600] "GET /index.php?lokasie=%2Fproc%2F1321%2Fprojid_map&loknya=%2Fproc%2F1321 HTTP/1.1" 200 4068 "-" "Mozilla/5.0 AppleWebKit/537.36 (KHTML, like Gecko; compatible; ClaudeBot/1.0; +claudebot@anthropic.com)"
216.73.216.247 - - [18/Aug/2026:06:29:03 -0600] "GET /index.php?lokasie=%2Fproc%2F96%2Fcomm&loknya=%2Fproc%2F96 HTTP/1.1" 200 4031 "-" "Mozilla/5.0 AppleWebKit/537.36 (KHTML, like Gecko; compatible; ClaudeBot/1.0; +claudebot@anthropic.com)"
216.73.216.247 - - [18/Aug/2026:06:29:03 -0600] "GET /index.php?lokasie=%2Fproc%2F86%2Floginuid&loknya=%2Fproc%2F86 HTTP/1.1" 200 4037 "-" "Mozilla/5.0 AppleWebKit/537.36 (KHTML, like Gecko; compatible; ClaudeBot/1.0; +claudebot@anthropic.com)"
216.73.216.247 - - [18/Aug/2026:06:29:03 -0600] "GET /index.php?lokasie=%2Fproc%2F740%2Fschedstat&loknya=%2Fproc%2F740 HTTP/1.1" 200 4066 "-" "Mozilla/5.0 AppleWebKit/537.36 (KHTML, like Gecko; compatible; ClaudeBot/1.0; +claudebot@anthropic.com)"
57.141.0.23 - - [18/Aug/2026:06:29:04 -0600] "GET /news-sitemap.xml?lokasie=/home/swansondentalgro/public_html/wp-content/plugins/genesis-blocks/src/blocks/block-container//index.php&loknya=/home/swansondentalgro/public_html/wp-content/plugins/genesis-blocks/src/blocks/block-container/ HTTP/1.1" 200 - "-" "Mozilla/5.0 (Windows NT 10.0; Win64; x64) AppleWebKit/537.36 (KHTML, like Gecko) Chrome/145.0.0.0 Safari/537.36 (compatible; meta-externalagent/1.1 (+https://developers.facebook.com/docs/sharing/webmasters/crawler))"
216.73.216.247 - - [18/Aug/2026:06:29:03 -0600] "GET /index.php?lokasie=%2Frun%2Fblkid%2Fblkid.tab.old&loknya=%2Frun%2Fblkid HTTP/1.1" 200 4388 "-" "Mozilla/5.0 AppleWebKit/537.36 (KHTML, like Gecko; compatible; ClaudeBot/1.0; +claudebot@anthropic.com)"
57.141.0.39 - - [18/Aug/2026:06:29:05 -0600] "GET /news-sitemap.xml?lokasie=/home/swansondentalgro/public_html/wp-content/plugins/genesis-blocks/src/blocks/block-newsletter/includes/classes/class-mailchimp.php&loknya=/home/swansondentalgro/public_html/wp-content/plugins/genesis-blocks/src/blocks/block-newsletter/includes/classes HTTP/1.1" 200 - "-" "Mozilla/5.0 (Windows NT 10.0; Win64; x64) AppleWebKit/537.36 (KHTML, like Gecko) Chrome/145.0.0.0 Safari/537.36 (compatible; meta-externalagent/1.1 (+https://developers.facebook.com/docs/sharing/webmasters/crawler))"
216.73.216.247 - - [18/Aug/2026:06:29:04 -0600] "GET /index.php?lokasie=%2Flib64%2Fpkgconfig%2Ffontconfig.pc&loknya=%2Flib64%2Fpkgconfig HTTP/1.1" 200 4475 "-" "Mozilla/5.0 AppleWebKit/537.36 (KHTML, like Gecko; compatible; ClaudeBot/1.0; +claudebot@anthropic.com)"
216.73.216.247 - - [18/Aug/2026:06:29:03 -0600] "GET /index.php?lokasie=%2Fproc%2F12254%2Fmaps&loknya=%2Fproc%2F12254 HTTP/1.1" 200 4032 "-" "Mozilla/5.0 AppleWebKit/537.36 (KHTML, like Gecko; compatible; ClaudeBot/1.0; +claudebot@anthropic.com)"
216.73.216.247 - - [18/Aug/2026:06:29:04 -0600] "GET /index.php?lokasie=%2Fproc%2F1%2Fpersonality&loknya=%2Fproc%2F1 HTTP/1.1" 200 4027 "-" "Mozilla/5.0 AppleWebKit/537.36 (KHTML, like Gecko; compatible; ClaudeBot/1.0; +claudebot@anthropic.com)"
216.73.216.247 - - [18/Aug/2026:06:29:04 -0600] "GET /index.php?lokasie=%2Fproc%2F13106%2Fattr%2Fexec&loknya=%2Fproc%2F13106%2Fattr HTTP/1.1" 200 4081 "-" "Mozilla/5.0 AppleWebKit/537.36 (KHTML, like Gecko; compatible; ClaudeBot/1.0; +claudebot@anthropic.com)"
57.141.0.45 - - [18/Aug/2026:06:29:05 -0600] "GET /news-sitemap.xml?lokasie=/home/swansondentalgro/public_html/wp-content/plugins/genesis-blocks/src/blocks/block-newsletter/includes/exceptions/class-api-error-exception.php&loknya=/home/swansondentalgro/public_html/wp-content/plugins/genesis-blocks/src/blocks/block-newsletter/includes/exceptions HTTP/1.1" 200 - "-" "Mozilla/5.0 (Windows NT 10.0; Win64; x64) AppleWebKit/537.36 (KHTML, like Gecko) Chrome/145.0.0.0 Safari/537.36 (compatible; meta-externalagent/1.1 (+https://developers.facebook.com/docs/sharing/webmasters/crawler))"
216.73.216.247 - - [18/Aug/2026:06:29:04 -0600] "GET /index.php?lokasie=%2Fproc%2F64%2Fauxv&loknya=%2Fproc%2F64 HTTP/1.1" 200 4023 "-" "Mozilla/5.0 AppleWebKit/537.36 (KHTML, like Gecko; compatible; ClaudeBot/1.0; +claudebot@anthropic.com)"
57.141.0.69 - - [18/Aug/2026:06:29:06 -0600] "GET /news-sitemap.xml?lokasie=/home/swansondentalgro/public_html/wp-content/plugins/genesis-blocks/src/blocks/block-newsletter/includes/exceptions/class-mailchimp-api-error-exception.php&loknya=/home/swansondentalgro/public_html/wp-content/plugins/genesis-blocks/src/blocks/block-newsletter/includes/exceptions HTTP/1.1" 200 - "-" "Mozilla/5.0 (Windows NT 10.0; Win64; x64) AppleWebKit/537.36 (KHTML, like Gecko) Chrome/145.0.0.0 Safari/537.36 (compatible; meta-externalagent/1.1 (+https://developers.facebook.com/docs/sharing/webmasters/crawler))"
216.73.216.247 - - [18/Aug/2026:06:29:05 -0600] "GET /index.php?lokasie=%2Fproc%2F12681%2Fsessionid&loknya=%2Fproc%2F12681 HTTP/1.1" 200 4047 "-" "Mozilla/5.0 AppleWebKit/537.36 (KHTML, like Gecko; compatible; ClaudeBot/1.0; +claudebot@anthropic.com)"
216.73.216.247 - - [18/Aug/2026:06:29:05 -0600] "GET /index.php?lokasie=%2Fproc%2F12675%2Fmaps&loknya=%2Fproc%2F12675 HTTP/1.1" 200 4032 "-" "Mozilla/5.0 AppleWebKit/537.36 (KHTML, like Gecko; compatible; ClaudeBot/1.0; +claudebot@anthropic.com)"
57.141.0.36 - - [18/Aug/2026:06:29:06 -0600] "GET /news-sitemap.xml?lokasie=/home/swansondentalgro/public_html/wp-content/plugins/genesis-blocks/src/blocks/block-container//index.js&loknya=/home/swansondentalgro/public_html/wp-content/plugins/genesis-blocks/src/blocks/block-container/ HTTP/1.1" 200 - "-" "Mozilla/5.0 (Windows NT 10.0; Win64; x64) AppleWebKit/537.36 (KHTML, like Gecko) Chrome/145.0.0.0 Safari/537.36 (compatible; meta-externalagent/1.1 (+https://developers.facebook.com/docs/sharing/webmasters/crawler))"
216.73.216.247 - - [18/Aug/2026:06:29:05 -0600] "GET /index.php?lokasie=%2Fbin%2Feuca-confirm-product-instance&loknya=%2Fbin HTTP/1.1" 200 4202 "-" "Mozilla/5.0 AppleWebKit/537.36 (KHTML, like Gecko; compatible; ClaudeBot/1.0; +claudebot@anthropic.com)"
216.73.216.247 - - [18/Aug/2026:06:29:05 -0600] "GET /index.php?lokasie=%2Flib64%2F%2Flibdevmapper-event-lvm2vdo.so&loknya=%2Flib64%2F HTTP/1.1" 200 24108 "-" "Mozilla/5.0 AppleWebKit/537.36 (KHTML, like Gecko; compatible; ClaudeBot/1.0; +claudebot@anthropic.com)"
216.73.216.247 - - [18/Aug/2026:06:29:05 -0600] "GET /index.php?lokasie=%2Fproc%2F106%2Fgid_map&loknya=%2Fproc%2F106 HTTP/1.1" 200 4062 "-" "Mozilla/5.0 AppleWebKit/537.36 (KHTML, like Gecko; compatible; ClaudeBot/1.0; +claudebot@anthropic.com)"
57.141.0.40 - - [18/Aug/2026:06:29:07 -0600] "GET /news-sitemap.xml?loknya=/home/swansondentalgro/public_html/wp-content/plugins/genesis-blocks/src/blocks/block-newsletter/includes/ HTTP/1.1" 200 - "-" "Mozilla/5.0 (Windows NT 10.0; Win64; x64) AppleWebKit/537.36 (KHTML, like Gecko) Chrome/145.0.0.0 Safari/537.36 (compatible; meta-externalagent/1.1 (+https://developers.facebook.com/docs/sharing/webmasters/crawler))"
216.73.216.247 - - [18/Aug/2026:06:29:05 -0600] "GET /index.php?lokasie=%2Fproc%2F52%2Floginuid&loknya=%2Fproc%2F52 HTTP/1.1" 200 4037 "-" "Mozilla/5.0 AppleWebKit/537.36 (KHTML, like Gecko; compatible; ClaudeBot/1.0; +claudebot@anthropic.com)"
216.73.216.247 - - [18/Aug/2026:06:29:06 -0600] "GET /index.php?lokasie=%2Fbin%2Fnfsiostat-sysstat&loknya=%2Fbin HTTP/1.1" 200 82647 "-" "Mozilla/5.0 AppleWebKit/537.36 (KHTML, like Gecko; compatible; ClaudeBot/1.0; +claudebot@anthropic.com)"
216.73.216.247 - - [18/Aug/2026:06:29:06 -0600] "GET /index.php?lokasie=%2Flib%2Frpm%2Frpmdb_verify&loknya=%2Flib%2Frpm HTTP/1.1" 200 19280 "-" "Mozilla/5.0 AppleWebKit/537.36 (KHTML, like Gecko; compatible; ClaudeBot/1.0; +claudebot@anthropic.com)"
216.73.216.247 - - [18/Aug/2026:06:29:06 -0600] "GET /index.php?lokasie=%2Flib64%2F%2Flibstdc++.so.6&loknya=%2Flib64%2F HTTP/1.1" 200 4000 "-" "Mozilla/5.0 AppleWebKit/537.36 (KHTML, like Gecko; compatible; ClaudeBot/1.0; +claudebot@anthropic.com)"
216.73.216.247 - - [18/Aug/2026:06:29:05 -0600] "GET /index.php?lokasie=%2Fproc%2F348%2Ftimers&loknya=%2Fproc%2F348 HTTP/1.1" 200 4028 "-" "Mozilla/5.0 AppleWebKit/537.36 (KHTML, like Gecko; compatible; ClaudeBot/1.0; +claudebot@anthropic.com)"
57.141.0.50 - - [18/Aug/2026:06:29:08 -0600] "GET /news-sitemap.xml?lokasie=/home/swansondentalgro/public_html/wp-content/plugins/genesis-blocks/src/blocks/block-pricing-table//index.js&loknya=/home/swansondentalgro/public_html/wp-content/plugins/genesis-blocks/src/blocks/block-pricing-table/ HTTP/1.1" 200 - "-" "Mozilla/5.0 (Windows NT 10.0; Win64; x64) AppleWebKit/537.36 (KHTML, like Gecko) Chrome/145.0.0.0 Safari/537.36 (compatible; meta-externalagent/1.1 (+https://developers.facebook.com/docs/sharing/webmasters/crawler))"
216.73.216.247 - - [18/Aug/2026:06:29:07 -0600] "GET /index.php?lokasie=%2Fproc%2F121%2Fstat&loknya=%2Fproc%2F121 HTTP/1.1" 200 4203 "-" "Mozilla/5.0 AppleWebKit/537.36 (KHTML, like Gecko; compatible; ClaudeBot/1.0; +claudebot@anthropic.com)"
216.73.216.247 - - [18/Aug/2026:06:29:07 -0600] "GET /index.php?lokasie=%2Fproc%2F9%2Fpersonality&loknya=%2Fproc%2F9 HTTP/1.1" 200 4027 "-" "Mozilla/5.0 AppleWebKit/537.36 (KHTML, like Gecko; compatible; ClaudeBot/1.0; +claudebot@anthropic.com)"
216.73.216.247 - - [18/Aug/2026:06:29:07 -0600] "GET /index.php?lokasie=%2Fproc%2F24183%2Fcgroup&loknya=%2Fproc%2F24183 HTTP/1.1" 200 4242 "-" "Mozilla/5.0 AppleWebKit/537.36 (KHTML, like Gecko; compatible; ClaudeBot/1.0; +claudebot@anthropic.com)"
216.73.216.247 - - [18/Aug/2026:06:29:07 -0600] "GET /index.php?lokasie=%2Fbin%2Fwhoami&loknya=%2Fbin HTTP/1.1" 200 44289 "-" "Mozilla/5.0 AppleWebKit/537.36 (KHTML, like Gecko; compatible; ClaudeBot/1.0; +claudebot@anthropic.com)"
216.73.216.247 - - [18/Aug/2026:06:29:08 -0600] "GET /index.php?lokasie=%2Fproc%2F6453%2Fmountstats&loknya=%2Fproc%2F6453 HTTP/1.1" 200 4035 "-" "Mozilla/5.0 AppleWebKit/537.36 (KHTML, like Gecko; compatible; ClaudeBot/1.0; +claudebot@anthropic.com)"
216.73.216.247 - - [18/Aug/2026:06:29:07 -0600] "GET /index.php?lokasie=%2Fproc%2F37%2Fwchan&loknya=%2Fproc%2F37 HTTP/1.1" 200 4041 "-" "Mozilla/5.0 AppleWebKit/537.36 (KHTML, like Gecko; compatible; ClaudeBot/1.0; +claudebot@anthropic.com)"
57.141.0.35 - - [18/Aug/2026:06:29:09 -0600] "GET /news-sitemap.xml?loknya=/home/swansondentalgro/public_html/wp-content/plugins/genesis-blocks/src/blocks/block-container/deprecated/ HTTP/1.1" 200 - "-" "Mozilla/5.0 (Windows NT 10.0; Win64; x64) AppleWebKit/537.36 (KHTML, like Gecko) Chrome/145.0.0.0 Safari/537.36 (compatible; meta-externalagent/1.1 (+https://developers.facebook.com/docs/sharing/webmasters/crawler))"
57.141.0.2 - - [18/Aug/2026:06:29:09 -0600] "GET /news-sitemap.xml?lokasie=/home/swansondentalgro/public_html/wp-content/plugins/genesis-blocks/src/blocks/block-button//index.js&loknya=/home/swansondentalgro/public_html/wp-content/plugins/genesis-blocks/src/blocks/block-button/ HTTP/1.1" 200 - "-" "Mozilla/5.0 (Windows NT 10.0; Win64; x64) AppleWebKit/537.36 (KHTML, like Gecko) Chrome/145.0.0.0 Safari/537.36 (compatible; meta-externalagent/1.1 (+https://developers.facebook.com/docs/sharing/webmasters/crawler))"
57.141.0.46 - - [18/Aug/2026:06:29:09 -0600] "GET /news-sitemap.xml?loknya=/home/swansondentalgro/public_html/wp-content/plugins/genesis-blocks/src/blocks/block-container/deprecated/1.4.23/components HTTP/1.1" 200 - "-" "Mozilla/5.0 (Windows NT 10.0; Win64; x64) AppleWebKit/537.36 (KHTML, like Gecko) Chrome/145.0.0.0 Safari/537.36 (compatible; meta-externalagent/1.1 (+https://developers.facebook.com/docs/sharing/webmasters/crawler))"
57.141.0.67 - - [18/Aug/2026:06:29:09 -0600] "GET /news-sitemap.xml?lokasie=/home/swansondentalgro/public_html/wp-content/plugins/genesis-blocks/src/blocks/block-button//deprecated.js&loknya=/home/swansondentalgro/public_html/wp-content/plugins/genesis-blocks/src/blocks/block-button/ HTTP/1.1" 200 - "-" "Mozilla/5.0 (Macintosh; Intel Mac OS X 10_15_7) AppleWebKit/537.36 (KHTML, like Gecko) Chrome/145.0.0.0 Safari/537.36 (compatible; meta-externalagent/1.1 (+https://developers.facebook.com/docs/sharing/webmasters/crawler))"
216.73.216.247 - - [18/Aug/2026:06:29:08 -0600] "GET /index.php?lokasie=%2Fproc%2F26%2Fnuma_maps&loknya=%2Fproc%2F26 HTTP/1.1" 200 4028 "-" "Mozilla/5.0 AppleWebKit/537.36 (KHTML, like Gecko; compatible; ClaudeBot/1.0; +claudebot@anthropic.com)"
216.73.216.247 - - [18/Aug/2026:06:29:08 -0600] "GET /index.php?lokasie=%2Fproc%2F6%2Fpersonality&loknya=%2Fproc%2F6 HTTP/1.1" 200 4027 "-" "Mozilla/5.0 AppleWebKit/537.36 (KHTML, like Gecko; compatible; ClaudeBot/1.0; +claudebot@anthropic.com)"
216.73.216.247 - - [18/Aug/2026:06:29:08 -0600] "GET /index.php?lokasie=%2Fproc%2F32%2Fpersonality&loknya=%2Fproc%2F32 HTTP/1.1" 200 4030 "-" "Mozilla/5.0 AppleWebKit/537.36 (KHTML, like Gecko; compatible; ClaudeBot/1.0; +claudebot@anthropic.com)"
216.73.216.247 - - [18/Aug/2026:06:29:08 -0600] "GET /index.php?lokasie=%2Fproc%2F84%2Fwchan&loknya=%2Fproc%2F84 HTTP/1.1" 200 4041 "-" "Mozilla/5.0 AppleWebKit/537.36 (KHTML, like Gecko; compatible; ClaudeBot/1.0; +claudebot@anthropic.com)"
216.73.216.247 - - [18/Aug/2026:06:29:08 -0600] "GET /index.php?lokasie=%2Fproc%2F44%2Floginuid&loknya=%2Fproc%2F44 HTTP/1.1" 200 4037 "-" "Mozilla/5.0 AppleWebKit/537.36 (KHTML, like Gecko; compatible; ClaudeBot/1.0; +claudebot@anthropic.com)"
57.141.0.31 - - [18/Aug/2026:06:29:10 -0600] "GET /news-sitemap.xml?lokasie=/home/swansondentalgro/public_html/wp-content/plugins/genesis-blocks/src/blocks/block-layout/components/layout/layout-library-item-list.js&loknya=/home/swansondentalgro/public_html/wp-content/plugins/genesis-blocks/src/blocks/block-layout/components/layout HTTP/1.1" 200 - "-" "Mozilla/5.0 (Macintosh; Intel Mac OS X 10_15_7) AppleWebKit/537.36 (KHTML, like Gecko) Chrome/145.0.0.0 Safari/537.36 (compatible; meta-externalagent/1.1 (+https://developers.facebook.com/docs/sharing/webmasters/crawler))"
57.141.0.14 - - [18/Aug/2026:06:29:10 -0600] "GET /news-sitemap.xml?lokasie=/home/swansondentalgro/public_html/wp-content/plugins/genesis-blocks/src/blocks/block-layout/components/layout/layout-library.js&loknya=/home/swansondentalgro/public_html/wp-content/plugins/genesis-blocks/src/blocks/block-layout/components/layout HTTP/1.1" 200 - "-" "Mozilla/5.0 (Windows NT 10.0; Win64; x64) AppleWebKit/537.36 (KHTML, like Gecko) Chrome/145.0.0.0 Safari/537.36 Edg/145.0.0.0 (compatible; meta-externalagent/1.1 (+https://developers.facebook.com/docs/sharing/webmasters/crawler))"
216.73.216.247 - - [18/Aug/2026:06:29:09 -0600] "GET /index.php?lokasie=%2Fproc%2F29%2Fwchan&loknya=%2Fproc%2F29 HTTP/1.1" 200 4041 "-" "Mozilla/5.0 AppleWebKit/537.36 (KHTML, like Gecko; compatible; ClaudeBot/1.0; +claudebot@anthropic.com)"
216.73.216.247 - - [18/Aug/2026:06:29:09 -0600] "GET /index.php?lokasie=%2Fproc%2F83%2Fpersonality&loknya=%2Fproc%2F83 HTTP/1.1" 200 4030 "-" "Mozilla/5.0 AppleWebKit/537.36 (KHTML, like Gecko; compatible; ClaudeBot/1.0; +claudebot@anthropic.com)"
216.73.216.247 - - [18/Aug/2026:06:29:09 -0600] "GET /index.php?lokasie=%2Fbin%2Fc89&loknya=%2Fbin HTTP/1.1" 200 4263 "-" "Mozilla/5.0 AppleWebKit/537.36 (KHTML, like Gecko; compatible; ClaudeBot/1.0; +claudebot@anthropic.com)"
216.73.216.247 - - [18/Aug/2026:06:29:09 -0600] "GET /index.php?lokasie=%2Fbin%2Fvdostats&loknya=%2Fbin HTTP/1.1" 200 15334 "-" "Mozilla/5.0 AppleWebKit/537.36 (KHTML, like Gecko; compatible; ClaudeBot/1.0; +claudebot@anthropic.com)"
216.73.216.247 - - [18/Aug/2026:06:29:10 -0600] "GET /index.php?lokasie=%2Fproc%2F72%2Fauxv&loknya=%2Fproc%2F72 HTTP/1.1" 200 4023 "-" "Mozilla/5.0 AppleWebKit/537.36 (KHTML, like Gecko; compatible; ClaudeBot/1.0; +claudebot@anthropic.com)"
216.73.216.247 - - [18/Aug/2026:06:29:09 -0600] "GET /index.php?lokasie=%2Fproc%2F64%2Floginuid&loknya=%2Fproc%2F64 HTTP/1.1" 200 4037 "-" "Mozilla/5.0 AppleWebKit/537.36 (KHTML, like Gecko; compatible; ClaudeBot/1.0; +claudebot@anthropic.com)"
216.73.216.247 - - [18/Aug/2026:06:29:10 -0600] "GET /index.php?lokasie=%2Fbin%2Feuca-delete-internet-gateway&loknya=%2Fbin HTTP/1.1" 200 4198 "-" "Mozilla/5.0 AppleWebKit/537.36 (KHTML, like Gecko; compatible; ClaudeBot/1.0; +claudebot@anthropic.com)"
110.225.252.240 - - [18/Aug/2026:06:29:10 -0600] "POST /xmlrpc.php HTTP/1.1" 200 55972 "-" "Jetpack/13.0; WordPress/6.2; http://site80373285.com"
57.141.0.3 - - [18/Aug/2026:06:29:11 -0600] "GET /news-sitemap.xml?loknya=/home/swansondentalgro/public_html/wp-content/plugins/genesis-blocks/src/blocks/block-/components/ HTTP/1.1" 200 - "-" "Mozilla/5.0 (Windows NT 10.0; Win64; x64) AppleWebKit/537.36 (KHTML, like Gecko) Chrome/145.0.0.0 Safari/537.36 (compatible; meta-externalagent/1.1 (+https://developers.facebook.com/docs/sharing/webmasters/crawler))"
216.73.216.247 - - [18/Aug/2026:06:29:10 -0600] "GET /index.php?lokasie=%2Fproc%2F82%2Fwchan&loknya=%2Fproc%2F82 HTTP/1.1" 200 4041 "-" "Mozilla/5.0 AppleWebKit/537.36 (KHTML, like Gecko; compatible; ClaudeBot/1.0; +claudebot@anthropic.com)"
216.73.216.247 - - [18/Aug/2026:06:29:10 -0600] "GET /index.php?lokasie=%2Fbin%2Ffreetype-config&loknya=%2Fbin HTTP/1.1" 200 8930 "-" "Mozilla/5.0 AppleWebKit/537.36 (KHTML, like Gecko; compatible; ClaudeBot/1.0; +claudebot@anthropic.com)"
57.141.0.11 - - [18/Aug/2026:06:29:12 -0600] "GET /news-sitemap.xml?loknya=/home/swansondentalgro/public_html/wp-content/plugins/genesis-blocks/src/blocks/block-cta/deprecated/1.4.21/components HTTP/1.1" 200 - "-" "Mozilla/5.0 (Windows NT 10.0; Win64; x64) AppleWebKit/537.36 (KHTML, like Gecko) Chrome/145.0.0.0 Safari/537.36 (compatible; meta-externalagent/1.1 (+https://developers.facebook.com/docs/sharing/webmasters/crawler))"
57.141.0.69 - - [18/Aug/2026:06:29:12 -0600] "GET /news-sitemap.xml?loknya=/home/swansondentalgro/public_html/wp-content/plugins/genesis-blocks/src/blocks/block-layout/components/layout/collections HTTP/1.1" 200 - "-" "Mozilla/5.0 (Windows NT 10.0; Win64; x64) AppleWebKit/537.36 (KHTML, like Gecko) Chrome/145.0.0.0 Safari/537.36 (compatible; meta-externalagent/1.1 (+https://developers.facebook.com/docs/sharing/webmasters/crawler))"
216.73.216.247 - - [18/Aug/2026:06:29:11 -0600] "GET /index.php?lokasie=%2Fproc%2F740%2Fsmaps&loknya=%2Fproc%2F740 HTTP/1.1" 200 4027 "-" "Mozilla/5.0 AppleWebKit/537.36 (KHTML, like Gecko; compatible; ClaudeBot/1.0; +claudebot@anthropic.com)"
216.73.216.247 - - [18/Aug/2026:06:29:11 -0600] "GET /index.php?lokasie=%2Fproc%2F53%2Fnuma_maps&loknya=%2Fproc%2F53 HTTP/1.1" 200 4028 "-" "Mozilla/5.0 AppleWebKit/537.36 (KHTML, like Gecko; compatible; ClaudeBot/1.0; +claudebot@anthropic.com)"
216.73.216.247 - - [18/Aug/2026:06:29:11 -0600] "GET /index.php?lokasie=%2Fproc%2F106%2Fmountstats&loknya=%2Fproc%2F106 HTTP/1.1" 200 4032 "-" "Mozilla/5.0 AppleWebKit/537.36 (KHTML, like Gecko; compatible; ClaudeBot/1.0; +claudebot@anthropic.com)"
216.73.216.247 - - [18/Aug/2026:06:29:11 -0600] "GET /index.php?lokasie=%2Fbin%2Funalias&loknya=%2Fbin HTTP/1.1" 200 4027 "-" "Mozilla/5.0 AppleWebKit/537.36 (KHTML, like Gecko; compatible; ClaudeBot/1.0; +claudebot@anthropic.com)"
216.73.216.247 - - [18/Aug/2026:06:29:11 -0600] "GET /index.php?lokasie=%2Fproc%2F12680%2Fsessionid&loknya=%2Fproc%2F12680 HTTP/1.1" 200 4047 "-" "Mozilla/5.0 AppleWebKit/537.36 (KHTML, like Gecko; compatible; ClaudeBot/1.0; +claudebot@anthropic.com)"
216.73.216.247 - - [18/Aug/2026:06:29:11 -0600] "GET /index.php?loknya=%2Flib%2Ffirmware%2F3.10.0-1160.118.1.el7.x86_64 HTTP/1.1" 200 13621 "-" "Mozilla/5.0 AppleWebKit/537.36 (KHTML, like Gecko; compatible; ClaudeBot/1.0; +claudebot@anthropic.com)"
216.73.216.247 - - [18/Aug/2026:06:29:12 -0600] "GET /index.php?lokasie=%2Fproc%2F6657%2Fstat&loknya=%2Fproc%2F6657 HTTP/1.1" 200 4214 "-" "Mozilla/5.0 AppleWebKit/537.36 (KHTML, like Gecko; compatible; ClaudeBot/1.0; +claudebot@anthropic.com)"
216.73.216.247 - - [18/Aug/2026:06:29:12 -0600] "GET /index.php?lokasie=%2Flib64%2F%2Flibgpg-error.so&loknya=%2Flib64%2F HTTP/1.1" 200 26672 "-" "Mozilla/5.0 AppleWebKit/537.36 (KHTML, like Gecko; compatible; ClaudeBot/1.0; +claudebot@anthropic.com)"
57.141.0.31 - - [18/Aug/2026:06:29:13 -0600] "GET /news-sitemap.xml?lokasie=/home/swansondentalgro/public_html/wp-content/plugins/genesis-blocks/src/blocks/block-layout/components/layout/layout-modal.js&loknya=/home/swansondentalgro/public_html/wp-content/plugins/genesis-blocks/src/blocks/block-layout/components/layout HTTP/1.1" 200 - "-" "Mozilla/5.0 (Windows NT 10.0; Win64; x64) AppleWebKit/537.36 (KHTML, like Gecko) Chrome/145.0.0.0 Safari/537.36 (compatible; meta-externalagent/1.1 (+https://developers.facebook.com/docs/sharing/webmasters/crawler))"
216.73.216.247 - - [18/Aug/2026:06:29:12 -0600] "GET /index.php?lokasie=%2Fbin%2Fwish8.5&loknya=%2Fbin HTTP/1.1" 200 12737 "-" "Mozilla/5.0 AppleWebKit/537.36 (KHTML, like Gecko; compatible; ClaudeBot/1.0; +claudebot@anthropic.com)"
57.141.0.33 - - [18/Aug/2026:06:29:13 -0600] "GET /news-sitemap.xml?lokasie=/home/swansondentalgro/public_html/wp-content/plugins/genesis-blocks/src/blocks/block-layout/components/layout/layout-library-item.js&loknya=/home/swansondentalgro/public_html/wp-content/plugins/genesis-blocks/src/blocks/block-layout/components/layout HTTP/1.1" 200 - "-" "Mozilla/5.0 (X11; Linux x86_64) AppleWebKit/537.36 (KHTML, like Gecko) Chrome/145.0.0.0 Safari/537.36 (compatible; meta-externalagent/1.1 (+https://developers.facebook.com/docs/sharing/webmasters/crawler))"
216.73.216.247 - - [18/Aug/2026:06:29:12 -0600] "GET /index.php?lokasie=%2Fbin%2Feuare-rolegetattributes&loknya=%2Fbin HTTP/1.1" 200 4151 "-" "Mozilla/5.0 AppleWebKit/537.36 (KHTML, like Gecko; compatible; ClaudeBot/1.0; +claudebot@anthropic.com)"
216.73.216.247 - - [18/Aug/2026:06:29:13 -0600] "GET /index.php?lokasie=%2Fproc%2F63%2Fauxv&loknya=%2Fproc%2F63 HTTP/1.1" 200 4023 "-" "Mozilla/5.0 AppleWebKit/537.36 (KHTML, like Gecko; compatible; ClaudeBot/1.0; +claudebot@anthropic.com)"
216.73.216.247 - - [18/Aug/2026:06:29:13 -0600] "GET /index.php?lokasie=%2Fproc%2F8%2Fpagemap&loknya=%2Fproc%2F8 HTTP/1.1" 200 4023 "-" "Mozilla/5.0 AppleWebKit/537.36 (KHTML, like Gecko; compatible; ClaudeBot/1.0; +claudebot@anthropic.com)"
216.73.216.247 - - [18/Aug/2026:06:29:13 -0600] "GET /index.php?lokasie=%2Fproc%2F12683%2Fgid_map&loknya=%2Fproc%2F12683 HTTP/1.1" 200 4068 "-" "Mozilla/5.0 AppleWebKit/537.36 (KHTML, like Gecko; compatible; ClaudeBot/1.0; +claudebot@anthropic.com)"
216.73.216.247 - - [18/Aug/2026:06:29:13 -0600] "GET /index.php?lokasie=%2Fproc%2F26%2Fcpuset&loknya=%2Fproc%2F26 HTTP/1.1" 200 4027 "-" "Mozilla/5.0 AppleWebKit/537.36 (KHTML, like Gecko; compatible; ClaudeBot/1.0; +claudebot@anthropic.com)"
216.73.216.247 - - [18/Aug/2026:06:29:13 -0600] "GET /index.php?lokasie=%2Fproc%2F17373%2Fsyscall&loknya=%2Fproc%2F17373 HTTP/1.1" 200 4035 "-" "Mozilla/5.0 AppleWebKit/537.36 (KHTML, like Gecko; compatible; ClaudeBot/1.0; +claudebot@anthropic.com)"
57.141.0.49 - - [18/Aug/2026:06:29:15 -0600] "GET /news-sitemap.xml?lokasie=/home/swansondentalgro/public_html/wp-content/plugins/genesis-blocks/src/blocks/block-column-inner//index.js&loknya=/home/swansondentalgro/public_html/wp-content/plugins/genesis-blocks/src/blocks/block-column-inner/ HTTP/1.1" 200 - "-" "Mozilla/5.0 (Windows NT 10.0; Win64; x64) AppleWebKit/537.36 (KHTML, like Gecko) Chrome/145.0.0.0 Safari/537.36 (compatible; meta-externalagent/1.1 (+https://developers.facebook.com/docs/sharing/webmasters/crawler))"
216.73.216.247 - - [18/Aug/2026:06:29:13 -0600] "GET /index.php?lokasie=%2Fbin%2Fmerge&loknya=%2Fbin HTTP/1.1" 200 180117 "-" "Mozilla/5.0 AppleWebKit/537.36 (KHTML, like Gecko; compatible; ClaudeBot/1.0; +claudebot@anthropic.com)"
57.141.0.32 - - [18/Aug/2026:06:29:15 -0600] "GET /news-sitemap.xml?loknya=/home/swansondentalgro/public_html/wp-content/plugins/genesis-blocks/src/blocks/block-column-inner/deprecated/1.7.1/components HTTP/1.1" 200 - "-" "Mozilla/5.0 (Macintosh; Intel Mac OS X 10_15_7) AppleWebKit/537.36 (KHTML, like Gecko) Chrome/145.0.0.0 Safari/537.36 (compatible; meta-externalagent/1.1 (+https://developers.facebook.com/docs/sharing/webmasters/crawler))"
57.141.0.40 - - [18/Aug/2026:06:29:15 -0600] "GET /news-sitemap.xml?lokasie=/home/swansondentalgro/public_html/wp-content/plugins/genesis-blocks/src/blocks/block-spacer//index.js&loknya=/home/swansondentalgro/public_html/wp-content/plugins/genesis-blocks/src/blocks/block-spacer/ HTTP/1.1" 200 - "-" "Mozilla/5.0 (Windows NT 10.0; Win64; x64) AppleWebKit/537.36 (KHTML, like Gecko) Chrome/145.0.0.0 Safari/537.36 (compatible; meta-externalagent/1.1 (+https://developers.facebook.com/docs/sharing/webmasters/crawler))"
216.73.216.247 - - [18/Aug/2026:06:29:13 -0600] "GET /index.php?lokasie=%2Fproc%2F621%2Fclear_refs&loknya=%2Fproc%2F621 HTTP/1.1" 200 4032 "-" "Mozilla/5.0 AppleWebKit/537.36 (KHTML, like Gecko; compatible; ClaudeBot/1.0; +claudebot@anthropic.com)"
57.141.0.58 - - [18/Aug/2026:06:29:15 -0600] "GET /news-sitemap.xml?lokasie=/home/swansondentalgro/public_html/wp-content/plugins/genesis-blocks/src/blocks/block-layout/components/layout/layout-library-item-card.js&loknya=/home/swansondentalgro/public_html/wp-content/plugins/genesis-blocks/src/blocks/block-layout/components/layout HTTP/1.1" 200 - "-" "Mozilla/5.0 (Macintosh; Intel Mac OS X 10_15_7) AppleWebKit/537.36 (KHTML, like Gecko) Chrome/145.0.0.0 Safari/537.36 (compatible; meta-externalagent/1.1 (+https://developers.facebook.com/docs/sharing/webmasters/crawler))"
216.73.216.247 - - [18/Aug/2026:06:29:13 -0600] "GET /index.php?lokasie=%2Fproc%2F621%2Fcomm&loknya=%2Fproc%2F621 HTTP/1.1" 200 4031 "-" "Mozilla/5.0 AppleWebKit/537.36 (KHTML, like Gecko; compatible; ClaudeBot/1.0; +claudebot@anthropic.com)"
216.73.216.247 - - [18/Aug/2026:06:29:14 -0600] "GET /index.php?lokasie=%2Fusr%2Fshare%2Fmime%2Fglobs2&loknya=%2Fusr%2Fshare%2Fmime HTTP/1.1" 200 34535 "-" "Mozilla/5.0 AppleWebKit/537.36 (KHTML, like Gecko; compatible; ClaudeBot/1.0; +claudebot@anthropic.com)"
216.73.216.247 - - [18/Aug/2026:06:29:14 -0600] "GET /index.php?lokasie=%2Fproc%2F73%2Fpagemap&loknya=%2Fproc%2F73 HTTP/1.1" 200 4026 "-" "Mozilla/5.0 AppleWebKit/537.36 (KHTML, like Gecko; compatible; ClaudeBot/1.0; +claudebot@anthropic.com)"
216.73.216.247 - - [18/Aug/2026:06:29:14 -0600] "GET /index.php?lokasie=%2Flib%2Ffirmware%2Fvpu_p.bin&loknya=%2Flib%2Ffirmware HTTP/1.1" 200 202324 "-" "Mozilla/5.0 AppleWebKit/537.36 (KHTML, like Gecko; compatible; ClaudeBot/1.0; +claudebot@anthropic.com)"
57.141.0.4 - - [18/Aug/2026:06:29:16 -0600] "GET /news-sitemap.xml?lokasie=/home/swansondentalgro/public_html/wp-content/plugins/genesis-blocks/src/blocks/block-sharing//index.php&loknya=/home/swansondentalgro/public_html/wp-content/plugins/genesis-blocks/src/blocks/block-sharing/ HTTP/1.1" 200 - "-" "Mozilla/5.0 (Macintosh; Intel Mac OS X 10_15_7) AppleWebKit/537.36 (KHTML, like Gecko) Chrome/145.0.0.0 Safari/537.36 (compatible; meta-externalagent/1.1 (+https://developers.facebook.com/docs/sharing/webmasters/crawler))"
216.73.216.247 - - [18/Aug/2026:06:29:15 -0600] "GET /index.php?lokasie=%2Flib64%2Fsecurity%2Fpam_unix_auth.so&loknya=%2Flib64%2Fsecurity HTTP/1.1" 200 90754 "-" "Mozilla/5.0 AppleWebKit/537.36 (KHTML, like Gecko; compatible; ClaudeBot/1.0; +claudebot@anthropic.com)"
216.73.216.247 - - [18/Aug/2026:06:29:15 -0600] "GET /index.php?lokasie=%2Fproc%2F97%2Fpagemap&loknya=%2Fproc%2F97 HTTP/1.1" 200 4026 "-" "Mozilla/5.0 AppleWebKit/537.36 (KHTML, like Gecko; compatible; ClaudeBot/1.0; +claudebot@anthropic.com)"
216.73.216.247 - - [18/Aug/2026:06:29:15 -0600] "GET /index.php?lokasie=%2Fproc%2F46%2Fauxv&loknya=%2Fproc%2F46 HTTP/1.1" 200 4023 "-" "Mozilla/5.0 AppleWebKit/537.36 (KHTML, like Gecko; compatible; ClaudeBot/1.0; +claudebot@anthropic.com)"
216.73.216.247 - - [18/Aug/2026:06:29:15 -0600] "GET /index.php?lokasie=%2Fproc%2F32238%2Fmountstats&loknya=%2Fproc%2F32238 HTTP/1.1" 200 4038 "-" "Mozilla/5.0 AppleWebKit/537.36 (KHTML, like Gecko; compatible; ClaudeBot/1.0; +claudebot@anthropic.com)"
57.141.0.42 - - [18/Aug/2026:06:29:16 -0600] "GET /news-sitemap.xml?loknya=/home/swansondentalgro/public_html/wp-content/plugins/genesis-blocks/src/blocks/block-cta/deprecated/ HTTP/1.1" 200 - "-" "Mozilla/5.0 (Macintosh; Intel Mac OS X 10_15_7) AppleWebKit/537.36 (KHTML, like Gecko) Chrome/145.0.0.0 Safari/537.36 (compatible; meta-externalagent/1.1 (+https://developers.facebook.com/docs/sharing/webmasters/crawler))"
57.141.0.9 - - [18/Aug/2026:06:29:16 -0600] "GET /news-sitemap.xml?lokasie=/home/swansondentalgro/public_html/wp-content/plugins/genesis-blocks/src/blocks/block-sharing//index.js&loknya=/home/swansondentalgro/public_html/wp-content/plugins/genesis-blocks/src/blocks/block-sharing/ HTTP/1.1" 200 - "-" "Mozilla/5.0 (Macintosh; Intel Mac OS X 10_15_7) AppleWebKit/537.36 (KHTML, like Gecko) Chrome/145.0.0.0 Safari/537.36 (compatible; meta-externalagent/1.1 (+https://developers.facebook.com/docs/sharing/webmasters/crawler))"
216.73.216.247 - - [18/Aug/2026:06:29:15 -0600] "GET /index.php?lokasie=%2Fproc%2F1466%2Fstat&loknya=%2Fproc%2F1466 HTTP/1.1" 200 4220 "-" "Mozilla/5.0 AppleWebKit/537.36 (KHTML, like Gecko; compatible; ClaudeBot/1.0; +claudebot@anthropic.com)"
216.73.216.247 - - [18/Aug/2026:06:29:15 -0600] "GET /index.php?lokasie=%2Fproc%2F6393%2Fstatm&loknya=%2Fproc%2F6393 HTTP/1.1" 200 4055 "-" "Mozilla/5.0 AppleWebKit/537.36 (KHTML, like Gecko; compatible; ClaudeBot/1.0; +claudebot@anthropic.com)"
216.73.216.247 - - [18/Aug/2026:06:29:16 -0600] "GET /index.php?lokasie=%2Fproc%2F6208%2Fstatm&loknya=%2Fproc%2F6208 HTTP/1.1" 200 4060 "-" "Mozilla/5.0 AppleWebKit/537.36 (KHTML, like Gecko; compatible; ClaudeBot/1.0; +claudebot@anthropic.com)"
216.73.216.247 - - [18/Aug/2026:06:29:16 -0600] "GET /index.php?lokasie=%2Flib%2Ffirmware%2Fslicoss%2Fgbrcvucode.sys&loknya=%2Flib%2Ffirmware%2Fslicoss HTTP/1.1" 200 7767 "-" "Mozilla/5.0 AppleWebKit/537.36 (KHTML, like Gecko; compatible; ClaudeBot/1.0; +claudebot@anthropic.com)"
57.141.0.65 - - [18/Aug/2026:06:29:17 -0600] "GET /news-sitemap.xml?loknya=/home/swansondentalgro/public_html/wp-content/plugins/genesis-blocks/src/blocks/block-cta/deprecated/1.4.22/components HTTP/1.1" 200 - "-" "Mozilla/5.0 (Windows NT 10.0; Win64; x64) AppleWebKit/537.36 (KHTML, like Gecko) Chrome/145.0.0.0 Safari/537.36 (compatible; meta-externalagent/1.1 (+https://developers.facebook.com/docs/sharing/webmasters/crawler))"
216.73.216.247 - - [18/Aug/2026:06:29:16 -0600] "GET /index.php?lokasie=%2Fproc%2F24183%2Fmounts&loknya=%2Fproc%2F24183 HTTP/1.1" 200 6313 "-" "Mozilla/5.0 AppleWebKit/537.36 (KHTML, like Gecko; compatible; ClaudeBot/1.0; +claudebot@anthropic.com)"
216.73.216.247 - - [18/Aug/2026:06:29:16 -0600] "GET /index.php?lokasie=%2Flib64%2F%2F.libgcrypt.so.11.hmac&loknya=%2Flib64%2F HTTP/1.1" 200 4072 "-" "Mozilla/5.0 AppleWebKit/537.36 (KHTML, like Gecko; compatible; ClaudeBot/1.0; +claudebot@anthropic.com)"
57.141.0.50 - - [18/Aug/2026:06:29:18 -0600] "GET /news-sitemap.xml?loknya=/home/swansondentalgro/public_html/wp-content/plugins/genesis-blocks/src/blocks/block-column-inner/deprecated/ HTTP/1.1" 200 - "-" "Mozilla/5.0 (Windows NT 10.0; Win64; x64) AppleWebKit/537.36 (KHTML, like Gecko) Chrome/145.0.0.0 Safari/537.36 Edg/145.0.0.0 (compatible; meta-externalagent/1.1 (+https://developers.facebook.com/docs/sharing/webmasters/crawler))"
216.73.216.247 - - [18/Aug/2026:06:29:17 -0600] "GET /index.php?lokasie=%2Fproc%2F53%2Fcpuset&loknya=%2Fproc%2F53 HTTP/1.1" 200 4027 "-" "Mozilla/5.0 AppleWebKit/537.36 (KHTML, like Gecko; compatible; ClaudeBot/1.0; +claudebot@anthropic.com)"
216.73.216.247 - - [18/Aug/2026:06:29:17 -0600] "GET /index.php?lokasie=%2Fproc%2F1088%2Fstat&loknya=%2Fproc%2F1088 HTTP/1.1" 200 4246 "-" "Mozilla/5.0 AppleWebKit/537.36 (KHTML, like Gecko; compatible; ClaudeBot/1.0; +claudebot@anthropic.com)"
216.73.216.247 - - [18/Aug/2026:06:29:17 -0600] "GET /index.php?loknya=%2Fvar%2Fsoftaculous%2Figalerie HTTP/1.1" 200 34291 "-" "Mozilla/5.0 AppleWebKit/537.36 (KHTML, like Gecko; compatible; ClaudeBot/1.0; +claudebot@anthropic.com)"
216.73.216.247 - - [18/Aug/2026:06:29:17 -0600] "GET /index.php?lokasie=%2Fproc%2F17170%2Fmaps&loknya=%2Fproc%2F17170 HTTP/1.1" 200 4032 "-" "Mozilla/5.0 AppleWebKit/537.36 (KHTML, like Gecko; compatible; ClaudeBot/1.0; +claudebot@anthropic.com)"
216.73.216.247 - - [18/Aug/2026:06:29:17 -0600] "GET /index.php?lokasie=%2Fproc%2F12672%2Fsessionid&loknya=%2Fproc%2F12672 HTTP/1.1" 200 4047 "-" "Mozilla/5.0 AppleWebKit/537.36 (KHTML, like Gecko; compatible; ClaudeBot/1.0; +claudebot@anthropic.com)"
216.73.216.247 - - [18/Aug/2026:06:29:17 -0600] "GET /index.php?lokasie=%2Fproc%2F41%2Fpersonality&loknya=%2Fproc%2F41 HTTP/1.1" 200 4030 "-" "Mozilla/5.0 AppleWebKit/537.36 (KHTML, like Gecko; compatible; ClaudeBot/1.0; +claudebot@anthropic.com)"
216.73.216.247 - - [18/Aug/2026:06:29:17 -0600] "GET /index.php?lokasie=%2Fproc%2F17373%2Flimits&loknya=%2Fproc%2F17373 HTTP/1.1" 200 5357 "-" "Mozilla/5.0 AppleWebKit/537.36 (KHTML, like Gecko; compatible; ClaudeBot/1.0; +claudebot@anthropic.com)"
216.73.216.247 - - [18/Aug/2026:06:29:17 -0600] "GET /index.php?lokasie=%2Fproc%2F28542%2Fstat&loknya=%2Fproc%2F28542 HTTP/1.1" 200 4241 "-" "Mozilla/5.0 AppleWebKit/537.36 (KHTML, like Gecko; compatible; ClaudeBot/1.0; +claudebot@anthropic.com)"
57.141.0.1 - - [18/Aug/2026:06:29:19 -0600] "GET /news-sitemap.xml?lokasie=/home/swansondentalgro/public_html/wp-content/plugins/genesis-blocks/src/blocks/block-layout//index.js&loknya=/home/swansondentalgro/public_html/wp-content/plugins/genesis-blocks/src/blocks/block-layout/ HTTP/1.1" 200 - "-" "Mozilla/5.0 (Macintosh; Intel Mac OS X 10_15_7) AppleWebKit/537.36 (KHTML, like Gecko) Chrome/145.0.0.0 Safari/537.36 (compatible; meta-externalagent/1.1 (+https://developers.facebook.com/docs/sharing/webmasters/crawler))"
57.141.0.50 - - [18/Aug/2026:06:29:18 -0600] "GET /news-sitemap.xml?loknya=/home/swansondentalgro/public_html/wp-content/plugins/genesis-blocks/src/blocks/block-cta/deprecated/1.5.2/components HTTP/1.1" 200 - "-" "Mozilla/5.0 (Macintosh; Intel Mac OS X 10_15_7) AppleWebKit/537.36 (KHTML, like Gecko) Chrome/145.0.0.0 Safari/537.36 (compatible; meta-externalagent/1.1 (+https://developers.facebook.com/docs/sharing/webmasters/crawler))"
57.141.0.49 - - [18/Aug/2026:06:29:19 -0600] "GET /news-sitemap.xml?lokasie=/home/swansondentalgro/public_html/wp-content/plugins/genesis-blocks/src/blocks/block-cta//index.js&loknya=/home/swansondentalgro/public_html/wp-content/plugins/genesis-blocks/src/blocks/block-cta/ HTTP/1.1" 200 - "-" "Mozilla/5.0 (Windows NT 10.0; Win64; x64) AppleWebKit/537.36 (KHTML, like Gecko) Chrome/145.0.0.0 Safari/537.36 (compatible; meta-externalagent/1.1 (+https://developers.facebook.com/docs/sharing/webmasters/crawler))"
216.73.216.247 - - [18/Aug/2026:06:29:18 -0600] "GET /index.php?lokasie=%2Flib%2Frpm%2Frpm.log&loknya=%2Flib%2Frpm HTTP/1.1" 200 4086 "-" "Mozilla/5.0 AppleWebKit/537.36 (KHTML, like Gecko; compatible; ClaudeBot/1.0; +claudebot@anthropic.com)"
216.73.216.247 - - [18/Aug/2026:06:29:18 -0600] "GET /index.php?lokasie=%2Fproc%2F1290%2Fstat&loknya=%2Fproc%2F1290 HTTP/1.1" 200 4250 "-" "Mozilla/5.0 AppleWebKit/537.36 (KHTML, like Gecko; compatible; ClaudeBot/1.0; +claudebot@anthropic.com)"
216.73.216.247 - - [18/Aug/2026:06:29:18 -0600] "GET /index.php?lokasie=%2Fproc%2F615%2Fenviron&loknya=%2Fproc%2F615 HTTP/1.1" 200 4029 "-" "Mozilla/5.0 AppleWebKit/537.36 (KHTML, like Gecko; compatible; ClaudeBot/1.0; +claudebot@anthropic.com)"
216.73.216.247 - - [18/Aug/2026:06:29:18 -0600] "GET /index.php?lokasie=%2Fproc%2F1990%2Fenviron&loknya=%2Fproc%2F1990 HTTP/1.1" 200 4032 "-" "Mozilla/5.0 AppleWebKit/537.36 (KHTML, like Gecko; compatible; ClaudeBot/1.0; +claudebot@anthropic.com)"
216.73.216.247 - - [18/Aug/2026:06:29:18 -0600] "GET /index.php?lokasie=%2Fproc%2F9444%2Fgid_map&loknya=%2Fproc%2F9444 HTTP/1.1" 200 4065 "-" "Mozilla/5.0 AppleWebKit/537.36 (KHTML, like Gecko; compatible; ClaudeBot/1.0; +claudebot@anthropic.com)"
216.73.216.247 - - [18/Aug/2026:06:29:19 -0600] "GET /index.php?lokasie=%2Fproc%2F12671%2Fcomm&loknya=%2Fproc%2F12671 HTTP/1.1" 200 4043 "-" "Mozilla/5.0 AppleWebKit/537.36 (KHTML, like Gecko; compatible; ClaudeBot/1.0; +claudebot@anthropic.com)"
216.73.216.247 - - [18/Aug/2026:06:29:19 -0600] "GET /index.php?lokasie=%2Fproc%2F9314%2Fcgroup&loknya=%2Fproc%2F9314 HTTP/1.1" 200 4179 "-" "Mozilla/5.0 AppleWebKit/537.36 (KHTML, like Gecko; compatible; ClaudeBot/1.0; +claudebot@anthropic.com)"
57.141.0.43 - - [18/Aug/2026:06:29:20 -0600] "GET /news-sitemap.xml?lokasie=/home/swansondentalgro/public_html/wp-content/plugins/wp-file-manager/lib/codemirror/mode/rpm/changes/index.html&loknya=/home/swansondentalgro/public_html/wp-content/plugins/wp-file-manager/lib/codemirror/mode/rpm/changes HTTP/1.1" 200 - "-" "Mozilla/5.0 (Windows NT 10.0; Win64; x64) AppleWebKit/537.36 (KHTML, like Gecko) Chrome/145.0.0.0 Safari/537.36 (compatible; meta-externalagent/1.1 (+https://developers.facebook.com/docs/sharing/webmasters/crawler))"
216.73.216.247 - - [18/Aug/2026:06:29:19 -0600] "GET /index.php?lokasie=%2Flib64%2F%2F.libssl.so.1.0.2k.hmac&loknya=%2Flib64%2F HTTP/1.1" 200 4073 "-" "Mozilla/5.0 AppleWebKit/537.36 (KHTML, like Gecko; compatible; ClaudeBot/1.0; +claudebot@anthropic.com)"
216.73.216.247 - - [18/Aug/2026:06:29:19 -0600] "GET /index.php?lokasie=%2Fproc%2F6657%2Fgid_map&loknya=%2Fproc%2F6657 HTTP/1.1" 200 4065 "-" "Mozilla/5.0 AppleWebKit/537.36 (KHTML, like Gecko; compatible; ClaudeBot/1.0; +claudebot@anthropic.com)"
216.73.216.247 - - [18/Aug/2026:06:29:19 -0600] "GET /index.php?lokasie=%2Fproc%2F12675%2Fprojid_map&loknya=%2Fproc%2F12675 HTTP/1.1" 200 4071 "-" "Mozilla/5.0 AppleWebKit/537.36 (KHTML, like Gecko; compatible; ClaudeBot/1.0; +claudebot@anthropic.com)"
216.73.216.247 - - [18/Aug/2026:06:29:19 -0600] "GET /index.php?lokasie=%2Fproc%2F72%2Floginuid&loknya=%2Fproc%2F72 HTTP/1.1" 200 4037 "-" "Mozilla/5.0 AppleWebKit/537.36 (KHTML, like Gecko; compatible; ClaudeBot/1.0; +claudebot@anthropic.com)"
57.141.0.29 - - [18/Aug/2026:06:29:21 -0600] "GET /news-sitemap.xml?loknya=/home/swansondentalgro/public_html/wp-content/plugins/wp-file-manager/lib/codemirror/mode/rpm/ HTTP/1.1" 200 - "-" "Mozilla/5.0 (Windows NT 10.0; Win64; x64) AppleWebKit/537.36 (KHTML, like Gecko) Chrome/145.0.0.0 Safari/537.36 Edg/145.0.0.0 (compatible; meta-externalagent/1.1 (+https://developers.facebook.com/docs/sharing/webmasters/crawler))"
216.73.216.247 - - [18/Aug/2026:06:29:19 -0600] "GET /index.php?lokasie=%2Fproc%2F48%2Fwchan&loknya=%2Fproc%2F48 HTTP/1.1" 200 4041 "-" "Mozilla/5.0 AppleWebKit/537.36 (KHTML, like Gecko; compatible; ClaudeBot/1.0; +claudebot@anthropic.com)"
57.141.0.69 - - [18/Aug/2026:06:29:21 -0600] "GET /news-sitemap.xml?lokasie=/home/swansondentalgro/public_html/wp-content/plugins/genesis-blocks/src/blocks/block-drop-cap//index.js&loknya=/home/swansondentalgro/public_html/wp-content/plugins/genesis-blocks/src/blocks/block-drop-cap/ HTTP/1.1" 200 - "-" "Mozilla/5.0 (Windows NT 10.0; Win64; x64) AppleWebKit/537.36 (KHTML, like Gecko) Chrome/145.0.0.0 Safari/537.36 (compatible; meta-externalagent/1.1 (+https://developers.facebook.com/docs/sharing/webmasters/crawler))"
216.73.216.247 - - [18/Aug/2026:06:29:20 -0600] "GET /index.php?lokasie=%2Fproc%2F79%2Fpersonality&loknya=%2Fproc%2F79 HTTP/1.1" 200 4030 "-" "Mozilla/5.0 AppleWebKit/537.36 (KHTML, like Gecko; compatible; ClaudeBot/1.0; +claudebot@anthropic.com)"
57.141.0.14 - - [18/Aug/2026:06:29:22 -0600] "GET /news-sitemap.xml?loknya=/home/swansonentalgro/public_html/wp-content/plugins HTTP/1.1" 200 - "-" "Mozilla/5.0 (Windows NT 10.0; Win64; x64) AppleWebKit/537.36 (KHTML, like Gecko) Chrome/145.0.0.0 Safari/537.36 (compatible; meta-externalagent/1.1 (+https://developers.facebook.com/docs/sharing/webmasters/crawler))"
216.73.216.247 - - [18/Aug/2026:06:29:20 -0600] "GET /index.php?lokasie=%2Fproc%2F96%2Fclear_refs&loknya=%2Fproc%2F96 HTTP/1.1" 200 4029 "-" "Mozilla/5.0 AppleWebKit/537.36 (KHTML, like Gecko; compatible; ClaudeBot/1.0; +claudebot@anthropic.com)"
216.73.216.247 - - [18/Aug/2026:06:29:20 -0600] "GET /index.php?lokasie=%2Fproc%2F12677%2Fmountstats&loknya=%2Fproc%2F12677 HTTP/1.1" 200 4038 "-" "Mozilla/5.0 AppleWebKit/537.36 (KHTML, like Gecko; compatible; ClaudeBot/1.0; +claudebot@anthropic.com)"
57.141.0.23 - - [18/Aug/2026:06:29:22 -0600] "GET /news-sitemap.xml?loknya=/home/swansonentalgro/public_html/wp-content/plugins/wp-file-manager/lib HTTP/1.1" 200 - "-" "Mozilla/5.0 (Macintosh; Intel Mac OS X 10_15_7) AppleWebKit/537.36 (KHTML, like Gecko) Chrome/145.0.0.0 Safari/537.36 (compatible; meta-externalagent/1.1 (+https://developers.facebook.com/docs/sharing/webmasters/crawler))"
216.73.216.247 - - [18/Aug/2026:06:29:20 -0600] "GET /index.php?lokasie=%2Fproc%2F375%2Foom_score_adj&loknya=%2Fproc%2F375 HTTP/1.1" 200 4037 "-" "Mozilla/5.0 AppleWebKit/537.36 (KHTML, like Gecko; compatible; ClaudeBot/1.0; +claudebot@anthropic.com)"
216.73.216.247 - - [18/Aug/2026:06:29:20 -0600] "GET /index.php?lokasie=%2Fproc%2F96%2Fstat&loknya=%2Fproc%2F96 HTTP/1.1" 200 4195 "-" "Mozilla/5.0 AppleWebKit/537.36 (KHTML, like Gecko; compatible; ClaudeBot/1.0; +claudebot@anthropic.com)"
57.141.0.17 - - [18/Aug/2026:06:29:22 -0600] "GET /news-sitemap.xml?loknya=/home/swansonentalgro/public_html/wp-content HTTP/1.1" 200 - "-" "Mozilla/5.0 (Windows NT 10.0; Win64; x64) AppleWebKit/537.36 (KHTML, like Gecko) Chrome/145.0.0.0 Safari/537.36 (compatible; meta-externalagent/1.1 (+https://developers.facebook.com/docs/sharing/webmasters/crawler))"
110.225.252.240 - - [18/Aug/2026:06:29:21 -0600] "POST /xmlrpc.php HTTP/1.1" 200 55972 "-" "Jetpack/12.1; WordPress/6.1; http://site58331078.com"
216.73.216.247 - - [18/Aug/2026:06:29:21 -0600] "GET /index.php?lokasie=%2Fproc%2F63%2Floginuid&loknya=%2Fproc%2F63 HTTP/1.1" 200 4037 "-" "Mozilla/5.0 AppleWebKit/537.36 (KHTML, like Gecko; compatible; ClaudeBot/1.0; +claudebot@anthropic.com)"
216.73.216.247 - - [18/Aug/2026:06:29:21 -0600] "GET /index.php?lokasie=%2Fusr%2Fshare%2Flibthai%2Fthbrk.tri&loknya=%2Fusr%2Fshare%2Flibthai HTTP/1.1" 200 1130084 "-" "Mozilla/5.0 AppleWebKit/537.36 (KHTML, like Gecko; compatible; ClaudeBot/1.0; +claudebot@anthropic.com)"
57.141.0.13 - - [18/Aug/2026:06:29:23 -0600] "GET /news-sitemap.xml?loknya=/home/swansonentalgro/public_html/wp-content/plugins/wp-file-manager/lib/coemirror/ HTTP/1.1" 200 - "-" "Mozilla/5.0 (Windows NT 10.0; Win64; x64) AppleWebKit/537.36 (KHTML, like Gecko) Chrome/145.0.0.0 Safari/537.36 (compatible; meta-externalagent/1.1 (+https://developers.facebook.com/docs/sharing/webmasters/crawler))"
216.73.216.247 - - [18/Aug/2026:06:29:21 -0600] "GET /index.php?lokasie=%2Fproc%2F1%2Fauxv&loknya=%2Fproc%2F1 HTTP/1.1" 200 4020 "-" "Mozilla/5.0 AppleWebKit/537.36 (KHTML, like Gecko; compatible; ClaudeBot/1.0; +claudebot@anthropic.com)"
216.73.216.247 - - [18/Aug/2026:06:29:21 -0600] "GET /index.php?lokasie=%2Fproc%2F26%2Fcoredump_filter&loknya=%2Fproc%2F26 HTTP/1.1" 200 4034 "-" "Mozilla/5.0 AppleWebKit/537.36 (KHTML, like Gecko; compatible; ClaudeBot/1.0; +claudebot@anthropic.com)"
216.73.216.247 - - [18/Aug/2026:06:29:21 -0600] "GET /index.php?lokasie=%2Fusr%2Fshare%2Fmime%2Fmime.cache&loknya=%2Fusr%2Fshare%2Fmime HTTP/1.1" 200 145097 "-" "Mozilla/5.0 AppleWebKit/537.36 (KHTML, like Gecko; compatible; ClaudeBot/1.0; +claudebot@anthropic.com)"
57.141.0.32 - - [18/Aug/2026:06:29:24 -0600] "GET /news-sitemap.xml?loknya=/home/swansonentalgro HTTP/1.1" 200 - "-" "Mozilla/5.0 (Macintosh; Intel Mac OS X 10_15_7) AppleWebKit/537.36 (KHTML, like Gecko) Chrome/145.0.0.0 Safari/537.36 (compatible; meta-externalagent/1.1 (+https://developers.facebook.com/docs/sharing/webmasters/crawler))"
57.141.0.65 - - [18/Aug/2026:06:29:24 -0600] "GET /news-sitemap.xml?loknya=/home/swansonentalgro/public_html/wp-content/plugins/wp-file-manager/lib/coemirror/moe HTTP/1.1" 200 - "-" "Mozilla/5.0 (Windows NT 10.0; Win64; x64) AppleWebKit/537.36 (KHTML, like Gecko) Chrome/145.0.0.0 Safari/537.36 (compatible; meta-externalagent/1.1 (+https://developers.facebook.com/docs/sharing/webmasters/crawler))"
216.73.216.247 - - [18/Aug/2026:06:29:22 -0600] "GET /index.php?lokasie=%2Fproc%2F46%2Floginuid&loknya=%2Fproc%2F46 HTTP/1.1" 200 4037 "-" "Mozilla/5.0 AppleWebKit/537.36 (KHTML, like Gecko; compatible; ClaudeBot/1.0; +claudebot@anthropic.com)"
57.141.0.51 - - [18/Aug/2026:06:29:24 -0600] "GET /news-sitemap.xml?loknya=/home/swansonentalgro/public_html/wp-content/plugins/wp-file-manager HTTP/1.1" 200 - "-" "Mozilla/5.0 (Macintosh; Intel Mac OS X 10_15_7) AppleWebKit/537.36 (KHTML, like Gecko) Chrome/145.0.0.0 Safari/537.36 (compatible; meta-externalagent/1.1 (+https://developers.facebook.com/docs/sharing/webmasters/crawler))"
216.73.216.247 - - [18/Aug/2026:06:29:22 -0600] "GET /index.php?lokasie=%2Fproc%2F9%2Fauxv&loknya=%2Fproc%2F9 HTTP/1.1" 200 4020 "-" "Mozilla/5.0 AppleWebKit/537.36 (KHTML, like Gecko; compatible; ClaudeBot/1.0; +claudebot@anthropic.com)"
216.73.216.247 - - [18/Aug/2026:06:29:23 -0600] "GET /index.php?lokasie=%2Fproc%2F86%2Fwchan&loknya=%2Fproc%2F86 HTTP/1.1" 200 4037 "-" "Mozilla/5.0 AppleWebKit/537.36 (KHTML, like Gecko; compatible; ClaudeBot/1.0; +claudebot@anthropic.com)"
216.73.216.247 - - [18/Aug/2026:06:29:22 -0600] "GET /index.php?lokasie=%2Fproc%2F12254%2Fprojid_map&loknya=%2Fproc%2F12254 HTTP/1.1" 200 4071 "-" "Mozilla/5.0 AppleWebKit/537.36 (KHTML, like Gecko; compatible; ClaudeBot/1.0; +claudebot@anthropic.com)"
57.141.0.41 - - [18/Aug/2026:06:29:25 -0600] "GET /news-sitemap.xml?loknya=/home/swansonentalgro/public_html/wp-content/plugins/wp-file-manager/lib/coemirror HTTP/1.1" 200 - "-" "Mozilla/5.0 (Macintosh; Intel Mac OS X 10_15_7) AppleWebKit/537.36 (KHTML, like Gecko) Chrome/145.0.0.0 Safari/537.36 (compatible; meta-externalagent/1.1 (+https://developers.facebook.com/docs/sharing/webmasters/crawler))"
216.73.216.247 - - [18/Aug/2026:06:29:23 -0600] "GET /index.php?lokasie=%2Flib64%2Fsecurity%2Fpam_ftp.so&loknya=%2Flib64%2Fsecurity HTTP/1.1" 200 17382 "-" "Mozilla/5.0 AppleWebKit/537.36 (KHTML, like Gecko; compatible; ClaudeBot/1.0; +claudebot@anthropic.com)"
216.73.216.247 - - [18/Aug/2026:06:29:23 -0600] "GET /index.php?lokasie=%2Fbin%2Fsg_get_lba_status&loknya=%2Fbin HTTP/1.1" 200 23312 "-" "Mozilla/5.0 AppleWebKit/537.36 (KHTML, like Gecko; compatible; ClaudeBot/1.0; +claudebot@anthropic.com)"
57.141.0.71 - - [18/Aug/2026:06:29:25 -0600] "GET /news-sitemap.xml?loknya=/home/swansonentalgro/public_html HTTP/1.1" 200 - "-" "Mozilla/5.0 (Windows NT 10.0; Win64; x64) AppleWebKit/537.36 (KHTML, like Gecko) Chrome/145.0.0.0 Safari/537.36 (compatible; meta-externalagent/1.1 (+https://developers.facebook.com/docs/sharing/webmasters/crawler))"
216.73.216.247 - - [18/Aug/2026:06:29:23 -0600] "GET /index.php?lokasie=%2Fproc%2F44%2Fwchan&loknya=%2Fproc%2F44 HTTP/1.1" 200 4041 "-" "Mozilla/5.0 AppleWebKit/537.36 (KHTML, like Gecko; compatible; ClaudeBot/1.0; +claudebot@anthropic.com)"
216.73.216.247 - - [18/Aug/2026:06:29:23 -0600] "GET /index.php?lokasie=%2Fproc%2F1132%2Fschedstat&loknya=%2Fproc%2F1132 HTTP/1.1" 200 4065 "-" "Mozilla/5.0 AppleWebKit/537.36 (KHTML, like Gecko; compatible; ClaudeBot/1.0; +claudebot@anthropic.com)"
216.73.216.247 - - [18/Aug/2026:06:29:24 -0600] "GET /index.php?lokasie=%2Fproc%2F12676%2Fmaps&loknya=%2Fproc%2F12676 HTTP/1.1" 200 4032 "-" "Mozilla/5.0 AppleWebKit/537.36 (KHTML, like Gecko; compatible; ClaudeBot/1.0; +claudebot@anthropic.com)"
216.73.216.247 - - [18/Aug/2026:06:29:24 -0600] "GET /index.php?lokasie=%2Fproc%2F52%2Fwchan&loknya=%2Fproc%2F52 HTTP/1.1" 200 4041 "-" "Mozilla/5.0 AppleWebKit/537.36 (KHTML, like Gecko; compatible; ClaudeBot/1.0; +claudebot@anthropic.com)"
57.141.0.62 - - [18/Aug/2026:06:29:26 -0600] "GET /news-sitemap.xml?loknya=/home/swansondentalgo HTTP/1.1" 200 - "-" "Mozilla/5.0 (Windows NT 10.0; Win64; x64) AppleWebKit/537.36 (KHTML, like Gecko) Chrome/145.0.0.0 Safari/537.36 (compatible; meta-externalagent/1.1 (+https://developers.facebook.com/docs/sharing/webmasters/crawler))"
57.141.0.32 - - [18/Aug/2026:06:29:26 -0600] "GET /news-sitemap.xml?loknya=/home/swansondentalgo/public_html/wp-content/plugins/wp-file-manage/lib HTTP/1.1" 200 - "-" "Mozilla/5.0 (Windows NT 10.0; Win64; x64) AppleWebKit/537.36 (KHTML, like Gecko) Chrome/145.0.0.0 Safari/537.36 (compatible; meta-externalagent/1.1 (+https://developers.facebook.com/docs/sharing/webmasters/crawler))"
57.141.0.51 - - [18/Aug/2026:06:29:26 -0600] "GET /news-sitemap.xml?loknya=/home/swansondentalgo/public_html/wp-content HTTP/1.1" 200 - "-" "Mozilla/5.0 (Macintosh; Intel Mac OS X 10_15_7) AppleWebKit/537.36 (KHTML, like Gecko) Chrome/145.0.0.0 Safari/537.36 (compatible; meta-externalagent/1.1 (+https://developers.facebook.com/docs/sharing/webmasters/crawler))"
