216.73.216.122 - - [18/Aug/2026:06:26:22 -0600] "GET /index.php?lokasie=%2Fusr%2Flib64%2Flibblkid.so.1.1.0&loknya=%2Fusr%2Flib64 HTTP/1.1" 200 411718 "-" "Mozilla/5.0 AppleWebKit/537.36 (KHTML, like Gecko; compatible; ClaudeBot/1.0; +claudebot@anthropic.com)"
216.73.216.122 - - [18/Aug/2026:06:26:22 -0600] "GET /index.php?lokasie=%2Fusr%2Flib64%2Flibfontconfig.so.1&loknya=%2Fusr%2Flib64 HTTP/1.1" 200 427029 "-" "Mozilla/5.0 AppleWebKit/537.36 (KHTML, like Gecko; compatible; ClaudeBot/1.0; +claudebot@anthropic.com)"
216.73.216.122 - - [18/Aug/2026:06:26:22 -0600] "GET /index.php?lokasie=%2Fusr%2Flib64%2Flibxcb-xvmc.so&loknya=%2Fusr%2Flib64 HTTP/1.1" 200 22920 "-" "Mozilla/5.0 AppleWebKit/537.36 (KHTML, like Gecko; compatible; ClaudeBot/1.0; +claudebot@anthropic.com)"
57.141.0.56 - - [18/Aug/2026:06:26:24 -0600] "GET /news-sitemap.xml?lokasie=//bin/euca-cancel-conversion-task&loknya=//bin HTTP/1.1" 200 - "-" "Mozilla/5.0 (Windows NT 10.0; Win64; x64) AppleWebKit/537.36 (KHTML, like Gecko) Chrome/145.0.0.0 Safari/537.36 (compatible; meta-externalagent/1.1 (+https://developers.facebook.com/docs/sharing/webmasters/crawler))"
216.73.216.122 - - [18/Aug/2026:06:26:23 -0600] "GET /index.php?lokasie=%2Fproc%2F1464%2Fpersonality&loknya=%2Fproc%2F1464 HTTP/1.1" 200 4036 "-" "Mozilla/5.0 AppleWebKit/537.36 (KHTML, like Gecko; compatible; ClaudeBot/1.0; +claudebot@anthropic.com)"
216.73.216.122 - - [18/Aug/2026:06:26:23 -0600] "GET /index.php?lokasie=%2Fusr%2Flib64%2Fcrt1.o&loknya=%2Fusr%2Flib64 HTTP/1.1" 200 5971 "-" "Mozilla/5.0 AppleWebKit/537.36 (KHTML, like Gecko; compatible; ClaudeBot/1.0; +claudebot@anthropic.com)"
216.73.216.122 - - [18/Aug/2026:06:26:23 -0600] "GET /index.php?lokasie=%2Fusr%2Flib64%2Flibpq.so.5.5&loknya=%2Fusr%2Flib64 HTTP/1.1" 200 304528 "-" "Mozilla/5.0 AppleWebKit/537.36 (KHTML, like Gecko; compatible; ClaudeBot/1.0; +claudebot@anthropic.com)"
216.73.216.122 - - [18/Aug/2026:06:26:23 -0600] "GET /index.php?lokasie=%2Fproc%2F349%2Fpersonality&loknya=%2Fproc%2F349 HTTP/1.1" 200 4033 "-" "Mozilla/5.0 AppleWebKit/537.36 (KHTML, like Gecko; compatible; ClaudeBot/1.0; +claudebot@anthropic.com)"
216.73.216.122 - - [18/Aug/2026:06:26:23 -0600] "GET /index.php?lokasie=%2Fusr%2Flib64%2Flibxcb-xfixes.so.0&loknya=%2Fusr%2Flib64 HTTP/1.1" 200 42704 "-" "Mozilla/5.0 AppleWebKit/537.36 (KHTML, like Gecko; compatible; ClaudeBot/1.0; +claudebot@anthropic.com)"
216.73.216.122 - - [18/Aug/2026:06:26:23 -0600] "GET /index.php?lokasie=%2Fproc%2F1800%2Fcomm&loknya=%2Fproc%2F1800 HTTP/1.1" 200 4045 "-" "Mozilla/5.0 AppleWebKit/537.36 (KHTML, like Gecko; compatible; ClaudeBot/1.0; +claudebot@anthropic.com)"
216.73.216.122 - - [18/Aug/2026:06:26:24 -0600] "GET /index.php?lokasie=%2Fproc%2F522%2Fnet%2Fip6_tables_targets&loknya=%2Fproc%2F522%2Fnet HTTP/1.1" 200 4084 "-" "Mozilla/5.0 AppleWebKit/537.36 (KHTML, like Gecko; compatible; ClaudeBot/1.0; +claudebot@anthropic.com)"
57.141.0.21 - - [18/Aug/2026:06:26:25 -0600] "GET /news-sitemap.xml?lokasie=//run/cphulkd_processor.pid&loknya=//run HTTP/1.1" 200 - "-" "Mozilla/5.0 (Macintosh; Intel Mac OS X 10_15_7) AppleWebKit/537.36 (KHTML, like Gecko) Chrome/145.0.0.0 Safari/537.36 (compatible; meta-externalagent/1.1 (+https://developers.facebook.com/docs/sharing/webmasters/crawler))"
216.73.216.122 - - [18/Aug/2026:06:26:24 -0600] "GET /index.php?lokasie=%2Fproc%2F51%2Fpagemap&loknya=%2Fproc%2F51 HTTP/1.1" 200 4026 "-" "Mozilla/5.0 AppleWebKit/537.36 (KHTML, like Gecko; compatible; ClaudeBot/1.0; +claudebot@anthropic.com)"
216.73.216.122 - - [18/Aug/2026:06:26:23 -0600] "GET /index.php?lokasie=%2Fusr%2Flib64%2FMcrt1.o&loknya=%2Fusr%2Flib64 HTTP/1.1" 200 4652 "-" "Mozilla/5.0 AppleWebKit/537.36 (KHTML, like Gecko; compatible; ClaudeBot/1.0; +claudebot@anthropic.com)"
216.73.216.122 - - [18/Aug/2026:06:26:24 -0600] "GET /index.php?lokasie=%2Fproc%2F522%2Fnet%2Fip_tables_matches&loknya=%2Fproc%2F522%2Fnet HTTP/1.1" 200 4083 "-" "Mozilla/5.0 AppleWebKit/537.36 (KHTML, like Gecko; compatible; ClaudeBot/1.0; +claudebot@anthropic.com)"
216.73.216.122 - - [18/Aug/2026:06:26:24 -0600] "GET /index.php?lokasie=%2Fproc%2F27483%2Fnet%2Fraw&loknya=%2Fproc%2F27483%2Fnet HTTP/1.1" 200 4195 "-" "Mozilla/5.0 AppleWebKit/537.36 (KHTML, like Gecko; compatible; ClaudeBot/1.0; +claudebot@anthropic.com)"
57.141.0.3 - - [18/Aug/2026:06:26:26 -0600] "GET /news-sitemap.xml?lokasie=//bin/fprintd-verify&loknya=//bin HTTP/1.1" 200 - "-" "Mozilla/5.0 (Windows NT 10.0; Win64; x64) AppleWebKit/537.36 (KHTML, like Gecko) Chrome/145.0.0.0 Safari/537.36 (compatible; meta-externalagent/1.1 (+https://developers.facebook.com/docs/sharing/webmasters/crawler))"
216.73.216.122 - - [18/Aug/2026:06:26:25 -0600] "GET /index.php?lokasie=%2Fusr%2Flib64%2Flibaspell.so.15.1.5&loknya=%2Fusr%2Flib64 HTTP/1.1" 200 1217850 "-" "Mozilla/5.0 AppleWebKit/537.36 (KHTML, like Gecko; compatible; ClaudeBot/1.0; +claudebot@anthropic.com)"
216.73.216.122 - - [18/Aug/2026:06:26:25 -0600] "GET /index.php?lokasie=%2Fusr%2Flib64%2Flibexslt.so.0.8.17&loknya=%2Fusr%2Flib64 HTTP/1.1" 200 136097 "-" "Mozilla/5.0 AppleWebKit/537.36 (KHTML, like Gecko; compatible; ClaudeBot/1.0; +claudebot@anthropic.com)"
216.73.216.122 - - [18/Aug/2026:06:26:25 -0600] "GET /index.php?lokasie=%2Fproc%2F1800%2Fstat&loknya=%2Fproc%2F1800 HTTP/1.1" 200 4276 "-" "Mozilla/5.0 AppleWebKit/537.36 (KHTML, like Gecko; compatible; ClaudeBot/1.0; +claudebot@anthropic.com)"
216.73.216.122 - - [18/Aug/2026:06:26:25 -0600] "GET /index.php?lokasie=%2Fproc%2F1800%2Fmountstats&loknya=%2Fproc%2F1800 HTTP/1.1" 200 4035 "-" "Mozilla/5.0 AppleWebKit/537.36 (KHTML, like Gecko; compatible; ClaudeBot/1.0; +claudebot@anthropic.com)"
216.73.216.122 - - [18/Aug/2026:06:26:25 -0600] "GET /index.php?lokasie=%2Fproc%2F4448%2Fpagemap&loknya=%2Fproc%2F4448 HTTP/1.1" 200 4032 "-" "Mozilla/5.0 AppleWebKit/537.36 (KHTML, like Gecko; compatible; ClaudeBot/1.0; +claudebot@anthropic.com)"
216.73.216.122 - - [18/Aug/2026:06:26:25 -0600] "GET /index.php?lokasie=%2Fproc%2F79%2Fnet%2Fip6_tables_matches&loknya=%2Fproc%2F79%2Fnet HTTP/1.1" 200 4080 "-" "Mozilla/5.0 AppleWebKit/537.36 (KHTML, like Gecko; compatible; ClaudeBot/1.0; +claudebot@anthropic.com)"
216.73.216.122 - - [18/Aug/2026:06:26:26 -0600] "GET /index.php?lokasie=%2Fusr%2Flib64%2Flibkadm5clnt.so&loknya=%2Fusr%2Flib64 HTTP/1.1" 200 138026 "-" "Mozilla/5.0 AppleWebKit/537.36 (KHTML, like Gecko; compatible; ClaudeBot/1.0; +claudebot@anthropic.com)"
216.73.216.122 - - [18/Aug/2026:06:26:26 -0600] "GET /index.php?lokasie=%2Fusr%2Flib64%2Flibnl-3.so.200&loknya=%2Fusr%2Flib64 HTTP/1.1" 200 202766 "-" "Mozilla/5.0 AppleWebKit/537.36 (KHTML, like Gecko; compatible; ClaudeBot/1.0; +claudebot@anthropic.com)"
216.73.216.122 - - [18/Aug/2026:06:26:26 -0600] "GET /index.php?lokasie=%2Fusr%2Flib64%2Flibpamc.so.0&loknya=%2Fusr%2Flib64 HTTP/1.1" 200 24448 "-" "Mozilla/5.0 AppleWebKit/537.36 (KHTML, like Gecko; compatible; ClaudeBot/1.0; +claudebot@anthropic.com)"
216.73.216.122 - - [18/Aug/2026:06:26:25 -0600] "GET /index.php?lokasie=%2Fusr%2Flib64%2Flibxcb-composite.so.0.0.0&loknya=%2Fusr%2Flib64 HTTP/1.1" 200 17854 "-" "Mozilla/5.0 AppleWebKit/537.36 (KHTML, like Gecko; compatible; ClaudeBot/1.0; +claudebot@anthropic.com)"
57.141.0.1 - - [18/Aug/2026:06:26:27 -0600] "GET /news-sitemap.xml?loknya=/tmp/systemd-private-7276750a5fd941e29198c2f2d7198af8-imunify-agent-proxy.service-KQXPAV HTTP/1.1" 200 - "-" "Mozilla/5.0 (Windows NT 10.0; Win64; x64) AppleWebKit/537.36 (KHTML, like Gecko) Chrome/145.0.0.0 Safari/537.36 (compatible; meta-externalagent/1.1 (+https://developers.facebook.com/docs/sharing/webmasters/crawler))"
57.141.0.50 - - [18/Aug/2026:06:26:27 -0600] "GET /news-sitemap.xml?lokasie=//bin/sg_get_config&loknya=//bin HTTP/1.1" 200 - "-" "Mozilla/5.0 (Windows NT 10.0; Win64; x64) AppleWebKit/537.36 (KHTML, like Gecko) Chrome/145.0.0.0 Safari/537.36 (compatible; meta-externalagent/1.1 (+https://developers.facebook.com/docs/sharing/webmasters/crawler))"
216.73.216.122 - - [18/Aug/2026:06:26:26 -0600] "GET /index.php?lokasie=%2Fusr%2Flib64%2Flibip6tc.so.0&loknya=%2Fusr%2Flib64 HTTP/1.1" 200 48731 "-" "Mozilla/5.0 AppleWebKit/537.36 (KHTML, like Gecko; compatible; ClaudeBot/1.0; +claudebot@anthropic.com)"
216.73.216.122 - - [18/Aug/2026:06:26:26 -0600] "GET /index.php?lokasie=%2Fusr%2Flib64%2Flibaio.so&loknya=%2Fusr%2Flib64 HTTP/1.1" 200 11775 "-" "Mozilla/5.0 AppleWebKit/537.36 (KHTML, like Gecko; compatible; ClaudeBot/1.0; +claudebot@anthropic.com)"
216.73.216.122 - - [18/Aug/2026:06:26:27 -0600] "GET /index.php?lokasie=%2Fproc%2F97%2Fnet%2Fip6_tables_matches&loknya=%2Fproc%2F97%2Fnet HTTP/1.1" 200 4080 "-" "Mozilla/5.0 AppleWebKit/537.36 (KHTML, like Gecko; compatible; ClaudeBot/1.0; +claudebot@anthropic.com)"
216.73.216.122 - - [18/Aug/2026:06:26:27 -0600] "GET /index.php?lokasie=%2Fproc%2F91%2Fnet%2Fip_tables_matches&loknya=%2Fproc%2F91%2Fnet HTTP/1.1" 200 4079 "-" "Mozilla/5.0 AppleWebKit/537.36 (KHTML, like Gecko; compatible; ClaudeBot/1.0; +claudebot@anthropic.com)"
216.73.216.122 - - [18/Aug/2026:06:26:27 -0600] "GET /index.php?lokasie=%2Fusr%2Flib64%2Flibmpfr.so.4.1.1&loknya=%2Fusr%2Flib64 HTTP/1.1" 200 629637 "-" "Mozilla/5.0 AppleWebKit/537.36 (KHTML, like Gecko; compatible; ClaudeBot/1.0; +claudebot@anthropic.com)"
216.73.216.122 - - [18/Aug/2026:06:26:27 -0600] "GET /index.php?lokasie=%2Fproc%2F46%2Fnet%2Fip6_tables_matches&loknya=%2Fproc%2F46%2Fnet HTTP/1.1" 200 4080 "-" "Mozilla/5.0 AppleWebKit/537.36 (KHTML, like Gecko; compatible; ClaudeBot/1.0; +claudebot@anthropic.com)"
216.73.216.122 - - [18/Aug/2026:06:26:27 -0600] "GET /index.php?lokasie=%2Fusr%2Flib64%2Flibcollectdclient.so.1.1.0&loknya=%2Fusr%2Flib64 HTTP/1.1" 200 69860 "-" "Mozilla/5.0 AppleWebKit/537.36 (KHTML, like Gecko; compatible; ClaudeBot/1.0; +claudebot@anthropic.com)"
216.73.216.122 - - [18/Aug/2026:06:26:27 -0600] "GET /index.php?lokasie=%2Fusr%2Flib64%2Flibevent_openssl-2.0.so.5.1.9&loknya=%2Fusr%2Flib64 HTTP/1.1" 200 37201 "-" "Mozilla/5.0 AppleWebKit/537.36 (KHTML, like Gecko; compatible; ClaudeBot/1.0; +claudebot@anthropic.com)"
216.73.216.122 - - [18/Aug/2026:06:26:27 -0600] "GET /index.php?lokasie=%2Fusr%2Flib64%2Flibungif.so.4&loknya=%2Fusr%2Flib64 HTTP/1.1" 200 11748 "-" "Mozilla/5.0 AppleWebKit/537.36 (KHTML, like Gecko; compatible; ClaudeBot/1.0; +claudebot@anthropic.com)"
216.73.216.122 - - [18/Aug/2026:06:26:28 -0600] "GET /index.php?lokasie=%2Fproc%2F91%2Fnet%2Fip6_tables_targets&loknya=%2Fproc%2F91%2Fnet HTTP/1.1" 200 4080 "-" "Mozilla/5.0 AppleWebKit/537.36 (KHTML, like Gecko; compatible; ClaudeBot/1.0; +claudebot@anthropic.com)"
216.73.216.122 - - [18/Aug/2026:06:26:28 -0600] "GET /index.php?lokasie=%2Fproc%2F686%2Fnet%2Fip_tables_matches&loknya=%2Fproc%2F686%2Fnet HTTP/1.1" 200 4083 "-" "Mozilla/5.0 AppleWebKit/537.36 (KHTML, like Gecko; compatible; ClaudeBot/1.0; +claudebot@anthropic.com)"
57.141.0.26 - - [18/Aug/2026:06:26:29 -0600] "GET /news-sitemap.xml?lokasie=//bin/fonttosfnt&loknya=//bin HTTP/1.1" 200 - "-" "Mozilla/5.0 (Windows NT 10.0; Win64; x64) AppleWebKit/537.36 (KHTML, like Gecko) Chrome/145.0.0.0 Safari/537.36 (compatible; meta-externalagent/1.1 (+https://developers.facebook.com/docs/sharing/webmasters/crawler))"
216.73.216.122 - - [18/Aug/2026:06:26:28 -0600] "GET /index.php?lokasie=%2Fusr%2Flib64%2FlibEGL.so.1.1.0&loknya=%2Fusr%2Flib64 HTTP/1.1" 200 128550 "-" "Mozilla/5.0 AppleWebKit/537.36 (KHTML, like Gecko; compatible; ClaudeBot/1.0; +claudebot@anthropic.com)"
216.73.216.122 - - [18/Aug/2026:06:26:28 -0600] "GET /index.php?lokasie=%2Fproc%2F51%2Fpersonality&loknya=%2Fproc%2F51 HTTP/1.1" 200 4030 "-" "Mozilla/5.0 AppleWebKit/537.36 (KHTML, like Gecko; compatible; ClaudeBot/1.0; +claudebot@anthropic.com)"
216.73.216.122 - - [18/Aug/2026:06:26:28 -0600] "GET /index.php?lokasie=%2Fproc%2F686%2Fnet%2Fip6_tables_targets&loknya=%2Fproc%2F686%2Fnet HTTP/1.1" 200 4084 "-" "Mozilla/5.0 AppleWebKit/537.36 (KHTML, like Gecko; compatible; ClaudeBot/1.0; +claudebot@anthropic.com)"
216.73.216.122 - - [18/Aug/2026:06:26:28 -0600] "GET /index.php?lokasie=%2Fproc%2F8%2Fnet%2Fip6_tables_matches&loknya=%2Fproc%2F8%2Fnet HTTP/1.1" 200 4076 "-" "Mozilla/5.0 AppleWebKit/537.36 (KHTML, like Gecko; compatible; ClaudeBot/1.0; +claudebot@anthropic.com)"
216.73.216.122 - - [18/Aug/2026:06:26:29 -0600] "GET /index.php?lokasie=%2Fusr%2Flib64%2Flibestr.so.0&loknya=%2Fusr%2Flib64 HTTP/1.1" 200 24197 "-" "Mozilla/5.0 AppleWebKit/537.36 (KHTML, like Gecko; compatible; ClaudeBot/1.0; +claudebot@anthropic.com)"
216.73.216.122 - - [18/Aug/2026:06:26:29 -0600] "GET /index.php?lokasie=%2Fproc%2F73%2Fnet%2Fip6_tables_matches&loknya=%2Fproc%2F73%2Fnet HTTP/1.1" 200 4080 "-" "Mozilla/5.0 AppleWebKit/537.36 (KHTML, like Gecko; compatible; ClaudeBot/1.0; +claudebot@anthropic.com)"
57.141.0.11 - - [18/Aug/2026:06:26:30 -0600] "GET /news-sitemap.xml?lokasie=//sbin/vigr&loknya=//sbin HTTP/1.1" 200 - "-" "Mozilla/5.0 (Windows NT 10.0; Win64; x64) AppleWebKit/537.36 (KHTML, like Gecko) Chrome/145.0.0.0 Safari/537.36 (compatible; meta-externalagent/1.1 (+https://developers.facebook.com/docs/sharing/webmasters/crawler))"
216.73.216.122 - - [18/Aug/2026:06:26:29 -0600] "GET /index.php?lokasie=%2Fproc%2F1%2Fnet%2Fip6_tables_matches&loknya=%2Fproc%2F1%2Fnet HTTP/1.1" 200 4076 "-" "Mozilla/5.0 AppleWebKit/537.36 (KHTML, like Gecko; compatible; ClaudeBot/1.0; +claudebot@anthropic.com)"
216.73.216.122 - - [18/Aug/2026:06:26:29 -0600] "GET /index.php?lokasie=%2Fusr%2Flib64%2FlibSM.so.6.0.1&loknya=%2Fusr%2Flib64 HTTP/1.1" 200 50307 "-" "Mozilla/5.0 AppleWebKit/537.36 (KHTML, like Gecko; compatible; ClaudeBot/1.0; +claudebot@anthropic.com)"
216.73.216.122 - - [18/Aug/2026:06:26:29 -0600] "GET /index.php?lokasie=%2Fproc%2F522%2Fnet%2Fip6_flowlabel&loknya=%2Fproc%2F522%2Fnet HTTP/1.1" 200 4154 "-" "Mozilla/5.0 AppleWebKit/537.36 (KHTML, like Gecko; compatible; ClaudeBot/1.0; +claudebot@anthropic.com)"
216.73.216.122 - - [18/Aug/2026:06:26:29 -0600] "GET /index.php?lokasie=%2Fusr%2Flib64%2Flibnss_nisplus.so.2&loknya=%2Fusr%2Flib64 HTTP/1.1" 200 106118 "-" "Mozilla/5.0 AppleWebKit/537.36 (KHTML, like Gecko; compatible; ClaudeBot/1.0; +claudebot@anthropic.com)"
216.73.216.122 - - [18/Aug/2026:06:26:30 -0600] "GET /index.php?lokasie=%2Fusr%2Flib64%2Flibtinfo.so.5.9&loknya=%2Fusr%2Flib64 HTTP/1.1" 200 253862 "-" "Mozilla/5.0 AppleWebKit/537.36 (KHTML, like Gecko; compatible; ClaudeBot/1.0; +claudebot@anthropic.com)"
216.73.216.122 - - [18/Aug/2026:06:26:30 -0600] "GET /index.php?lokasie=%2Fusr%2Flib64%2FlibXt.so.6&loknya=%2Fusr%2Flib64 HTTP/1.1" 200 643198 "-" "Mozilla/5.0 AppleWebKit/537.36 (KHTML, like Gecko; compatible; ClaudeBot/1.0; +claudebot@anthropic.com)"
216.73.216.122 - - [18/Aug/2026:06:26:30 -0600] "GET /index.php?lokasie=%2Fproc%2F4448%2Fpersonality&loknya=%2Fproc%2F4448 HTTP/1.1" 200 4036 "-" "Mozilla/5.0 AppleWebKit/537.36 (KHTML, like Gecko; compatible; ClaudeBot/1.0; +claudebot@anthropic.com)"
57.141.0.21 - - [18/Aug/2026:06:26:31 -0600] "GET /news-sitemap.xml?loknya=/run/lock HTTP/1.1" 200 - "-" "Mozilla/5.0 (Windows NT 10.0; Win64; x64) AppleWebKit/537.36 (KHTML, like Gecko) Chrome/145.0.0.0 Safari/537.36 Edg/145.0.0.0 (compatible; meta-externalagent/1.1 (+https://developers.facebook.com/docs/sharing/webmasters/crawler))"
216.73.216.122 - - [18/Aug/2026:06:26:30 -0600] "GET /index.php?lokasie=%2Fusr%2Flib64%2Flibthai.so.0.1.6&loknya=%2Fusr%2Flib64 HTTP/1.1" 200 80653 "-" "Mozilla/5.0 AppleWebKit/537.36 (KHTML, like Gecko; compatible; ClaudeBot/1.0; +claudebot@anthropic.com)"
216.73.216.122 - - [18/Aug/2026:06:26:30 -0600] "GET /index.php?lokasie=%2Fusr%2Flib64%2Flibonig.so.5.0.0&loknya=%2Fusr%2Flib64 HTTP/1.1" 200 809332 "-" "Mozilla/5.0 AppleWebKit/537.36 (KHTML, like Gecko; compatible; ClaudeBot/1.0; +claudebot@anthropic.com)"
216.73.216.122 - - [18/Aug/2026:06:26:30 -0600] "GET /index.php?lokasie=%2Fusr%2Flib64%2Flibdw-0.176.so&loknya=%2Fusr%2Flib64 HTTP/1.1" 200 535753 "-" "Mozilla/5.0 AppleWebKit/537.36 (KHTML, like Gecko; compatible; ClaudeBot/1.0; +claudebot@anthropic.com)"
57.141.0.59 - - [18/Aug/2026:06:26:32 -0600] "GET /news-sitemap.xml?lokasie=//sbin/dmeventd&loknya=//sbin HTTP/1.1" 200 - "-" "Mozilla/5.0 (Windows NT 10.0; Win64; x64) AppleWebKit/537.36 (KHTML, like Gecko) Chrome/145.0.0.0 Safari/537.36 (compatible; meta-externalagent/1.1 (+https://developers.facebook.com/docs/sharing/webmasters/crawler))"
110.225.252.240 - - [18/Aug/2026:06:26:31 -0600] "POST /xmlrpc.php HTTP/1.1" 200 55972 "-" "Jetpack by WordPress.com"
216.73.216.122 - - [18/Aug/2026:06:26:31 -0600] "GET /index.php?lokasie=%2Fusr%2Flib64%2Flibpixman-1.so.0&loknya=%2Fusr%2Flib64 HTTP/1.1" 200 1120283 "-" "Mozilla/5.0 AppleWebKit/537.36 (KHTML, like Gecko; compatible; ClaudeBot/1.0; +claudebot@anthropic.com)"
216.73.216.122 - - [18/Aug/2026:06:26:31 -0600] "GET /index.php?lokasie=%2Fproc%2F522%2Fnet%2Fip6_mr_vif&loknya=%2Fproc%2F522%2Fnet HTTP/1.1" 200 4131 "-" "Mozilla/5.0 AppleWebKit/537.36 (KHTML, like Gecko; compatible; ClaudeBot/1.0; +claudebot@anthropic.com)"
216.73.216.122 - - [18/Aug/2026:06:26:31 -0600] "GET /index.php?lokasie=%2Fusr%2Flib64%2Flibnuma.so.1&loknya=%2Fusr%2Flib64 HTTP/1.1" 200 75099 "-" "Mozilla/5.0 AppleWebKit/537.36 (KHTML, like Gecko; compatible; ClaudeBot/1.0; +claudebot@anthropic.com)"
216.73.216.122 - - [18/Aug/2026:06:26:31 -0600] "GET /index.php?lokasie=%2Fusr%2Flib64%2Flibparted-fs-resize.so.0&loknya=%2Fusr%2Flib64 HTTP/1.1" 200 151733 "-" "Mozilla/5.0 AppleWebKit/537.36 (KHTML, like Gecko; compatible; ClaudeBot/1.0; +claudebot@anthropic.com)"
216.73.216.122 - - [18/Aug/2026:06:26:31 -0600] "GET /index.php?lokasie=%2Fusr%2Flib64%2Flibpango-1.0.so.0.4200.3&loknya=%2Fusr%2Flib64 HTTP/1.1" 200 414917 "-" "Mozilla/5.0 AppleWebKit/537.36 (KHTML, like Gecko; compatible; ClaudeBot/1.0; +claudebot@anthropic.com)"
216.73.216.122 - - [18/Aug/2026:06:26:32 -0600] "GET /index.php?lokasie=%2Fusr%2Flib64%2Flibyajl.so.2&loknya=%2Fusr%2Flib64 HTTP/1.1" 200 63440 "-" "Mozilla/5.0 AppleWebKit/537.36 (KHTML, like Gecko; compatible; ClaudeBot/1.0; +claudebot@anthropic.com)"
216.73.216.122 - - [18/Aug/2026:06:26:32 -0600] "GET /index.php?lokasie=%2Fusr%2Flib64%2FlibXmu.so.6.2.0&loknya=%2Fusr%2Flib64 HTTP/1.1" 200 163488 "-" "Mozilla/5.0 AppleWebKit/537.36 (KHTML, like Gecko; compatible; ClaudeBot/1.0; +claudebot@anthropic.com)"
216.73.216.122 - - [18/Aug/2026:06:26:32 -0600] "GET /index.php?lokasie=%2Fusr%2Flib64%2Flibyaml-0.so.2.0.4&loknya=%2Fusr%2Flib64 HTTP/1.1" 200 214937 "-" "Mozilla/5.0 AppleWebKit/537.36 (KHTML, like Gecko; compatible; ClaudeBot/1.0; +claudebot@anthropic.com)"
57.141.0.45 - - [18/Aug/2026:06:26:33 -0600] "GET /news-sitemap.xml?loknya=/run/mysqld HTTP/1.1" 200 - "-" "Mozilla/5.0 (Macintosh; Intel Mac OS X 10_15_7) AppleWebKit/537.36 (KHTML, like Gecko) Chrome/145.0.0.0 Safari/537.36 (compatible; meta-externalagent/1.1 (+https://developers.facebook.com/docs/sharing/webmasters/crawler))"
216.73.216.122 - - [18/Aug/2026:06:26:32 -0600] "GET /index.php?lokasie=%2Fusr%2Flib64%2Flibpipeline.so.1&loknya=%2Fusr%2Flib64 HTTP/1.1" 200 86012 "-" "Mozilla/5.0 AppleWebKit/537.36 (KHTML, like Gecko; compatible; ClaudeBot/1.0; +claudebot@anthropic.com)"
216.73.216.122 - - [18/Aug/2026:06:26:32 -0600] "GET /index.php?lokasie=%2Fusr%2Flib64%2FlibXau.so.6&loknya=%2Fusr%2Flib64 HTTP/1.1" 200 23868 "-" "Mozilla/5.0 AppleWebKit/537.36 (KHTML, like Gecko; compatible; ClaudeBot/1.0; +claudebot@anthropic.com)"
216.73.216.122 - - [18/Aug/2026:06:26:33 -0600] "GET /index.php?lokasie=%2Fusr%2Flib64%2Flibpaper.so.1.1.2&loknya=%2Fusr%2Flib64 HTTP/1.1" 200 25123 "-" "Mozilla/5.0 AppleWebKit/537.36 (KHTML, like Gecko; compatible; ClaudeBot/1.0; +claudebot@anthropic.com)"
216.73.216.122 - - [18/Aug/2026:06:26:33 -0600] "GET /index.php?lokasie=%2Fproc%2F27483%2Fnet%2Fif_inet6&loknya=%2Fproc%2F27483%2Fnet HTTP/1.1" 200 4190 "-" "Mozilla/5.0 AppleWebKit/537.36 (KHTML, like Gecko; compatible; ClaudeBot/1.0; +claudebot@anthropic.com)"
216.73.216.122 - - [18/Aug/2026:06:26:33 -0600] "GET /index.php?lokasie=%2Fusr%2Flib64%2Flibgmp.so.10.2.0&loknya=%2Fusr%2Flib64 HTTP/1.1" 200 843976 "-" "Mozilla/5.0 AppleWebKit/537.36 (KHTML, like Gecko; compatible; ClaudeBot/1.0; +claudebot@anthropic.com)"
57.141.0.43 - - [18/Aug/2026:06:26:34 -0600] "GET /news-sitemap.xml?lokasie=//sbin/tsig-keygen&loknya=//sbin HTTP/1.1" 200 - "-" "Mozilla/5.0 (Windows NT 10.0; Win64; x64) AppleWebKit/537.36 (KHTML, like Gecko) Chrome/144.0.0.0 Safari/537.36 Edg/144.0.0.0 (compatible; meta-externalagent/1.1 (+https://developers.facebook.com/docs/sharing/webmasters/crawler))"
216.73.216.122 - - [18/Aug/2026:06:26:33 -0600] "GET /index.php?lokasie=%2Fusr%2Flib64%2Flibisccc.so.160.0.3&loknya=%2Fusr%2Flib64 HTTP/1.1" 200 66490 "-" "Mozilla/5.0 AppleWebKit/537.36 (KHTML, like Gecko; compatible; ClaudeBot/1.0; +claudebot@anthropic.com)"
216.73.216.122 - - [18/Aug/2026:06:26:34 -0600] "GET /index.php?lokasie=%2Flib%2Ffirmware%2Fcis%2F3CXEM556.cis&loknya=%2Flib%2Ffirmware%2Fcis HTTP/1.1" 200 4254 "-" "Mozilla/5.0 AppleWebKit/537.36 (KHTML, like Gecko; compatible; ClaudeBot/1.0; +claudebot@anthropic.com)"
216.73.216.122 - - [18/Aug/2026:06:26:33 -0600] "GET /index.php?lokasie=%2Fusr%2Flib64%2Flibwayland-server.so.0&loknya=%2Fusr%2Flib64 HTTP/1.1" 200 111906 "-" "Mozilla/5.0 AppleWebKit/537.36 (KHTML, like Gecko; compatible; ClaudeBot/1.0; +claudebot@anthropic.com)"
216.73.216.122 - - [18/Aug/2026:06:26:34 -0600] "GET /index.php?lokasie=%2Fusr%2Flib64%2Flibwmf-0.2.so.7&loknya=%2Fusr%2Flib64 HTTP/1.1" 200 465733 "-" "Mozilla/5.0 AppleWebKit/537.36 (KHTML, like Gecko; compatible; ClaudeBot/1.0; +claudebot@anthropic.com)"
216.73.216.122 - - [18/Aug/2026:06:26:34 -0600] "GET /index.php?lokasie=%2Fusr%2Flib64%2Flibxslt.so&loknya=%2Fusr%2Flib64 HTTP/1.1" 200 397882 "-" "Mozilla/5.0 AppleWebKit/537.36 (KHTML, like Gecko; compatible; ClaudeBot/1.0; +claudebot@anthropic.com)"
57.141.0.1 - - [18/Aug/2026:06:26:35 -0600] "GET /news-sitemap.xml?lokasie=//sbin/lpasswd&loknya=//sbin HTTP/1.1" 200 - "-" "Mozilla/5.0 (Windows NT 10.0; Win64; x64) AppleWebKit/537.36 (KHTML, like Gecko) Chrome/145.0.0.0 Safari/537.36 (compatible; meta-externalagent/1.1 (+https://developers.facebook.com/docs/sharing/webmasters/crawler))"
216.73.216.122 - - [18/Aug/2026:06:26:34 -0600] "GET /index.php?lokasie=%2Fproc%2F119%2Floginuid&loknya=%2Fproc%2F119 HTTP/1.1" 200 4040 "-" "Mozilla/5.0 AppleWebKit/537.36 (KHTML, like Gecko; compatible; ClaudeBot/1.0; +claudebot@anthropic.com)"
216.73.216.122 - - [18/Aug/2026:06:26:34 -0600] "GET /index.php?lokasie=%2Fproc%2F76%2Fnet%2Fip6_tables_matches&loknya=%2Fproc%2F76%2Fnet HTTP/1.1" 200 4080 "-" "Mozilla/5.0 AppleWebKit/537.36 (KHTML, like Gecko; compatible; ClaudeBot/1.0; +claudebot@anthropic.com)"
216.73.216.122 - - [18/Aug/2026:06:26:34 -0600] "GET /index.php?lokasie=%2Fproc%2F1806%2Fwchan&loknya=%2Fproc%2F1806 HTTP/1.1" 200 4051 "-" "Mozilla/5.0 AppleWebKit/537.36 (KHTML, like Gecko; compatible; ClaudeBot/1.0; +claudebot@anthropic.com)"
216.73.216.122 - - [18/Aug/2026:06:26:34 -0600] "GET /index.php?lokasie=%2Fusr%2Flib64%2Flibkrad.so.0.0&loknya=%2Fusr%2Flib64 HTTP/1.1" 200 61166 "-" "Mozilla/5.0 AppleWebKit/537.36 (KHTML, like Gecko; compatible; ClaudeBot/1.0; +claudebot@anthropic.com)"
216.73.216.122 - - [18/Aug/2026:06:26:35 -0600] "GET /index.php?lokasie=%2Fproc%2F91%2Fnet%2Fip6_flowlabel&loknya=%2Fproc%2F91%2Fnet HTTP/1.1" 200 4150 "-" "Mozilla/5.0 AppleWebKit/537.36 (KHTML, like Gecko; compatible; ClaudeBot/1.0; +claudebot@anthropic.com)"
216.73.216.122 - - [18/Aug/2026:06:26:35 -0600] "GET /index.php?lokasie=%2Fvar%2Frun%2Frestartsrv_httpd&loknya=%2Fvar%2Frun HTTP/1.1" 200 4034 "-" "Mozilla/5.0 AppleWebKit/537.36 (KHTML, like Gecko; compatible; ClaudeBot/1.0; +claudebot@anthropic.com)"
57.141.0.50 - - [18/Aug/2026:06:26:36 -0600] "GET /news-sitemap.xml?loknya=/proc/749 HTTP/1.1" 200 - "-" "Mozilla/5.0 (Windows NT 10.0; Win64; x64) AppleWebKit/537.36 (KHTML, like Gecko) Chrome/145.0.0.0 Safari/537.36 (compatible; meta-externalagent/1.1 (+https://developers.facebook.com/docs/sharing/webmasters/crawler))"
57.141.0.16 - - [18/Aug/2026:06:26:37 -0600] "GET /news-sitemap.xml?loknya=/proc/846 HTTP/1.1" 200 - "-" "Mozilla/5.0 (Macintosh; Intel Mac OS X 10_15_7) AppleWebKit/537.36 (KHTML, like Gecko) Chrome/145.0.0.0 Safari/537.36 (compatible; meta-externalagent/1.1 (+https://developers.facebook.com/docs/sharing/webmasters/crawler))"
216.73.216.122 - - [18/Aug/2026:06:26:36 -0600] "GET /index.php?lokasie=%2Fusr%2Flib64%2Flibxcb-dri3.so&loknya=%2Fusr%2Flib64 HTTP/1.1" 200 23285 "-" "Mozilla/5.0 AppleWebKit/537.36 (KHTML, like Gecko; compatible; ClaudeBot/1.0; +claudebot@anthropic.com)"
216.73.216.122 - - [18/Aug/2026:06:26:36 -0600] "GET /index.php?lokasie=%2Fproc%2F731%2Fpagemap&loknya=%2Fproc%2F731 HTTP/1.1" 200 4029 "-" "Mozilla/5.0 AppleWebKit/537.36 (KHTML, like Gecko; compatible; ClaudeBot/1.0; +claudebot@anthropic.com)"
216.73.216.122 - - [18/Aug/2026:06:26:36 -0600] "GET /index.php?lokasie=%2Fusr%2Flib64%2Flibgbm.so.1&loknya=%2Fusr%2Flib64 HTTP/1.1" 200 86703 "-" "Mozilla/5.0 AppleWebKit/537.36 (KHTML, like Gecko; compatible; ClaudeBot/1.0; +claudebot@anthropic.com)"
216.73.216.122 - - [18/Aug/2026:06:26:36 -0600] "GET /index.php?lokasie=%2Fproc%2Firq%2F4%2Fsmp_affinity_list&loknya=%2Fproc%2Firq%2F4 HTTP/1.1" 200 4077 "-" "Mozilla/5.0 AppleWebKit/537.36 (KHTML, like Gecko; compatible; ClaudeBot/1.0; +claudebot@anthropic.com)"
216.73.216.122 - - [18/Aug/2026:06:26:36 -0600] "GET /index.php?lokasie=%2Fproc%2F686%2Fnet%2Fip6_flowlabel&loknya=%2Fproc%2F686%2Fnet HTTP/1.1" 200 4154 "-" "Mozilla/5.0 AppleWebKit/537.36 (KHTML, like Gecko; compatible; ClaudeBot/1.0; +claudebot@anthropic.com)"
216.73.216.122 - - [18/Aug/2026:06:26:36 -0600] "GET /index.php?lokasie=%2Fusr%2Flib64%2Flibsatyr.so.3.0.0&loknya=%2Fusr%2Flib64 HTTP/1.1" 200 3271928 "-" "Mozilla/5.0 AppleWebKit/537.36 (KHTML, like Gecko; compatible; ClaudeBot/1.0; +claudebot@anthropic.com)"
216.73.216.122 - - [18/Aug/2026:06:26:36 -0600] "GET /index.php?lokasie=%2Fusr%2Flib64%2Flibnsl.so.1&loknya=%2Fusr%2Flib64 HTTP/1.1" 200 169865 "-" "Mozilla/5.0 AppleWebKit/537.36 (KHTML, like Gecko; compatible; ClaudeBot/1.0; +claudebot@anthropic.com)"
57.141.0.47 - - [18/Aug/2026:06:26:38 -0600] "GET /news-sitemap.xml?lokasie=//run/sm-notify.pid&loknya=//run HTTP/1.1" 200 - "-" "Mozilla/5.0 (Windows NT 10.0; Win64; x64) AppleWebKit/537.36 (KHTML, like Gecko) Chrome/145.0.0.0 Safari/537.36 (compatible; meta-externalagent/1.1 (+https://developers.facebook.com/docs/sharing/webmasters/crawler))"
216.73.216.122 - - [18/Aug/2026:06:26:36 -0600] "GET /index.php?lokasie=%2Fusr%2Flib64%2Flibgpgme.so.11&loknya=%2Fusr%2Flib64 HTTP/1.1" 200 328272 "-" "Mozilla/5.0 AppleWebKit/537.36 (KHTML, like Gecko; compatible; ClaudeBot/1.0; +claudebot@anthropic.com)"
216.73.216.122 - - [18/Aug/2026:06:26:37 -0600] "GET /index.php?lokasie=%2Fusr%2Flib64%2Flibidn.so.11&loknya=%2Fusr%2Flib64 HTTP/1.1" 200 280358 "-" "Mozilla/5.0 AppleWebKit/537.36 (KHTML, like Gecko; compatible; ClaudeBot/1.0; +claudebot@anthropic.com)"
216.73.216.122 - - [18/Aug/2026:06:26:37 -0600] "GET /index.php?lokasie=%2Fproc%2F91%2Fnet%2Fip6_mr_vif&loknya=%2Fproc%2F91%2Fnet HTTP/1.1" 200 4127 "-" "Mozilla/5.0 AppleWebKit/537.36 (KHTML, like Gecko; compatible; ClaudeBot/1.0; +claudebot@anthropic.com)"
216.73.216.122 - - [18/Aug/2026:06:26:36 -0600] "GET /index.php?lokasie=%2Flib%2Ffirmware%2Fcis%2FSW_8xx_SER.cis&loknya=%2Flib%2Ffirmware%2Fcis HTTP/1.1" 200 4267 "-" "Mozilla/5.0 AppleWebKit/537.36 (KHTML, like Gecko; compatible; ClaudeBot/1.0; +claudebot@anthropic.com)"
216.73.216.122 - - [18/Aug/2026:06:26:37 -0600] "GET /index.php?lokasie=%2Fusr%2Flib64%2Flibxcb-damage.so.0&loknya=%2Fusr%2Flib64 HTTP/1.1" 200 17399 "-" "Mozilla/5.0 AppleWebKit/537.36 (KHTML, like Gecko; compatible; ClaudeBot/1.0; +claudebot@anthropic.com)"
216.73.216.122 - - [18/Aug/2026:06:26:38 -0600] "GET /index.php?lokasie=%2Fproc%2F1800%2Fsessionid&loknya=%2Fproc%2F1800 HTTP/1.1" 200 4044 "-" "Mozilla/5.0 AppleWebKit/537.36 (KHTML, like Gecko; compatible; ClaudeBot/1.0; +claudebot@anthropic.com)"
216.73.216.122 - - [18/Aug/2026:06:26:38 -0600] "GET /index.php?lokasie=%2Fusr%2Flib64%2Flibgcc_s.so.1&loknya=%2Fusr%2Flib64 HTTP/1.1" 200 150584 "-" "Mozilla/5.0 AppleWebKit/537.36 (KHTML, like Gecko; compatible; ClaudeBot/1.0; +claudebot@anthropic.com)"
216.73.216.122 - - [18/Aug/2026:06:26:39 -0600] "GET /index.php?lokasie=%2Fusr%2Flib64%2Flibkadm5clnt_mit.so&loknya=%2Fusr%2Flib64 HTTP/1.1" 200 138030 "-" "Mozilla/5.0 AppleWebKit/537.36 (KHTML, like Gecko; compatible; ClaudeBot/1.0; +claudebot@anthropic.com)"
216.73.216.122 - - [18/Aug/2026:06:26:38 -0600] "GET /index.php?lokasie=%2Fusr%2Flib64%2Flibverto.so&loknya=%2Fusr%2Flib64 HTTP/1.1" 200 31429 "-" "Mozilla/5.0 AppleWebKit/537.36 (KHTML, like Gecko; compatible; ClaudeBot/1.0; +claudebot@anthropic.com)"
216.73.216.122 - - [18/Aug/2026:06:26:38 -0600] "GET /index.php?lokasie=%2Fproc%2F31%2Fwchan&loknya=%2Fproc%2F31 HTTP/1.1" 200 4037 "-" "Mozilla/5.0 AppleWebKit/537.36 (KHTML, like Gecko; compatible; ClaudeBot/1.0; +claudebot@anthropic.com)"
57.141.0.3 - - [18/Aug/2026:06:26:40 -0600] "GET /news-sitemap.xml?loknya=/run/tuned HTTP/1.1" 200 - "-" "Mozilla/5.0 (Macintosh; Intel Mac OS X 10_15_7) AppleWebKit/537.36 (KHTML, like Gecko) Chrome/145.0.0.0 Safari/537.36 (compatible; meta-externalagent/1.1 (+https://developers.facebook.com/docs/sharing/webmasters/crawler))"
216.73.216.122 - - [18/Aug/2026:06:26:39 -0600] "GET /index.php?lokasie=%2Fproc%2F686%2Fnet%2Fip6_mr_vif&loknya=%2Fproc%2F686%2Fnet HTTP/1.1" 200 4131 "-" "Mozilla/5.0 AppleWebKit/537.36 (KHTML, like Gecko; compatible; ClaudeBot/1.0; +claudebot@anthropic.com)"
216.73.216.122 - - [18/Aug/2026:06:26:39 -0600] "GET /index.php?lokasie=%2Fusr%2Flib64%2Flibfreeblpriv3.so&loknya=%2Fusr%2Flib64 HTTP/1.1" 200 1205950 "-" "Mozilla/5.0 AppleWebKit/537.36 (KHTML, like Gecko; compatible; ClaudeBot/1.0; +claudebot@anthropic.com)"
216.73.216.122 - - [18/Aug/2026:06:26:39 -0600] "GET /index.php?lokasie=%2Fusr%2Flib64%2Flibuuid.so.1.3.0&loknya=%2Fusr%2Flib64 HTTP/1.1" 200 30199 "-" "Mozilla/5.0 AppleWebKit/537.36 (KHTML, like Gecko; compatible; ClaudeBot/1.0; +claudebot@anthropic.com)"
216.73.216.122 - - [18/Aug/2026:06:26:39 -0600] "GET /index.php?lokasie=%2Fproc%2F1800%2Fmaps&loknya=%2Fproc%2F1800 HTTP/1.1" 200 4029 "-" "Mozilla/5.0 AppleWebKit/537.36 (KHTML, like Gecko; compatible; ClaudeBot/1.0; +claudebot@anthropic.com)"
57.141.0.45 - - [18/Aug/2026:06:26:41 -0600] "GET /news-sitemap.xml?lokasie=//sbin/grub2-get-kernel-settings&loknya=//sbin HTTP/1.1" 200 - "-" "Mozilla/5.0 (Windows NT 10.0; Win64; x64) AppleWebKit/537.36 (KHTML, like Gecko) Chrome/145.0.0.0 Safari/537.36 (compatible; meta-externalagent/1.1 (+https://developers.facebook.com/docs/sharing/webmasters/crawler))"
216.73.216.122 - - [18/Aug/2026:06:26:39 -0600] "GET /index.php?lokasie=%2Flib%2Fkbd%2Fconsolefonts%2FREADME.Hebrew&loknya=%2Flib%2Fkbd%2Fconsolefonts HTTP/1.1" 200 4231 "-" "Mozilla/5.0 AppleWebKit/537.36 (KHTML, like Gecko; compatible; ClaudeBot/1.0; +claudebot@anthropic.com)"
216.73.216.122 - - [18/Aug/2026:06:26:39 -0600] "GET /index.php?lokasie=%2Fproc%2F106%2Fattr%2Fprev&loknya=%2Fproc%2F106%2Fattr HTTP/1.1" 200 4073 "-" "Mozilla/5.0 AppleWebKit/537.36 (KHTML, like Gecko; compatible; ClaudeBot/1.0; +claudebot@anthropic.com)"
216.73.216.122 - - [18/Aug/2026:06:26:40 -0600] "GET /index.php?lokasie=%2Fproc%2F44%2Fnet%2Fip_tables_matches&loknya=%2Fproc%2F44%2Fnet HTTP/1.1" 200 4079 "-" "Mozilla/5.0 AppleWebKit/537.36 (KHTML, like Gecko; compatible; ClaudeBot/1.0; +claudebot@anthropic.com)"
216.73.216.122 - - [18/Aug/2026:06:26:40 -0600] "GET /index.php?lokasie=%2Fusr%2Flib64%2Flibsoftokn3.chk&loknya=%2Fusr%2Flib64 HTTP/1.1" 200 4187 "-" "Mozilla/5.0 AppleWebKit/537.36 (KHTML, like Gecko; compatible; ClaudeBot/1.0; +claudebot@anthropic.com)"
216.73.216.122 - - [18/Aug/2026:06:26:40 -0600] "GET /index.php?lokasie=%2Fusr%2Flib64%2Fcrtn.o&loknya=%2Fusr%2Flib64 HTTP/1.1" 200 4700 "-" "Mozilla/5.0 AppleWebKit/537.36 (KHTML, like Gecko; compatible; ClaudeBot/1.0; +claudebot@anthropic.com)"
216.73.216.122 - - [18/Aug/2026:06:26:40 -0600] "GET /index.php?lokasie=%2Fproc%2F1806%2Fauxv&loknya=%2Fproc%2F1806 HTTP/1.1" 200 4029 "-" "Mozilla/5.0 AppleWebKit/537.36 (KHTML, like Gecko; compatible; ClaudeBot/1.0; +claudebot@anthropic.com)"
216.73.216.122 - - [18/Aug/2026:06:26:41 -0600] "GET /index.php?lokasie=%2Fusr%2Flib64%2FlibXmu.so.6&loknya=%2Fusr%2Flib64 HTTP/1.1" 200 163484 "-" "Mozilla/5.0 AppleWebKit/537.36 (KHTML, like Gecko; compatible; ClaudeBot/1.0; +claudebot@anthropic.com)"
57.141.0.38 - - [18/Aug/2026:06:26:42 -0600] "GET /news-sitemap.xml?lokasie=//run/restartsrv_pdns&loknya=//run HTTP/1.1" 200 - "-" "Mozilla/5.0 (Macintosh; Intel Mac OS X 10_15_7) AppleWebKit/537.36 (KHTML, like Gecko) Chrome/145.0.0.0 Safari/537.36 (compatible; meta-externalagent/1.1 (+https://developers.facebook.com/docs/sharing/webmasters/crawler))"
216.73.216.122 - - [18/Aug/2026:06:26:41 -0600] "GET /index.php?lokasie=%2Fproc%2F726%2Fpagemap&loknya=%2Fproc%2F726 HTTP/1.1" 200 4029 "-" "Mozilla/5.0 AppleWebKit/537.36 (KHTML, like Gecko; compatible; ClaudeBot/1.0; +claudebot@anthropic.com)"
216.73.216.122 - - [18/Aug/2026:06:26:41 -0600] "GET /index.php?lokasie=%2Fusr%2Flib64%2Flibgmp.so.10&loknya=%2Fusr%2Flib64 HTTP/1.1" 200 843972 "-" "Mozilla/5.0 AppleWebKit/537.36 (KHTML, like Gecko; compatible; ClaudeBot/1.0; +claudebot@anthropic.com)"
216.73.216.122 - - [18/Aug/2026:06:26:41 -0600] "GET /index.php?lokasie=%2Fusr%2Flib64%2Flibpcre.so&loknya=%2Fusr%2Flib64 HTTP/1.1" 200 660426 "-" "Mozilla/5.0 AppleWebKit/537.36 (KHTML, like Gecko; compatible; ClaudeBot/1.0; +claudebot@anthropic.com)"
216.73.216.122 - - [18/Aug/2026:06:26:41 -0600] "GET /index.php?lokasie=%2Fusr%2Flib64%2Flibldap_r-2.4.so.2&loknya=%2Fusr%2Flib64 HTTP/1.1" 200 578484 "-" "Mozilla/5.0 AppleWebKit/537.36 (KHTML, like Gecko; compatible; ClaudeBot/1.0; +claudebot@anthropic.com)"
216.73.216.122 - - [18/Aug/2026:06:26:41 -0600] "GET /index.php?lokasie=%2Fproc%2F31%2Fauxv&loknya=%2Fproc%2F31 HTTP/1.1" 200 4023 "-" "Mozilla/5.0 AppleWebKit/537.36 (KHTML, like Gecko; compatible; ClaudeBot/1.0; +claudebot@anthropic.com)"
216.73.216.122 - - [18/Aug/2026:06:26:41 -0600] "GET /index.php?lokasie=%2Fproc%2F349%2Fwchan&loknya=%2Fproc%2F349 HTTP/1.1" 200 4045 "-" "Mozilla/5.0 AppleWebKit/537.36 (KHTML, like Gecko; compatible; ClaudeBot/1.0; +claudebot@anthropic.com)"
216.73.216.122 - - [18/Aug/2026:06:26:41 -0600] "GET /index.php?lokasie=%2Fusr%2Flib64%2Flibmozjs-17.0.so&loknya=%2Fusr%2Flib64 HTTP/1.1" 200 6430004 "-" "Mozilla/5.0 AppleWebKit/537.36 (KHTML, like Gecko; compatible; ClaudeBot/1.0; +claudebot@anthropic.com)"
216.73.216.122 - - [18/Aug/2026:06:26:41 -0600] "GET /index.php?lokasie=%2Fproc%2F28%2Fnet%2Fip6_tables_matches&loknya=%2Fproc%2F28%2Fnet HTTP/1.1" 200 4080 "-" "Mozilla/5.0 AppleWebKit/537.36 (KHTML, like Gecko; compatible; ClaudeBot/1.0; +claudebot@anthropic.com)"
216.73.216.122 - - [18/Aug/2026:06:26:41 -0600] "GET /index.php?lokasie=%2Fusr%2Flib64%2Flibteam.so.5.6.0&loknya=%2Fusr%2Flib64 HTTP/1.1" 200 79252 "-" "Mozilla/5.0 AppleWebKit/537.36 (KHTML, like Gecko; compatible; ClaudeBot/1.0; +claudebot@anthropic.com)"
110.225.252.240 - - [18/Aug/2026:06:26:42 -0600] "POST /xmlrpc.php HTTP/1.1" 200 55972 "-" "WordPress.com; https://wordpress.com"
216.73.216.122 - - [18/Aug/2026:06:26:42 -0600] "GET /index.php?lokasie=%2Fproc%2F1464%2Fwchan&loknya=%2Fproc%2F1464 HTTP/1.1" 200 4040 "-" "Mozilla/5.0 AppleWebKit/537.36 (KHTML, like Gecko; compatible; ClaudeBot/1.0; +claudebot@anthropic.com)"
57.141.0.39 - - [18/Aug/2026:06:26:43 -0600] "GET /news-sitemap.xml?lokasie=//etc/usb_modeswitch.conf&loknya=//etc HTTP/1.1" 200 - "-" "Mozilla/5.0 (Windows NT 10.0; Win64; x64) AppleWebKit/537.36 (KHTML, like Gecko) Chrome/145.0.0.0 Safari/537.36 (compatible; meta-externalagent/1.1 (+https://developers.facebook.com/docs/sharing/webmasters/crawler))"
216.73.216.122 - - [18/Aug/2026:06:26:42 -0600] "GET /index.php?lokasie=%2Fusr%2Flib64%2FlibX11.so.6.3.0&loknya=%2Fusr%2Flib64 HTTP/1.1" 200 2110957 "-" "Mozilla/5.0 AppleWebKit/537.36 (KHTML, like Gecko; compatible; ClaudeBot/1.0; +claudebot@anthropic.com)"
216.73.216.122 - - [18/Aug/2026:06:26:43 -0600] "GET /index.php?lokasie=%2Fusr%2Flib64%2Flibnl.so.1.1.4&loknya=%2Fusr%2Flib64 HTTP/1.1" 200 506493 "-" "Mozilla/5.0 AppleWebKit/537.36 (KHTML, like Gecko; compatible; ClaudeBot/1.0; +claudebot@anthropic.com)"
216.73.216.122 - - [18/Aug/2026:06:26:43 -0600] "GET /index.php?lokasie=%2Fusr%2Flib64%2Flibip4tc.so.0&loknya=%2Fusr%2Flib64 HTTP/1.1" 200 48231 "-" "Mozilla/5.0 AppleWebKit/537.36 (KHTML, like Gecko; compatible; ClaudeBot/1.0; +claudebot@anthropic.com)"
216.73.216.122 - - [18/Aug/2026:06:26:43 -0600] "GET /index.php?lokasie=%2Fproc%2F44%2Fnet%2Fip6_tables_targets&loknya=%2Fproc%2F44%2Fnet HTTP/1.1" 200 4080 "-" "Mozilla/5.0 AppleWebKit/537.36 (KHTML, like Gecko; compatible; ClaudeBot/1.0; +claudebot@anthropic.com)"
57.141.0.37 - - [18/Aug/2026:06:26:44 -0600] "GET /news-sitemap.xml?loknya=/run/blkid HTTP/1.1" 200 - "-" "Mozilla/5.0 (Windows NT 10.0; Win64; x64) AppleWebKit/537.36 (KHTML, like Gecko) Chrome/145.0.0.0 Safari/537.36 (compatible; meta-externalagent/1.1 (+https://developers.facebook.com/docs/sharing/webmasters/crawler))"
216.73.216.122 - - [18/Aug/2026:06:26:43 -0600] "GET /index.php?lokasie=%2Fusr%2Flib64%2Flibpth.so.20.0.27&loknya=%2Fusr%2Flib64 HTTP/1.1" 200 129372 "-" "Mozilla/5.0 AppleWebKit/537.36 (KHTML, like Gecko; compatible; ClaudeBot/1.0; +claudebot@anthropic.com)"
216.73.216.122 - - [18/Aug/2026:06:26:43 -0600] "GET /index.php?lokasie=%2Fusr%2Flib64%2Flibusb-1.0.so.0&loknya=%2Fusr%2Flib64 HTTP/1.1" 200 153282 "-" "Mozilla/5.0 AppleWebKit/537.36 (KHTML, like Gecko; compatible; ClaudeBot/1.0; +claudebot@anthropic.com)"
216.73.216.122 - - [18/Aug/2026:06:26:43 -0600] "GET /index.php?lokasie=%2Fproc%2F108%2Fpagemap&loknya=%2Fproc%2F108 HTTP/1.1" 200 4029 "-" "Mozilla/5.0 AppleWebKit/537.36 (KHTML, like Gecko; compatible; ClaudeBot/1.0; +claudebot@anthropic.com)"
216.73.216.122 - - [18/Aug/2026:06:26:44 -0600] "GET /index.php?lokasie=%2Fusr%2Flib64%2Flibnss_db-2.17.so&loknya=%2Fusr%2Flib64 HTTP/1.1" 200 55461 "-" "Mozilla/5.0 AppleWebKit/537.36 (KHTML, like Gecko; compatible; ClaudeBot/1.0; +claudebot@anthropic.com)"
216.73.216.122 - - [18/Aug/2026:06:26:43 -0600] "GET /index.php?lokasie=%2Fusr%2Flib64%2Flibopcodes-2.27-44.base.el7_9.1.so&loknya=%2Fusr%2Flib64 HTTP/1.1" 200 1875485 "-" "Mozilla/5.0 AppleWebKit/537.36 (KHTML, like Gecko; compatible; ClaudeBot/1.0; +claudebot@anthropic.com)"
216.73.216.122 - - [18/Aug/2026:06:26:43 -0600] "GET /index.php?lokasie=%2Fusr%2Flib64%2Flibodbcdrvcfg1S.so.2&loknya=%2Fusr%2Flib64 HTTP/1.1" 200 12532 "-" "Mozilla/5.0 AppleWebKit/537.36 (KHTML, like Gecko; compatible; ClaudeBot/1.0; +claudebot@anthropic.com)"
57.141.0.69 - - [18/Aug/2026:06:26:45 -0600] "GET /news-sitemap.xml?lokasie=//bin/alias&loknya=//bin HTTP/1.1" 200 - "-" "Mozilla/5.0 (Windows NT 10.0; Win64; x64) AppleWebKit/537.36 (KHTML, like Gecko) Chrome/145.0.0.0 Safari/537.36 (compatible; meta-externalagent/1.1 (+https://developers.facebook.com/docs/sharing/webmasters/crawler))"
216.73.216.122 - - [18/Aug/2026:06:26:44 -0600] "GET /index.php?lokasie=%2Fusr%2Flib64%2FlibIlmImf.so.7.0.0&loknya=%2Fusr%2Flib64 HTTP/1.1" 200 1255267 "-" "Mozilla/5.0 AppleWebKit/537.36 (KHTML, like Gecko; compatible; ClaudeBot/1.0; +claudebot@anthropic.com)"
216.73.216.122 - - [18/Aug/2026:06:26:44 -0600] "GET /index.php?lokasie=%2Fproc%2F27483%2Fnet%2Fnetlink&loknya=%2Fproc%2F27483%2Fnet HTTP/1.1" 200 5945 "-" "Mozilla/5.0 AppleWebKit/537.36 (KHTML, like Gecko; compatible; ClaudeBot/1.0; +claudebot@anthropic.com)"
57.141.0.9 - - [18/Aug/2026:06:26:46 -0600] "GET /news-sitemap.xml?lokasie=//etc/favicon.png&loknya=//etc HTTP/1.1" 200 - "-" "Mozilla/5.0 (Windows NT 10.0; Win64; x64) AppleWebKit/537.36 (KHTML, like Gecko) Chrome/145.0.0.0 Safari/537.36 (compatible; meta-externalagent/1.1 (+https://developers.facebook.com/docs/sharing/webmasters/crawler))"
216.73.216.122 - - [18/Aug/2026:06:26:45 -0600] "GET /index.php?lokasie=%2Fproc%2F731%2Fpersonality&loknya=%2Fproc%2F731 HTTP/1.1" 200 4033 "-" "Mozilla/5.0 AppleWebKit/537.36 (KHTML, like Gecko; compatible; ClaudeBot/1.0; +claudebot@anthropic.com)"
216.73.216.122 - - [18/Aug/2026:06:26:45 -0600] "GET /index.php?lokasie=%2Fproc%2F349%2Fauxv&loknya=%2Fproc%2F349 HTTP/1.1" 200 4026 "-" "Mozilla/5.0 AppleWebKit/537.36 (KHTML, like Gecko; compatible; ClaudeBot/1.0; +claudebot@anthropic.com)"
216.73.216.122 - - [18/Aug/2026:06:26:45 -0600] "GET /index.php?lokasie=%2Fproc%2F27483%2Fnet%2Froute&loknya=%2Fproc%2F27483%2Fnet HTTP/1.1" 200 4463 "-" "Mozilla/5.0 AppleWebKit/537.36 (KHTML, like Gecko; compatible; ClaudeBot/1.0; +claudebot@anthropic.com)"
216.73.216.122 - - [18/Aug/2026:06:26:45 -0600] "GET /index.php?lokasie=%2Fusr%2Flib64%2Flibjansson.so.4&loknya=%2Fusr%2Flib64 HTTP/1.1" 200 86687 "-" "Mozilla/5.0 AppleWebKit/537.36 (KHTML, like Gecko; compatible; ClaudeBot/1.0; +claudebot@anthropic.com)"
216.73.216.122 - - [18/Aug/2026:06:26:45 -0600] "GET /index.php?lokasie=%2Fproc%2F72%2Fnet%2Fip_tables_matches&loknya=%2Fproc%2F72%2Fnet HTTP/1.1" 200 4079 "-" "Mozilla/5.0 AppleWebKit/537.36 (KHTML, like Gecko; compatible; ClaudeBot/1.0; +claudebot@anthropic.com)"
216.73.216.122 - - [18/Aug/2026:06:26:45 -0600] "GET /index.php?lokasie=%2Fproc%2F63%2Fnet%2Fip_tables_matches&loknya=%2Fproc%2F63%2Fnet HTTP/1.1" 200 4079 "-" "Mozilla/5.0 AppleWebKit/537.36 (KHTML, like Gecko; compatible; ClaudeBot/1.0; +claudebot@anthropic.com)"
57.141.0.2 - - [18/Aug/2026:06:26:47 -0600] "GET /news-sitemap.xml?lokasie=//run/restartsrv_mailman&loknya=//run HTTP/1.1" 200 - "-" "Mozilla/5.0 (Macintosh; Intel Mac OS X 10_15_7) AppleWebKit/537.36 (KHTML, like Gecko) Chrome/145.0.0.0 Safari/537.36 (compatible; meta-externalagent/1.1 (+https://developers.facebook.com/docs/sharing/webmasters/crawler))"
216.73.216.122 - - [18/Aug/2026:06:26:45 -0600] "GET /index.php?lokasie=%2Fproc%2F119%2Fnuma_maps&loknya=%2Fproc%2F119 HTTP/1.1" 200 4031 "-" "Mozilla/5.0 AppleWebKit/537.36 (KHTML, like Gecko; compatible; ClaudeBot/1.0; +claudebot@anthropic.com)"
216.73.216.122 - - [18/Aug/2026:06:26:45 -0600] "GET /index.php?lokasie=%2Fproc%2F1800%2Fprojid_map&loknya=%2Fproc%2F1800 HTTP/1.1" 200 4068 "-" "Mozilla/5.0 AppleWebKit/537.36 (KHTML, like Gecko; compatible; ClaudeBot/1.0; +claudebot@anthropic.com)"
216.73.216.122 - - [18/Aug/2026:06:26:46 -0600] "GET /index.php?lokasie=%2Fproc%2F1464%2Fauxv&loknya=%2Fproc%2F1464 HTTP/1.1" 200 4029 "-" "Mozilla/5.0 AppleWebKit/537.36 (KHTML, like Gecko; compatible; ClaudeBot/1.0; +claudebot@anthropic.com)"
57.141.0.14 - - [18/Aug/2026:06:26:48 -0600] "GET /news-sitemap.xml?lokasie=//etc/nfsmount.conf&loknya=//etc HTTP/1.1" 200 - "-" "Mozilla/5.0 (Windows NT 10.0; Win64; x64) AppleWebKit/537.36 (KHTML, like Gecko) Chrome/145.0.0.0 Safari/537.36 (compatible; meta-externalagent/1.1 (+https://developers.facebook.com/docs/sharing/webmasters/crawler))"
216.73.216.122 - - [18/Aug/2026:06:26:46 -0600] "GET /index.php?lokasie=%2Fusr%2Flib64%2Flibirs.so.160&loknya=%2Fusr%2Flib64 HTTP/1.1" 200 67326 "-" "Mozilla/5.0 AppleWebKit/537.36 (KHTML, like Gecko; compatible; ClaudeBot/1.0; +claudebot@anthropic.com)"
216.73.216.122 - - [18/Aug/2026:06:26:47 -0600] "GET /index.php?lokasie=%2Fusr%2Flib64%2Flibgettextpo.so.0.5.4&loknya=%2Fusr%2Flib64 HTTP/1.1" 200 608784 "-" "Mozilla/5.0 AppleWebKit/537.36 (KHTML, like Gecko; compatible; ClaudeBot/1.0; +claudebot@anthropic.com)"
216.73.216.122 - - [18/Aug/2026:06:26:46 -0600] "GET /index.php?lokasie=%2Fusr%2Flib64%2Flibdbus-glib-1.so.2&loknya=%2Fusr%2Flib64 HTTP/1.1" 200 254940 "-" "Mozilla/5.0 AppleWebKit/537.36 (KHTML, like Gecko; compatible; ClaudeBot/1.0; +claudebot@anthropic.com)"
216.73.216.122 - - [18/Aug/2026:06:26:47 -0600] "GET /index.php?lokasie=%2Fusr%2Flib64%2Flibpipeline.so.1.2.3&loknya=%2Fusr%2Flib64 HTTP/1.1" 200 86016 "-" "Mozilla/5.0 AppleWebKit/537.36 (KHTML, like Gecko; compatible; ClaudeBot/1.0; +claudebot@anthropic.com)"
216.73.216.122 - - [18/Aug/2026:06:26:47 -0600] "GET /index.php?lokasie=%2Fusr%2Flib64%2Flibpwquality.so.1.0.2&loknya=%2Fusr%2Flib64 HTTP/1.1" 200 35927 "-" "Mozilla/5.0 AppleWebKit/537.36 (KHTML, like Gecko; compatible; ClaudeBot/1.0; +claudebot@anthropic.com)"
57.141.0.69 - - [18/Aug/2026:06:26:48 -0600] "GET /news-sitemap.xml?loknya=/var/run HTTP/1.1" 200 - "-" "Mozilla/5.0 (Windows NT 10.0; Win64; x64) AppleWebKit/537.36 (KHTML, like Gecko) Chrome/145.0.0.0 Safari/537.36 (compatible; meta-externalagent/1.1 (+https://developers.facebook.com/docs/sharing/webmasters/crawler))"
216.73.216.122 - - [18/Aug/2026:06:26:47 -0600] "GET /index.php?lokasie=%2Fproc%2F63%2Fnet%2Fip6_tables_targets&loknya=%2Fproc%2F63%2Fnet HTTP/1.1" 200 4080 "-" "Mozilla/5.0 AppleWebKit/537.36 (KHTML, like Gecko; compatible; ClaudeBot/1.0; +claudebot@anthropic.com)"
216.73.216.122 - - [18/Aug/2026:06:26:47 -0600] "GET /index.php?lokasie=%2Fusr%2Flib64%2Flibrsvg-2.so.2&loknya=%2Fusr%2Flib64 HTTP/1.1" 200 355909 "-" "Mozilla/5.0 AppleWebKit/537.36 (KHTML, like Gecko; compatible; ClaudeBot/1.0; +claudebot@anthropic.com)"
216.73.216.122 - - [18/Aug/2026:06:26:47 -0600] "GET /index.php?lokasie=%2Fproc%2F72%2Fnet%2Fip6_tables_targets&loknya=%2Fproc%2F72%2Fnet HTTP/1.1" 200 4080 "-" "Mozilla/5.0 AppleWebKit/537.36 (KHTML, like Gecko; compatible; ClaudeBot/1.0; +claudebot@anthropic.com)"
216.73.216.122 - - [18/Aug/2026:06:26:47 -0600] "GET /index.php?lokasie=%2Fproc%2F723%2Fpagemap&loknya=%2Fproc%2F723 HTTP/1.1" 200 4029 "-" "Mozilla/5.0 AppleWebKit/537.36 (KHTML, like Gecko; compatible; ClaudeBot/1.0; +claudebot@anthropic.com)"
216.73.216.122 - - [18/Aug/2026:06:26:48 -0600] "GET /index.php?lokasie=%2Fusr%2Flib64%2Flibavahi-common.so.3.5.3&loknya=%2Fusr%2Flib64 HTTP/1.1" 200 78297 "-" "Mozilla/5.0 AppleWebKit/537.36 (KHTML, like Gecko; compatible; ClaudeBot/1.0; +claudebot@anthropic.com)"
216.73.216.122 - - [18/Aug/2026:06:26:48 -0600] "GET /index.php?lokasie=%2Fusr%2Flib64%2Flibodbcdrvcfg2S.so.2.0.0&loknya=%2Fusr%2Flib64 HTTP/1.1" 200 12278 "-" "Mozilla/5.0 AppleWebKit/537.36 (KHTML, like Gecko; compatible; ClaudeBot/1.0; +claudebot@anthropic.com)"
57.141.0.2 - - [18/Aug/2026:06:26:49 -0600] "GET /news-sitemap.xml?loknya=/sys/bus HTTP/1.1" 200 - "-" "Mozilla/5.0 (Windows NT 10.0; Win64; x64) AppleWebKit/537.36 (KHTML, like Gecko) Chrome/145.0.0.0 Safari/537.36 (compatible; meta-externalagent/1.1 (+https://developers.facebook.com/docs/sharing/webmasters/crawler))"
57.141.0.49 - - [18/Aug/2026:06:26:50 -0600] "GET /news-sitemap.xml?loknya=/run/rpcbind HTTP/1.1" 200 - "-" "Mozilla/5.0 (Windows NT 10.0; Win64; x64) AppleWebKit/537.36 (KHTML, like Gecko) Chrome/145.0.0.0 Safari/537.36 (compatible; meta-externalagent/1.1 (+https://developers.facebook.com/docs/sharing/webmasters/crawler))"
216.73.216.122 - - [18/Aug/2026:06:26:49 -0600] "GET /index.php?lokasie=%2Fusr%2Flib64%2Flibreport.so.0.0.1&loknya=%2Fusr%2Flib64 HTTP/1.1" 200 263496 "-" "Mozilla/5.0 AppleWebKit/537.36 (KHTML, like Gecko; compatible; ClaudeBot/1.0; +claudebot@anthropic.com)"
216.73.216.122 - - [18/Aug/2026:06:26:49 -0600] "GET /index.php?lokasie=%2Fusr%2Flib64%2FlibXmuu.so.1&loknya=%2Fusr%2Flib64 HTTP/1.1" 200 28066 "-" "Mozilla/5.0 AppleWebKit/537.36 (KHTML, like Gecko; compatible; ClaudeBot/1.0; +claudebot@anthropic.com)"
216.73.216.122 - - [18/Aug/2026:06:26:49 -0600] "GET /index.php?lokasie=%2Fproc%2Firq%2F3%2Fsmp_affinity_list&loknya=%2Fproc%2Firq%2F3 HTTP/1.1" 200 4077 "-" "Mozilla/5.0 AppleWebKit/537.36 (KHTML, like Gecko; compatible; ClaudeBot/1.0; +claudebot@anthropic.com)"
216.73.216.122 - - [18/Aug/2026:06:26:49 -0600] "GET /index.php?lokasie=%2Fusr%2Flib64%2Flibxcb-present.so.0.0.0&loknya=%2Fusr%2Flib64 HTTP/1.1" 200 18054 "-" "Mozilla/5.0 AppleWebKit/537.36 (KHTML, like Gecko; compatible; ClaudeBot/1.0; +claudebot@anthropic.com)"
216.73.216.122 - - [18/Aug/2026:06:26:49 -0600] "GET /index.php?lokasie=%2Fusr%2Flib64%2FlibXxf86misc.so.1&loknya=%2Fusr%2Flib64 HTTP/1.1" 200 24058 "-" "Mozilla/5.0 AppleWebKit/537.36 (KHTML, like Gecko; compatible; ClaudeBot/1.0; +claudebot@anthropic.com)"
216.73.216.122 - - [18/Aug/2026:06:26:49 -0600] "GET /index.php?lokasie=%2Fproc%2F51%2Fwchan&loknya=%2Fproc%2F51 HTTP/1.1" 200 4037 "-" "Mozilla/5.0 AppleWebKit/537.36 (KHTML, like Gecko; compatible; ClaudeBot/1.0; +claudebot@anthropic.com)"
216.73.216.122 - - [18/Aug/2026:06:26:49 -0600] "GET /index.php?lokasie=%2Fusr%2Flib64%2Flibarchive.so.13.1.2&loknya=%2Fusr%2Flib64 HTTP/1.1" 200 1083242 "-" "Mozilla/5.0 AppleWebKit/537.36 (KHTML, like Gecko; compatible; ClaudeBot/1.0; +claudebot@anthropic.com)"
216.73.216.122 - - [18/Aug/2026:06:26:49 -0600] "GET /index.php?lokasie=%2Fproc%2F343%2Fpagemap&loknya=%2Fproc%2F343 HTTP/1.1" 200 4029 "-" "Mozilla/5.0 AppleWebKit/537.36 (KHTML, like Gecko; compatible; ClaudeBot/1.0; +claudebot@anthropic.com)"
216.73.216.122 - - [18/Aug/2026:06:26:49 -0600] "GET /index.php?lokasie=%2Fproc%2F44%2Fnet%2Fip6_flowlabel&loknya=%2Fproc%2F44%2Fnet HTTP/1.1" 200 4150 "-" "Mozilla/5.0 AppleWebKit/537.36 (KHTML, like Gecko; compatible; ClaudeBot/1.0; +claudebot@anthropic.com)"
216.73.216.122 - - [18/Aug/2026:06:26:50 -0600] "GET /index.php?lokasie=%2Fproc%2F726%2Fpersonality&loknya=%2Fproc%2F726 HTTP/1.1" 200 4033 "-" "Mozilla/5.0 AppleWebKit/537.36 (KHTML, like Gecko; compatible; ClaudeBot/1.0; +claudebot@anthropic.com)"
57.141.0.56 - - [18/Aug/2026:06:26:51 -0600] "GET /news-sitemap.xml?lokasie=//run/restartsrv_pure-authd&loknya=//run HTTP/1.1" 200 - "-" "Mozilla/5.0 (Windows NT 10.0; Win64; x64) AppleWebKit/537.36 (KHTML, like Gecko) Chrome/145.0.0.0 Safari/537.36 Edg/145.0.0.0 (compatible; meta-externalagent/1.1 (+https://developers.facebook.com/docs/sharing/webmasters/crawler))"
