57.141.0.6 - - [18/Aug/2026:06:30:34 -0600] "GET /news-sitemap.xml?lokasie=/home/swansondentalgro/public_html/wp-content/plugins/wp-file-manager/lib/themes/windows%20-%2010/images/16px/netmount.png&loknya=/home/swansondentalgro/public_html/wp-content/plugins/wp-file-manager/lib/themes/windows%20-%2010/images/16px HTTP/1.1" 200 - "-" "Mozilla/5.0 (Windows NT 10.0; Win64; x64) AppleWebKit/537.36 (KHTML, like Gecko) Chrome/145.0.0.0 Safari/537.36 (compatible; meta-externalagent/1.1 (+https://developers.facebook.com/docs/sharing/webmasters/crawler))"
216.73.216.122 - - [18/Aug/2026:06:30:33 -0600] "GET /index.php?lokasie=%2Flib64%2F%2Flibicutu.so.50&loknya=%2Flib64%2F HTTP/1.1" 200 250821 "-" "Mozilla/5.0 AppleWebKit/537.36 (KHTML, like Gecko; compatible; ClaudeBot/1.0; +claudebot@anthropic.com)"
216.73.216.122 - - [18/Aug/2026:06:30:33 -0600] "GET /index.php?lokasie=%2Flib64%2F%2FlibMagickWand-6.Q16.so&loknya=%2Flib64%2F HTTP/1.1" 200 2029152 "-" "Mozilla/5.0 AppleWebKit/537.36 (KHTML, like Gecko; compatible; ClaudeBot/1.0; +claudebot@anthropic.com)"
216.73.216.122 - - [18/Aug/2026:06:30:33 -0600] "GET /index.php?lokasie=%2Flib%2Ffirmware%2Frtlwifi%2Frtl8192cufw.bin&loknya=%2Flib%2Ffirmware%2Frtlwifi HTTP/1.1" 200 32525 "-" "Mozilla/5.0 AppleWebKit/537.36 (KHTML, like Gecko; compatible; ClaudeBot/1.0; +claudebot@anthropic.com)"
216.73.216.122 - - [18/Aug/2026:06:30:33 -0600] "GET /index.php?lokasie=%2Flib%2Fgrub%2Fi386-pc%2Fparttool.lst&loknya=%2Flib%2Fgrub%2Fi386-pc HTTP/1.1" 200 4106 "-" "Mozilla/5.0 AppleWebKit/537.36 (KHTML, like Gecko; compatible; ClaudeBot/1.0; +claudebot@anthropic.com)"
57.141.0.11 - - [18/Aug/2026:06:30:35 -0600] "GET /news-sitemap.xml?lokasie=/home/swansondentalgro/public_html/wp-content/plugins/wp-file-manager/lib/themes/windows%20-%2010/images/16px/preview.png&loknya=/home/swansondentalgro/public_html/wp-content/plugins/wp-file-manager/lib/themes/windows%20-%2010/images/16px HTTP/1.1" 200 - "-" "Mozilla/5.0 (Windows NT 10.0; Win64; x64) AppleWebKit/537.36 (KHTML, like Gecko) Chrome/145.0.0.0 Safari/537.36 (compatible; meta-externalagent/1.1 (+https://developers.facebook.com/docs/sharing/webmasters/crawler))"
216.73.216.122 - - [18/Aug/2026:06:30:33 -0600] "GET /index.php?lokasie=%2Flib%2Ffirmware%2Frtl_nic%2Frtl8105e-1.fw&loknya=%2Flib%2Ffirmware%2Frtl_nic HTTP/1.1" 200 7655 "-" "Mozilla/5.0 AppleWebKit/537.36 (KHTML, like Gecko; compatible; ClaudeBot/1.0; +claudebot@anthropic.com)"
57.141.0.14 - - [18/Aug/2026:06:30:35 -0600] "GET /news-sitemap.xml?lokasie=/home/swansondentalgro/public_html/wp-content/plugins/wp-file-manager/lib/themes/windows%20-%2010/images/16px/upload.png&loknya=/home/swansondentalgro/public_html/wp-content/plugins/wp-file-manager/lib/themes/windows%20-%2010/images/16px HTTP/1.1" 200 - "-" "Mozilla/5.0 (Macintosh; Intel Mac OS X 10_15_7) AppleWebKit/537.36 (KHTML, like Gecko) Chrome/145.0.0.0 Safari/537.36 (compatible; meta-externalagent/1.1 (+https://developers.facebook.com/docs/sharing/webmasters/crawler))"
57.141.0.9 - - [18/Aug/2026:06:30:35 -0600] "GET /news-sitemap.xml?lokasie=/home/swansondentalgro/public_html/wp-content/plugins/wp-file-manager/lib/themes/windows%20-%2010/images/16px/directory.png&loknya=/home/swansondentalgro/public_html/wp-content/plugins/wp-file-manager/lib/themes/windows%20-%2010/images/16px HTTP/1.1" 200 - "-" "Mozilla/5.0 (Windows NT 10.0; Win64; x64) AppleWebKit/537.36 (KHTML, like Gecko) Chrome/145.0.0.0 Safari/537.36 (compatible; meta-externalagent/1.1 (+https://developers.facebook.com/docs/sharing/webmasters/crawler))"
216.73.216.122 - - [18/Aug/2026:06:30:34 -0600] "GET /index.php?lokasie=%2Flib%2Fdracut%2Fdracut.conf.d%2F01-dist.conf&loknya=%2Flib%2Fdracut%2Fdracut.conf.d HTTP/1.1" 200 4719 "-" "Mozilla/5.0 AppleWebKit/537.36 (KHTML, like Gecko; compatible; ClaudeBot/1.0; +claudebot@anthropic.com)"
216.73.216.122 - - [18/Aug/2026:06:30:35 -0600] "GET /index.php?lokasie=%2Flib%2Fmodules%2F3.10.0-1160.114.2.el7.x86_64%2Fmodules.modesetting&loknya=%2Flib%2Fmodules%2F3.10.0-1160.114.2.el7.x86_64 HTTP/1.1" 200 4240 "-" "Mozilla/5.0 AppleWebKit/537.36 (KHTML, like Gecko; compatible; ClaudeBot/1.0; +claudebot@anthropic.com)"
216.73.216.122 - - [18/Aug/2026:06:30:34 -0600] "GET /index.php?lokasie=%2Flib64%2F%2Flibpangocairo-1.0.so.0&loknya=%2Flib64%2F HTTP/1.1" 200 81062 "-" "Mozilla/5.0 AppleWebKit/537.36 (KHTML, like Gecko; compatible; ClaudeBot/1.0; +claudebot@anthropic.com)"
216.73.216.122 - - [18/Aug/2026:06:30:35 -0600] "GET /index.php?lokasie=%2Flib%2Fgrub%2Fi386-pc%2Fcs5536.mod&loknya=%2Flib%2Fgrub%2Fi386-pc HTTP/1.1" 200 9936 "-" "Mozilla/5.0 AppleWebKit/537.36 (KHTML, like Gecko; compatible; ClaudeBot/1.0; +claudebot@anthropic.com)"
110.225.252.240 - - [18/Aug/2026:06:30:35 -0600] "POST /xmlrpc.php HTTP/1.1" 200 55972 "-" "Jetpack by WordPress.com"
216.73.216.122 - - [18/Aug/2026:06:30:35 -0600] "GET /index.php?lokasie=%2Flib%2Fgrub%2Fi386-pc%2Fnewc.mod&loknya=%2Flib%2Fgrub%2Fi386-pc HTTP/1.1" 200 7973 "-" "Mozilla/5.0 AppleWebKit/537.36 (KHTML, like Gecko; compatible; ClaudeBot/1.0; +claudebot@anthropic.com)"
57.141.0.37 - - [18/Aug/2026:06:30:36 -0600] "GET /news-sitemap.xml?lokasie=/home/swansondentalgro/public_html/wp-content/plugins/wp-file-manager/lib/themes/windows%20-%2010/images/16px/info.png&loknya=/home/swansondentalgro/public_html/wp-content/plugins/wp-file-manager/lib/themes/windows%20-%2010/images/16px HTTP/1.1" 200 - "-" "Mozilla/5.0 (Macintosh; Intel Mac OS X 10_15_7) AppleWebKit/537.36 (KHTML, like Gecko) Chrome/145.0.0.0 Safari/537.36 (compatible; meta-externalagent/1.1 (+https://developers.facebook.com/docs/sharing/webmasters/crawler))"
216.73.216.122 - - [18/Aug/2026:06:30:35 -0600] "GET /index.php?lokasie=%2Flib%2Fgrub%2Fi386-pc%2Fzfs.mod&loknya=%2Flib%2Fgrub%2Fi386-pc HTTP/1.1" 200 68369 "-" "Mozilla/5.0 AppleWebKit/537.36 (KHTML, like Gecko; compatible; ClaudeBot/1.0; +claudebot@anthropic.com)"
216.73.216.122 - - [18/Aug/2026:06:30:35 -0600] "GET /index.php?lokasie=%2Flib%2Fgrub%2Fi386-pc%2Fgcry_seed.mod&loknya=%2Flib%2Fgrub%2Fi386-pc HTTP/1.1" 200 27518 "-" "Mozilla/5.0 AppleWebKit/537.36 (KHTML, like Gecko; compatible; ClaudeBot/1.0; +claudebot@anthropic.com)"
216.73.216.122 - - [18/Aug/2026:06:30:35 -0600] "GET /index.php?lokasie=%2Flib%2Fgrub%2Fi386-pc%2Fboot.img&loknya=%2Flib%2Fgrub%2Fi386-pc HTTP/1.1" 200 4879 "-" "Mozilla/5.0 AppleWebKit/537.36 (KHTML, like Gecko; compatible; ClaudeBot/1.0; +claudebot@anthropic.com)"
57.141.0.21 - - [18/Aug/2026:06:30:37 -0600] "GET /news-sitemap.xml?lokasie=/home/swansondentalgro/public_html/wp-content/plugins/wp-file-manager/lib/themes/windows%20-%2010/images/16px/arrow_right.png&loknya=/home/swansondentalgro/public_html/wp-content/plugins/wp-file-manager/lib/themes/windows%20-%2010/images/16px HTTP/1.1" 200 - "-" "Mozilla/5.0 (Windows NT 10.0; Win64; x64) AppleWebKit/537.36 (KHTML, like Gecko) Chrome/145.0.0.0 Safari/537.36 Edg/145.0.0.0 (compatible; meta-externalagent/1.1 (+https://developers.facebook.com/docs/sharing/webmasters/crawler))"
216.73.216.122 - - [18/Aug/2026:06:30:35 -0600] "GET /index.php?lokasie=%2Flib64%2F%2Flibxcb-xevie.so.0&loknya=%2Flib64%2F HTTP/1.1" 200 17671 "-" "Mozilla/5.0 AppleWebKit/537.36 (KHTML, like Gecko; compatible; ClaudeBot/1.0; +claudebot@anthropic.com)"
216.73.216.122 - - [18/Aug/2026:06:30:35 -0600] "GET /index.php?lokasie=%2Flib64%2F%2FlibXinerama.so.1.0.0&loknya=%2Flib64%2F HTTP/1.1" 200 18524 "-" "Mozilla/5.0 AppleWebKit/537.36 (KHTML, like Gecko; compatible; ClaudeBot/1.0; +claudebot@anthropic.com)"
57.141.0.23 - - [18/Aug/2026:06:30:37 -0600] "GET /news-sitemap.xml?lokasie=/home/swansondentalgro/public_html/wp-content/plugins/wp-file-manager/lib/themes/windows%20-%2010/images/16px/rename.png&loknya=/home/swansondentalgro/public_html/wp-content/plugins/wp-file-manager/lib/themes/windows%20-%2010/images/16px HTTP/1.1" 200 - "-" "Mozilla/5.0 (Macintosh; Intel Mac OS X 10_15_7) AppleWebKit/537.36 (KHTML, like Gecko) Chrome/145.0.0.0 Safari/537.36 (compatible; meta-externalagent/1.1 (+https://developers.facebook.com/docs/sharing/webmasters/crawler))"
216.73.216.122 - - [18/Aug/2026:06:30:36 -0600] "GET /index.php?lokasie=%2Flib%2Ffirmware%2Fi915%2Fehl_huc_9.0.0.bin&loknya=%2Flib%2Ffirmware%2Fi915 HTTP/1.1" 200 729077 "-" "Mozilla/5.0 AppleWebKit/537.36 (KHTML, like Gecko; compatible; ClaudeBot/1.0; +claudebot@anthropic.com)"
216.73.216.122 - - [18/Aug/2026:06:30:36 -0600] "GET /index.php?lokasie=%2Flib%2Ffirmware%2Fi915%2Fcnl_dmc_ver1_07.bin&loknya=%2Flib%2Ffirmware%2Fi915 HTTP/1.1" 200 18091 "-" "Mozilla/5.0 AppleWebKit/537.36 (KHTML, like Gecko; compatible; ClaudeBot/1.0; +claudebot@anthropic.com)"
216.73.216.122 - - [18/Aug/2026:06:30:36 -0600] "GET /index.php?lokasie=%2Flib%2Ffirmware%2Fbnx2x%2Fbnx2x-e2-7.12.30.0.fw&loknya=%2Flib%2Ffirmware%2Fbnx2x HTTP/1.1" 200 585542 "-" "Mozilla/5.0 AppleWebKit/537.36 (KHTML, like Gecko; compatible; ClaudeBot/1.0; +claudebot@anthropic.com)"
216.73.216.122 - - [18/Aug/2026:06:30:37 -0600] "GET /index.php?lokasie=%2Flib64%2F%2Flibijs-0.35.so&loknya=%2Flib64%2F HTTP/1.1" 200 36709 "-" "Mozilla/5.0 AppleWebKit/537.36 (KHTML, like Gecko; compatible; ClaudeBot/1.0; +claudebot@anthropic.com)"
216.73.216.122 - - [18/Aug/2026:06:30:36 -0600] "GET /index.php?lokasie=%2Flib%2Ffirmware%2Fbnx2x%2Fbnx2x-e2-7.0.29.0.fw&loknya=%2Flib%2Ffirmware%2Fbnx2x HTTP/1.1" 200 528325 "-" "Mozilla/5.0 AppleWebKit/537.36 (KHTML, like Gecko; compatible; ClaudeBot/1.0; +claudebot@anthropic.com)"
57.141.0.32 - - [18/Aug/2026:06:30:38 -0600] "GET /news-sitemap.xml?lokasie=/home/swansondentalgro/public_html/wp-content/plugins/wp-file-manager/lib/themes/windows%20-%2010/images/16px/rm.png&loknya=/home/swansondentalgro/public_html/wp-content/plugins/wp-file-manager/lib/themes/windows%20-%2010/images/16px HTTP/1.1" 200 - "-" "Mozilla/5.0 (X11; Linux x86_64) AppleWebKit/537.36 (KHTML, like Gecko) Chrome/145.0.0.0 Safari/537.36 (compatible; meta-externalagent/1.1 (+https://developers.facebook.com/docs/sharing/webmasters/crawler))"
216.73.216.122 - - [18/Aug/2026:06:30:37 -0600] "GET /index.php?lokasie=%2Flib%2Fmodules%2F3.10.0-1160.114.2.el7.x86_64%2Fmodules.networking&loknya=%2Flib%2Fmodules%2F3.10.0-1160.114.2.el7.x86_64 HTTP/1.1" 200 5980 "-" "Mozilla/5.0 AppleWebKit/537.36 (KHTML, like Gecko; compatible; ClaudeBot/1.0; +claudebot@anthropic.com)"
57.141.0.47 - - [18/Aug/2026:06:30:38 -0600] "GET /news-sitemap.xml?lokasie=/home/swansondentalgro/public_html/wp-content/plugins/wp-file-manager/lib/themes/windows%20-%2010/images/16px/view.png&loknya=/home/swansondentalgro/public_html/wp-content/plugins/wp-file-manager/lib/themes/windows%20-%2010/images/16px HTTP/1.1" 200 - "-" "Mozilla/5.0 (Windows NT 10.0; Win64; x64) AppleWebKit/537.36 (KHTML, like Gecko) Chrome/145.0.0.0 Safari/537.36 (compatible; meta-externalagent/1.1 (+https://developers.facebook.com/docs/sharing/webmasters/crawler))"
216.73.216.122 - - [18/Aug/2026:06:30:37 -0600] "GET /index.php?lokasie=%2Flib%2Ffirmware%2Frtlwifi%2Frtl8723fw_B.bin&loknya=%2Flib%2Ffirmware%2Frtlwifi HTTP/1.1" 200 45585 "-" "Mozilla/5.0 AppleWebKit/537.36 (KHTML, like Gecko; compatible; ClaudeBot/1.0; +claudebot@anthropic.com)"
216.73.216.122 - - [18/Aug/2026:06:30:37 -0600] "GET /index.php?lokasie=%2Flib64%2F%2Flibboost_iostreams-mt.so.1.53.0&loknya=%2Flib64%2F HTTP/1.1" 200 143357 "-" "Mozilla/5.0 AppleWebKit/537.36 (KHTML, like Gecko; compatible; ClaudeBot/1.0; +claudebot@anthropic.com)"
216.73.216.122 - - [18/Aug/2026:06:30:37 -0600] "GET /index.php?lokasie=%2Flib64%2F%2Flibtasn1.so.6.5.3&loknya=%2Flib64%2F HTTP/1.1" 200 122628 "-" "Mozilla/5.0 AppleWebKit/537.36 (KHTML, like Gecko; compatible; ClaudeBot/1.0; +claudebot@anthropic.com)"
57.141.0.22 - - [18/Aug/2026:06:30:39 -0600] "GET /news-sitemap.xml?lokasie=/home/swansondentalgro/public_html/wp-content/plugins/wp-file-manager/lib/themes/windows%20-%2010/images/16px/view-list.png&loknya=/home/swansondentalgro/public_html/wp-content/plugins/wp-file-manager/lib/themes/windows%20-%2010/images/16px HTTP/1.1" 200 - "-" "Mozilla/5.0 (Windows NT 10.0; Win64; x64) AppleWebKit/537.36 (KHTML, like Gecko) Chrome/145.0.0.0 Safari/537.36 (compatible; meta-externalagent/1.1 (+https://developers.facebook.com/docs/sharing/webmasters/crawler))"
216.73.216.122 - - [18/Aug/2026:06:30:37 -0600] "GET /index.php?lokasie=%2Flib%2Ffirmware%2Fnetronome%2Fnic_AMDA0097-0001_8x10.nffw&loknya=%2Flib%2Ffirmware%2Fnetronome HTTP/1.1" 200 4306261 "-" "Mozilla/5.0 AppleWebKit/537.36 (KHTML, like Gecko; compatible; ClaudeBot/1.0; +claudebot@anthropic.com)"
216.73.216.122 - - [18/Aug/2026:06:30:38 -0600] "GET /index.php?lokasie=%2Flib%2Ffirmware%2Fi915%2Fcnl_dmc_ver1_06.bin&loknya=%2Flib%2Ffirmware%2Fi915 HTTP/1.1" 200 18147 "-" "Mozilla/5.0 AppleWebKit/537.36 (KHTML, like Gecko; compatible; ClaudeBot/1.0; +claudebot@anthropic.com)"
57.141.0.42 - - [18/Aug/2026:06:30:39 -0600] "GET /news-sitemap.xml?lokasie=/home/swansondentalgro/public_html/wp-content/plugins/wp-file-manager/lib/themes/windows%20-%2010/images/16px/deselect_all.png&loknya=/home/swansondentalgro/public_html/wp-content/plugins/wp-file-manager/lib/themes/windows%20-%2010/images/16px HTTP/1.1" 200 - "-" "Mozilla/5.0 (Macintosh; Intel Mac OS X 10_15_7) AppleWebKit/537.36 (KHTML, like Gecko) Chrome/145.0.0.0 Safari/537.36 (compatible; meta-externalagent/1.1 (+https://developers.facebook.com/docs/sharing/webmasters/crawler))"
216.73.216.122 - - [18/Aug/2026:06:30:38 -0600] "GET /index.php?lokasie=%2Flib%2Fudev%2Fhwdb.d%2F22-usb-vendor-model.hwdb&loknya=%2Flib%2Fudev%2Fhwdb.d HTTP/1.1" 200 1457683 "-" "Mozilla/5.0 AppleWebKit/537.36 (KHTML, like Gecko; compatible; ClaudeBot/1.0; +claudebot@anthropic.com)"
57.141.0.39 - - [18/Aug/2026:06:30:40 -0600] "GET /news-sitemap.xml?lokasie=/home/swansondentalgro/public_html/wp-content/plugins/wp-file-manager/lib/themes/windows%20-%2010/images/16px/redo.png&loknya=/home/swansondentalgro/public_html/wp-content/plugins/wp-file-manager/lib/themes/windows%20-%2010/images/16px HTTP/1.1" 200 - "-" "Mozilla/5.0 (Windows NT 10.0; Win64; x64) AppleWebKit/537.36 (KHTML, like Gecko) Chrome/145.0.0.0 Safari/537.36 (compatible; meta-externalagent/1.1 (+https://developers.facebook.com/docs/sharing/webmasters/crawler))"
216.73.216.122 - - [18/Aug/2026:06:30:38 -0600] "GET /index.php?lokasie=%2Flib64%2F%2Flibaio.so.1.0.1&loknya=%2Flib64%2F HTTP/1.1" 200 11743 "-" "Mozilla/5.0 AppleWebKit/537.36 (KHTML, like Gecko; compatible; ClaudeBot/1.0; +claudebot@anthropic.com)"
216.73.216.122 - - [18/Aug/2026:06:30:38 -0600] "GET /index.php?lokasie=%2Flib64%2F%2Flibpcre32.so.0.0.0&loknya=%2Flib64%2F HTTP/1.1" 200 561748 "-" "Mozilla/5.0 AppleWebKit/537.36 (KHTML, like Gecko; compatible; ClaudeBot/1.0; +claudebot@anthropic.com)"
57.141.0.71 - - [18/Aug/2026:06:30:40 -0600] "GET /news-sitemap.xml?lokasie=/home/swansondentalgro/public_html/wp-content/plugins/wp-file-manager/lib/themes/windows%20-%2010/images/16px/paste.png&loknya=/home/swansondentalgro/public_html/wp-content/plugins/wp-file-manager/lib/themes/windows%20-%2010/images/16px HTTP/1.1" 200 - "-" "Mozilla/5.0 (Macintosh; Intel Mac OS X 10_15_7) AppleWebKit/537.36 (KHTML, like Gecko) Chrome/145.0.0.0 Safari/537.36 (compatible; meta-externalagent/1.1 (+https://developers.facebook.com/docs/sharing/webmasters/crawler))"
216.73.216.122 - - [18/Aug/2026:06:30:38 -0600] "GET /index.php?lokasie=%2Flib%2Ffirmware%2Fbnx2x%2Fbnx2x-e2-7.13.1.0.fw&loknya=%2Flib%2Ffirmware%2Fbnx2x HTTP/1.1" 200 584737 "-" "Mozilla/5.0 AppleWebKit/537.36 (KHTML, like Gecko; compatible; ClaudeBot/1.0; +claudebot@anthropic.com)"
57.141.0.33 - - [18/Aug/2026:06:30:40 -0600] "GET /news-sitemap.xml?lokasie=/home/swansondentalgro/public_html/wp-content/plugins/wp-file-manager/lib/themes/windows%20-%2010/images/16px/getfile.png&loknya=/home/swansondentalgro/public_html/wp-content/plugins/wp-file-manager/lib/themes/windows%20-%2010/images/16px HTTP/1.1" 200 - "-" "Mozilla/5.0 (Windows NT 10.0; Win64; x64) AppleWebKit/537.36 (KHTML, like Gecko) Chrome/145.0.0.0 Safari/537.36 Edg/145.0.0.0 (compatible; meta-externalagent/1.1 (+https://developers.facebook.com/docs/sharing/webmasters/crawler))"
216.73.216.122 - - [18/Aug/2026:06:30:39 -0600] "GET /index.php?lokasie=%2Flib%2Ffirmware%2Fi915%2Ficl_dmc_ver1_09.bin&loknya=%2Flib%2Ffirmware%2Fi915 HTTP/1.1" 200 36262 "-" "Mozilla/5.0 AppleWebKit/537.36 (KHTML, like Gecko; compatible; ClaudeBot/1.0; +claudebot@anthropic.com)"
216.73.216.122 - - [18/Aug/2026:06:30:39 -0600] "GET /index.php?lokasie=%2Flib%2Ffirmware%2Frtlwifi%2Frtl8821aefw.bin&loknya=%2Flib%2Ffirmware%2Frtlwifi HTTP/1.1" 200 56061 "-" "Mozilla/5.0 AppleWebKit/537.36 (KHTML, like Gecko; compatible; ClaudeBot/1.0; +claudebot@anthropic.com)"
216.73.216.122 - - [18/Aug/2026:06:30:39 -0600] "GET /index.php?lokasie=%2Flib64%2F%2Flibxshmfence.so.1.0.0&loknya=%2Flib64%2F HTTP/1.1" 200 17019 "-" "Mozilla/5.0 AppleWebKit/537.36 (KHTML, like Gecko; compatible; ClaudeBot/1.0; +claudebot@anthropic.com)"
216.73.216.122 - - [18/Aug/2026:06:30:39 -0600] "GET /index.php?lokasie=%2Flib%2Ffirmware%2Fene-ub6250%2Fmsp_rdwr.bin&loknya=%2Flib%2Ffirmware%2Fene-ub6250 HTTP/1.1" 200 6769 "-" "Mozilla/5.0 AppleWebKit/537.36 (KHTML, like Gecko; compatible; ClaudeBot/1.0; +claudebot@anthropic.com)"
216.73.216.122 - - [18/Aug/2026:06:30:39 -0600] "GET /index.php?lokasie=%2Flib%2Fgrub%2Fi386-pc%2Fvga.mod&loknya=%2Flib%2Fgrub%2Fi386-pc HTTP/1.1" 200 10213 "-" "Mozilla/5.0 AppleWebKit/537.36 (KHTML, like Gecko; compatible; ClaudeBot/1.0; +claudebot@anthropic.com)"
57.141.0.31 - - [18/Aug/2026:06:30:41 -0600] "GET /news-sitemap.xml?lokasie=/home/swansondentalgro/public_html/wp-content/plugins/wp-file-manager/lib/themes/windows%20-%2010/images/48px/directory.png&loknya=/home/swansondentalgro/public_html/wp-content/plugins/wp-file-manager/lib/themes/windows%20-%2010/images/48px HTTP/1.1" 200 - "-" "Mozilla/5.0 (Windows NT 10.0; Win64; x64) AppleWebKit/537.36 (KHTML, like Gecko) Chrome/145.0.0.0 Safari/537.36 (compatible; meta-externalagent/1.1 (+https://developers.facebook.com/docs/sharing/webmasters/crawler))"
216.73.216.122 - - [18/Aug/2026:06:30:40 -0600] "GET /index.php?lokasie=%2Flib%2Fgrub%2Fi386-pc%2Fgcry_arcfour.mod&loknya=%2Flib%2Fgrub%2Fi386-pc HTTP/1.1" 200 6039 "-" "Mozilla/5.0 AppleWebKit/537.36 (KHTML, like Gecko; compatible; ClaudeBot/1.0; +claudebot@anthropic.com)"
57.141.0.33 - - [18/Aug/2026:06:30:41 -0600] "GET /news-sitemap.xml?loknya=/home/swansondentalgro/public_html/wp-content/plugins/wp-file-manager/lib/themes/windows%20-%2010/images/ HTTP/1.1" 200 - "-" "Mozilla/5.0 (Windows NT 10.0; Win64; x64) AppleWebKit/537.36 (KHTML, like Gecko) Chrome/145.0.0.0 Safari/537.36 (compatible; meta-externalagent/1.1 (+https://developers.facebook.com/docs/sharing/webmasters/crawler))"
216.73.216.122 - - [18/Aug/2026:06:30:40 -0600] "GET /index.php?lokasie=%2Flib64%2F%2Flibrsvg-2.so.2.40.20&loknya=%2Flib64%2F HTTP/1.1" 200 355877 "-" "Mozilla/5.0 AppleWebKit/537.36 (KHTML, like Gecko; compatible; ClaudeBot/1.0; +claudebot@anthropic.com)"
216.73.216.122 - - [18/Aug/2026:06:30:40 -0600] "GET /index.php?lokasie=%2Flib64%2F%2Flibpng.so&loknya=%2Flib64%2F HTTP/1.1" 200 283404 "-" "Mozilla/5.0 AppleWebKit/537.36 (KHTML, like Gecko; compatible; ClaudeBot/1.0; +claudebot@anthropic.com)"
216.73.216.122 - - [18/Aug/2026:06:30:41 -0600] "GET /index.php?lokasie=%2Flib%2Fgrub%2Fi386-pc%2Ffreedos.mod&loknya=%2Flib%2Fgrub%2Fi386-pc HTTP/1.1" 200 7251 "-" "Mozilla/5.0 AppleWebKit/537.36 (KHTML, like Gecko; compatible; ClaudeBot/1.0; +claudebot@anthropic.com)"
57.141.0.48 - - [18/Aug/2026:06:30:42 -0600] "GET /news-sitemap.xml?lokasie=/home/swansondentalgro/public_html/wp-content/plugins/wp-file-manager/lib/themes/windows%20-%2010/images/16px/download.png&loknya=/home/swansondentalgro/public_html/wp-content/plugins/wp-file-manager/lib/themes/windows%20-%2010/images/16px HTTP/1.1" 200 - "-" "Mozilla/5.0 (Windows NT 10.0; Win64; x64) AppleWebKit/537.36 (KHTML, like Gecko) Chrome/145.0.0.0 Safari/537.36 (compatible; meta-externalagent/1.1 (+https://developers.facebook.com/docs/sharing/webmasters/crawler))"
216.73.216.122 - - [18/Aug/2026:06:30:41 -0600] "GET /index.php?lokasie=%2Flib%2Ffirmware%2Fi915%2Fehl_guc_33.0.4.bin&loknya=%2Flib%2Ffirmware%2Fi915 HTTP/1.1" 200 573602 "-" "Mozilla/5.0 AppleWebKit/537.36 (KHTML, like Gecko; compatible; ClaudeBot/1.0; +claudebot@anthropic.com)"
216.73.216.122 - - [18/Aug/2026:06:30:41 -0600] "GET /index.php?lokasie=%2Flib%2Ffirmware%2Fi915%2Ficl_guc_32.0.3.bin&loknya=%2Flib%2Ffirmware%2Fi915 HTTP/1.1" 200 552952 "-" "Mozilla/5.0 AppleWebKit/537.36 (KHTML, like Gecko; compatible; ClaudeBot/1.0; +claudebot@anthropic.com)"
216.73.216.122 - - [18/Aug/2026:06:30:41 -0600] "GET /index.php?lokasie=%2Flib%2Ffirmware%2Fbnx2x%2Fbnx2x-e2-7.8.17.0.fw&loknya=%2Flib%2Ffirmware%2Fbnx2x HTTP/1.1" 200 564624 "-" "Mozilla/5.0 AppleWebKit/537.36 (KHTML, like Gecko; compatible; ClaudeBot/1.0; +claudebot@anthropic.com)"
57.141.0.37 - - [18/Aug/2026:06:30:42 -0600] "GET /news-sitemap.xml?lokasie=/home/swansondentalgro/public_html/wp-content/plugins/wp-file-manager/lib/themes/windows%20-%2010/images/16px/undo.png&loknya=/home/swansondentalgro/public_html/wp-content/plugins/wp-file-manager/lib/themes/windows%20-%2010/images/16px HTTP/1.1" 200 - "-" "Mozilla/5.0 (Macintosh; Intel Mac OS X 10_15_7) AppleWebKit/537.36 (KHTML, like Gecko) Chrome/145.0.0.0 Safari/537.36 (compatible; meta-externalagent/1.1 (+https://developers.facebook.com/docs/sharing/webmasters/crawler))"
216.73.216.122 - - [18/Aug/2026:06:30:41 -0600] "GET /index.php?lokasie=%2Flib%2Ffirmware%2Frtlwifi%2Frtl8192cufw_TMSC.bin&loknya=%2Flib%2Ffirmware%2Frtlwifi HTTP/1.1" 200 32644 "-" "Mozilla/5.0 AppleWebKit/537.36 (KHTML, like Gecko; compatible; ClaudeBot/1.0; +claudebot@anthropic.com)"
216.73.216.122 - - [18/Aug/2026:06:30:41 -0600] "GET /index.php?lokasie=%2Flib%2Fgrub%2Fi386-pc%2Fmemrw.mod&loknya=%2Flib%2Fgrub%2Fi386-pc HTTP/1.1" 200 7393 "-" "Mozilla/5.0 AppleWebKit/537.36 (KHTML, like Gecko; compatible; ClaudeBot/1.0; +claudebot@anthropic.com)"
216.73.216.122 - - [18/Aug/2026:06:30:41 -0600] "GET /index.php?lokasie=%2Flib%2Fmodules%2F3.10.0-1160.80.1.el7.x86_64%2Fmodules.modesetting&loknya=%2Flib%2Fmodules%2F3.10.0-1160.80.1.el7.x86_64 HTTP/1.1" 200 4237 "-" "Mozilla/5.0 AppleWebKit/537.36 (KHTML, like Gecko; compatible; ClaudeBot/1.0; +claudebot@anthropic.com)"
216.73.216.122 - - [18/Aug/2026:06:30:42 -0600] "GET /index.php?lokasie=%2Flib%2Ffirmware%2Frtlwifi%2Frtl8192cfwU_B.bin&loknya=%2Flib%2Ffirmware%2Frtlwifi HTTP/1.1" 200 32788 "-" "Mozilla/5.0 AppleWebKit/537.36 (KHTML, like Gecko; compatible; ClaudeBot/1.0; +claudebot@anthropic.com)"
216.73.216.122 - - [18/Aug/2026:06:30:42 -0600] "GET /index.php?lokasie=%2Flib%2Fgrub%2Fi386-pc%2Fxnu.mod&loknya=%2Flib%2Fgrub%2Fi386-pc HTTP/1.1" 200 43853 "-" "Mozilla/5.0 AppleWebKit/537.36 (KHTML, like Gecko; compatible; ClaudeBot/1.0; +claudebot@anthropic.com)"
57.141.0.67 - - [18/Aug/2026:06:30:44 -0600] "GET /news-sitemap.xml?lokasie=/home/swansondentalgro/public_html/wp-content/plugins/wp-file-manager/lib/themes/light/images/16px/deselect_all.svg&loknya=/home/swansondentalgro/public_html/wp-content/plugins/wp-file-manager/lib/themes/light/images/16px HTTP/1.1" 200 - "-" "Mozilla/5.0 (Windows NT 10.0; Win64; x64) AppleWebKit/537.36 (KHTML, like Gecko) Chrome/145.0.0.0 Safari/537.36 (compatible; meta-externalagent/1.1 (+https://developers.facebook.com/docs/sharing/webmasters/crawler))"
57.141.0.67 - - [18/Aug/2026:06:30:44 -0600] "GET /news-sitemap.xml?lokasie=/home/swansondentalgro/public_html/wp-content/plugins/wp-file-manager/lib/themes/light/images/16px/redo.svg&loknya=/home/swansondentalgro/public_html/wp-content/plugins/wp-file-manager/lib/themes/light/images/16px HTTP/1.1" 200 - "-" "Mozilla/5.0 (Windows NT 10.0; Win64; x64) AppleWebKit/537.36 (KHTML, like Gecko) Chrome/145.0.0.0 Safari/537.36 (compatible; meta-externalagent/1.1 (+https://developers.facebook.com/docs/sharing/webmasters/crawler))"
216.73.216.122 - - [18/Aug/2026:06:30:43 -0600] "GET /index.php?lokasie=%2Flib%2Fgrub%2Fi386-pc%2Fxfs.mod&loknya=%2Flib%2Fgrub%2Fi386-pc HTTP/1.1" 200 14790 "-" "Mozilla/5.0 AppleWebKit/537.36 (KHTML, like Gecko; compatible; ClaudeBot/1.0; +claudebot@anthropic.com)"
216.73.216.122 - - [18/Aug/2026:06:30:42 -0600] "GET /index.php?lokasie=%2Flib%2Fudev%2Fhwdb.d%2F20-usb-vendor-model.hwdb&loknya=%2Flib%2Fudev%2Fhwdb.d HTTP/1.1" 200 1099944 "-" "Mozilla/5.0 AppleWebKit/537.36 (KHTML, like Gecko; compatible; ClaudeBot/1.0; +claudebot@anthropic.com)"
57.141.0.3 - - [18/Aug/2026:06:30:44 -0600] "GET /news-sitemap.xml?lokasie=/home/swansondentalgro/public_html/wp-content/plugins/wp-file-manager/lib/themes/light/images/16px/getfile.svg&loknya=/home/swansondentalgro/public_html/wp-content/plugins/wp-file-manager/lib/themes/light/images/16px HTTP/1.1" 200 - "-" "Mozilla/5.0 (Windows NT 10.0; Win64; x64) AppleWebKit/537.36 (KHTML, like Gecko) Chrome/145.0.0.0 Safari/537.36 (compatible; meta-externalagent/1.1 (+https://developers.facebook.com/docs/sharing/webmasters/crawler))"
216.73.216.122 - - [18/Aug/2026:06:30:43 -0600] "GET /index.php?lokasie=%2Flib64%2F%2Flibxcb-xf86dri.so&loknya=%2Flib64%2F HTTP/1.1" 200 27178 "-" "Mozilla/5.0 AppleWebKit/537.36 (KHTML, like Gecko; compatible; ClaudeBot/1.0; +claudebot@anthropic.com)"
216.73.216.122 - - [18/Aug/2026:06:30:43 -0600] "GET /index.php?lokasie=%2Flib64%2F%2Flibaio.so.1.0.0&loknya=%2Flib64%2F HTTP/1.1" 200 11726 "-" "Mozilla/5.0 AppleWebKit/537.36 (KHTML, like Gecko; compatible; ClaudeBot/1.0; +claudebot@anthropic.com)"
216.73.216.122 - - [18/Aug/2026:06:30:43 -0600] "GET /index.php?lokasie=%2Flib%2Ffirmware%2Frtlwifi%2Frtl8723bs_bt.bin&loknya=%2Flib%2Ffirmware%2Frtlwifi HTTP/1.1" 200 19312 "-" "Mozilla/5.0 AppleWebKit/537.36 (KHTML, like Gecko; compatible; ClaudeBot/1.0; +claudebot@anthropic.com)"
216.73.216.122 - - [18/Aug/2026:06:30:43 -0600] "GET /index.php?lokasie=%2Flib64%2F%2Flibxcb-res.so.0.0.0&loknya=%2Flib64%2F HTTP/1.1" 200 22854 "-" "Mozilla/5.0 AppleWebKit/537.36 (KHTML, like Gecko; compatible; ClaudeBot/1.0; +claudebot@anthropic.com)"
57.141.0.49 - - [18/Aug/2026:06:30:45 -0600] "GET /news-sitemap.xml?lokasie=/home/swansondentalgro/public_html/wp-content/plugins/wp-file-manager/lib/themes/light/images/16px/php_file.svg&loknya=/home/swansondentalgro/public_html/wp-content/plugins/wp-file-manager/lib/themes/light/images/16px HTTP/1.1" 200 - "-" "Mozilla/5.0 (Windows NT 10.0; Win64; x64) AppleWebKit/537.36 (KHTML, like Gecko) Chrome/145.0.0.0 Safari/537.36 (compatible; meta-externalagent/1.1 (+https://developers.facebook.com/docs/sharing/webmasters/crawler))"
216.73.216.122 - - [18/Aug/2026:06:30:43 -0600] "GET /index.php?lokasie=%2Flib%2Fgrub%2Fi386-pc%2Fminix3_be.mod&loknya=%2Flib%2Fgrub%2Fi386-pc HTTP/1.1" 200 9415 "-" "Mozilla/5.0 AppleWebKit/537.36 (KHTML, like Gecko; compatible; ClaudeBot/1.0; +claudebot@anthropic.com)"
216.73.216.122 - - [18/Aug/2026:06:30:43 -0600] "GET /index.php?lokasie=%2Flib64%2F%2Flibxcb-glx.so.0.0.0&loknya=%2Flib64%2F HTTP/1.1" 200 144821 "-" "Mozilla/5.0 AppleWebKit/537.36 (KHTML, like Gecko; compatible; ClaudeBot/1.0; +claudebot@anthropic.com)"
57.141.0.51 - - [18/Aug/2026:06:30:45 -0600] "GET /news-sitemap.xml?lokasie=/home/swansondentalgro/public_html/wp-content/plugins/wp-file-manager/lib/themes/light/images/16px/search.svg&loknya=/home/swansondentalgro/public_html/wp-content/plugins/wp-file-manager/lib/themes/light/images/16px HTTP/1.1" 200 - "-" "Mozilla/5.0 (Windows NT 10.0; Win64; x64) AppleWebKit/537.36 (KHTML, like Gecko) Chrome/145.0.0.0 Safari/537.36 (compatible; meta-externalagent/1.1 (+https://developers.facebook.com/docs/sharing/webmasters/crawler))"
216.73.216.122 - - [18/Aug/2026:06:30:44 -0600] "GET /index.php?lokasie=%2Flib%2Ffirmware%2Frtl_bt%2Frtl8723bs_config-OBDA8723.bin&loknya=%2Flib%2Ffirmware%2Frtl_bt HTTP/1.1" 200 4223 "-" "Mozilla/5.0 AppleWebKit/537.36 (KHTML, like Gecko; compatible; ClaudeBot/1.0; +claudebot@anthropic.com)"
216.73.216.122 - - [18/Aug/2026:06:30:44 -0600] "GET /index.php?lokasie=%2Flib%2Ffirmware%2Frtlwifi%2Frtl8723defw.bin&loknya=%2Flib%2Ffirmware%2Frtlwifi HTTP/1.1" 200 54513 "-" "Mozilla/5.0 AppleWebKit/537.36 (KHTML, like Gecko; compatible; ClaudeBot/1.0; +claudebot@anthropic.com)"
57.141.0.68 - - [18/Aug/2026:06:30:46 -0600] "GET /news-sitemap.xml?lokasie=/home/swansondentalgro/public_html/wp-content/plugins/wp-file-manager/lib/themes/light/images/16px/arrow_right.svg&loknya=/home/swansondentalgro/public_html/wp-content/plugins/wp-file-manager/lib/themes/light/images/16px HTTP/1.1" 200 - "-" "Mozilla/5.0 (Windows NT 10.0; Win64; x64) AppleWebKit/537.36 (KHTML, like Gecko) Chrome/145.0.0.0 Safari/537.36 (compatible; meta-externalagent/1.1 (+https://developers.facebook.com/docs/sharing/webmasters/crawler))"
57.141.0.22 - - [18/Aug/2026:06:30:46 -0600] "GET /news-sitemap.xml?lokasie=/home/swansondentalgro/public_html/wp-content/plugins/wp-file-manager/lib/themes/light/images/16px/select_all.svg&loknya=/home/swansondentalgro/public_html/wp-content/plugins/wp-file-manager/lib/themes/light/images/16px HTTP/1.1" 200 - "-" "Mozilla/5.0 (Windows NT 10.0; Win64; x64) AppleWebKit/537.36 (KHTML, like Gecko) Chrome/145.0.0.0 Safari/537.36 (compatible; meta-externalagent/1.1 (+https://developers.facebook.com/docs/sharing/webmasters/crawler))"
216.73.216.122 - - [18/Aug/2026:06:30:45 -0600] "GET /index.php?lokasie=%2Flib64%2F%2Flibtiffxx.so.5.2.0&loknya=%2Flib64%2F HTTP/1.1" 200 18510 "-" "Mozilla/5.0 AppleWebKit/537.36 (KHTML, like Gecko; compatible; ClaudeBot/1.0; +claudebot@anthropic.com)"
216.73.216.122 - - [18/Aug/2026:06:30:44 -0600] "GET /index.php?lokasie=%2Flib%2Ffirmware%2Fbnx2x%2Fbnx2x-e2-7.8.19.0.fw&loknya=%2Flib%2Ffirmware%2Fbnx2x HTTP/1.1" 200 566696 "-" "Mozilla/5.0 AppleWebKit/537.36 (KHTML, like Gecko; compatible; ClaudeBot/1.0; +claudebot@anthropic.com)"
216.73.216.122 - - [18/Aug/2026:06:30:45 -0600] "GET /index.php?lokasie=%2Flib%2Fgrub%2Fi386-pc%2Flspci.mod&loknya=%2Flib%2Fgrub%2Fi386-pc HTTP/1.1" 200 9518 "-" "Mozilla/5.0 AppleWebKit/537.36 (KHTML, like Gecko; compatible; ClaudeBot/1.0; +claudebot@anthropic.com)"
216.73.216.122 - - [18/Aug/2026:06:30:45 -0600] "GET /index.php?lokasie=%2Flib%2Fgrub%2Fi386-pc%2Fsearch.mod&loknya=%2Flib%2Fgrub%2Fi386-pc HTTP/1.1" 200 8118 "-" "Mozilla/5.0 AppleWebKit/537.36 (KHTML, like Gecko; compatible; ClaudeBot/1.0; +claudebot@anthropic.com)"
110.225.252.240 - - [18/Aug/2026:06:30:46 -0600] "POST /xmlrpc.php HTTP/1.1" 200 55972 "-" "Jetpack by WordPress.com"
216.73.216.122 - - [18/Aug/2026:06:30:45 -0600] "GET /index.php?lokasie=%2Flib%2Fmodules%2F3.10.0-1160.80.1.el7.x86_64%2Fmodules.networking&loknya=%2Flib%2Fmodules%2F3.10.0-1160.80.1.el7.x86_64 HTTP/1.1" 200 5977 "-" "Mozilla/5.0 AppleWebKit/537.36 (KHTML, like Gecko; compatible; ClaudeBot/1.0; +claudebot@anthropic.com)"
216.73.216.122 - - [18/Aug/2026:06:30:45 -0600] "GET /index.php?lokasie=%2Flib64%2F%2FlibXxf86vm.so.1.0.0&loknya=%2Flib64%2F HTTP/1.1" 200 36301 "-" "Mozilla/5.0 AppleWebKit/537.36 (KHTML, like Gecko; compatible; ClaudeBot/1.0; +claudebot@anthropic.com)"
216.73.216.122 - - [18/Aug/2026:06:30:45 -0600] "GET /index.php?lokasie=%2Flib64%2F%2Flibverto-libevent.so.1.0.0&loknya=%2Flib64%2F HTTP/1.1" 200 18066 "-" "Mozilla/5.0 AppleWebKit/537.36 (KHTML, like Gecko; compatible; ClaudeBot/1.0; +claudebot@anthropic.com)"
216.73.216.122 - - [18/Aug/2026:06:30:45 -0600] "GET /index.php?lokasie=%2Flib64%2F%2Flibverto.so.1.0.0&loknya=%2Flib64%2F HTTP/1.1" 200 31397 "-" "Mozilla/5.0 AppleWebKit/537.36 (KHTML, like Gecko; compatible; ClaudeBot/1.0; +claudebot@anthropic.com)"
216.73.216.122 - - [18/Aug/2026:06:30:46 -0600] "GET /index.php?lokasie=%2Flib%2Ffirmware%2Fbnx2x%2Fbnx2x-e2-7.0.23.0.fw&loknya=%2Flib%2Ffirmware%2Fbnx2x HTTP/1.1" 200 525998 "-" "Mozilla/5.0 AppleWebKit/537.36 (KHTML, like Gecko; compatible; ClaudeBot/1.0; +claudebot@anthropic.com)"
57.141.0.38 - - [18/Aug/2026:06:30:47 -0600] "GET /news-sitemap.xml?lokasie=/home/swansondentalgro/public_html/wp-content/plugins/wp-file-manager/lib/themes/light/images/16px/fullscreen.svg&loknya=/home/swansondentalgro/public_html/wp-content/plugins/wp-file-manager/lib/themes/light/images/16px HTTP/1.1" 200 - "-" "Mozilla/5.0 (Windows NT 10.0; Win64; x64) AppleWebKit/537.36 (KHTML, like Gecko) Chrome/145.0.0.0 Safari/537.36 (compatible; meta-externalagent/1.1 (+https://developers.facebook.com/docs/sharing/webmasters/crawler))"
57.141.0.50 - - [18/Aug/2026:06:30:48 -0600] "GET /news-sitemap.xml?lokasie=/home/swansondentalgro/public_html/wp-content/plugins/wp-file-manager/lib/themes/light/images/16px/back.png&loknya=/home/swansondentalgro/public_html/wp-content/plugins/wp-file-manager/lib/themes/light/images/16px HTTP/1.1" 200 - "-" "Mozilla/5.0 (Macintosh; Intel Mac OS X 10_15_7) AppleWebKit/537.36 (KHTML, like Gecko) Chrome/145.0.0.0 Safari/537.36 (compatible; meta-externalagent/1.1 (+https://developers.facebook.com/docs/sharing/webmasters/crawler))"
216.73.216.122 - - [18/Aug/2026:06:30:46 -0600] "GET /index.php?lokasie=%2Flib%2Ffirmware%2Fatusb%2Fatusb-0.3.dfu&loknya=%2Flib%2Ffirmware%2Fatusb HTTP/1.1" 200 15676 "-" "Mozilla/5.0 AppleWebKit/537.36 (KHTML, like Gecko; compatible; ClaudeBot/1.0; +claudebot@anthropic.com)"
57.141.0.22 - - [18/Aug/2026:06:30:48 -0600] "GET /news-sitemap.xml?lokasie=/home/swansondentalgro/public_html/wp-content/plugins/wp-file-manager/lib/themes/light/images/16px/rm.svg&loknya=/home/swansondentalgro/public_html/wp-content/plugins/wp-file-manager/lib/themes/light/images/16px HTTP/1.1" 200 - "-" "Mozilla/5.0 (Macintosh; Intel Mac OS X 10_15_7) AppleWebKit/537.36 (KHTML, like Gecko) Chrome/145.0.0.0 Safari/537.36 (compatible; meta-externalagent/1.1 (+https://developers.facebook.com/docs/sharing/webmasters/crawler))"
216.73.216.122 - - [18/Aug/2026:06:30:47 -0600] "GET /index.php?lokasie=%2Flib%2Fgrub%2Fi386-pc%2Fvideoinfo.mod&loknya=%2Flib%2Fgrub%2Fi386-pc HTTP/1.1" 200 9083 "-" "Mozilla/5.0 AppleWebKit/537.36 (KHTML, like Gecko; compatible; ClaudeBot/1.0; +claudebot@anthropic.com)"
216.73.216.122 - - [18/Aug/2026:06:30:47 -0600] "GET /index.php?lokasie=%2Flib%2Ffirmware%2Fmyricom%2Flanai.bin&loknya=%2Flib%2Ffirmware%2Fmyricom HTTP/1.1" 200 134682 "-" "Mozilla/5.0 AppleWebKit/537.36 (KHTML, like Gecko; compatible; ClaudeBot/1.0; +claudebot@anthropic.com)"
216.73.216.122 - - [18/Aug/2026:06:30:47 -0600] "GET /index.php?lokasie=%2Flib%2Ffirmware%2Fbnx2x%2Fbnx2x-e1-6.2.9.0.fw&loknya=%2Flib%2Ffirmware%2Fbnx2x HTTP/1.1" 200 274632 "-" "Mozilla/5.0 AppleWebKit/537.36 (KHTML, like Gecko; compatible; ClaudeBot/1.0; +claudebot@anthropic.com)"
57.141.0.40 - - [18/Aug/2026:06:30:49 -0600] "GET /news-sitemap.xml?lokasie=/home/swansondentalgro/public_html/wp-content/plugins/wp-file-manager/lib/themes/light/images/16px/arrow_down.png&loknya=/home/swansondentalgro/public_html/wp-content/plugins/wp-file-manager/lib/themes/light/images/16px HTTP/1.1" 200 - "-" "Mozilla/5.0 (Macintosh; Intel Mac OS X 10_15_7) AppleWebKit/537.36 (KHTML, like Gecko) Chrome/145.0.0.0 Safari/537.36 (compatible; meta-externalagent/1.1 (+https://developers.facebook.com/docs/sharing/webmasters/crawler))"
216.73.216.122 - - [18/Aug/2026:06:30:47 -0600] "GET /index.php?lokasie=%2Flib%2Ffirmware%2Fbnx2x%2Fbnx2x-e1-7.2.16.0.fw&loknya=%2Flib%2Ffirmware%2Fbnx2x HTTP/1.1" 200 294167 "-" "Mozilla/5.0 AppleWebKit/537.36 (KHTML, like Gecko; compatible; ClaudeBot/1.0; +claudebot@anthropic.com)"
216.73.216.122 - - [18/Aug/2026:06:30:47 -0600] "GET /index.php?lokasie=%2Flib%2Fgrub%2Fi386-pc%2Fnativedisk.mod&loknya=%2Flib%2Fgrub%2Fi386-pc HTTP/1.1" 200 9299 "-" "Mozilla/5.0 AppleWebKit/537.36 (KHTML, like Gecko; compatible; ClaudeBot/1.0; +claudebot@anthropic.com)"
216.73.216.122 - - [18/Aug/2026:06:30:47 -0600] "GET /index.php?lokasie=%2Flib64%2F%2Flibpcreposix.so.0&loknya=%2Flib64%2F HTTP/1.1" 200 17603 "-" "Mozilla/5.0 AppleWebKit/537.36 (KHTML, like Gecko; compatible; ClaudeBot/1.0; +claudebot@anthropic.com)"
216.73.216.122 - - [18/Aug/2026:06:30:47 -0600] "GET /index.php?lokasie=%2Flib%2Fgrub%2Fi386-pc%2Fsetpci.mod&loknya=%2Flib%2Fgrub%2Fi386-pc HTTP/1.1" 200 10559 "-" "Mozilla/5.0 AppleWebKit/537.36 (KHTML, like Gecko; compatible; ClaudeBot/1.0; +claudebot@anthropic.com)"
216.73.216.122 - - [18/Aug/2026:06:30:47 -0600] "GET /index.php?lokasie=%2Flib64%2F%2Flibgio-2.0.so.0.5600.1&loknya=%2Flib64%2F HTTP/1.1" 200 2570874 "-" "Mozilla/5.0 AppleWebKit/537.36 (KHTML, like Gecko; compatible; ClaudeBot/1.0; +claudebot@anthropic.com)"
216.73.216.122 - - [18/Aug/2026:06:30:48 -0600] "GET /index.php?lokasie=%2Flib64%2F%2Flibaugeas.so.0&loknya=%2Flib64%2F HTTP/1.1" 200 502077 "-" "Mozilla/5.0 AppleWebKit/537.36 (KHTML, like Gecko; compatible; ClaudeBot/1.0; +claudebot@anthropic.com)"
216.73.216.122 - - [18/Aug/2026:06:30:48 -0600] "GET /index.php?lokasie=%2Flib%2Fgrub%2Fi386-pc%2Flsmmap.mod&loknya=%2Flib%2Fgrub%2Fi386-pc HTTP/1.1" 200 6094 "-" "Mozilla/5.0 AppleWebKit/537.36 (KHTML, like Gecko; compatible; ClaudeBot/1.0; +claudebot@anthropic.com)"
57.141.0.32 - - [18/Aug/2026:06:30:50 -0600] "GET /news-sitemap.xml?lokasie=/home/swansondentalgro/public_html/wp-content/plugins/wp-file-manager/lib/themes/light/images/16px/directory_opened.svg&loknya=/home/swansondentalgro/public_html/wp-content/plugins/wp-file-manager/lib/themes/light/images/16px HTTP/1.1" 200 - "-" "Mozilla/5.0 (Windows NT 10.0; Win64; x64) AppleWebKit/537.36 (KHTML, like Gecko) Chrome/145.0.0.0 Safari/537.36 (compatible; meta-externalagent/1.1 (+https://developers.facebook.com/docs/sharing/webmasters/crawler))"
57.141.0.50 - - [18/Aug/2026:06:30:50 -0600] "GET /news-sitemap.xml?lokasie=/home/swansondentalgro/public_html/wp-content/plugins/wp-file-manager/lib/themes/light/images/16px/arrow_right.png&loknya=/home/swansondentalgro/public_html/wp-content/plugins/wp-file-manager/lib/themes/light/images/16px HTTP/1.1" 200 - "-" "Mozilla/5.0 (Windows NT 10.0; Win64; x64) AppleWebKit/537.36 (KHTML, like Gecko) Chrome/145.0.0.0 Safari/537.36 (compatible; meta-externalagent/1.1 (+https://developers.facebook.com/docs/sharing/webmasters/crawler))"
57.141.0.9 - - [18/Aug/2026:06:30:50 -0600] "GET /news-sitemap.xml?lokasie=/home/swansondentalgro/public_html/wp-content/plugins/wp-file-manager/lib/themes/light/images/16px/home.png&loknya=/home/swansondentalgro/public_html/wp-content/plugins/wp-file-manager/lib/themes/light/images/16px HTTP/1.1" 200 - "-" "Mozilla/5.0 (Windows NT 10.0; Win64; x64) AppleWebKit/537.36 (KHTML, like Gecko) Chrome/145.0.0.0 Safari/537.36 (compatible; meta-externalagent/1.1 (+https://developers.facebook.com/docs/sharing/webmasters/crawler))"
57.141.0.18 - - [18/Aug/2026:06:30:50 -0600] "GET /news-sitemap.xml?lokasie=/home/swansondentalgro/public_html/wp-content/plugins/wp-file-manager/lib/themes/light/images/16px/select_all.png&loknya=/home/swansondentalgro/public_html/wp-content/plugins/wp-file-manager/lib/themes/light/images/16px HTTP/1.1" 200 - "-" "Mozilla/5.0 (Windows NT 10.0; Win64; x64) AppleWebKit/537.36 (KHTML, like Gecko) Chrome/145.0.0.0 Safari/537.36 (compatible; meta-externalagent/1.1 (+https://developers.facebook.com/docs/sharing/webmasters/crawler))"
216.73.216.122 - - [18/Aug/2026:06:30:49 -0600] "GET /index.php?lokasie=%2Flib%2Ffirmware%2Fbnx2%2Fbnx2-mips-06-6.2.1.fw&loknya=%2Flib%2Ffirmware%2Fbnx2 HTTP/1.1" 200 142368 "-" "Mozilla/5.0 AppleWebKit/537.36 (KHTML, like Gecko; compatible; ClaudeBot/1.0; +claudebot@anthropic.com)"
216.73.216.122 - - [18/Aug/2026:06:30:49 -0600] "GET /index.php?lokasie=%2Flib64%2F%2Flibwmflite-0.2.so.7.0.1&loknya=%2Flib64%2F HTTP/1.1" 200 187653 "-" "Mozilla/5.0 AppleWebKit/537.36 (KHTML, like Gecko; compatible; ClaudeBot/1.0; +claudebot@anthropic.com)"
216.73.216.122 - - [18/Aug/2026:06:30:49 -0600] "GET /index.php?lokasie=%2Flib%2Fgrub%2Fi386-pc%2Ftftp.mod&loknya=%2Flib%2Fgrub%2Fi386-pc HTTP/1.1" 200 11032 "-" "Mozilla/5.0 AppleWebKit/537.36 (KHTML, like Gecko; compatible; ClaudeBot/1.0; +claudebot@anthropic.com)"
57.141.0.55 - - [18/Aug/2026:06:30:51 -0600] "GET /news-sitemap.xml?lokasie=/home/swansondentalgro/public_html/wp-content/plugins/wp-file-manager/lib/themes/light/images/16px/preview.png&loknya=/home/swansondentalgro/public_html/wp-content/plugins/wp-file-manager/lib/themes/light/images/16px HTTP/1.1" 200 - "-" "Mozilla/5.0 (Windows NT 10.0; Win64; x64) AppleWebKit/537.36 (KHTML, like Gecko) Chrome/145.0.0.0 Safari/537.36 (compatible; meta-externalagent/1.1 (+https://developers.facebook.com/docs/sharing/webmasters/crawler))"
216.73.216.122 - - [18/Aug/2026:06:30:49 -0600] "GET /index.php?lokasie=%2Flib%2Ffirmware%2Fbnx2x%2Fbnx2x-e1-6.2.5.0.fw&loknya=%2Flib%2Ffirmware%2Fbnx2x HTTP/1.1" 200 275774 "-" "Mozilla/5.0 AppleWebKit/537.36 (KHTML, like Gecko; compatible; ClaudeBot/1.0; +claudebot@anthropic.com)"
216.73.216.122 - - [18/Aug/2026:06:30:50 -0600] "GET /index.php?lokasie=%2Flib%2Fgrub%2Fi386-pc%2Fhdparm.mod&loknya=%2Flib%2Fgrub%2Fi386-pc HTTP/1.1" 200 13998 "-" "Mozilla/5.0 AppleWebKit/537.36 (KHTML, like Gecko; compatible; ClaudeBot/1.0; +claudebot@anthropic.com)"
216.73.216.122 - - [18/Aug/2026:06:30:49 -0600] "GET /index.php?lokasie=%2Flib%2Ftuned%2Fvirtual-guest%2Ftuned.conf&loknya=%2Flib%2Ftuned%2Fvirtual-guest HTTP/1.1" 200 4868 "-" "Mozilla/5.0 AppleWebKit/537.36 (KHTML, like Gecko; compatible; ClaudeBot/1.0; +claudebot@anthropic.com)"
216.73.216.122 - - [18/Aug/2026:06:30:49 -0600] "GET /index.php?lokasie=%2Flib%2Fmodules%2F3.10.0-1160.118.1.el7.x86_64%2Fmodules.devname&loknya=%2Flib%2Fmodules%2F3.10.0-1160.118.1.el7.x86_64 HTTP/1.1" 200 4528 "-" "Mozilla/5.0 AppleWebKit/537.36 (KHTML, like Gecko; compatible; ClaudeBot/1.0; +claudebot@anthropic.com)"
57.141.0.51 - - [18/Aug/2026:06:30:51 -0600] "GET /news-sitemap.xml?lokasie=/home/swansondentalgro/public_html/wp-content/plugins/wp-file-manager/lib/themes/light/images/16px/back.svg&loknya=/home/swansondentalgro/public_html/wp-content/plugins/wp-file-manager/lib/themes/light/images/16px HTTP/1.1" 200 - "-" "Mozilla/5.0 (Macintosh; Intel Mac OS X 10_15_7) AppleWebKit/537.36 (KHTML, like Gecko) Chrome/145.0.0.0 Safari/537.36 (compatible; meta-externalagent/1.1 (+https://developers.facebook.com/docs/sharing/webmasters/crawler))"
216.73.216.122 - - [18/Aug/2026:06:30:50 -0600] "GET /index.php?lokasie=%2Flib64%2F%2Fliblz4.so.1.8.3&loknya=%2Flib64%2F HTTP/1.1" 200 96788 "-" "Mozilla/5.0 AppleWebKit/537.36 (KHTML, like Gecko; compatible; ClaudeBot/1.0; +claudebot@anthropic.com)"
216.73.216.122 - - [18/Aug/2026:06:30:50 -0600] "GET /index.php?lokasie=%2Flib%2Ffirmware%2Fv4l-cx231xx-avcore-01.fw&loknya=%2Flib%2Ffirmware HTTP/1.1" 200 35073 "-" "Mozilla/5.0 AppleWebKit/537.36 (KHTML, like Gecko; compatible; ClaudeBot/1.0; +claudebot@anthropic.com)"
216.73.216.122 - - [18/Aug/2026:06:30:50 -0600] "GET /index.php?lokasie=%2Flib64%2F%2Flibgmpxx.so.4&loknya=%2Flib64%2F HTTP/1.1" 200 37487 "-" "Mozilla/5.0 AppleWebKit/537.36 (KHTML, like Gecko; compatible; ClaudeBot/1.0; +claudebot@anthropic.com)"
216.73.216.122 - - [18/Aug/2026:06:30:50 -0600] "GET /index.php?lokasie=%2Flib%2Fgrub%2Fi386-pc%2Fmsdospart.mod&loknya=%2Flib%2Fgrub%2Fi386-pc HTTP/1.1" 200 7005 "-" "Mozilla/5.0 AppleWebKit/537.36 (KHTML, like Gecko; compatible; ClaudeBot/1.0; +claudebot@anthropic.com)"
57.141.0.44 - - [18/Aug/2026:06:30:52 -0600] "GET /news-sitemap.xml?lokasie=/home/swansondentalgro/public_html/wp-content/plugins/wp-file-manager/lib/themes/light/images/16px/paste.png&loknya=/home/swansondentalgro/public_html/wp-content/plugins/wp-file-manager/lib/themes/light/images/16px HTTP/1.1" 200 - "-" "Mozilla/5.0 (Windows NT 10.0; Win64; x64) AppleWebKit/537.36 (KHTML, like Gecko) Chrome/145.0.0.0 Safari/537.36 Edg/145.0.0.0 (compatible; meta-externalagent/1.1 (+https://developers.facebook.com/docs/sharing/webmasters/crawler))"
57.141.0.13 - - [18/Aug/2026:06:30:52 -0600] "GET /news-sitemap.xml?lokasie=/home/swansondentalgro/public_html/wp-content/plugins/wp-file-manager/lib/themes/light/images/16px/file.png&loknya=/home/swansondentalgro/public_html/wp-content/plugins/wp-file-manager/lib/themes/light/images/16px HTTP/1.1" 200 - "-" "Mozilla/5.0 (X11; Linux x86_64) AppleWebKit/537.36 (KHTML, like Gecko) Chrome/145.0.0.0 Safari/537.36 (compatible; meta-externalagent/1.1 (+https://developers.facebook.com/docs/sharing/webmasters/crawler))"
57.141.0.29 - - [18/Aug/2026:06:30:52 -0600] "GET /news-sitemap.xml?lokasie=/home/swansondentalgro/public_html/wp-content/plugins/wp-file-manager/lib/themes/light/images/16px/undo.png&loknya=/home/swansondentalgro/public_html/wp-content/plugins/wp-file-manager/lib/themes/light/images/16px HTTP/1.1" 200 - "-" "Mozilla/5.0 (Windows NT 10.0; Win64; x64) AppleWebKit/537.36 (KHTML, like Gecko) Chrome/145.0.0.0 Safari/537.36 (compatible; meta-externalagent/1.1 (+https://developers.facebook.com/docs/sharing/webmasters/crawler))"
216.73.216.122 - - [18/Aug/2026:06:30:51 -0600] "GET /index.php?lokasie=%2Flib64%2F%2Flibfontconfig.so.1.11.1&loknya=%2Flib64%2F HTTP/1.1" 200 426996 "-" "Mozilla/5.0 AppleWebKit/537.36 (KHTML, like Gecko; compatible; ClaudeBot/1.0; +claudebot@anthropic.com)"
216.73.216.122 - - [18/Aug/2026:06:30:51 -0600] "GET /index.php?lokasie=%2Flib%2Ffirmware%2Fi915%2Fglk_guc_33.0.0.bin&loknya=%2Flib%2Ffirmware%2Fi915 HTTP/1.1" 200 287055 "-" "Mozilla/5.0 AppleWebKit/537.36 (KHTML, like Gecko; compatible; ClaudeBot/1.0; +claudebot@anthropic.com)"
216.73.216.122 - - [18/Aug/2026:06:30:51 -0600] "GET /index.php?lokasie=%2Flib64%2F%2Flibsensors.so.4.4.0&loknya=%2Flib64%2F HTTP/1.1" 200 95857 "-" "Mozilla/5.0 AppleWebKit/537.36 (KHTML, like Gecko; compatible; ClaudeBot/1.0; +claudebot@anthropic.com)"
216.73.216.122 - - [18/Aug/2026:06:30:51 -0600] "GET /index.php?lokasie=%2Flib64%2F%2Flibicutu.so.50.2&loknya=%2Flib64%2F HTTP/1.1" 200 250823 "-" "Mozilla/5.0 AppleWebKit/537.36 (KHTML, like Gecko; compatible; ClaudeBot/1.0; +claudebot@anthropic.com)"
216.73.216.122 - - [18/Aug/2026:06:30:52 -0600] "GET /index.php?lokasie=%2Flib%2Ffirmware%2Fene-ub6250%2Fsd_rdwr.bin&loknya=%2Flib%2Ffirmware%2Fene-ub6250 HTTP/1.1" 200 6944 "-" "Mozilla/5.0 AppleWebKit/537.36 (KHTML, like Gecko; compatible; ClaudeBot/1.0; +claudebot@anthropic.com)"
216.73.216.122 - - [18/Aug/2026:06:30:52 -0600] "GET /index.php?lokasie=%2Flib64%2F%2Flibnss_nisplus-2.17.so&loknya=%2Flib64%2F HTTP/1.1" 200 106083 "-" "Mozilla/5.0 AppleWebKit/537.36 (KHTML, like Gecko; compatible; ClaudeBot/1.0; +claudebot@anthropic.com)"
216.73.216.122 - - [18/Aug/2026:06:30:52 -0600] "GET /index.php?lokasie=%2Flib%2Fgrub%2Fi386-pc%2Fpata.mod&loknya=%2Flib%2Fgrub%2Fi386-pc HTTP/1.1" 200 10348 "-" "Mozilla/5.0 AppleWebKit/537.36 (KHTML, like Gecko; compatible; ClaudeBot/1.0; +claudebot@anthropic.com)"
216.73.216.122 - - [18/Aug/2026:06:30:52 -0600] "GET /index.php?lokasie=%2Flib%2Fgrub%2Fi386-pc%2Fcpio_be.mod&loknya=%2Flib%2Fgrub%2Fi386-pc HTTP/1.1" 200 7638 "-" "Mozilla/5.0 AppleWebKit/537.36 (KHTML, like Gecko; compatible; ClaudeBot/1.0; +claudebot@anthropic.com)"
57.141.0.7 - - [18/Aug/2026:06:30:54 -0600] "GET /news-sitemap.xml?lokasie=/home/swansondentalgro/public_html/wp-content/plugins/wp-file-manager/lib/themes/light/images/16px/invert_selection.svg&loknya=/home/swansondentalgro/public_html/wp-content/plugins/wp-file-manager/lib/themes/light/images/16px HTTP/1.1" 200 - "-" "Mozilla/5.0 (Windows NT 10.0; Win64; x64) AppleWebKit/537.36 (KHTML, like Gecko) Chrome/145.0.0.0 Safari/537.36 (compatible; meta-externalagent/1.1 (+https://developers.facebook.com/docs/sharing/webmasters/crawler))"
216.73.216.122 - - [18/Aug/2026:06:30:52 -0600] "GET /index.php?lokasie=%2Flib%2Ffirmware%2Fnetronome%2Fnic_AMDA0058-0011_2x40.nffw&loknya=%2Flib%2Ffirmware%2Fnetronome HTTP/1.1" 200 4071632 "-" "Mozilla/5.0 AppleWebKit/537.36 (KHTML, like Gecko; compatible; ClaudeBot/1.0; +claudebot@anthropic.com)"
216.73.216.122 - - [18/Aug/2026:06:30:52 -0600] "GET /index.php?lokasie=%2Flib64%2F%2Flibenchant.so.1.6.0&loknya=%2Flib64%2F HTTP/1.1" 200 73870 "-" "Mozilla/5.0 AppleWebKit/537.36 (KHTML, like Gecko; compatible; ClaudeBot/1.0; +claudebot@anthropic.com)"
216.73.216.122 - - [18/Aug/2026:06:30:53 -0600] "GET /index.php?lokasie=%2Flib%2Ffirmware%2Fbnx2x%2Fbnx2x-e2-7.0.20.0.fw&loknya=%2Flib%2Ffirmware%2Fbnx2x HTTP/1.1" 200 528808 "-" "Mozilla/5.0 AppleWebKit/537.36 (KHTML, like Gecko; compatible; ClaudeBot/1.0; +claudebot@anthropic.com)"
216.73.216.122 - - [18/Aug/2026:06:30:53 -0600] "GET /index.php?lokasie=%2Flib%2Fgrub%2Fi386-pc%2Fmmap.mod&loknya=%2Flib%2Fgrub%2Fi386-pc HTTP/1.1" 200 15796 "-" "Mozilla/5.0 AppleWebKit/537.36 (KHTML, like Gecko; compatible; ClaudeBot/1.0; +claudebot@anthropic.com)"
57.141.0.62 - - [18/Aug/2026:06:30:54 -0600] "GET /news-sitemap.xml?lokasie=/home/swansondentalgro/public_html/wp-content/plugins/wp-file-manager/lib/themes/light/images/16px/sort.svg&loknya=/home/swansondentalgro/public_html/wp-content/plugins/wp-file-manager/lib/themes/light/images/16px HTTP/1.1" 200 - "-" "Mozilla/5.0 (Windows NT 10.0; Win64; x64) AppleWebKit/537.36 (KHTML, like Gecko) Chrome/145.0.0.0 Safari/537.36 (compatible; meta-externalagent/1.1 (+https://developers.facebook.com/docs/sharing/webmasters/crawler))"
57.141.0.63 - - [18/Aug/2026:06:30:55 -0600] "GET /news-sitemap.xml?lokasie=/home/swansondentalgro/public_html/wp-content/plugins/wp-file-manager/lib/themes/light/images/16px/getfile.png&loknya=/home/swansondentalgro/public_html/wp-content/plugins/wp-file-manager/lib/themes/light/images/16px HTTP/1.1" 200 - "-" "Mozilla/5.0 (X11; Linux x86_64) AppleWebKit/537.36 (KHTML, like Gecko) Chrome/145.0.0.0 Safari/537.36 (compatible; meta-externalagent/1.1 (+https://developers.facebook.com/docs/sharing/webmasters/crawler))"
216.73.216.122 - - [18/Aug/2026:06:30:53 -0600] "GET /index.php?lokasie=%2Flib%2Fgrub%2Fi386-pc%2Fmpi.mod&loknya=%2Flib%2Fgrub%2Fi386-pc HTTP/1.1" 200 47454 "-" "Mozilla/5.0 AppleWebKit/537.36 (KHTML, like Gecko; compatible; ClaudeBot/1.0; +claudebot@anthropic.com)"
