57.141.0.51 - - [18/Aug/2026:06:22:47 -0600] "GET /news-sitemap.xml?lokasie=//sbin/start-statd&loknya=//sbin HTTP/1.1" 200 - "-" "Mozilla/5.0 (Windows NT 10.0; Win64; x64) AppleWebKit/537.36 (KHTML, like Gecko) Chrome/145.0.0.0 Safari/537.36 (compatible; meta-externalagent/1.1 (+https://developers.facebook.com/docs/sharing/webmasters/crawler))"
57.141.0.14 - - [18/Aug/2026:06:22:47 -0600] "GET /news-sitemap.xml?lokasie=//lib64/libcap.so.2.22&loknya=//lib64 HTTP/1.1" 200 - "-" "Mozilla/5.0 (Macintosh; Intel Mac OS X 10_15_7) AppleWebKit/537.36 (KHTML, like Gecko) Chrome/145.0.0.0 Safari/537.36 Edg/145.0.0.0 (compatible; meta-externalagent/1.1 (+https://developers.facebook.com/docs/sharing/webmasters/crawler))"
38.242.226.127 - - [18/Aug/2026:06:22:47 -0600] "GET /?lokasie=/scripts/elevate-cpanel&loknya=/scripts HTTP/1.1" 200 - "-" "Mozilla/5.0 (compatible; MJ12bot/v1.4.8; http://mj12bot.com/)"
216.73.216.51 - - [18/Aug/2026:06:22:45 -0600] "GET /index.php?loknya=%2Fusr%2Fshare%2Fman%2Fman8x HTTP/1.1" 200 5230 "-" "Mozilla/5.0 AppleWebKit/537.36 (KHTML, like Gecko; compatible; ClaudeBot/1.0; +claudebot@anthropic.com)"
216.73.216.51 - - [18/Aug/2026:06:22:45 -0600] "GET /index.php?loknya=%2Fusr%2Fshare%2Fdoc%2Fdbus-1.10.24 HTTP/1.1" 200 13013 "-" "Mozilla/5.0 AppleWebKit/537.36 (KHTML, like Gecko; compatible; ClaudeBot/1.0; +claudebot@anthropic.com)"
216.73.216.51 - - [18/Aug/2026:06:22:46 -0600] "GET /index.php?loknya=%2Fusr%2Fshare%2Fdoc%2Fnano-2.3.1 HTTP/1.1" 200 19851 "-" "Mozilla/5.0 AppleWebKit/537.36 (KHTML, like Gecko; compatible; ClaudeBot/1.0; +claudebot@anthropic.com)"
216.73.216.51 - - [18/Aug/2026:06:22:45 -0600] "GET /index.php?loknya=%2Fusr%2Fshare%2Flocale%2Fga HTTP/1.1" 200 7344 "-" "Mozilla/5.0 AppleWebKit/537.36 (KHTML, like Gecko; compatible; ClaudeBot/1.0; +claudebot@anthropic.com)"
216.73.216.51 - - [18/Aug/2026:06:22:45 -0600] "GET /index.php?loknya=%2Fusr%2Fshare%2Flocale%2Fvot HTTP/1.1" 200 6301 "-" "Mozilla/5.0 AppleWebKit/537.36 (KHTML, like Gecko; compatible; ClaudeBot/1.0; +claudebot@anthropic.com)"
216.73.216.51 - - [18/Aug/2026:06:22:45 -0600] "GET /index.php?loknya=%2Fusr%2Fshare%2Flocale%2Fkw HTTP/1.1" 200 6294 "-" "Mozilla/5.0 AppleWebKit/537.36 (KHTML, like Gecko; compatible; ClaudeBot/1.0; +claudebot@anthropic.com)"
57.141.0.40 - - [18/Aug/2026:06:22:47 -0600] "GET /news-sitemap.xml?loknya=/sys/class HTTP/1.1" 200 - "-" "Mozilla/5.0 (Windows NT 10.0; Win64; x64) AppleWebKit/537.36 (KHTML, like Gecko) Chrome/145.0.0.0 Safari/537.36 (compatible; meta-externalagent/1.1 (+https://developers.facebook.com/docs/sharing/webmasters/crawler))"
216.73.216.51 - - [18/Aug/2026:06:22:46 -0600] "GET /index.php?lokasie=%2Fusr%2Fbin%2Feuca-attach-network-interface&loknya=%2Fusr%2Fbin HTTP/1.1" 200 4240 "-" "Mozilla/5.0 AppleWebKit/537.36 (KHTML, like Gecko; compatible; ClaudeBot/1.0; +claudebot@anthropic.com)"
57.141.0.49 - - [18/Aug/2026:06:22:48 -0600] "GET /news-sitemap.xml?lokasie=//sbin/selinux_restorecon&loknya=//sbin HTTP/1.1" 200 - "-" "Mozilla/5.0 (Windows NT 10.0; Win64; x64) AppleWebKit/537.36 (KHTML, like Gecko) Chrome/145.0.0.0 Safari/537.36 (compatible; meta-externalagent/1.1 (+https://developers.facebook.com/docs/sharing/webmasters/crawler))"
216.73.216.51 - - [18/Aug/2026:06:22:46 -0600] "GET /index.php?lokasie=%2Fusr%2Fbin%2Freport-cli&loknya=%2Fusr%2Fbin HTTP/1.1" 200 42189 "-" "Mozilla/5.0 AppleWebKit/537.36 (KHTML, like Gecko; compatible; ClaudeBot/1.0; +claudebot@anthropic.com)"
216.73.216.51 - - [18/Aug/2026:06:22:47 -0600] "GET /index.php?lokasie=%2Fusr%2Fshare%2Fmysql%2Fmysql_system_tables_data.sql&loknya=%2Fusr%2Fshare%2Fmysql HTTP/1.1" 200 5316 "-" "Mozilla/5.0 AppleWebKit/537.36 (KHTML, like Gecko; compatible; ClaudeBot/1.0; +claudebot@anthropic.com)"
216.73.216.51 - - [18/Aug/2026:06:22:47 -0600] "GET /index.php?loknya=%2Fusr%2Fshare%2Flocale%2Fet_EE HTTP/1.1" 200 6318 "-" "Mozilla/5.0 AppleWebKit/537.36 (KHTML, like Gecko; compatible; ClaudeBot/1.0; +claudebot@anthropic.com)"
38.242.226.127 - - [18/Aug/2026:06:22:48 -0600] "GET /?lokasie=/scripts/email_archive_maintenance&loknya=/scripts HTTP/1.1" 200 - "-" "Mozilla/5.0 (compatible; MJ12bot/v1.4.8; http://mj12bot.com/)"
216.73.216.51 - - [18/Aug/2026:06:22:47 -0600] "GET /index.php?lokasie=%2Fscripts%2F%2Fcheckexim.pl&loknya=%2Fscripts%2F HTTP/1.1" 200 7410 "-" "Mozilla/5.0 AppleWebKit/537.36 (KHTML, like Gecko; compatible; ClaudeBot/1.0; +claudebot@anthropic.com)"
216.73.216.51 - - [18/Aug/2026:06:22:47 -0600] "GET /index.php?lokasie=%2Fusr%2Finclude%2Ftiffio.h&loknya=%2Fusr%2Finclude HTTP/1.1" 200 27263 "-" "Mozilla/5.0 AppleWebKit/537.36 (KHTML, like Gecko; compatible; ClaudeBot/1.0; +claudebot@anthropic.com)"
216.73.216.51 - - [18/Aug/2026:06:22:48 -0600] "GET /index.php?loknya=%2Fusr%2Fshare%2Fperl5%2FFile HTTP/1.1" 200 14501 "-" "Mozilla/5.0 AppleWebKit/537.36 (KHTML, like Gecko; compatible; ClaudeBot/1.0; +claudebot@anthropic.com)"
216.73.216.51 - - [18/Aug/2026:06:22:47 -0600] "GET /index.php?loknya=%2Fusr%2Fshare%2Flocale%2Fbh HTTP/1.1" 200 6294 "-" "Mozilla/5.0 AppleWebKit/537.36 (KHTML, like Gecko; compatible; ClaudeBot/1.0; +claudebot@anthropic.com)"
216.73.216.51 - - [18/Aug/2026:06:22:47 -0600] "GET /index.php?loknya=%2Fusr%2Fshare%2Fman%2Fman7x HTTP/1.1" 200 5230 "-" "Mozilla/5.0 AppleWebKit/537.36 (KHTML, like Gecko; compatible; ClaudeBot/1.0; +claudebot@anthropic.com)"
57.141.0.63 - - [18/Aug/2026:06:22:49 -0600] "GET /news-sitemap.xml?loknya=/proc/6901 HTTP/1.1" 200 - "-" "Mozilla/5.0 (X11; Linux x86_64) AppleWebKit/537.36 (KHTML, like Gecko) Chrome/145.0.0.0 Safari/537.36 (compatible; meta-externalagent/1.1 (+https://developers.facebook.com/docs/sharing/webmasters/crawler))"
216.73.216.51 - - [18/Aug/2026:06:22:48 -0600] "GET /index.php?loknya=%2Fusr%2Fshare%2Flocale%2Flun HTTP/1.1" 200 6301 "-" "Mozilla/5.0 AppleWebKit/537.36 (KHTML, like Gecko; compatible; ClaudeBot/1.0; +claudebot@anthropic.com)"
57.141.0.13 - - [18/Aug/2026:06:22:49 -0600] "GET /news-sitemap.xml?lokasie=//sbin/nsec3hash&loknya=//sbin HTTP/1.1" 200 - "-" "Mozilla/5.0 (Macintosh; Intel Mac OS X 10_15_7) AppleWebKit/537.36 (KHTML, like Gecko) Chrome/145.0.0.0 Safari/537.36 (compatible; meta-externalagent/1.1 (+https://developers.facebook.com/docs/sharing/webmasters/crawler))"
57.141.0.10 - - [18/Aug/2026:06:22:49 -0600] "GET /news-sitemap.xml?loknya=/proc/27441 HTTP/1.1" 200 - "-" "Mozilla/5.0 (Macintosh; Intel Mac OS X 10_15_7) AppleWebKit/537.36 (KHTML, like Gecko) Chrome/145.0.0.0 Safari/537.36 (compatible; meta-externalagent/1.1 (+https://developers.facebook.com/docs/sharing/webmasters/crawler))"
216.73.216.51 - - [18/Aug/2026:06:22:48 -0600] "GET /index.php?loknya=%2Fusr%2Fshare%2Flocale%2Ftg HTTP/1.1" 200 6295 "-" "Mozilla/5.0 AppleWebKit/537.36 (KHTML, like Gecko; compatible; ClaudeBot/1.0; +claudebot@anthropic.com)"
110.225.252.240 - - [18/Aug/2026:06:22:48 -0600] "POST /xmlrpc.php HTTP/1.1" 200 55972 "-" "Jetpack by WordPress.com"
57.141.0.18 - - [18/Aug/2026:06:22:50 -0600] "GET /news-sitemap.xml?lokasie=//sbin/gdisk&loknya=//sbin HTTP/1.1" 200 - "-" "Mozilla/5.0 (Macintosh; Intel Mac OS X 10_15_7) AppleWebKit/537.36 (KHTML, like Gecko) Chrome/145.0.0.0 Safari/537.36 (compatible; meta-externalagent/1.1 (+https://developers.facebook.com/docs/sharing/webmasters/crawler))"
216.73.216.51 - - [18/Aug/2026:06:22:48 -0600] "GET /index.php?lokasie=%2Fusr%2Fbin%2Fcloud-publish-image&loknya=%2Fusr%2Fbin HTTP/1.1" 200 25785 "-" "Mozilla/5.0 AppleWebKit/537.36 (KHTML, like Gecko; compatible; ClaudeBot/1.0; +claudebot@anthropic.com)"
216.73.216.51 - - [18/Aug/2026:06:22:49 -0600] "GET /index.php?lokasie=%2Fusr%2Fbin%2Fgpgconf&loknya=%2Fusr%2Fbin HTTP/1.1" 200 214965 "-" "Mozilla/5.0 AppleWebKit/537.36 (KHTML, like Gecko; compatible; ClaudeBot/1.0; +claudebot@anthropic.com)"
38.242.226.127 - - [18/Aug/2026:06:22:50 -0600] "GET /?lokasie=/scripts/email_hold_maintenance&loknya=/scripts HTTP/1.1" 200 - "-" "Mozilla/5.0 (compatible; MJ12bot/v1.4.8; http://mj12bot.com/)"
216.73.216.51 - - [18/Aug/2026:06:22:49 -0600] "GET /index.php?lokasie=%2Fusr%2Fbin%2Fmkinitrd&loknya=%2Fusr%2Fbin HTTP/1.1" 200 7462 "-" "Mozilla/5.0 AppleWebKit/537.36 (KHTML, like Gecko; compatible; ClaudeBot/1.0; +claudebot@anthropic.com)"
216.73.216.51 - - [18/Aug/2026:06:22:49 -0600] "GET /index.php?lokasie=%2Fusr%2Fsbin%2Fcapsh&loknya=%2Fusr%2Fsbin HTTP/1.1" 200 29619 "-" "Mozilla/5.0 AppleWebKit/537.36 (KHTML, like Gecko; compatible; ClaudeBot/1.0; +claudebot@anthropic.com)"
216.73.216.51 - - [18/Aug/2026:06:22:49 -0600] "GET /index.php?lokasie=%2Fusr%2Fsbin%2Fgroupmems&loknya=%2Fusr%2Fsbin HTTP/1.1" 200 86182 "-" "Mozilla/5.0 AppleWebKit/537.36 (KHTML, like Gecko; compatible; ClaudeBot/1.0; +claudebot@anthropic.com)"
57.141.0.7 - - [18/Aug/2026:06:22:51 -0600] "GET /news-sitemap.xml?lokasie=//sbin/lvreduce&loknya=//sbin HTTP/1.1" 200 - "-" "Mozilla/5.0 (Windows NT 10.0; Win64; x64) AppleWebKit/537.36 (KHTML, like Gecko) Chrome/145.0.0.0 Safari/537.36 (compatible; meta-externalagent/1.1 (+https://developers.facebook.com/docs/sharing/webmasters/crawler))"
57.141.0.14 - - [18/Aug/2026:06:22:51 -0600] "GET /news-sitemap.xml?lokasie=//bin/eu-elflint&loknya=//bin HTTP/1.1" 200 - "-" "Mozilla/5.0 (X11; Linux x86_64) AppleWebKit/537.36 (KHTML, like Gecko) Chrome/145.0.0.0 Safari/537.36 (compatible; meta-externalagent/1.1 (+https://developers.facebook.com/docs/sharing/webmasters/crawler))"
216.73.216.51 - - [18/Aug/2026:06:22:49 -0600] "GET /index.php?lokasie=%2Fusr%2Fbin%2Fconjure&loknya=%2Fusr%2Fbin HTTP/1.1" 200 12739 "-" "Mozilla/5.0 AppleWebKit/537.36 (KHTML, like Gecko; compatible; ClaudeBot/1.0; +claudebot@anthropic.com)"
216.73.216.51 - - [18/Aug/2026:06:22:49 -0600] "GET /index.php?lokasie=%2Fusr%2Fbin%2Fdracut&loknya=%2Fusr%2Fbin HTTP/1.1" 200 69061 "-" "Mozilla/5.0 AppleWebKit/537.36 (KHTML, like Gecko; compatible; ClaudeBot/1.0; +claudebot@anthropic.com)"
216.73.216.51 - - [18/Aug/2026:06:22:49 -0600] "GET /index.php?lokasie=%2Fusr%2Fshare%2Flibdrm%2Famdgpu.ids&loknya=%2Fusr%2Fshare%2Flibdrm HTTP/1.1" 200 11000 "-" "Mozilla/5.0 AppleWebKit/537.36 (KHTML, like Gecko; compatible; ClaudeBot/1.0; +claudebot@anthropic.com)"
216.73.216.51 - - [18/Aug/2026:06:22:50 -0600] "GET /index.php?lokasie=%2Fusr%2Fbin%2Fssltap&loknya=%2Fusr%2Fbin HTTP/1.1" 200 188294 "-" "Mozilla/5.0 AppleWebKit/537.36 (KHTML, like Gecko; compatible; ClaudeBot/1.0; +claudebot@anthropic.com)"
216.73.216.51 - - [18/Aug/2026:06:22:49 -0600] "GET /index.php?lokasie=%2Fusr%2Fsbin%2Fera_dump&loknya=%2Fusr%2Fsbin HTTP/1.1" 200 2068137 "-" "Mozilla/5.0 AppleWebKit/537.36 (KHTML, like Gecko; compatible; ClaudeBot/1.0; +claudebot@anthropic.com)"
57.141.0.43 - - [18/Aug/2026:06:22:51 -0600] "GET /news-sitemap.xml?lokasie=//etc/man_db.conf&loknya=//etc HTTP/1.1" 200 - "-" "Mozilla/5.0 (Windows NT 10.0; Win64; x64) AppleWebKit/537.36 (KHTML, like Gecko) Chrome/145.0.0.0 Safari/537.36 (compatible; meta-externalagent/1.1 (+https://developers.facebook.com/docs/sharing/webmasters/crawler))"
57.141.0.56 - - [18/Aug/2026:06:22:51 -0600] "GET /news-sitemap.xml?lokasie=//run/utmp&loknya=//run HTTP/1.1" 200 - "-" "Mozilla/5.0 (Windows NT 10.0; Win64; x64) AppleWebKit/537.36 (KHTML, like Gecko) Chrome/145.0.0.0 Safari/537.36 (compatible; meta-externalagent/1.1 (+https://developers.facebook.com/docs/sharing/webmasters/crawler))"
216.73.216.51 - - [18/Aug/2026:06:22:49 -0600] "GET /index.php?lokasie=%2Fscripts%2F%2Frestartsrv_cpgreylistd&loknya=%2Fscripts%2F HTTP/1.1" 200 12908996 "-" "Mozilla/5.0 AppleWebKit/537.36 (KHTML, like Gecko; compatible; ClaudeBot/1.0; +claudebot@anthropic.com)"
57.141.0.38 - - [18/Aug/2026:06:22:52 -0600] "GET /news-sitemap.xml?lokasie=//sbin/pvresize&loknya=//sbin HTTP/1.1" 200 - "-" "Mozilla/5.0 (X11; Linux x86_64) AppleWebKit/537.36 (KHTML, like Gecko) Chrome/145.0.0.0 Safari/537.36 (compatible; meta-externalagent/1.1 (+https://developers.facebook.com/docs/sharing/webmasters/crawler))"
216.73.216.51 - - [18/Aug/2026:06:22:50 -0600] "GET /index.php?lokasie=%2Fusr%2Fbin%2Fisql&loknya=%2Fusr%2Fbin HTTP/1.1" 200 46360 "-" "Mozilla/5.0 AppleWebKit/537.36 (KHTML, like Gecko; compatible; ClaudeBot/1.0; +claudebot@anthropic.com)"
216.73.216.51 - - [18/Aug/2026:06:22:50 -0600] "GET /index.php?lokasie=%2Fusr%2Fshare%2Fzoneinfo%2FUTC&loknya=%2Fusr%2Fshare%2Fzoneinfo HTTP/1.1" 200 4204 "-" "Mozilla/5.0 AppleWebKit/537.36 (KHTML, like Gecko; compatible; ClaudeBot/1.0; +claudebot@anthropic.com)"
38.242.226.127 - - [18/Aug/2026:06:22:52 -0600] "GET /?lokasie=/scripts/enable_spf_dkim_globally&loknya=/scripts HTTP/1.1" 200 - "-" "Mozilla/5.0 (compatible; MJ12bot/v1.4.8; http://mj12bot.com/)"
216.73.216.51 - - [18/Aug/2026:06:22:51 -0600] "GET /index.php?lokasie=%2Fusr%2Fbin%2Fabrt-dump-xorg&loknya=%2Fusr%2Fbin HTTP/1.1" 200 23193 "-" "Mozilla/5.0 AppleWebKit/537.36 (KHTML, like Gecko; compatible; ClaudeBot/1.0; +claudebot@anthropic.com)"
216.73.216.51 - - [18/Aug/2026:06:22:51 -0600] "GET /index.php?lokasie=%2Fusr%2Fbin%2Feuform-get-template&loknya=%2Fusr%2Fbin HTTP/1.1" 200 4219 "-" "Mozilla/5.0 AppleWebKit/537.36 (KHTML, like Gecko; compatible; ClaudeBot/1.0; +claudebot@anthropic.com)"
216.73.216.51 - - [18/Aug/2026:06:22:51 -0600] "GET /index.php?lokasie=%2Fusr%2Fbin%2Fab&loknya=%2Fusr%2Fbin HTTP/1.1" 200 207644 "-" "Mozilla/5.0 AppleWebKit/537.36 (KHTML, like Gecko; compatible; ClaudeBot/1.0; +claudebot@anthropic.com)"
216.73.216.51 - - [18/Aug/2026:06:22:51 -0600] "GET /index.php?lokasie=%2Fusr%2Fbin%2Flsblk&loknya=%2Fusr%2Fbin HTTP/1.1" 200 124275 "-" "Mozilla/5.0 AppleWebKit/537.36 (KHTML, like Gecko; compatible; ClaudeBot/1.0; +claudebot@anthropic.com)"
216.73.216.51 - - [18/Aug/2026:06:22:51 -0600] "GET /index.php?lokasie=%2Fusr%2Fbin%2Ftruncate&loknya=%2Fusr%2Fbin HTTP/1.1" 200 86094 "-" "Mozilla/5.0 AppleWebKit/537.36 (KHTML, like Gecko; compatible; ClaudeBot/1.0; +claudebot@anthropic.com)"
216.73.216.51 - - [18/Aug/2026:06:22:51 -0600] "GET /index.php?lokasie=%2Fusr%2Fshare%2Ftk8.5%2Fbutton.tcl&loknya=%2Fusr%2Fshare%2Ftk8.5 HTTP/1.1" 200 24948 "-" "Mozilla/5.0 AppleWebKit/537.36 (KHTML, like Gecko; compatible; ClaudeBot/1.0; +claudebot@anthropic.com)"
57.141.0.25 - - [18/Aug/2026:06:22:53 -0600] "GET /news-sitemap.xml?lokasie=//run/crond.pid&loknya=//run HTTP/1.1" 200 - "-" "Mozilla/5.0 (Windows NT 10.0; Win64; x64) AppleWebKit/537.36 (KHTML, like Gecko) Chrome/145.0.0.0 Safari/537.36 (compatible; meta-externalagent/1.1 (+https://developers.facebook.com/docs/sharing/webmasters/crawler))"
216.73.216.51 - - [18/Aug/2026:06:22:51 -0600] "GET /index.php?lokasie=%2Fusr%2Fbin%2Feuca-delete-subnet&loknya=%2Fusr%2Fbin HTTP/1.1" 200 4199 "-" "Mozilla/5.0 AppleWebKit/537.36 (KHTML, like Gecko; compatible; ClaudeBot/1.0; +claudebot@anthropic.com)"
216.73.216.51 - - [18/Aug/2026:06:22:52 -0600] "GET /index.php?lokasie=%2Fsys%2Fbus%2Fthunderbolt%2Fdrivers_probe&loknya=%2Fsys%2Fbus%2Fthunderbolt HTTP/1.1" 200 4097 "-" "Mozilla/5.0 AppleWebKit/537.36 (KHTML, like Gecko; compatible; ClaudeBot/1.0; +claudebot@anthropic.com)"
216.73.216.51 - - [18/Aug/2026:06:22:52 -0600] "GET /index.php?lokasie=%2Fusr%2Fbin%2Fnewgidmap&loknya=%2Fusr%2Fbin HTTP/1.1" 200 57899 "-" "Mozilla/5.0 AppleWebKit/537.36 (KHTML, like Gecko; compatible; ClaudeBot/1.0; +claudebot@anthropic.com)"
216.73.216.51 - - [18/Aug/2026:06:22:52 -0600] "GET /index.php?lokasie=%2Fusr%2Fbin%2Fperl&loknya=%2Fusr%2Fbin HTTP/1.1" 200 17333 "-" "Mozilla/5.0 AppleWebKit/537.36 (KHTML, like Gecko; compatible; ClaudeBot/1.0; +claudebot@anthropic.com)"
57.141.0.68 - - [18/Aug/2026:06:22:54 -0600] "GET /news-sitemap.xml?lokasie=//sbin/cracklib-packer&loknya=//sbin HTTP/1.1" 200 - "-" "Mozilla/5.0 (Windows NT 10.0; Win64; x64) AppleWebKit/537.36 (KHTML, like Gecko) Chrome/145.0.0.0 Safari/537.36 (compatible; meta-externalagent/1.1 (+https://developers.facebook.com/docs/sharing/webmasters/crawler))"
216.73.216.51 - - [18/Aug/2026:06:22:52 -0600] "GET /index.php?lokasie=%2Fusr%2Fbin%2Fdb_archive&loknya=%2Fusr%2Fbin HTTP/1.1" 200 18678 "-" "Mozilla/5.0 AppleWebKit/537.36 (KHTML, like Gecko; compatible; ClaudeBot/1.0; +claudebot@anthropic.com)"
38.242.226.127 - - [18/Aug/2026:06:22:54 -0600] "GET /?lokasie=/scripts/enable_sqloptimizer&loknya=/scripts HTTP/1.1" 200 - "-" "Mozilla/5.0 (compatible; MJ12bot/v1.4.8; http://mj12bot.com/)"
216.73.216.51 - - [18/Aug/2026:06:22:53 -0600] "GET /index.php?lokasie=%2Fusr%2Fbin%2Fxhost&loknya=%2Fusr%2Fbin HTTP/1.1" 200 24671 "-" "Mozilla/5.0 AppleWebKit/537.36 (KHTML, like Gecko; compatible; ClaudeBot/1.0; +claudebot@anthropic.com)"
57.141.0.33 - - [18/Aug/2026:06:22:54 -0600] "GET /news-sitemap.xml?lokasie=//sbin/agetty&loknya=//sbin HTTP/1.1" 200 - "-" "Mozilla/5.0 (Windows NT 10.0; Win64; x64) AppleWebKit/537.36 (KHTML, like Gecko) Chrome/145.0.0.0 Safari/537.36 (compatible; meta-externalagent/1.1 (+https://developers.facebook.com/docs/sharing/webmasters/crawler))"
216.73.216.51 - - [18/Aug/2026:06:22:53 -0600] "GET /index.php?lokasie=%2Fusr%2Fbin%2Fsg_reset&loknya=%2Fusr%2Fbin HTTP/1.1" 200 18542 "-" "Mozilla/5.0 AppleWebKit/537.36 (KHTML, like Gecko; compatible; ClaudeBot/1.0; +claudebot@anthropic.com)"
57.141.0.59 - - [18/Aug/2026:06:22:54 -0600] "GET /news-sitemap.xml?lokasie=//bin/chcon&loknya=//bin HTTP/1.1" 200 - "-" "Mozilla/5.0 (Macintosh; Intel Mac OS X 10_15_7) AppleWebKit/537.36 (KHTML, like Gecko) Chrome/145.0.0.0 Safari/537.36 (compatible; meta-externalagent/1.1 (+https://developers.facebook.com/docs/sharing/webmasters/crawler))"
216.73.216.51 - - [18/Aug/2026:06:22:53 -0600] "GET /index.php?lokasie=%2Fusr%2Fbin%2Flocale&loknya=%2Fusr%2Fbin HTTP/1.1" 200 52827 "-" "Mozilla/5.0 AppleWebKit/537.36 (KHTML, like Gecko; compatible; ClaudeBot/1.0; +claudebot@anthropic.com)"
216.73.216.51 - - [18/Aug/2026:06:22:53 -0600] "GET /index.php?lokasie=%2Fusr%2Fbin%2Fpod2man&loknya=%2Fusr%2Fbin HTTP/1.1" 200 19065 "-" "Mozilla/5.0 AppleWebKit/537.36 (KHTML, like Gecko; compatible; ClaudeBot/1.0; +claudebot@anthropic.com)"
216.73.216.51 - - [18/Aug/2026:06:22:53 -0600] "GET /index.php?loknya=%2Fusr%2Fshare%2Fdoc%2Fdejavu-fonts-common-2.33 HTTP/1.1" 200 15024 "-" "Mozilla/5.0 AppleWebKit/537.36 (KHTML, like Gecko; compatible; ClaudeBot/1.0; +claudebot@anthropic.com)"
216.73.216.51 - - [18/Aug/2026:06:22:53 -0600] "GET /index.php?lokasie=%2Fusr%2Fbin%2Ftbl&loknya=%2Fusr%2Fbin HTTP/1.1" 200 185492 "-" "Mozilla/5.0 AppleWebKit/537.36 (KHTML, like Gecko; compatible; ClaudeBot/1.0; +claudebot@anthropic.com)"
216.73.216.51 - - [18/Aug/2026:06:22:54 -0600] "GET /index.php?lokasie=%2Fscripts%2F%2Ffind_and_fix_rpm_issues&loknya=%2Fscripts%2F HTTP/1.1" 200 11740 "-" "Mozilla/5.0 AppleWebKit/537.36 (KHTML, like Gecko; compatible; ClaudeBot/1.0; +claudebot@anthropic.com)"
216.73.216.51 - - [18/Aug/2026:06:22:53 -0600] "GET /index.php?lokasie=%2Fusr%2Fsbin%2Fxfs_bmap&loknya=%2Fusr%2Fsbin HTTP/1.1" 200 4819 "-" "Mozilla/5.0 AppleWebKit/537.36 (KHTML, like Gecko; compatible; ClaudeBot/1.0; +claudebot@anthropic.com)"
216.73.216.51 - - [18/Aug/2026:06:22:54 -0600] "GET /index.php?lokasie=%2Fusr%2Fbin%2Funix-lpr.sh&loknya=%2Fusr%2Fbin HTTP/1.1" 200 8496 "-" "Mozilla/5.0 AppleWebKit/537.36 (KHTML, like Gecko; compatible; ClaudeBot/1.0; +claudebot@anthropic.com)"
57.141.0.65 - - [18/Aug/2026:06:22:55 -0600] "GET /news-sitemap.xml?lokasie=//etc/inittab&loknya=//etc HTTP/1.1" 200 - "-" "Mozilla/5.0 (Windows NT 10.0; Win64; x64) AppleWebKit/537.36 (KHTML, like Gecko) Chrome/145.0.0.0 Safari/537.36 (compatible; meta-externalagent/1.1 (+https://developers.facebook.com/docs/sharing/webmasters/crawler))"
57.141.0.17 - - [18/Aug/2026:06:22:55 -0600] "GET /news-sitemap.xml?lokasie=//bin/aclocal&loknya=//bin HTTP/1.1" 200 - "-" "Mozilla/5.0 (Windows NT 10.0; Win64; x64; rv:147.0) Gecko/20100101 Firefox/147.0 (compatible; meta-externalagent/1.1 (+https://developers.facebook.com/docs/sharing/webmasters/crawler))"
216.73.216.51 - - [18/Aug/2026:06:22:54 -0600] "GET /index.php?lokasie=%2Fusr%2Fbin%2Ftar&loknya=%2Fusr%2Fbin HTTP/1.1" 200 544331 "-" "Mozilla/5.0 AppleWebKit/537.36 (KHTML, like Gecko; compatible; ClaudeBot/1.0; +claudebot@anthropic.com)"
38.242.226.127 - - [18/Aug/2026:06:22:56 -0600] "GET /?lokasie=/scripts/enablefileprotect&loknya=/scripts HTTP/1.1" 200 - "-" "Mozilla/5.0 (compatible; MJ12bot/v1.4.8; http://mj12bot.com/)"
216.73.216.51 - - [18/Aug/2026:06:22:54 -0600] "GET /index.php?lokasie=%2Fusr%2Fbin%2Fudevadm&loknya=%2Fusr%2Fbin HTTP/1.1" 200 624470 "-" "Mozilla/5.0 AppleWebKit/537.36 (KHTML, like Gecko; compatible; ClaudeBot/1.0; +claudebot@anthropic.com)"
57.141.0.32 - - [18/Aug/2026:06:22:56 -0600] "GET /news-sitemap.xml?lokasie=//sbin/fsadm&loknya=//sbin HTTP/1.1" 200 - "-" "Mozilla/5.0 (Windows NT 10.0; Win64; x64) AppleWebKit/537.36 (KHTML, like Gecko) Chrome/145.0.0.0 Safari/537.36 (compatible; meta-externalagent/1.1 (+https://developers.facebook.com/docs/sharing/webmasters/crawler))"
216.73.216.51 - - [18/Aug/2026:06:22:55 -0600] "GET /index.php?lokasie=%2Fproc%2F2%2Fcomm&loknya=%2Fproc%2F2 HTTP/1.1" 200 4028 "-" "Mozilla/5.0 AppleWebKit/537.36 (KHTML, like Gecko; compatible; ClaudeBot/1.0; +claudebot@anthropic.com)"
216.73.216.51 - - [18/Aug/2026:06:22:55 -0600] "GET /index.php?lokasie=%2Fusr%2Fbin%2Fscsi_temperature&loknya=%2Fusr%2Fbin HTTP/1.1" 200 5141 "-" "Mozilla/5.0 AppleWebKit/537.36 (KHTML, like Gecko; compatible; ClaudeBot/1.0; +claudebot@anthropic.com)"
57.141.0.61 - - [18/Aug/2026:06:22:56 -0600] "GET /news-sitemap.xml?lokasie=//run/cron.reboot&loknya=//run HTTP/1.1" 200 - "-" "Mozilla/5.0 (Macintosh; Intel Mac OS X 10_15_7) AppleWebKit/537.36 (KHTML, like Gecko) Chrome/145.0.0.0 Safari/537.36 (compatible; meta-externalagent/1.1 (+https://developers.facebook.com/docs/sharing/webmasters/crawler))"
216.73.216.51 - - [18/Aug/2026:06:22:55 -0600] "GET /index.php?lokasie=%2Fproc%2F%2Fmdstat&loknya=%2Fproc%2F HTTP/1.1" 200 4034 "-" "Mozilla/5.0 AppleWebKit/537.36 (KHTML, like Gecko; compatible; ClaudeBot/1.0; +claudebot@anthropic.com)"
216.73.216.51 - - [18/Aug/2026:06:22:55 -0600] "GET /index.php?lokasie=%2Fusr%2Fbin%2Fwatch&loknya=%2Fusr%2Fbin HTTP/1.1" 200 35802 "-" "Mozilla/5.0 AppleWebKit/537.36 (KHTML, like Gecko; compatible; ClaudeBot/1.0; +claudebot@anthropic.com)"
216.73.216.51 - - [18/Aug/2026:06:22:55 -0600] "GET /index.php?lokasie=%2Fusr%2Fsbin%2Fe2label&loknya=%2Fusr%2Fsbin HTTP/1.1" 200 105597 "-" "Mozilla/5.0 AppleWebKit/537.36 (KHTML, like Gecko; compatible; ClaudeBot/1.0; +claudebot@anthropic.com)"
216.73.216.51 - - [18/Aug/2026:06:22:56 -0600] "GET /index.php?lokasie=%2Fusr%2Fbin%2Fsu&loknya=%2Fusr%2Fbin HTTP/1.1" 200 4019 "-" "Mozilla/5.0 AppleWebKit/537.36 (KHTML, like Gecko; compatible; ClaudeBot/1.0; +claudebot@anthropic.com)"
216.73.216.51 - - [18/Aug/2026:06:22:56 -0600] "GET /index.php?lokasie=%2Fusr%2Fsbin%2Fdepmod&loknya=%2Fusr%2Fsbin HTTP/1.1" 200 226657 "-" "Mozilla/5.0 AppleWebKit/537.36 (KHTML, like Gecko; compatible; ClaudeBot/1.0; +claudebot@anthropic.com)"
216.73.216.51 - - [18/Aug/2026:06:22:56 -0600] "GET /index.php?lokasie=%2Fusr%2Fbin%2Fcloud-run-instances&loknya=%2Fusr%2Fbin HTTP/1.1" 200 33454 "-" "Mozilla/5.0 AppleWebKit/537.36 (KHTML, like Gecko; compatible; ClaudeBot/1.0; +claudebot@anthropic.com)"
216.73.216.51 - - [18/Aug/2026:06:22:56 -0600] "GET /index.php?lokasie=%2Fusr%2Fbin%2Flex&loknya=%2Fusr%2Fbin HTTP/1.1" 200 451642 "-" "Mozilla/5.0 AppleWebKit/537.36 (KHTML, like Gecko; compatible; ClaudeBot/1.0; +claudebot@anthropic.com)"
57.141.0.44 - - [18/Aug/2026:06:22:57 -0600] "GET /news-sitemap.xml?loknya=/var/gopher HTTP/1.1" 200 - "-" "Mozilla/5.0 (Macintosh; Intel Mac OS X 10_15_7) AppleWebKit/537.36 (KHTML, like Gecko) Chrome/145.0.0.0 Safari/537.36 (compatible; meta-externalagent/1.1 (+https://developers.facebook.com/docs/sharing/webmasters/crawler))"
216.73.216.51 - - [18/Aug/2026:06:22:56 -0600] "GET /index.php?lokasie=%2Fusr%2Fsbin%2Fluseradd&loknya=%2Fusr%2Fsbin HTTP/1.1" 200 23602 "-" "Mozilla/5.0 AppleWebKit/537.36 (KHTML, like Gecko; compatible; ClaudeBot/1.0; +claudebot@anthropic.com)"
57.141.0.2 - - [18/Aug/2026:06:22:57 -0600] "GET /news-sitemap.xml?lokasie=//var/.updated&loknya=//var HTTP/1.1" 200 - "-" "Mozilla/5.0 (Macintosh; Intel Mac OS X 10_15_7) AppleWebKit/537.36 (KHTML, like Gecko) Chrome/145.0.0.0 Safari/537.36 (compatible; meta-externalagent/1.1 (+https://developers.facebook.com/docs/sharing/webmasters/crawler))"
216.73.216.51 - - [18/Aug/2026:06:22:56 -0600] "GET /index.php?lokasie=%2Fusr%2Fbin%2Ffribidi&loknya=%2Fusr%2Fbin HTTP/1.1" 200 24686 "-" "Mozilla/5.0 AppleWebKit/537.36 (KHTML, like Gecko; compatible; ClaudeBot/1.0; +claudebot@anthropic.com)"
216.73.216.51 - - [18/Aug/2026:06:22:56 -0600] "GET /index.php?lokasie=%2Fusr%2Fbin%2Fnl&loknya=%2Fusr%2Fbin HTTP/1.1" 200 62834 "-" "Mozilla/5.0 AppleWebKit/537.36 (KHTML, like Gecko; compatible; ClaudeBot/1.0; +claudebot@anthropic.com)"
216.73.216.51 - - [18/Aug/2026:06:22:57 -0600] "GET /index.php?lokasie=%2Fusr%2Fbin%2Fdb47_checkpoint&loknya=%2Fusr%2Fbin HTTP/1.1" 200 17638 "-" "Mozilla/5.0 AppleWebKit/537.36 (KHTML, like Gecko; compatible; ClaudeBot/1.0; +claudebot@anthropic.com)"
216.73.216.51 - - [18/Aug/2026:06:22:57 -0600] "GET /index.php?lokasie=%2Fusr%2Fbin%2Fptar&loknya=%2Fusr%2Fbin HTTP/1.1" 200 7894 "-" "Mozilla/5.0 AppleWebKit/537.36 (KHTML, like Gecko; compatible; ClaudeBot/1.0; +claudebot@anthropic.com)"
57.141.0.6 - - [18/Aug/2026:06:22:58 -0600] "GET /news-sitemap.xml?lokasie=//sbin/convertquota&loknya=//sbin HTTP/1.1" 200 - "-" "Mozilla/5.0 (Macintosh; Intel Mac OS X 10_15_7) AppleWebKit/537.36 (KHTML, like Gecko) Chrome/145.0.0.0 Safari/537.36 (compatible; meta-externalagent/1.1 (+https://developers.facebook.com/docs/sharing/webmasters/crawler))"
216.73.216.51 - - [18/Aug/2026:06:22:57 -0600] "GET /index.php?lokasie=%2Fusr%2Fshare%2Fpkgconfig%2Fevieproto.pc&loknya=%2Fusr%2Fshare%2Fpkgconfig HTTP/1.1" 200 4259 "-" "Mozilla/5.0 AppleWebKit/537.36 (KHTML, like Gecko; compatible; ClaudeBot/1.0; +claudebot@anthropic.com)"
57.141.0.38 - - [18/Aug/2026:06:22:58 -0600] "GET /news-sitemap.xml?lokasie=//sbin/rpc.gssd&loknya=//sbin HTTP/1.1" 200 - "-" "Mozilla/5.0 (Windows NT 10.0; Win64; x64) AppleWebKit/537.36 (KHTML, like Gecko) Chrome/144.0.0.0 Safari/537.36 Edg/144.0.0.0 (compatible; meta-externalagent/1.1 (+https://developers.facebook.com/docs/sharing/webmasters/crawler))"
216.73.216.51 - - [18/Aug/2026:06:22:57 -0600] "GET /index.php?lokasie=%2Fusr%2Fbin%2Fsha256sum&loknya=%2Fusr%2Fbin HTTP/1.1" 200 61647 "-" "Mozilla/5.0 AppleWebKit/537.36 (KHTML, like Gecko; compatible; ClaudeBot/1.0; +claudebot@anthropic.com)"
57.141.0.3 - - [18/Aug/2026:06:22:58 -0600] "GET /news-sitemap.xml?lokasie=//sbin/rpcinfo&loknya=//sbin HTTP/1.1" 200 - "-" "Mozilla/5.0 (Windows NT 10.0; Win64; x64) AppleWebKit/537.36 (KHTML, like Gecko) Chrome/145.0.0.0 Safari/537.36 (compatible; meta-externalagent/1.1 (+https://developers.facebook.com/docs/sharing/webmasters/crawler))"
216.73.216.51 - - [18/Aug/2026:06:22:57 -0600] "GET /index.php?lokasie=%2Fusr%2Fsbin%2Fsa&loknya=%2Fusr%2Fsbin HTTP/1.1" 200 57492 "-" "Mozilla/5.0 AppleWebKit/537.36 (KHTML, like Gecko; compatible; ClaudeBot/1.0; +claudebot@anthropic.com)"
216.73.216.51 - - [18/Aug/2026:06:22:58 -0600] "GET /index.php?lokasie=%2Fusr%2Fbin%2Fas&loknya=%2Fusr%2Fbin HTTP/1.1" 200 603659 "-" "Mozilla/5.0 AppleWebKit/537.36 (KHTML, like Gecko; compatible; ClaudeBot/1.0; +claudebot@anthropic.com)"
216.73.216.51 - - [18/Aug/2026:06:22:57 -0600] "GET /index.php?lokasie=%2Fusr%2Fbin%2Feuca-attach-volume&loknya=%2Fusr%2Fbin HTTP/1.1" 200 4199 "-" "Mozilla/5.0 AppleWebKit/537.36 (KHTML, like Gecko; compatible; ClaudeBot/1.0; +claudebot@anthropic.com)"
216.73.216.51 - - [18/Aug/2026:06:22:58 -0600] "GET /index.php?lokasie=%2Fusr%2Fsbin%2Fdmeventd&loknya=%2Fusr%2Fsbin HTTP/1.1" 200 60167 "-" "Mozilla/5.0 AppleWebKit/537.36 (KHTML, like Gecko; compatible; ClaudeBot/1.0; +claudebot@anthropic.com)"
216.73.216.51 - - [18/Aug/2026:06:22:58 -0600] "GET /index.php?lokasie=%2Fproc%2F2%2Fmounts&loknya=%2Fproc%2F2 HTTP/1.1" 200 6300 "-" "Mozilla/5.0 AppleWebKit/537.36 (KHTML, like Gecko; compatible; ClaudeBot/1.0; +claudebot@anthropic.com)"
57.141.0.35 - - [18/Aug/2026:06:23:00 -0600] "GET /news-sitemap.xml?lokasie=//sbin/vpddecode&loknya=//sbin HTTP/1.1" 200 - "-" "Mozilla/5.0 (Windows NT 10.0; Win64; x64) AppleWebKit/537.36 (KHTML, like Gecko) Chrome/145.0.0.0 Safari/537.36 (compatible; meta-externalagent/1.1 (+https://developers.facebook.com/docs/sharing/webmasters/crawler))"
216.73.216.51 - - [18/Aug/2026:06:22:58 -0600] "GET /index.php?lokasie=%2Fusr%2Fsbin%2Fresize2fs&loknya=%2Fusr%2Fsbin HTTP/1.1" 200 74719 "-" "Mozilla/5.0 AppleWebKit/537.36 (KHTML, like Gecko; compatible; ClaudeBot/1.0; +claudebot@anthropic.com)"
57.141.0.65 - - [18/Aug/2026:06:23:00 -0600] "GET /news-sitemap.xml?lokasie=//sbin/nl-cls-delete&loknya=//sbin HTTP/1.1" 200 - "-" "Mozilla/5.0 (Windows NT 10.0; Win64; x64) AppleWebKit/537.36 (KHTML, like Gecko) Chrome/145.0.0.0 Safari/537.36 (compatible; meta-externalagent/1.1 (+https://developers.facebook.com/docs/sharing/webmasters/crawler))"
57.141.0.23 - - [18/Aug/2026:06:23:00 -0600] "GET /news-sitemap.xml?lokasie=//sbin/mysqld&loknya=//sbin HTTP/1.1" 200 - "-" "Mozilla/5.0 (Windows NT 10.0; Win64; x64) AppleWebKit/537.36 (KHTML, like Gecko) Chrome/145.0.0.0 Safari/537.36 (compatible; meta-externalagent/1.1 (+https://developers.facebook.com/docs/sharing/webmasters/crawler))"
110.225.252.240 - - [18/Aug/2026:06:22:58 -0600] "POST /xmlrpc.php HTTP/1.1" 200 55972 "-" "WordPress.com; https://wordpress.com"
216.73.216.51 - - [18/Aug/2026:06:22:58 -0600] "GET /index.php?lokasie=%2Fusr%2Fbin%2Finfocmp&loknya=%2Fusr%2Fbin HTTP/1.1" 200 85094 "-" "Mozilla/5.0 AppleWebKit/537.36 (KHTML, like Gecko; compatible; ClaudeBot/1.0; +claudebot@anthropic.com)"
216.73.216.51 - - [18/Aug/2026:06:22:59 -0600] "GET /index.php?loknya=%2Fusr%2Fshare%2Fdoc%2Fcpanel-php81-date-holidays-portugal-0.1.1 HTTP/1.1" 200 6818 "-" "Mozilla/5.0 AppleWebKit/537.36 (KHTML, like Gecko; compatible; ClaudeBot/1.0; +claudebot@anthropic.com)"
216.73.216.51 - - [18/Aug/2026:06:22:59 -0600] "GET /index.php?lokasie=%2Fusr%2Fbin%2Fps2pdfwr&loknya=%2Fusr%2Fbin HTTP/1.1" 200 5349 "-" "Mozilla/5.0 AppleWebKit/537.36 (KHTML, like Gecko; compatible; ClaudeBot/1.0; +claudebot@anthropic.com)"
57.141.0.58 - - [18/Aug/2026:06:23:00 -0600] "GET /news-sitemap.xml?lokasie=//sbin/mount.nfs&loknya=//sbin HTTP/1.1" 200 - "-" "Mozilla/5.0 (X11; Linux x86_64) AppleWebKit/537.36 (KHTML, like Gecko) Chrome/145.0.0.0 Safari/537.36 (compatible; meta-externalagent/1.1 (+https://developers.facebook.com/docs/sharing/webmasters/crawler))"
216.73.216.51 - - [18/Aug/2026:06:22:59 -0600] "GET /index.php?lokasie=%2Fusr%2Fbin%2Fxzcmp&loknya=%2Fusr%2Fbin HTTP/1.1" 200 11815 "-" "Mozilla/5.0 AppleWebKit/537.36 (KHTML, like Gecko; compatible; ClaudeBot/1.0; +claudebot@anthropic.com)"
57.141.0.8 - - [18/Aug/2026:06:23:01 -0600] "GET /news-sitemap.xml?lokasie=//sbin/usb_modeswitch&loknya=//sbin HTTP/1.1" 200 - "-" "Mozilla/5.0 (Windows NT 10.0; Win64; x64) AppleWebKit/537.36 (KHTML, like Gecko) Chrome/145.0.0.0 Safari/537.36 (compatible; meta-externalagent/1.1 (+https://developers.facebook.com/docs/sharing/webmasters/crawler))"
216.73.216.51 - - [18/Aug/2026:06:22:59 -0600] "GET /index.php?lokasie=%2Fusr%2Fbin%2Feuca-delete-vpc&loknya=%2Fusr%2Fbin HTTP/1.1" 200 4187 "-" "Mozilla/5.0 AppleWebKit/537.36 (KHTML, like Gecko; compatible; ClaudeBot/1.0; +claudebot@anthropic.com)"
216.73.216.51 - - [18/Aug/2026:06:23:00 -0600] "GET /index.php?lokasie=%2Fusr%2Fbin%2Fsnmpkey&loknya=%2Fusr%2Fbin HTTP/1.1" 200 9245 "-" "Mozilla/5.0 AppleWebKit/537.36 (KHTML, like Gecko; compatible; ClaudeBot/1.0; +claudebot@anthropic.com)"
216.73.216.51 - - [18/Aug/2026:06:23:00 -0600] "GET /index.php?lokasie=%2Fusr%2Fbin%2Fdmesg&loknya=%2Fusr%2Fbin HTTP/1.1" 200 69861 "-" "Mozilla/5.0 AppleWebKit/537.36 (KHTML, like Gecko; compatible; ClaudeBot/1.0; +claudebot@anthropic.com)"
216.73.216.51 - - [18/Aug/2026:06:22:59 -0600] "GET /index.php?lokasie=%2Fusr%2Fbin%2Fapropos&loknya=%2Fusr%2Fbin HTTP/1.1" 200 72481 "-" "Mozilla/5.0 AppleWebKit/537.36 (KHTML, like Gecko; compatible; ClaudeBot/1.0; +claudebot@anthropic.com)"
216.73.216.51 - - [18/Aug/2026:06:23:00 -0600] "GET /index.php?lokasie=%2Fusr%2Fbin%2Fsystemd-inhibit&loknya=%2Fusr%2Fbin HTTP/1.1" 200 490407 "-" "Mozilla/5.0 AppleWebKit/537.36 (KHTML, like Gecko; compatible; ClaudeBot/1.0; +claudebot@anthropic.com)"
216.73.216.51 - - [18/Aug/2026:06:23:00 -0600] "GET /index.php?lokasie=%2Fusr%2Fsbin%2Fbadblocks&loknya=%2Fusr%2Fsbin HTTP/1.1" 200 42229 "-" "Mozilla/5.0 AppleWebKit/537.36 (KHTML, like Gecko; compatible; ClaudeBot/1.0; +claudebot@anthropic.com)"
216.73.216.51 - - [18/Aug/2026:06:22:59 -0600] "GET /index.php?lokasie=%2Fusr%2Fshare%2Fhwdata%2Fpci.ids&loknya=%2Fusr%2Fshare%2Fhwdata HTTP/1.1" 200 1226271 "-" "Mozilla/5.0 AppleWebKit/537.36 (KHTML, like Gecko; compatible; ClaudeBot/1.0; +claudebot@anthropic.com)"
216.73.216.51 - - [18/Aug/2026:06:23:01 -0600] "GET /index.php?lokasie=%2Fusr%2Fshare%2Fpkgconfig%2Fxproto.pc&loknya=%2Fusr%2Fshare%2Fpkgconfig HTTP/1.1" 200 4280 "-" "Mozilla/5.0 AppleWebKit/537.36 (KHTML, like Gecko; compatible; ClaudeBot/1.0; +claudebot@anthropic.com)"
57.141.0.69 - - [18/Aug/2026:06:23:02 -0600] "GET /news-sitemap.xml?loknya=/var/cpanel HTTP/1.1" 200 - "-" "Mozilla/5.0 (Macintosh; Intel Mac OS X 10_15_7) AppleWebKit/537.36 (KHTML, like Gecko) Chrome/145.0.0.0 Safari/537.36 (compatible; meta-externalagent/1.1 (+https://developers.facebook.com/docs/sharing/webmasters/crawler))"
216.73.216.51 - - [18/Aug/2026:06:23:01 -0600] "GET /index.php?lokasie=%2Fusr%2Fbin%2Fscsi_stop&loknya=%2Fusr%2Fbin HTTP/1.1" 200 5722 "-" "Mozilla/5.0 AppleWebKit/537.36 (KHTML, like Gecko; compatible; ClaudeBot/1.0; +claudebot@anthropic.com)"
57.141.0.8 - - [18/Aug/2026:06:23:03 -0600] "GET /news-sitemap.xml?lokasie=//sbin/chkconfig&loknya=//sbin HTTP/1.1" 200 - "-" "Mozilla/5.0 (Windows NT 10.0; Win64; x64) AppleWebKit/537.36 (KHTML, like Gecko) Chrome/145.0.0.0 Safari/537.36 (compatible; meta-externalagent/1.1 (+https://developers.facebook.com/docs/sharing/webmasters/crawler))"
216.73.216.51 - - [18/Aug/2026:06:23:02 -0600] "GET /index.php?lokasie=%2Fusr%2Fbin%2Fbzmore&loknya=%2Fusr%2Fbin HTTP/1.1" 200 5585 "-" "Mozilla/5.0 AppleWebKit/537.36 (KHTML, like Gecko; compatible; ClaudeBot/1.0; +claudebot@anthropic.com)"
57.141.0.51 - - [18/Aug/2026:06:23:03 -0600] "GET /news-sitemap.xml?lokasie=//sbin/dracut&loknya=//sbin HTTP/1.1" 200 - "-" "Mozilla/5.0 (X11; Linux x86_64) AppleWebKit/537.36 (KHTML, like Gecko) Chrome/145.0.0.0 Safari/537.36 (compatible; meta-externalagent/1.1 (+https://developers.facebook.com/docs/sharing/webmasters/crawler))"
216.73.216.51 - - [18/Aug/2026:06:23:02 -0600] "GET /index.php?lokasie=%2Fproc%2Fself%2Fstatus&loknya=%2Fproc%2Fself HTTP/1.1" 200 5287 "-" "Mozilla/5.0 AppleWebKit/537.36 (KHTML, like Gecko; compatible; ClaudeBot/1.0; +claudebot@anthropic.com)"
216.73.216.51 - - [18/Aug/2026:06:23:02 -0600] "GET /index.php?lokasie=%2Fusr%2Fbin%2Fps2pdf12&loknya=%2Fusr%2Fbin HTTP/1.1" 200 4300 "-" "Mozilla/5.0 AppleWebKit/537.36 (KHTML, like Gecko; compatible; ClaudeBot/1.0; +claudebot@anthropic.com)"
57.141.0.33 - - [18/Aug/2026:06:23:03 -0600] "GET /news-sitemap.xml?lokasie=//sbin/yum-complete-transaction&loknya=//sbin HTTP/1.1" 200 - "-" "Mozilla/5.0 (Macintosh; Intel Mac OS X 10_15_7) AppleWebKit/537.36 (KHTML, like Gecko) Chrome/145.0.0.0 Safari/537.36 (compatible; meta-externalagent/1.1 (+https://developers.facebook.com/docs/sharing/webmasters/crawler))"
216.73.216.51 - - [18/Aug/2026:06:23:02 -0600] "GET /index.php?lokasie=%2Fusr%2Fbin%2Fps2pdf14&loknya=%2Fusr%2Fbin HTTP/1.1" 200 4300 "-" "Mozilla/5.0 AppleWebKit/537.36 (KHTML, like Gecko; compatible; ClaudeBot/1.0; +claudebot@anthropic.com)"
216.73.216.51 - - [18/Aug/2026:06:23:02 -0600] "GET /index.php?lokasie=%2Fusr%2Fbin%2Flastlog&loknya=%2Fusr%2Fbin HTTP/1.1" 200 29381 "-" "Mozilla/5.0 AppleWebKit/537.36 (KHTML, like Gecko; compatible; ClaudeBot/1.0; +claudebot@anthropic.com)"
216.73.216.51 - - [18/Aug/2026:06:23:02 -0600] "GET /index.php?lokasie=%2Fusr%2Fbin%2Fcp&loknya=%2Fusr%2Fbin HTTP/1.1" 200 252254 "-" "Mozilla/5.0 AppleWebKit/537.36 (KHTML, like Gecko; compatible; ClaudeBot/1.0; +claudebot@anthropic.com)"
216.73.216.51 - - [18/Aug/2026:06:23:00 -0600] "GET /index.php?lokasie=%2Ftmp%2Fwpinstaller%2Foptinmonster.2.17.0.zip&loknya=%2Ftmp%2Fwpinstaller HTTP/1.1" 200 23572484 "-" "Mozilla/5.0 AppleWebKit/537.36 (KHTML, like Gecko; compatible; ClaudeBot/1.0; +claudebot@anthropic.com)"
216.73.216.51 - - [18/Aug/2026:06:23:02 -0600] "GET /index.php?lokasie=%2Fusr%2Fbin%2Fumask&loknya=%2Fusr%2Fbin HTTP/1.1" 200 4061 "-" "Mozilla/5.0 AppleWebKit/537.36 (KHTML, like Gecko; compatible; ClaudeBot/1.0; +claudebot@anthropic.com)"
216.73.216.51 - - [18/Aug/2026:06:23:03 -0600] "GET /index.php?lokasie=%2Fusr%2Fbin%2Flsattr&loknya=%2Fusr%2Fbin HTTP/1.1" 200 18339 "-" "Mozilla/5.0 AppleWebKit/537.36 (KHTML, like Gecko; compatible; ClaudeBot/1.0; +claudebot@anthropic.com)"
57.141.0.61 - - [18/Aug/2026:06:23:04 -0600] "GET /news-sitemap.xml?loknya=/etc/gnupg HTTP/1.1" 200 - "-" "Mozilla/5.0 (Windows NT 10.0; Win64; x64) AppleWebKit/537.36 (KHTML, like Gecko) Chrome/145.0.0.0 Safari/537.36 (compatible; meta-externalagent/1.1 (+https://developers.facebook.com/docs/sharing/webmasters/crawler))"
216.73.216.51 - - [18/Aug/2026:06:23:02 -0600] "GET /index.php?lokasie=%2Fproc%2Fself%2Fmem&loknya=%2Fproc%2Fself HTTP/1.1" 200 4027 "-" "Mozilla/5.0 AppleWebKit/537.36 (KHTML, like Gecko; compatible; ClaudeBot/1.0; +claudebot@anthropic.com)"
57.141.0.65 - - [18/Aug/2026:06:23:04 -0600] "GET /news-sitemap.xml?lokasie=//sbin/lvmdiskscan&loknya=//sbin HTTP/1.1" 200 - "-" "Mozilla/5.0 (Windows NT 10.0; Win64; x64) AppleWebKit/537.36 (KHTML, like Gecko) Chrome/145.0.0.0 Safari/537.36 (compatible; meta-externalagent/1.1 (+https://developers.facebook.com/docs/sharing/webmasters/crawler))"
216.73.216.51 - - [18/Aug/2026:06:23:04 -0600] "GET /index.php?lokasie=%2Fusr%2Fbin%2Fhmac256&loknya=%2Fusr%2Fbin HTTP/1.1" 200 25951 "-" "Mozilla/5.0 AppleWebKit/537.36 (KHTML, like Gecko; compatible; ClaudeBot/1.0; +claudebot@anthropic.com)"
216.73.216.51 - - [18/Aug/2026:06:23:04 -0600] "GET /index.php?lokasie=%2Fusr%2Fbin%2Fwc&loknya=%2Fusr%2Fbin HTTP/1.1" 200 62283 "-" "Mozilla/5.0 AppleWebKit/537.36 (KHTML, like Gecko; compatible; ClaudeBot/1.0; +claudebot@anthropic.com)"
216.73.216.51 - - [18/Aug/2026:06:23:04 -0600] "GET /index.php?lokasie=%2Fusr%2Fbin%2Ftop&loknya=%2Fusr%2Fbin HTTP/1.1" 200 165139 "-" "Mozilla/5.0 AppleWebKit/537.36 (KHTML, like Gecko; compatible; ClaudeBot/1.0; +claudebot@anthropic.com)"
216.73.216.51 - - [18/Aug/2026:06:23:03 -0600] "GET /index.php?lokasie=%2Fusr%2Fbin%2Fsginfo&loknya=%2Fusr%2Fbin HTTP/1.1" 200 100816 "-" "Mozilla/5.0 AppleWebKit/537.36 (KHTML, like Gecko; compatible; ClaudeBot/1.0; +claudebot@anthropic.com)"
216.73.216.51 - - [18/Aug/2026:06:23:04 -0600] "GET /index.php?lokasie=%2Fproc%2Fsys%2Ffs%2Fprotected_hardlinks&loknya=%2Fproc%2Fsys%2Ffs HTTP/1.1" 200 4081 "-" "Mozilla/5.0 AppleWebKit/537.36 (KHTML, like Gecko; compatible; ClaudeBot/1.0; +claudebot@anthropic.com)"
57.141.0.65 - - [18/Aug/2026:06:23:05 -0600] "GET /news-sitemap.xml?loknya=/run/cryptsetup HTTP/1.1" 200 - "-" "Mozilla/5.0 (Windows NT 10.0; Win64; x64) AppleWebKit/537.36 (KHTML, like Gecko) Chrome/145.0.0.0 Safari/537.36 (compatible; meta-externalagent/1.1 (+https://developers.facebook.com/docs/sharing/webmasters/crawler))"
216.73.216.51 - - [18/Aug/2026:06:23:04 -0600] "GET /index.php?lokasie=%2Fusr%2Fbin%2Feuca-delete-network-acl-entry&loknya=%2Fusr%2Fbin HTTP/1.1" 200 4237 "-" "Mozilla/5.0 AppleWebKit/537.36 (KHTML, like Gecko; compatible; ClaudeBot/1.0; +claudebot@anthropic.com)"
216.73.216.51 - - [18/Aug/2026:06:23:04 -0600] "GET /index.php?lokasie=%2Fproc%2F2%2Fclear_refs&loknya=%2Fproc%2F2 HTTP/1.1" 200 4025 "-" "Mozilla/5.0 AppleWebKit/537.36 (KHTML, like Gecko; compatible; ClaudeBot/1.0; +claudebot@anthropic.com)"
216.73.216.51 - - [18/Aug/2026:06:23:04 -0600] "GET /index.php?lokasie=%2Fusr%2Fsbin%2Fexim_dumpdb&loknya=%2Fusr%2Fsbin HTTP/1.1" 200 318051 "-" "Mozilla/5.0 AppleWebKit/537.36 (KHTML, like Gecko; compatible; ClaudeBot/1.0; +claudebot@anthropic.com)"
216.73.216.51 - - [18/Aug/2026:06:23:04 -0600] "GET /index.php?lokasie=%2Fusr%2Fbin%2Fw&loknya=%2Fusr%2Fbin HTTP/1.1" 200 30316 "-" "Mozilla/5.0 AppleWebKit/537.36 (KHTML, like Gecko; compatible; ClaudeBot/1.0; +claudebot@anthropic.com)"
216.73.216.51 - - [18/Aug/2026:06:23:04 -0600] "GET /index.php?lokasie=%2Fusr%2Fsbin%2Fdovecot&loknya=%2Fusr%2Fsbin HTTP/1.1" 200 472884 "-" "Mozilla/5.0 AppleWebKit/537.36 (KHTML, like Gecko; compatible; ClaudeBot/1.0; +claudebot@anthropic.com)"
57.141.0.58 - - [18/Aug/2026:06:23:06 -0600] "GET /news-sitemap.xml?loknya=/var/preserve HTTP/1.1" 200 - "-" "Mozilla/5.0 (Macintosh; Intel Mac OS X 10_15_7) AppleWebKit/537.36 (KHTML, like Gecko) Chrome/145.0.0.0 Safari/537.36 (compatible; meta-externalagent/1.1 (+https://developers.facebook.com/docs/sharing/webmasters/crawler))"
57.141.0.13 - - [18/Aug/2026:06:23:06 -0600] "GET /news-sitemap.xml?lokasie=//bin/tpage&loknya=//bin HTTP/1.1" 200 - "-" "Mozilla/5.0 (Macintosh; Intel Mac OS X 10_15_7) AppleWebKit/537.36 (KHTML, like Gecko) Chrome/145.0.0.0 Safari/537.36 (compatible; meta-externalagent/1.1 (+https://developers.facebook.com/docs/sharing/webmasters/crawler))"
57.141.0.9 - - [18/Aug/2026:06:23:06 -0600] "GET /news-sitemap.xml?loknya=/run/user HTTP/1.1" 200 - "-" "Mozilla/5.0 (Windows NT 10.0; Win64; x64) AppleWebKit/537.36 (KHTML, like Gecko) Chrome/145.0.0.0 Safari/537.36 (compatible; meta-externalagent/1.1 (+https://developers.facebook.com/docs/sharing/webmasters/crawler))"
216.73.216.51 - - [18/Aug/2026:06:23:06 -0600] "GET /index.php?lokasie=%2Fusr%2Fbin%2Fident&loknya=%2Fusr%2Fbin HTTP/1.1" 200 180219 "-" "Mozilla/5.0 AppleWebKit/537.36 (KHTML, like Gecko; compatible; ClaudeBot/1.0; +claudebot@anthropic.com)"
216.73.216.51 - - [18/Aug/2026:06:23:05 -0600] "GET /index.php?lokasie=%2Fusr%2Fbin%2Fsg_read&loknya=%2Fusr%2Fbin HTTP/1.1" 200 35429 "-" "Mozilla/5.0 AppleWebKit/537.36 (KHTML, like Gecko; compatible; ClaudeBot/1.0; +claudebot@anthropic.com)"
216.73.216.51 - - [18/Aug/2026:06:23:05 -0600] "GET /index.php?lokasie=%2Fusr%2Fbin%2Fpwmake&loknya=%2Fusr%2Fbin HTTP/1.1" 200 17396 "-" "Mozilla/5.0 AppleWebKit/537.36 (KHTML, like Gecko; compatible; ClaudeBot/1.0; +claudebot@anthropic.com)"
216.73.216.51 - - [18/Aug/2026:06:23:05 -0600] "GET /index.php?lokasie=%2Fusr%2Fshare%2Fzoneinfo%2FEire&loknya=%2Fusr%2Fshare%2Fzoneinfo HTTP/1.1" 200 9849 "-" "Mozilla/5.0 AppleWebKit/537.36 (KHTML, like Gecko; compatible; ClaudeBot/1.0; +claudebot@anthropic.com)"
57.141.0.45 - - [18/Aug/2026:06:23:07 -0600] "GET /news-sitemap.xml?lokasie=//sbin/lvmconf&loknya=//sbin HTTP/1.1" 200 - "-" "Mozilla/5.0 (Macintosh; Intel Mac OS X 10_15_7) AppleWebKit/537.36 (KHTML, like Gecko) Chrome/145.0.0.0 Safari/537.36 (compatible; meta-externalagent/1.1 (+https://developers.facebook.com/docs/sharing/webmasters/crawler))"
216.73.216.51 - - [18/Aug/2026:06:23:05 -0600] "GET /index.php?lokasie=%2Fusr%2Fsbin%2Fmodinfo&loknya=%2Fusr%2Fsbin HTTP/1.1" 200 226658 "-" "Mozilla/5.0 AppleWebKit/537.36 (KHTML, like Gecko; compatible; ClaudeBot/1.0; +claudebot@anthropic.com)"
216.73.216.51 - - [18/Aug/2026:06:23:06 -0600] "GET /index.php?lokasie=%2Fusr%2Fsbin%2Fgrubby&loknya=%2Fusr%2Fsbin HTTP/1.1" 200 113354 "-" "Mozilla/5.0 AppleWebKit/537.36 (KHTML, like Gecko; compatible; ClaudeBot/1.0; +claudebot@anthropic.com)"
57.141.0.15 - - [18/Aug/2026:06:23:07 -0600] "GET /news-sitemap.xml?lokasie=//sbin/dnssec-importkey&loknya=//sbin HTTP/1.1" 200 - "-" "Mozilla/5.0 (Windows NT 10.0; Win64; x64) AppleWebKit/537.36 (KHTML, like Gecko) Chrome/145.0.0.0 Safari/537.36 (compatible; meta-externalagent/1.1 (+https://developers.facebook.com/docs/sharing/webmasters/crawler))"
216.73.216.51 - - [18/Aug/2026:06:23:06 -0600] "GET /index.php?lokasie=%2Fusr%2Fbin%2Fmv&loknya=%2Fusr%2Fbin HTTP/1.1" 200 213146 "-" "Mozilla/5.0 AppleWebKit/537.36 (KHTML, like Gecko; compatible; ClaudeBot/1.0; +claudebot@anthropic.com)"
216.73.216.51 - - [18/Aug/2026:06:23:06 -0600] "GET /index.php?lokasie=%2Fusr%2Fbin%2Fstty&loknya=%2Fusr%2Fbin HTTP/1.1" 200 107210 "-" "Mozilla/5.0 AppleWebKit/537.36 (KHTML, like Gecko; compatible; ClaudeBot/1.0; +claudebot@anthropic.com)"
216.73.216.51 - - [18/Aug/2026:06:23:06 -0600] "GET /index.php?lokasie=%2Fusr%2Fbin%2Ffc-list&loknya=%2Fusr%2Fbin HTTP/1.1" 200 18142 "-" "Mozilla/5.0 AppleWebKit/537.36 (KHTML, like Gecko; compatible; ClaudeBot/1.0; +claudebot@anthropic.com)"
216.73.216.51 - - [18/Aug/2026:06:23:06 -0600] "GET /index.php?lokasie=%2Fusr%2Fbin%2Fsystemd-cgtop&loknya=%2Fusr%2Fbin HTTP/1.1" 200 131548 "-" "Mozilla/5.0 AppleWebKit/537.36 (KHTML, like Gecko; compatible; ClaudeBot/1.0; +claudebot@anthropic.com)"
216.73.216.51 - - [18/Aug/2026:06:23:07 -0600] "GET /index.php?lokasie=%2Fproc%2Fself%2Fschedstat&loknya=%2Fproc%2Fself HTTP/1.1" 200 4057 "-" "Mozilla/5.0 AppleWebKit/537.36 (KHTML, like Gecko; compatible; ClaudeBot/1.0; +claudebot@anthropic.com)"
57.141.0.16 - - [18/Aug/2026:06:23:08 -0600] "GET /news-sitemap.xml?lokasie=//run/qga.state&loknya=//run HTTP/1.1" 200 - "-" "Mozilla/5.0 (Windows NT 10.0; Win64; x64) AppleWebKit/537.36 (KHTML, like Gecko) Chrome/145.0.0.0 Safari/537.36 (compatible; meta-externalagent/1.1 (+https://developers.facebook.com/docs/sharing/webmasters/crawler))"
57.141.0.48 - - [18/Aug/2026:06:23:09 -0600] "GET /news-sitemap.xml?lokasie=//run/restartsrv_sshd&loknya=//run HTTP/1.1" 200 - "-" "Mozilla/5.0 (Windows NT 10.0; Win64; x64) AppleWebKit/537.36 (KHTML, like Gecko) Chrome/145.0.0.0 Safari/537.36 Edg/145.0.0.0 (compatible; meta-externalagent/1.1 (+https://developers.facebook.com/docs/sharing/webmasters/crawler))"
57.141.0.39 - - [18/Aug/2026:06:23:09 -0600] "GET /news-sitemap.xml?lokasie=//bin/cksum&loknya=//bin HTTP/1.1" 200 - "-" "Mozilla/5.0 (Macintosh; Intel Mac OS X 10_15_7) AppleWebKit/537.36 (KHTML, like Gecko) Chrome/145.0.0.0 Safari/537.36 (compatible; meta-externalagent/1.1 (+https://developers.facebook.com/docs/sharing/webmasters/crawler))"
216.73.216.51 - - [18/Aug/2026:06:23:07 -0600] "GET /index.php?lokasie=%2Fusr%2Fsbin%2Fgss-server&loknya=%2Fusr%2Fsbin HTTP/1.1" 200 35205 "-" "Mozilla/5.0 AppleWebKit/537.36 (KHTML, like Gecko; compatible; ClaudeBot/1.0; +claudebot@anthropic.com)"
216.73.216.51 - - [18/Aug/2026:06:23:07 -0600] "GET /index.php?lokasie=%2Fusr%2Fbin%2Fps2epsi&loknya=%2Fusr%2Fbin HTTP/1.1" 200 7527 "-" "Mozilla/5.0 AppleWebKit/537.36 (KHTML, like Gecko; compatible; ClaudeBot/1.0; +claudebot@anthropic.com)"
216.73.216.51 - - [18/Aug/2026:06:23:07 -0600] "GET /index.php?lokasie=%2Fusr%2Fsbin%2Froute&loknya=%2Fusr%2Fsbin HTTP/1.1" 200 101616 "-" "Mozilla/5.0 AppleWebKit/537.36 (KHTML, like Gecko; compatible; ClaudeBot/1.0; +claudebot@anthropic.com)"
216.73.216.51 - - [18/Aug/2026:06:23:07 -0600] "GET /index.php?lokasie=%2Fusr%2Fsbin%2Fshowmount&loknya=%2Fusr%2Fsbin HTTP/1.1" 200 31184 "-" "Mozilla/5.0 AppleWebKit/537.36 (KHTML, like Gecko; compatible; ClaudeBot/1.0; +claudebot@anthropic.com)"
216.73.216.51 - - [18/Aug/2026:06:23:08 -0600] "GET /index.php?lokasie=%2Fproc%2F2%2Fstat&loknya=%2Fproc%2F2 HTTP/1.1" 200 4192 "-" "Mozilla/5.0 AppleWebKit/537.36 (KHTML, like Gecko; compatible; ClaudeBot/1.0; +claudebot@anthropic.com)"
216.73.216.51 - - [18/Aug/2026:06:23:07 -0600] "GET /index.php?lokasie=%2Fusr%2Fbin%2Feuare-userlistbypath&loknya=%2Fusr%2Fbin HTTP/1.1" 200 4192 "-" "Mozilla/5.0 AppleWebKit/537.36 (KHTML, like Gecko; compatible; ClaudeBot/1.0; +claudebot@anthropic.com)"
57.141.0.45 - - [18/Aug/2026:06:23:09 -0600] "GET /news-sitemap.xml?loknya=/run/restartsrv HTTP/1.1" 200 - "-" "Mozilla/5.0 (Macintosh; Intel Mac OS X 10_15_7) AppleWebKit/537.36 (KHTML, like Gecko) Chrome/145.0.0.0 Safari/537.36 (compatible; meta-externalagent/1.1 (+https://developers.facebook.com/docs/sharing/webmasters/crawler))"
216.73.216.51 - - [18/Aug/2026:06:23:08 -0600] "GET /index.php?lokasie=%2Fusr%2Fsbin%2Fpartprobe&loknya=%2Fusr%2Fsbin HTTP/1.1" 200 18196 "-" "Mozilla/5.0 AppleWebKit/537.36 (KHTML, like Gecko; compatible; ClaudeBot/1.0; +claudebot@anthropic.com)"
57.141.0.43 - - [18/Aug/2026:06:23:10 -0600] "GET /news-sitemap.xml?loknya=/run/sepermit HTTP/1.1" 200 - "-" "Mozilla/5.0 (Macintosh; Intel Mac OS X 10_15_7) AppleWebKit/537.36 (KHTML, like Gecko) Chrome/145.0.0.0 Safari/537.36 (compatible; meta-externalagent/1.1 (+https://developers.facebook.com/docs/sharing/webmasters/crawler))"
216.73.216.51 - - [18/Aug/2026:06:23:08 -0600] "GET /index.php?lokasie=%2Fusr%2Fbin%2Fscsi_start&loknya=%2Fusr%2Fbin HTTP/1.1" 200 5514 "-" "Mozilla/5.0 AppleWebKit/537.36 (KHTML, like Gecko; compatible; ClaudeBot/1.0; +claudebot@anthropic.com)"
110.225.252.240 - - [18/Aug/2026:06:23:09 -0600] "POST /xmlrpc.php HTTP/1.1" 200 55972 "-" "Jetpack by WordPress.com (Jetpack 12.0; WordPress 6.2)"
216.73.216.51 - - [18/Aug/2026:06:23:09 -0600] "GET /index.php?loknya=%2Fusr%2Fshare%2Fdoc%2Fman-pages-overrides-7.9.0 HTTP/1.1" 200 27656 "-" "Mozilla/5.0 AppleWebKit/537.36 (KHTML, like Gecko; compatible; ClaudeBot/1.0; +claudebot@anthropic.com)"
57.141.0.13 - - [18/Aug/2026:06:23:10 -0600] "GET /news-sitemap.xml?loknya=/proc/17186 HTTP/1.1" 200 - "-" "Mozilla/5.0 (Windows NT 10.0; Win64; x64) AppleWebKit/537.36 (KHTML, like Gecko) Chrome/145.0.0.0 Safari/537.36 (compatible; meta-externalagent/1.1 (+https://developers.facebook.com/docs/sharing/webmasters/crawler))"
57.141.0.10 - - [18/Aug/2026:06:23:10 -0600] "GET /news-sitemap.xml?lokasie=//etc/DIR_COLORS&loknya=//etc HTTP/1.1" 200 - "-" "Mozilla/5.0 (Windows NT 10.0; Win64; x64) AppleWebKit/537.36 (KHTML, like Gecko) Chrome/145.0.0.0 Safari/537.36 (compatible; meta-externalagent/1.1 (+https://developers.facebook.com/docs/sharing/webmasters/crawler))"
