216.73.216.247 - - [18/Aug/2026:06:28:01 -0600] "GET /index.php?lokasie=%2Fproc%2F14321%2Foom_adj&loknya=%2Fproc%2F14321 HTTP/1.1" 200 4035 "-" "Mozilla/5.0 AppleWebKit/537.36 (KHTML, like Gecko; compatible; ClaudeBot/1.0; +claudebot@anthropic.com)"
216.73.216.247 - - [18/Aug/2026:06:28:02 -0600] "GET /index.php?lokasie=%2Flib64%2F%2Flibwebp.so.4.0.2&loknya=%2Flib64%2F HTTP/1.1" 200 514397 "-" "Mozilla/5.0 AppleWebKit/537.36 (KHTML, like Gecko; compatible; ClaudeBot/1.0; +claudebot@anthropic.com)"
216.73.216.247 - - [18/Aug/2026:06:28:02 -0600] "GET /index.php?lokasie=%2Fproc%2F9314%2Fnuma_maps&loknya=%2Fproc%2F9314 HTTP/1.1" 200 4034 "-" "Mozilla/5.0 AppleWebKit/537.36 (KHTML, like Gecko; compatible; ClaudeBot/1.0; +claudebot@anthropic.com)"
216.73.216.247 - - [18/Aug/2026:06:28:02 -0600] "GET /index.php?lokasie=%2Flib64%2F%2FlibGL.so.1&loknya=%2Flib64%2F HTTP/1.1" 200 714580 "-" "Mozilla/5.0 AppleWebKit/537.36 (KHTML, like Gecko; compatible; ClaudeBot/1.0; +claudebot@anthropic.com)"
57.141.0.33 - - [18/Aug/2026:06:28:03 -0600] "GET /news-sitemap.xml?loknya=/home/swansondentalgro/public_html/wp-content/plugins/genesis-blocks/lib/Settings/views/admin/ HTTP/1.1" 200 - "-" "Mozilla/5.0 (Windows NT 10.0; Win64; x64) AppleWebKit/537.36 (KHTML, like Gecko) Chrome/145.0.0.0 Safari/537.36 (compatible; meta-externalagent/1.1 (+https://developers.facebook.com/docs/sharing/webmasters/crawler))"
216.73.216.247 - - [18/Aug/2026:06:28:02 -0600] "GET /index.php?lokasie=%2Fproc%2Firq%2F49%2Fsmp_affinity&loknya=%2Fproc%2Firq%2F49 HTTP/1.1" 200 4075 "-" "Mozilla/5.0 AppleWebKit/537.36 (KHTML, like Gecko; compatible; ClaudeBot/1.0; +claudebot@anthropic.com)"
57.141.0.26 - - [18/Aug/2026:06:28:04 -0600] "GET /news-sitemap.xml?lokasie=/home/swansondentalgro/public_html/wp-content/plugins/genesis-blocks/lib/Migration/js//jest.config.js&loknya=/home/swansondentalgro/public_html/wp-content/plugins/genesis-blocks/lib/Migration/js/ HTTP/1.1" 200 - "-" "Mozilla/5.0 (Macintosh; Intel Mac OS X 10_15_7) AppleWebKit/537.36 (KHTML, like Gecko) Chrome/145.0.0.0 Safari/537.36 (compatible; meta-externalagent/1.1 (+https://developers.facebook.com/docs/sharing/webmasters/crawler))"
216.73.216.247 - - [18/Aug/2026:06:28:03 -0600] "GET /index.php?lokasie=%2Flib%2Fyum-plugins%2Flangpacks.pyc&loknya=%2Flib%2Fyum-plugins HTTP/1.1" 200 31363 "-" "Mozilla/5.0 AppleWebKit/537.36 (KHTML, like Gecko; compatible; ClaudeBot/1.0; +claudebot@anthropic.com)"
57.141.0.60 - - [18/Aug/2026:06:28:04 -0600] "GET /news-sitemap.xml?lokasie=/home/swansondentalgro/public_html/wp-content/plugins/pods/ui/js/selectWoo//selectWoo.min.css&loknya=/home/swansondentalgro/public_html/wp-content/plugins/pods/ui/js/selectWoo/ HTTP/1.1" 200 - "-" "Mozilla/5.0 (Macintosh; Intel Mac OS X 10_15_7) AppleWebKit/537.36 (KHTML, like Gecko) Chrome/145.0.0.0 Safari/537.36 (compatible; meta-externalagent/1.1 (+https://developers.facebook.com/docs/sharing/webmasters/crawler))"
216.73.216.247 - - [18/Aug/2026:06:28:02 -0600] "GET /index.php?lokasie=%2Flib64%2F%2Flibnl-cli-3.so.200.23.0&loknya=%2Flib64%2F HTTP/1.1" 200 62623 "-" "Mozilla/5.0 AppleWebKit/537.36 (KHTML, like Gecko; compatible; ClaudeBot/1.0; +claudebot@anthropic.com)"
216.73.216.247 - - [18/Aug/2026:06:28:03 -0600] "GET /index.php?lokasie=%2Fproc%2F740%2Fauxv&loknya=%2Fproc%2F740 HTTP/1.1" 200 4026 "-" "Mozilla/5.0 AppleWebKit/537.36 (KHTML, like Gecko; compatible; ClaudeBot/1.0; +claudebot@anthropic.com)"
216.73.216.247 - - [18/Aug/2026:06:28:03 -0600] "GET /index.php?lokasie=%2Fproc%2Firq%2F60%2Fsmp_affinity&loknya=%2Fproc%2Firq%2F60 HTTP/1.1" 200 4075 "-" "Mozilla/5.0 AppleWebKit/537.36 (KHTML, like Gecko; compatible; ClaudeBot/1.0; +claudebot@anthropic.com)"
216.73.216.247 - - [18/Aug/2026:06:28:03 -0600] "GET /index.php?lokasie=%2Fproc%2F15513%2Fenviron&loknya=%2Fproc%2F15513 HTTP/1.1" 200 4035 "-" "Mozilla/5.0 AppleWebKit/537.36 (KHTML, like Gecko; compatible; ClaudeBot/1.0; +claudebot@anthropic.com)"
216.73.216.247 - - [18/Aug/2026:06:28:03 -0600] "GET /index.php?lokasie=%2Flib64%2F%2Flibxcb-render.so&loknya=%2Flib64%2F HTTP/1.1" 200 77184 "-" "Mozilla/5.0 AppleWebKit/537.36 (KHTML, like Gecko; compatible; ClaudeBot/1.0; +claudebot@anthropic.com)"
216.73.216.247 - - [18/Aug/2026:06:28:04 -0600] "GET /index.php?lokasie=%2Flib64%2F%2Flibsystemd.so.0.6.0&loknya=%2Flib64%2F HTTP/1.1" 200 313733 "-" "Mozilla/5.0 AppleWebKit/537.36 (KHTML, like Gecko; compatible; ClaudeBot/1.0; +claudebot@anthropic.com)"
57.141.0.28 - - [18/Aug/2026:06:28:05 -0600] "GET /news-sitemap.xml?lokasie=/home/swansondentalgro/public_html/wp-content/plugins/pods/ui/js/selectWoo//selectWoo.min.js&loknya=/home/swansondentalgro/public_html/wp-content/plugins/pods/ui/js/selectWoo/ HTTP/1.1" 200 - "-" "Mozilla/5.0 (Windows NT 10.0; Win64; x64) AppleWebKit/537.36 (KHTML, like Gecko) Chrome/145.0.0.0 Safari/537.36 (compatible; meta-externalagent/1.1 (+https://developers.facebook.com/docs/sharing/webmasters/crawler))"
216.73.216.247 - - [18/Aug/2026:06:28:04 -0600] "GET /index.php?lokasie=%2Fproc%2F26%2Fautogroup&loknya=%2Fproc%2F26 HTTP/1.1" 200 4028 "-" "Mozilla/5.0 AppleWebKit/537.36 (KHTML, like Gecko; compatible; ClaudeBot/1.0; +claudebot@anthropic.com)"
216.73.216.247 - - [18/Aug/2026:06:28:04 -0600] "GET /index.php?lokasie=%2Flib%2Fsystemd%2Fsystem-preset%2F99-default-disable.preset&loknya=%2Flib%2Fsystemd%2Fsystem-preset HTTP/1.1" 200 4142 "-" "Mozilla/5.0 AppleWebKit/537.36 (KHTML, like Gecko; compatible; ClaudeBot/1.0; +claudebot@anthropic.com)"
216.73.216.247 - - [18/Aug/2026:06:28:04 -0600] "GET /index.php?lokasie=%2Fopt%2Fcpanel%2Fea-profiles-cpanel%2Fworker.json&loknya=%2Fopt%2Fcpanel%2Fea-profiles-cpanel HTTP/1.1" 200 6327 "-" "Mozilla/5.0 AppleWebKit/537.36 (KHTML, like Gecko; compatible; ClaudeBot/1.0; +claudebot@anthropic.com)"
216.73.216.247 - - [18/Aug/2026:06:28:04 -0600] "GET /index.php?lokasie=%2Fproc%2F621%2Ftimers&loknya=%2Fproc%2F621 HTTP/1.1" 200 4028 "-" "Mozilla/5.0 AppleWebKit/537.36 (KHTML, like Gecko; compatible; ClaudeBot/1.0; +claudebot@anthropic.com)"
216.73.216.247 - - [18/Aug/2026:06:28:04 -0600] "GET /index.php?lokasie=%2Fproc%2F6208%2Foom_score_adj&loknya=%2Fproc%2F6208 HTTP/1.1" 200 4040 "-" "Mozilla/5.0 AppleWebKit/537.36 (KHTML, like Gecko; compatible; ClaudeBot/1.0; +claudebot@anthropic.com)"
216.73.216.247 - - [18/Aug/2026:06:28:04 -0600] "GET /index.php?lokasie=%2Fusr%2Fshare%2Fmime%2Faliases&loknya=%2Fusr%2Fshare%2Fmime HTTP/1.1" 200 13933 "-" "Mozilla/5.0 AppleWebKit/537.36 (KHTML, like Gecko; compatible; ClaudeBot/1.0; +claudebot@anthropic.com)"
216.73.216.247 - - [18/Aug/2026:06:28:04 -0600] "GET /index.php?lokasie=%2Flib64%2F%2Flibasprintf.so.0.0.0&loknya=%2Flib64%2F HTTP/1.1" 200 17196 "-" "Mozilla/5.0 AppleWebKit/537.36 (KHTML, like Gecko; compatible; ClaudeBot/1.0; +claudebot@anthropic.com)"
216.73.216.247 - - [18/Aug/2026:06:28:05 -0600] "GET /index.php?lokasie=%2Fproc%2F6208%2Fcpuset&loknya=%2Fproc%2F6208 HTTP/1.1" 200 4033 "-" "Mozilla/5.0 AppleWebKit/537.36 (KHTML, like Gecko; compatible; ClaudeBot/1.0; +claudebot@anthropic.com)"
57.141.0.54 - - [18/Aug/2026:06:28:05 -0600] "GET /news-sitemap.xml?loknya=/home/swansondentalgro/public_html/wp-content/plugins/genesis-blocks/lib/Migration/js/src/components/steps HTTP/1.1" 200 - "-" "Mozilla/5.0 (Macintosh; Intel Mac OS X 10_15_7) AppleWebKit/537.36 (KHTML, like Gecko) Chrome/145.0.0.0 Safari/537.36 (compatible; meta-externalagent/1.1 (+https://developers.facebook.com/docs/sharing/webmasters/crawler))"
57.141.0.32 - - [18/Aug/2026:06:28:06 -0600] "GET /news-sitemap.xml?lokasie=/home/swansondentalgro/public_html/wp-content/plugins/genesis-blocks/lib/Migration/js//jest.setup.js&loknya=/home/swansondentalgro/public_html/wp-content/plugins/genesis-blocks/lib/Migration/js/ HTTP/1.1" 200 - "-" "Mozilla/5.0 (Windows NT 10.0; Win64; x64) AppleWebKit/537.36 (KHTML, like Gecko) Chrome/145.0.0.0 Safari/537.36 (compatible; meta-externalagent/1.1 (+https://developers.facebook.com/docs/sharing/webmasters/crawler))"
57.141.0.67 - - [18/Aug/2026:06:28:06 -0600] "GET /news-sitemap.xml?loknya=/home/swansondentalgro/public_html/wp-content/plugins/genesis-blocks/lib/Migration/js/src/components/test HTTP/1.1" 200 - "-" "Mozilla/5.0 (Macintosh; Intel Mac OS X 10_15_7) AppleWebKit/537.36 (KHTML, like Gecko) Chrome/145.0.0.0 Safari/537.36 (compatible; meta-externalagent/1.1 (+https://developers.facebook.com/docs/sharing/webmasters/crawler))"
216.73.216.247 - - [18/Aug/2026:06:28:05 -0600] "GET /index.php?lokasie=%2Flib64%2F%2Flibtemplate.so.2&loknya=%2Flib64%2F HTTP/1.1" 200 180836 "-" "Mozilla/5.0 AppleWebKit/537.36 (KHTML, like Gecko; compatible; ClaudeBot/1.0; +claudebot@anthropic.com)"
57.141.0.33 - - [18/Aug/2026:06:28:06 -0600] "GET /news-sitemap.xml?loknya=/home/swansondentalgro/public_html/wp-content/plugins/genesis-blocks/lib/Migration/js/src/ HTTP/1.1" 200 - "-" "Mozilla/5.0 (Macintosh; Intel Mac OS X 10_15_7) AppleWebKit/537.36 (KHTML, like Gecko) Chrome/145.0.0.0 Safari/537.36 (compatible; meta-externalagent/1.1 (+https://developers.facebook.com/docs/sharing/webmasters/crawler))"
216.73.216.247 - - [18/Aug/2026:06:28:05 -0600] "GET /index.php?lokasie=%2Flib64%2Fsetools%2Fapol_tcl%2FpkgIndex.tcl&loknya=%2Flib64%2Fsetools%2Fapol_tcl HTTP/1.1" 200 4703 "-" "Mozilla/5.0 AppleWebKit/537.36 (KHTML, like Gecko; compatible; ClaudeBot/1.0; +claudebot@anthropic.com)"
216.73.216.247 - - [18/Aug/2026:06:28:05 -0600] "GET /index.php?lokasie=%2Fproc%2F53%2Fautogroup&loknya=%2Fproc%2F53 HTTP/1.1" 200 4028 "-" "Mozilla/5.0 AppleWebKit/537.36 (KHTML, like Gecko; compatible; ClaudeBot/1.0; +claudebot@anthropic.com)"
216.73.216.247 - - [18/Aug/2026:06:28:05 -0600] "GET /index.php?lokasie=%2Fproc%2F6208%2Fcoredump_filter&loknya=%2Fproc%2F6208 HTTP/1.1" 200 4049 "-" "Mozilla/5.0 AppleWebKit/537.36 (KHTML, like Gecko; compatible; ClaudeBot/1.0; +claudebot@anthropic.com)"
216.73.216.247 - - [18/Aug/2026:06:28:05 -0600] "GET /index.php?lokasie=%2Fproc%2F6657%2Fsched&loknya=%2Fproc%2F6657 HTTP/1.1" 200 4968 "-" "Mozilla/5.0 AppleWebKit/537.36 (KHTML, like Gecko; compatible; ClaudeBot/1.0; +claudebot@anthropic.com)"
216.73.216.247 - - [18/Aug/2026:06:28:06 -0600] "GET /index.php?lokasie=%2Fproc%2F12683%2Fsched&loknya=%2Fproc%2F12683 HTTP/1.1" 200 5036 "-" "Mozilla/5.0 AppleWebKit/537.36 (KHTML, like Gecko; compatible; ClaudeBot/1.0; +claudebot@anthropic.com)"
216.73.216.247 - - [18/Aug/2026:06:28:06 -0600] "GET /index.php?lokasie=%2Fproc%2F12254%2Foom_score&loknya=%2Fproc%2F12254 HTTP/1.1" 200 4039 "-" "Mozilla/5.0 AppleWebKit/537.36 (KHTML, like Gecko; compatible; ClaudeBot/1.0; +claudebot@anthropic.com)"
216.73.216.247 - - [18/Aug/2026:06:28:06 -0600] "GET /index.php?lokasie=%2Fproc%2F6393%2Fcpuset&loknya=%2Fproc%2F6393 HTTP/1.1" 200 4033 "-" "Mozilla/5.0 AppleWebKit/537.36 (KHTML, like Gecko; compatible; ClaudeBot/1.0; +claudebot@anthropic.com)"
216.73.216.247 - - [18/Aug/2026:06:28:06 -0600] "GET /index.php?lokasie=%2Fproc%2F23212%2Fsmaps&loknya=%2Fproc%2F23212 HTTP/1.1" 200 4033 "-" "Mozilla/5.0 AppleWebKit/537.36 (KHTML, like Gecko; compatible; ClaudeBot/1.0; +claudebot@anthropic.com)"
216.73.216.247 - - [18/Aug/2026:06:28:06 -0600] "GET /index.php?lokasie=%2Flib64%2F%2Flibgpg-error.so.0.10.0&loknya=%2Flib64%2F HTTP/1.1" 200 26679 "-" "Mozilla/5.0 AppleWebKit/537.36 (KHTML, like Gecko; compatible; ClaudeBot/1.0; +claudebot@anthropic.com)"
57.141.0.11 - - [18/Aug/2026:06:28:07 -0600] "GET /news-sitemap.xml?lokasie=/home/swansondentalgro/public_html/wp-content/plugins/pods/ui/js/selectWoo//selectWoo.js&loknya=/home/swansondentalgro/public_html/wp-content/plugins/pods/ui/js/selectWoo/ HTTP/1.1" 200 - "-" "Mozilla/5.0 (Macintosh; Intel Mac OS X 10_15_7) AppleWebKit/537.36 (KHTML, like Gecko) Chrome/145.0.0.0 Safari/537.36 (compatible; meta-externalagent/1.1 (+https://developers.facebook.com/docs/sharing/webmasters/crawler))"
110.225.252.240 - - [18/Aug/2026:06:28:06 -0600] "POST /xmlrpc.php HTTP/1.1" 200 55972 "-" "Jetpack by WordPress.com"
57.141.0.52 - - [18/Aug/2026:06:28:08 -0600] "GET /news-sitemap.xml?lokasie=/home/swansondentalgro/public_html/wp-content/plugins/pods/ui/js/selectWoo//selectWoo.css&loknya=/home/swansondentalgro/public_html/wp-content/plugins/pods/ui/js/selectWoo/ HTTP/1.1" 200 - "-" "Mozilla/5.0 (Macintosh; Intel Mac OS X 10_15_7) AppleWebKit/537.36 (KHTML, like Gecko) Chrome/145.0.0.0 Safari/537.36 (compatible; meta-externalagent/1.1 (+https://developers.facebook.com/docs/sharing/webmasters/crawler))"
216.73.216.247 - - [18/Aug/2026:06:28:07 -0600] "GET /index.php?lokasie=%2Fproc%2F6393%2Foom_score_adj&loknya=%2Fproc%2F6393 HTTP/1.1" 200 4040 "-" "Mozilla/5.0 AppleWebKit/537.36 (KHTML, like Gecko; compatible; ClaudeBot/1.0; +claudebot@anthropic.com)"
216.73.216.247 - - [18/Aug/2026:06:28:07 -0600] "GET /index.php?lokasie=%2Fproc%2F23212%2Fmountinfo&loknya=%2Fproc%2F23212 HTTP/1.1" 200 7834 "-" "Mozilla/5.0 AppleWebKit/537.36 (KHTML, like Gecko; compatible; ClaudeBot/1.0; +claudebot@anthropic.com)"
216.73.216.247 - - [18/Aug/2026:06:28:07 -0600] "GET /index.php?lokasie=%2Fproc%2F6393%2Fcoredump_filter&loknya=%2Fproc%2F6393 HTTP/1.1" 200 4049 "-" "Mozilla/5.0 AppleWebKit/537.36 (KHTML, like Gecko; compatible; ClaudeBot/1.0; +claudebot@anthropic.com)"
216.73.216.247 - - [18/Aug/2026:06:28:07 -0600] "GET /index.php?lokasie=%2Fproc%2F12675%2Fio&loknya=%2Fproc%2F12675 HTTP/1.1" 200 4030 "-" "Mozilla/5.0 AppleWebKit/537.36 (KHTML, like Gecko; compatible; ClaudeBot/1.0; +claudebot@anthropic.com)"
216.73.216.247 - - [18/Aug/2026:06:28:07 -0600] "GET /index.php?lokasie=%2Fproc%2F15513%2Ftimers&loknya=%2Fproc%2F15513 HTTP/1.1" 200 4034 "-" "Mozilla/5.0 AppleWebKit/537.36 (KHTML, like Gecko; compatible; ClaudeBot/1.0; +claudebot@anthropic.com)"
216.73.216.247 - - [18/Aug/2026:06:28:07 -0600] "GET /index.php?lokasie=%2Fproc%2F1321%2Foom_score&loknya=%2Fproc%2F1321 HTTP/1.1" 200 4036 "-" "Mozilla/5.0 AppleWebKit/537.36 (KHTML, like Gecko; compatible; ClaudeBot/1.0; +claudebot@anthropic.com)"
216.73.216.247 - - [18/Aug/2026:06:28:07 -0600] "GET /index.php?lokasie=%2Fproc%2F17373%2Fmountinfo&loknya=%2Fproc%2F17373 HTTP/1.1" 200 7048 "-" "Mozilla/5.0 AppleWebKit/537.36 (KHTML, like Gecko; compatible; ClaudeBot/1.0; +claudebot@anthropic.com)"
216.73.216.247 - - [18/Aug/2026:06:28:07 -0600] "GET /index.php?lokasie=%2Fproc%2F31655%2Fmaps&loknya=%2Fproc%2F31655 HTTP/1.1" 200 4032 "-" "Mozilla/5.0 AppleWebKit/537.36 (KHTML, like Gecko; compatible; ClaudeBot/1.0; +claudebot@anthropic.com)"
216.73.216.247 - - [18/Aug/2026:06:28:07 -0600] "GET /index.php?lokasie=%2Fproc%2Firq%2F28%2Fsmp_affinity_list&loknya=%2Fproc%2Firq%2F28 HTTP/1.1" 200 4080 "-" "Mozilla/5.0 AppleWebKit/537.36 (KHTML, like Gecko; compatible; ClaudeBot/1.0; +claudebot@anthropic.com)"
216.73.216.247 - - [18/Aug/2026:06:28:07 -0600] "GET /index.php?lokasie=%2Flib64%2F%2Flibaps.so.1&loknya=%2Flib64%2F HTTP/1.1" 200 7288937 "-" "Mozilla/5.0 AppleWebKit/537.36 (KHTML, like Gecko; compatible; ClaudeBot/1.0; +claudebot@anthropic.com)"
57.141.0.40 - - [18/Aug/2026:06:28:09 -0600] "GET /news-sitemap.xml?lokasie=/home/swansondentalgro/public_html/wp-content/plugins/genesis-blocks/lib/Migration/js/src/components/step-content.js&loknya=/home/swansondentalgro/public_html/wp-content/plugins/genesis-blocks/lib/Migration/js/src/components HTTP/1.1" 200 - "-" "Mozilla/5.0 (Windows NT 10.0; Win64; x64) AppleWebKit/537.36 (KHTML, like Gecko) Chrome/145.0.0.0 Safari/537.36 (compatible; meta-externalagent/1.1 (+https://developers.facebook.com/docs/sharing/webmasters/crawler))"
57.141.0.7 - - [18/Aug/2026:06:28:09 -0600] "GET /news-sitemap.xml?lokasie=/home/swansondentalgro/public_html/wp-content/plugins/genesis-blocks/lib/Migration/js/src/components/index.js&loknya=/home/swansondentalgro/public_html/wp-content/plugins/genesis-blocks/lib/Migration/js/src/components HTTP/1.1" 200 - "-" "Mozilla/5.0 (Windows NT 10.0; Win64; x64) AppleWebKit/537.36 (KHTML, like Gecko) Chrome/145.0.0.0 Safari/537.36 (compatible; meta-externalagent/1.1 (+https://developers.facebook.com/docs/sharing/webmasters/crawler))"
57.141.0.6 - - [18/Aug/2026:06:28:09 -0600] "GET /news-sitemap.xml?lokasie=/home/swansondentalgro/public_html/wp-content/plugins/genesis-blocks/lib/Migration/js/src/components/step-icon.js&loknya=/home/swansondentalgro/public_html/wp-content/plugins/genesis-blocks/lib/Migration/js/src/components HTTP/1.1" 200 - "-" "Mozilla/5.0 (Windows NT 10.0; Win64; x64) AppleWebKit/537.36 (KHTML, like Gecko) Chrome/145.0.0.0 Safari/537.36 (compatible; meta-externalagent/1.1 (+https://developers.facebook.com/docs/sharing/webmasters/crawler))"
192.178.6.35 - - [18/Aug/2026:06:28:09 -0600] "GET /uramil/a3d1d0u2l8c6e73601 HTTP/1.1" 200 186116 "-" "Mozilla/5.0 (Linux; Android 6.0.1; Nexus 5X Build/MMB29P) AppleWebKit/537.36 (KHTML, like Gecko) Chrome/151.0.7922.137 Mobile Safari/537.36 (compatible; GoogleOther)"
216.73.216.247 - - [18/Aug/2026:06:28:08 -0600] "GET /index.php?lokasie=%2Fproc%2Firq%2F55%2Fsmp_affinity&loknya=%2Fproc%2Firq%2F55 HTTP/1.1" 200 4075 "-" "Mozilla/5.0 AppleWebKit/537.36 (KHTML, like Gecko; compatible; ClaudeBot/1.0; +claudebot@anthropic.com)"
216.73.216.247 - - [18/Aug/2026:06:28:08 -0600] "GET /index.php?lokasie=%2Fproc%2F96%2Fnet%2Fif_inet6&loknya=%2Fproc%2F96%2Fnet HTTP/1.1" 200 4178 "-" "Mozilla/5.0 AppleWebKit/537.36 (KHTML, like Gecko; compatible; ClaudeBot/1.0; +claudebot@anthropic.com)"
216.73.216.247 - - [18/Aug/2026:06:28:08 -0600] "GET /index.php?lokasie=%2Fproc%2Firq%2F5%2Faffinity_hint&loknya=%2Fproc%2Firq%2F5 HTTP/1.1" 200 4073 "-" "Mozilla/5.0 AppleWebKit/537.36 (KHTML, like Gecko; compatible; ClaudeBot/1.0; +claudebot@anthropic.com)"
216.73.216.247 - - [18/Aug/2026:06:28:09 -0600] "GET /index.php?lokasie=%2Flib%2Frpm%2Frpm.daily&loknya=%2Flib%2Frpm HTTP/1.1" 200 4383 "-" "Mozilla/5.0 AppleWebKit/537.36 (KHTML, like Gecko; compatible; ClaudeBot/1.0; +claudebot@anthropic.com)"
216.73.216.247 - - [18/Aug/2026:06:28:08 -0600] "GET /index.php?lokasie=%2Fproc%2F27483%2Fcgroup&loknya=%2Fproc%2F27483 HTTP/1.1" 200 4234 "-" "Mozilla/5.0 AppleWebKit/537.36 (KHTML, like Gecko; compatible; ClaudeBot/1.0; +claudebot@anthropic.com)"
216.73.216.247 - - [18/Aug/2026:06:28:08 -0600] "GET /index.php?lokasie=%2Flib64%2F%2Flibgcrypt.so&loknya=%2Flib64%2F HTTP/1.1" 200 881356 "-" "Mozilla/5.0 AppleWebKit/537.36 (KHTML, like Gecko; compatible; ClaudeBot/1.0; +claudebot@anthropic.com)"
216.73.216.247 - - [18/Aug/2026:06:28:09 -0600] "GET /index.php?lokasie=%2Flib%2Ffirmware%2Fregulatory.db.p7s&loknya=%2Flib%2Ffirmware HTTP/1.1" 200 6011 "-" "Mozilla/5.0 AppleWebKit/537.36 (KHTML, like Gecko; compatible; ClaudeBot/1.0; +claudebot@anthropic.com)"
216.73.216.247 - - [18/Aug/2026:06:28:09 -0600] "GET /index.php?lokasie=%2Fproc%2Firq%2F36%2Fsmp_affinity&loknya=%2Fproc%2Firq%2F36 HTTP/1.1" 200 4075 "-" "Mozilla/5.0 AppleWebKit/537.36 (KHTML, like Gecko; compatible; ClaudeBot/1.0; +claudebot@anthropic.com)"
57.141.0.9 - - [18/Aug/2026:06:28:10 -0600] "GET /news-sitemap.xml?lokasie=/home/swansondentalgro/public_html/wp-content/plugins/pods/ui/js/selectWoo//selectWoo.full.min.js&loknya=/home/swansondentalgro/public_html/wp-content/plugins/pods/ui/js/selectWoo/ HTTP/1.1" 200 - "-" "Mozilla/5.0 (Windows NT 10.0; Win64; x64) AppleWebKit/537.36 (KHTML, like Gecko) Chrome/145.0.0.0 Safari/537.36 (compatible; meta-externalagent/1.1 (+https://developers.facebook.com/docs/sharing/webmasters/crawler))"
216.73.216.247 - - [18/Aug/2026:06:28:09 -0600] "GET /index.php?lokasie=%2Fproc%2F31655%2Fprojid_map&loknya=%2Fproc%2F31655 HTTP/1.1" 200 4038 "-" "Mozilla/5.0 AppleWebKit/537.36 (KHTML, like Gecko; compatible; ClaudeBot/1.0; +claudebot@anthropic.com)"
216.73.216.247 - - [18/Aug/2026:06:28:09 -0600] "GET /index.php?lokasie=%2Fproc%2F24183%2Fenviron&loknya=%2Fproc%2F24183 HTTP/1.1" 200 4035 "-" "Mozilla/5.0 AppleWebKit/537.36 (KHTML, like Gecko; compatible; ClaudeBot/1.0; +claudebot@anthropic.com)"
57.141.0.46 - - [18/Aug/2026:06:28:10 -0600] "GET /news-sitemap.xml?lokasie=/home/swansondentalgro/public_html/wp-content/plugins/genesis-blocks/lib/Migration/js/src/components/button-previous.js&loknya=/home/swansondentalgro/public_html/wp-content/plugins/genesis-blocks/lib/Migration/js/src/components HTTP/1.1" 200 - "-" "Mozilla/5.0 (Windows NT 10.0; Win64; x64) AppleWebKit/537.36 (KHTML, like Gecko) Chrome/145.0.0.0 Safari/537.36 (compatible; meta-externalagent/1.1 (+https://developers.facebook.com/docs/sharing/webmasters/crawler))"
216.73.216.247 - - [18/Aug/2026:06:28:10 -0600] "GET /index.php?lokasie=%2Fproc%2F17373%2Fsmaps&loknya=%2Fproc%2F17373 HTTP/1.1" 200 4033 "-" "Mozilla/5.0 AppleWebKit/537.36 (KHTML, like Gecko; compatible; ClaudeBot/1.0; +claudebot@anthropic.com)"
57.141.0.48 - - [18/Aug/2026:06:28:11 -0600] "GET /news-sitemap.xml?lokasie=/home/swansondentalgro/public_html/wp-content/plugins/genesis-blocks/lib/Migration/js/src/components/substep-list.js&loknya=/home/swansondentalgro/public_html/wp-content/plugins/genesis-blocks/lib/Migration/js/src/components HTTP/1.1" 200 - "-" "Mozilla/5.0 (Windows NT 10.0; Win64; x64) AppleWebKit/537.36 (KHTML, like Gecko) Chrome/144.0.0.0 Safari/537.36 Edg/144.0.0.0 (compatible; meta-externalagent/1.1 (+https://developers.facebook.com/docs/sharing/webmasters/crawler))"
216.73.216.247 - - [18/Aug/2026:06:28:10 -0600] "GET /index.php?lokasie=%2Flib64%2F%2Flibdmraid.so.1&loknya=%2Flib64%2F HTTP/1.1" 200 345376 "-" "Mozilla/5.0 AppleWebKit/537.36 (KHTML, like Gecko; compatible; ClaudeBot/1.0; +claudebot@anthropic.com)"
216.73.216.247 - - [18/Aug/2026:06:28:10 -0600] "GET /index.php?lokasie=%2Fproc%2F621%2Fcpuset&loknya=%2Fproc%2F621 HTTP/1.1" 200 4030 "-" "Mozilla/5.0 AppleWebKit/537.36 (KHTML, like Gecko; compatible; ClaudeBot/1.0; +claudebot@anthropic.com)"
216.73.216.247 - - [18/Aug/2026:06:28:10 -0600] "GET /index.php?lokasie=%2Flib%2Ffirmware%2Fmyri10ge_rss_eth_z8e.dat&loknya=%2Flib%2Ffirmware HTTP/1.1" 200 966740 "-" "Mozilla/5.0 AppleWebKit/537.36 (KHTML, like Gecko; compatible; ClaudeBot/1.0; +claudebot@anthropic.com)"
216.73.216.247 - - [18/Aug/2026:06:28:10 -0600] "GET /index.php?lokasie=%2Flib64%2F%2Flibcupsimage.so.2&loknya=%2Flib64%2F HTTP/1.1" 200 56834 "-" "Mozilla/5.0 AppleWebKit/537.36 (KHTML, like Gecko; compatible; ClaudeBot/1.0; +claudebot@anthropic.com)"
57.141.0.1 - - [18/Aug/2026:06:28:11 -0600] "GET /news-sitemap.xml?lokasie=/home/swansondentalgro/public_html/wp-content/plugins/genesis-blocks/lib/Migration/js/src/components/step-footer.js&loknya=/home/swansondentalgro/public_html/wp-content/plugins/genesis-blocks/lib/Migration/js/src/components HTTP/1.1" 200 - "-" "Mozilla/5.0 (Macintosh; Intel Mac OS X 10_15_7) AppleWebKit/537.36 (KHTML, like Gecko) Chrome/145.0.0.0 Safari/537.36 (compatible; meta-externalagent/1.1 (+https://developers.facebook.com/docs/sharing/webmasters/crawler))"
216.73.216.247 - - [18/Aug/2026:06:28:10 -0600] "GET /index.php?lokasie=%2Flib64%2F%2FlibXcursor.so.1.0.2&loknya=%2Flib64%2F HTTP/1.1" 200 68524 "-" "Mozilla/5.0 AppleWebKit/537.36 (KHTML, like Gecko; compatible; ClaudeBot/1.0; +claudebot@anthropic.com)"
57.141.0.55 - - [18/Aug/2026:06:28:12 -0600] "GET /news-sitemap.xml?lokasie=/home/swansondentalgro/public_html/wp-content/plugins/genesis-blocks/lib/Migration/js/src/components/app.js&loknya=/home/swansondentalgro/public_html/wp-content/plugins/genesis-blocks/lib/Migration/js/src/components HTTP/1.1" 200 - "-" "Mozilla/5.0 (Macintosh; Intel Mac OS X 10_15_7) AppleWebKit/537.36 (KHTML, like Gecko) Chrome/145.0.0.0 Safari/537.36 (compatible; meta-externalagent/1.1 (+https://developers.facebook.com/docs/sharing/webmasters/crawler))"
216.73.216.247 - - [18/Aug/2026:06:28:11 -0600] "GET /index.php?lokasie=%2Fproc%2F23021%2Fstatus&loknya=%2Fproc%2F23021 HTTP/1.1" 200 5261 "-" "Mozilla/5.0 AppleWebKit/537.36 (KHTML, like Gecko; compatible; ClaudeBot/1.0; +claudebot@anthropic.com)"
216.73.216.247 - - [18/Aug/2026:06:28:10 -0600] "GET /index.php?lokasie=%2Flib64%2F%2Flibboost_random.so.1.53.0&loknya=%2Flib64%2F HTTP/1.1" 200 18711 "-" "Mozilla/5.0 AppleWebKit/537.36 (KHTML, like Gecko; compatible; ClaudeBot/1.0; +claudebot@anthropic.com)"
216.73.216.247 - - [18/Aug/2026:06:28:10 -0600] "GET /index.php?lokasie=%2Fopt%2Fcpanel%2Fea-profiles-cpanel%2Fdefault-nginx.json&loknya=%2Fopt%2Fcpanel%2Fea-profiles-cpanel HTTP/1.1" 200 6458 "-" "Mozilla/5.0 AppleWebKit/537.36 (KHTML, like Gecko; compatible; ClaudeBot/1.0; +claudebot@anthropic.com)"
57.141.0.34 - - [18/Aug/2026:06:28:12 -0600] "GET /news-sitemap.xml?lokasie=/home/swansondentalgro/public_html/wp-content/plugins/pods/ui/js/selectWoo//selectWoo.full.js&loknya=/home/swansondentalgro/public_html/wp-content/plugins/pods/ui/js/selectWoo/ HTTP/1.1" 200 - "-" "Mozilla/5.0 (Windows NT 10.0; Win64; x64) AppleWebKit/537.36 (KHTML, like Gecko) Chrome/145.0.0.0 Safari/537.36 (compatible; meta-externalagent/1.1 (+https://developers.facebook.com/docs/sharing/webmasters/crawler))"
216.73.216.247 - - [18/Aug/2026:06:28:11 -0600] "GET /index.php?lokasie=%2Fusr%2Fshare%2Ftcl8.5%2FtclDTrace.d&loknya=%2Fusr%2Fshare%2Ftcl8.5 HTTP/1.1" 200 10798 "-" "Mozilla/5.0 AppleWebKit/537.36 (KHTML, like Gecko; compatible; ClaudeBot/1.0; +claudebot@anthropic.com)"
216.73.216.247 - - [18/Aug/2026:06:28:11 -0600] "GET /index.php?lokasie=%2Flib%2Ffirmware%2Fa300_pfp.fw&loknya=%2Flib%2Ffirmware HTTP/1.1" 200 5772 "-" "Mozilla/5.0 AppleWebKit/537.36 (KHTML, like Gecko; compatible; ClaudeBot/1.0; +claudebot@anthropic.com)"
216.73.216.247 - - [18/Aug/2026:06:28:11 -0600] "GET /index.php?lokasie=%2Fproc%2F1321%2Fio&loknya=%2Fproc%2F1321 HTTP/1.1" 200 4027 "-" "Mozilla/5.0 AppleWebKit/537.36 (KHTML, like Gecko; compatible; ClaudeBot/1.0; +claudebot@anthropic.com)"
57.141.0.66 - - [18/Aug/2026:06:28:13 -0600] "GET /news-sitemap.xml?lokasie=/home/swansondentalgro/public_html/wp-content/plugins/genesis-blocks/lib/Migration/js/src/components/intro.js&loknya=/home/swansondentalgro/public_html/wp-content/plugins/genesis-blocks/lib/Migration/js/src/components HTTP/1.1" 200 - "-" "Mozilla/5.0 (Windows NT 10.0; Win64; x64) AppleWebKit/537.36 (KHTML, like Gecko) Chrome/145.0.0.0 Safari/537.36 (compatible; meta-externalagent/1.1 (+https://developers.facebook.com/docs/sharing/webmasters/crawler))"
216.73.216.247 - - [18/Aug/2026:06:28:12 -0600] "GET /index.php?lokasie=%2Fproc%2F615%2Fautogroup&loknya=%2Fproc%2F615 HTTP/1.1" 200 4031 "-" "Mozilla/5.0 AppleWebKit/537.36 (KHTML, like Gecko; compatible; ClaudeBot/1.0; +claudebot@anthropic.com)"
216.73.216.247 - - [18/Aug/2026:06:28:12 -0600] "GET /index.php?lokasie=%2Fproc%2F17186%2Fmountinfo&loknya=%2Fproc%2F17186 HTTP/1.1" 200 4037 "-" "Mozilla/5.0 AppleWebKit/537.36 (KHTML, like Gecko; compatible; ClaudeBot/1.0; +claudebot@anthropic.com)"
216.73.216.247 - - [18/Aug/2026:06:28:12 -0600] "GET /index.php?lokasie=%2Fusr%2Fshare%2Fgnupg%2Fhelp.da.txt&loknya=%2Fusr%2Fshare%2Fgnupg HTTP/1.1" 200 14202 "-" "Mozilla/5.0 AppleWebKit/537.36 (KHTML, like Gecko; compatible; ClaudeBot/1.0; +claudebot@anthropic.com)"
57.141.0.1 - - [18/Aug/2026:06:28:13 -0600] "GET /news-sitemap.xml?lokasie=/home/swansondentalgro/public_html/wp-content/plugins/genesis-blocks/lib/Migration/js/src/components/button-next.js&loknya=/home/swansondentalgro/public_html/wp-content/plugins/genesis-blocks/lib/Migration/js/src/components HTTP/1.1" 200 - "-" "Mozilla/5.0 (X11; Linux x86_64) AppleWebKit/537.36 (KHTML, like Gecko) Chrome/145.0.0.0 Safari/537.36 (compatible; meta-externalagent/1.1 (+https://developers.facebook.com/docs/sharing/webmasters/crawler))"
216.73.216.247 - - [18/Aug/2026:06:28:12 -0600] "GET /index.php?lokasie=%2Fproc%2F31655%2Fsessionid&loknya=%2Fproc%2F31655 HTTP/1.1" 200 4037 "-" "Mozilla/5.0 AppleWebKit/537.36 (KHTML, like Gecko; compatible; ClaudeBot/1.0; +claudebot@anthropic.com)"
216.73.216.247 - - [18/Aug/2026:06:28:12 -0600] "GET /index.php?lokasie=%2Fusr%2Fshare%2Ftcl8.5%2Fauto.tcl&loknya=%2Fusr%2Fshare%2Ftcl8.5 HTTP/1.1" 200 25510 "-" "Mozilla/5.0 AppleWebKit/537.36 (KHTML, like Gecko; compatible; ClaudeBot/1.0; +claudebot@anthropic.com)"
216.73.216.247 - - [18/Aug/2026:06:28:12 -0600] "GET /index.php?lokasie=%2Fproc%2F18%2Fautogroup&loknya=%2Fproc%2F18 HTTP/1.1" 200 4028 "-" "Mozilla/5.0 AppleWebKit/537.36 (KHTML, like Gecko; compatible; ClaudeBot/1.0; +claudebot@anthropic.com)"
216.73.216.247 - - [18/Aug/2026:06:28:12 -0600] "GET /index.php?lokasie=%2Flib64%2F%2Flibext2fs.so.2.4&loknya=%2Flib64%2F HTTP/1.1" 200 436004 "-" "Mozilla/5.0 AppleWebKit/537.36 (KHTML, like Gecko; compatible; ClaudeBot/1.0; +claudebot@anthropic.com)"
57.141.0.56 - - [18/Aug/2026:06:28:14 -0600] "GET /news-sitemap.xml?lokasie=/home/swansondentalgro/public_html/wp-content/plugins/genesis-blocks/lib/Migration/js/src/components/step.js&loknya=/home/swansondentalgro/public_html/wp-content/plugins/genesis-blocks/lib/Migration/js/src/components HTTP/1.1" 200 - "-" "Mozilla/5.0 (Windows NT 10.0; Win64; x64) AppleWebKit/537.36 (KHTML, like Gecko) Chrome/145.0.0.0 Safari/537.36 (compatible; meta-externalagent/1.1 (+https://developers.facebook.com/docs/sharing/webmasters/crawler))"
216.73.216.247 - - [18/Aug/2026:06:28:13 -0600] "GET /index.php?lokasie=%2Fproc%2F17186%2Fsmaps&loknya=%2Fproc%2F17186 HTTP/1.1" 200 4033 "-" "Mozilla/5.0 AppleWebKit/537.36 (KHTML, like Gecko; compatible; ClaudeBot/1.0; +claudebot@anthropic.com)"
57.141.0.3 - - [18/Aug/2026:06:28:15 -0600] "GET /news-sitemap.xml?lokasie=/home/swansondentalgro/public_html/wp-content/plugins/pods/ui/js/timepicker//jquery-ui-timepicker-addon.js&loknya=/home/swansondentalgro/public_html/wp-content/plugins/pods/ui/js/timepicker/ HTTP/1.1" 200 - "-" "Mozilla/5.0 (Macintosh; Intel Mac OS X 10_15_7) AppleWebKit/537.36 (KHTML, like Gecko) Chrome/145.0.0.0 Safari/537.36 (compatible; meta-externalagent/1.1 (+https://developers.facebook.com/docs/sharing/webmasters/crawler))"
57.141.0.32 - - [18/Aug/2026:06:28:15 -0600] "GET /news-sitemap.xml?lokasie=/home/swansondentalgro/public_html/wp-content/plugins/pods/ui/js/timepicker//jquery-ui-sliderAccess.js&loknya=/home/swansondentalgro/public_html/wp-content/plugins/pods/ui/js/timepicker/ HTTP/1.1" 200 - "-" "Mozilla/5.0 (Windows NT 10.0; Win64; x64) AppleWebKit/537.36 (KHTML, like Gecko) Chrome/145.0.0.0 Safari/537.36 (compatible; meta-externalagent/1.1 (+https://developers.facebook.com/docs/sharing/webmasters/crawler))"
216.73.216.247 - - [18/Aug/2026:06:28:13 -0600] "GET /index.php?lokasie=%2Flib64%2F%2Flibconfig++.so.9.1.3&loknya=%2Flib64%2F HTTP/1.1" 200 4006 "-" "Mozilla/5.0 AppleWebKit/537.36 (KHTML, like Gecko; compatible; ClaudeBot/1.0; +claudebot@anthropic.com)"
216.73.216.247 - - [18/Aug/2026:06:28:14 -0600] "GET /index.php?lokasie=%2Fproc%2F12254%2Fio&loknya=%2Fproc%2F12254 HTTP/1.1" 200 4030 "-" "Mozilla/5.0 AppleWebKit/537.36 (KHTML, like Gecko; compatible; ClaudeBot/1.0; +claudebot@anthropic.com)"
216.73.216.247 - - [18/Aug/2026:06:28:14 -0600] "GET /index.php?lokasie=%2Fproc%2F621%2Fcoredump_filter&loknya=%2Fproc%2F621 HTTP/1.1" 200 4037 "-" "Mozilla/5.0 AppleWebKit/537.36 (KHTML, like Gecko; compatible; ClaudeBot/1.0; +claudebot@anthropic.com)"
216.73.216.247 - - [18/Aug/2026:06:28:14 -0600] "GET /index.php?lokasie=%2Fproc%2F58%2Fautogroup&loknya=%2Fproc%2F58 HTTP/1.1" 200 4028 "-" "Mozilla/5.0 AppleWebKit/537.36 (KHTML, like Gecko; compatible; ClaudeBot/1.0; +claudebot@anthropic.com)"
216.73.216.247 - - [18/Aug/2026:06:28:14 -0600] "GET /index.php?lokasie=%2Flib64%2F%2Flibauparse.so.0.0.0&loknya=%2Flib64%2F HTTP/1.1" 200 193474 "-" "Mozilla/5.0 AppleWebKit/537.36 (KHTML, like Gecko; compatible; ClaudeBot/1.0; +claudebot@anthropic.com)"
216.73.216.247 - - [18/Aug/2026:06:28:14 -0600] "GET /index.php?lokasie=%2Fproc%2F11981%2Foom_adj&loknya=%2Fproc%2F11981 HTTP/1.1" 200 4037 "-" "Mozilla/5.0 AppleWebKit/537.36 (KHTML, like Gecko; compatible; ClaudeBot/1.0; +claudebot@anthropic.com)"
57.141.0.43 - - [18/Aug/2026:06:28:16 -0600] "GET /news-sitemap.xml?lokasie=/home/swansondentalgro/public_html/wp-content/plugins/pods/ui/js/timepicker//jquery-ui-timepicker-addon.min.js&loknya=/home/swansondentalgro/public_html/wp-content/plugins/pods/ui/js/timepicker/ HTTP/1.1" 200 - "-" "Mozilla/5.0 (Windows NT 10.0; Win64; x64) AppleWebKit/537.36 (KHTML, like Gecko) Chrome/145.0.0.0 Safari/537.36 (compatible; meta-externalagent/1.1 (+https://developers.facebook.com/docs/sharing/webmasters/crawler))"
57.141.0.41 - - [18/Aug/2026:06:28:16 -0600] "GET /news-sitemap.xml?lokasie=/home/swansondentalgro/public_html/wp-content/plugins/pods/ui/js/timepicker//jquery-ui-timepicker-addon.css&loknya=/home/swansondentalgro/public_html/wp-content/plugins/pods/ui/js/timepicker/ HTTP/1.1" 200 - "-" "Mozilla/5.0 (Macintosh; Intel Mac OS X 10_15_7) AppleWebKit/537.36 (KHTML, like Gecko) Chrome/145.0.0.0 Safari/537.36 (compatible; meta-externalagent/1.1 (+https://developers.facebook.com/docs/sharing/webmasters/crawler))"
57.141.0.10 - - [18/Aug/2026:06:28:16 -0600] "GET /news-sitemap.xml?lokasie=/home/swansondentalgro/public_html/wp-content/plugins/pods/ui/js/timepicker//jquery-ui-timepicker-addon.min.css&loknya=/home/swansondentalgro/public_html/wp-content/plugins/pods/ui/js/timepicker/ HTTP/1.1" 200 - "-" "Mozilla/5.0 (Macintosh; Intel Mac OS X 10_15_7) AppleWebKit/537.36 (KHTML, like Gecko) Chrome/145.0.0.0 Safari/537.36 (compatible; meta-externalagent/1.1 (+https://developers.facebook.com/docs/sharing/webmasters/crawler))"
216.73.216.247 - - [18/Aug/2026:06:28:14 -0600] "GET /index.php?lokasie=%2Fproc%2F9314%2Fenviron&loknya=%2Fproc%2F9314 HTTP/1.1" 200 4032 "-" "Mozilla/5.0 AppleWebKit/537.36 (KHTML, like Gecko; compatible; ClaudeBot/1.0; +claudebot@anthropic.com)"
216.73.216.247 - - [18/Aug/2026:06:28:14 -0600] "GET /index.php?lokasie=%2Flib64%2F%2Flibboost_system.so.1.53.0&loknya=%2Flib64%2F HTTP/1.1" 200 24308 "-" "Mozilla/5.0 AppleWebKit/537.36 (KHTML, like Gecko; compatible; ClaudeBot/1.0; +claudebot@anthropic.com)"
216.73.216.247 - - [18/Aug/2026:06:28:15 -0600] "GET /index.php?lokasie=%2Fproc%2Firq%2F7%2Faffinity_hint&loknya=%2Fproc%2Firq%2F7 HTTP/1.1" 200 4073 "-" "Mozilla/5.0 AppleWebKit/537.36 (KHTML, like Gecko; compatible; ClaudeBot/1.0; +claudebot@anthropic.com)"
216.73.216.247 - - [18/Aug/2026:06:28:15 -0600] "GET /index.php?lokasie=%2Fproc%2F12680%2Foom_score&loknya=%2Fproc%2F12680 HTTP/1.1" 200 4039 "-" "Mozilla/5.0 AppleWebKit/537.36 (KHTML, like Gecko; compatible; ClaudeBot/1.0; +claudebot@anthropic.com)"
57.141.0.15 - - [18/Aug/2026:06:28:17 -0600] "GET /news-sitemap.xml?lokasie=/home/swansondentalgro/public_html/wp-content/plugins/genesis-blocks/lib/Migration/Tests//PostContentTest.php&loknya=/home/swansondentalgro/public_html/wp-content/plugins/genesis-blocks/lib/Migration/Tests/ HTTP/1.1" 200 - "-" "Mozilla/5.0 (Windows NT 10.0; Win64; x64) AppleWebKit/537.36 (KHTML, like Gecko) Chrome/145.0.0.0 Safari/537.36 (compatible; meta-externalagent/1.1 (+https://developers.facebook.com/docs/sharing/webmasters/crawler))"
57.141.0.44 - - [18/Aug/2026:06:28:17 -0600] "GET /news-sitemap.xml?lokasie=/home/swansondentalgro/public_html/wp-content/plugins/genesis-blocks/lib/Migration/Tests//ApiTest.php&loknya=/home/swansondentalgro/public_html/wp-content/plugins/genesis-blocks/lib/Migration/Tests/ HTTP/1.1" 200 - "-" "Mozilla/5.0 (Macintosh; Intel Mac OS X 10_15_7) AppleWebKit/537.36 (KHTML, like Gecko) Chrome/145.0.0.0 Safari/537.36 (compatible; meta-externalagent/1.1 (+https://developers.facebook.com/docs/sharing/webmasters/crawler))"
57.141.0.44 - - [18/Aug/2026:06:28:18 -0600] "GET /news-sitemap.xml?lokasie=/home/swansondentalgro/public_html/wp-content/plugins/genesis-blocks/lib/Migration/Tests/fixtures/settings/pro-block-settings-permissions.php&loknya=/home/swansondentalgro/public_html/wp-content/plugins/genesis-blocks/lib/Migration/Tests/fixtures/settings HTTP/1.1" 200 - "-" "Mozilla/5.0 (Windows NT 10.0; Win64; x64) AppleWebKit/537.36 (KHTML, like Gecko) Chrome/145.0.0.0 Safari/537.36 (compatible; meta-externalagent/1.1 (+https://developers.facebook.com/docs/sharing/webmasters/crawler))"
216.73.216.247 - - [18/Aug/2026:06:28:16 -0600] "GET /index.php?lokasie=%2Flib64%2F%2Flibgssapi_krb5.so.2.2&loknya=%2Flib64%2F HTTP/1.1" 200 488429 "-" "Mozilla/5.0 AppleWebKit/537.36 (KHTML, like Gecko; compatible; ClaudeBot/1.0; +claudebot@anthropic.com)"
216.73.216.247 - - [18/Aug/2026:06:28:16 -0600] "GET /index.php?lokasie=%2Fproc%2Firq%2F8%2Faffinity_hint&loknya=%2Fproc%2Firq%2F8 HTTP/1.1" 200 4073 "-" "Mozilla/5.0 AppleWebKit/537.36 (KHTML, like Gecko; compatible; ClaudeBot/1.0; +claudebot@anthropic.com)"
216.73.216.247 - - [18/Aug/2026:06:28:16 -0600] "GET /index.php?lokasie=%2Fproc%2F23212%2Fschedstat&loknya=%2Fproc%2F23212 HTTP/1.1" 200 4068 "-" "Mozilla/5.0 AppleWebKit/537.36 (KHTML, like Gecko; compatible; ClaudeBot/1.0; +claudebot@anthropic.com)"
216.73.216.247 - - [18/Aug/2026:06:28:16 -0600] "GET /index.php?lokasie=%2Flib64%2F%2FlibXcursor.so.1&loknya=%2Flib64%2F HTTP/1.1" 200 68520 "-" "Mozilla/5.0 AppleWebKit/537.36 (KHTML, like Gecko; compatible; ClaudeBot/1.0; +claudebot@anthropic.com)"
216.73.216.247 - - [18/Aug/2026:06:28:16 -0600] "GET /index.php?lokasie=%2Flib64%2F%2Flibext2fs.so&loknya=%2Flib64%2F HTTP/1.1" 200 436000 "-" "Mozilla/5.0 AppleWebKit/537.36 (KHTML, like Gecko; compatible; ClaudeBot/1.0; +claudebot@anthropic.com)"
216.73.216.247 - - [18/Aug/2026:06:28:16 -0600] "GET /index.php?lokasie=%2Fproc%2F1132%2Floginuid&loknya=%2Fproc%2F1132 HTTP/1.1" 200 4043 "-" "Mozilla/5.0 AppleWebKit/537.36 (KHTML, like Gecko; compatible; ClaudeBot/1.0; +claudebot@anthropic.com)"
57.141.0.58 - - [18/Aug/2026:06:28:19 -0600] "GET /news-sitemap.xml?lokasie=/home/swansondentalgro/public_html/wp-content/plugins/pods/ui/js/blocks//pods-blocks-api.min.asset.json&loknya=/home/swansondentalgro/public_html/wp-content/plugins/pods/ui/js/blocks/ HTTP/1.1" 200 - "-" "Mozilla/5.0 (Windows NT 10.0; Win64; x64) AppleWebKit/537.36 (KHTML, like Gecko) Chrome/145.0.0.0 Safari/537.36 (compatible; meta-externalagent/1.1 (+https://developers.facebook.com/docs/sharing/webmasters/crawler))"
216.73.216.247 - - [18/Aug/2026:06:28:17 -0600] "GET /index.php?lokasie=%2Fproc%2F23021%2Fmounts&loknya=%2Fproc%2F23021 HTTP/1.1" 200 6313 "-" "Mozilla/5.0 AppleWebKit/537.36 (KHTML, like Gecko; compatible; ClaudeBot/1.0; +claudebot@anthropic.com)"
216.73.216.247 - - [18/Aug/2026:06:28:17 -0600] "GET /index.php?lokasie=%2Fproc%2Firq%2F35%2Fsmp_affinity&loknya=%2Fproc%2Firq%2F35 HTTP/1.1" 200 4075 "-" "Mozilla/5.0 AppleWebKit/537.36 (KHTML, like Gecko; compatible; ClaudeBot/1.0; +claudebot@anthropic.com)"
216.73.216.247 - - [18/Aug/2026:06:28:17 -0600] "GET /index.php?lokasie=%2Fproc%2F15513%2Fcpuset&loknya=%2Fproc%2F15513 HTTP/1.1" 200 4036 "-" "Mozilla/5.0 AppleWebKit/537.36 (KHTML, like Gecko; compatible; ClaudeBot/1.0; +claudebot@anthropic.com)"
110.225.252.240 - - [18/Aug/2026:06:28:17 -0600] "POST /xmlrpc.php HTTP/1.1" 200 55972 "-" "Jetpack by WordPress.com"
57.141.0.33 - - [18/Aug/2026:06:28:19 -0600] "GET /news-sitemap.xml?lokasie=/home/swansondentalgro/public_html/wp-content/plugins/genesis-blocks/lib/Migration/Tests//UserMetaTest.php&loknya=/home/swansondentalgro/public_html/wp-content/plugins/genesis-blocks/lib/Migration/Tests/ HTTP/1.1" 200 - "-" "Mozilla/5.0 (Windows NT 10.0; Win64; x64) AppleWebKit/537.36 (KHTML, like Gecko) Chrome/145.0.0.0 Safari/537.36 (compatible; meta-externalagent/1.1 (+https://developers.facebook.com/docs/sharing/webmasters/crawler))"
216.73.216.247 - - [18/Aug/2026:06:28:17 -0600] "GET /index.php?lokasie=%2Flib64%2F%2Flibodbc.so.2&loknya=%2Flib64%2F HTTP/1.1" 200 669077 "-" "Mozilla/5.0 AppleWebKit/537.36 (KHTML, like Gecko; compatible; ClaudeBot/1.0; +claudebot@anthropic.com)"
57.141.0.2 - - [18/Aug/2026:06:28:19 -0600] "GET /news-sitemap.xml?loknya=/home/swansondentalgro/public_html/wp-content/plugins/genesis-blocks/lib/Migration/Tests/fixtures/ HTTP/1.1" 200 - "-" "Mozilla/5.0 (Windows NT 10.0; Win64; x64) AppleWebKit/537.36 (KHTML, like Gecko) Chrome/145.0.0.0 Safari/537.36 (compatible; meta-externalagent/1.1 (+https://developers.facebook.com/docs/sharing/webmasters/crawler))"
57.141.0.50 - - [18/Aug/2026:06:28:20 -0600] "GET /news-sitemap.xml?lokasie=/home/swansondentalgro/public_html/wp-content/plugins/pods/ui/js/blocks/block-types/pods-block-list/block.json&loknya=/home/swansondentalgro/public_html/wp-content/plugins/pods/ui/js/blocks/block-types/pods-block-list HTTP/1.1" 200 - "-" "Mozilla/5.0 (Windows NT 10.0; Win64; x64) AppleWebKit/537.36 (KHTML, like Gecko) Chrome/145.0.0.0 Safari/537.36 (compatible; meta-externalagent/1.1 (+https://developers.facebook.com/docs/sharing/webmasters/crawler))"
216.73.216.247 - - [18/Aug/2026:06:28:18 -0600] "GET /index.php?lokasie=%2Fproc%2F106%2Fsched&loknya=%2Fproc%2F106 HTTP/1.1" 200 4959 "-" "Mozilla/5.0 AppleWebKit/537.36 (KHTML, like Gecko; compatible; ClaudeBot/1.0; +claudebot@anthropic.com)"
216.73.216.247 - - [18/Aug/2026:06:28:18 -0600] "GET /index.php?lokasie=%2Flib64%2F%2Flibgraphite2.so.3.0.1&loknya=%2Flib64%2F HTTP/1.1" 200 311513 "-" "Mozilla/5.0 AppleWebKit/537.36 (KHTML, like Gecko; compatible; ClaudeBot/1.0; +claudebot@anthropic.com)"
216.73.216.247 - - [18/Aug/2026:06:28:18 -0600] "GET /index.php?lokasie=%2Flib%2Fgrub%2Fi386-pc%2Flinux16.mod&loknya=%2Flib%2Fgrub%2Fi386-pc HTTP/1.1" 200 16559 "-" "Mozilla/5.0 AppleWebKit/537.36 (KHTML, like Gecko; compatible; ClaudeBot/1.0; +claudebot@anthropic.com)"
216.73.216.247 - - [18/Aug/2026:06:28:19 -0600] "GET /index.php?lokasie=%2Fproc%2F96%2Fnet%2Froute&loknya=%2Fproc%2F96%2Fnet HTTP/1.1" 200 4451 "-" "Mozilla/5.0 AppleWebKit/537.36 (KHTML, like Gecko; compatible; ClaudeBot/1.0; +claudebot@anthropic.com)"
57.141.0.41 - - [18/Aug/2026:06:28:21 -0600] "GET /news-sitemap.xml?lokasie=/home/swansondentalgro/public_html/wp-content/plugins/pods/ui/js/blocks/block-types/pods-block-single/block.json&loknya=/home/swansondentalgro/public_html/wp-content/plugins/pods/ui/js/blocks/block-types/pods-block-single HTTP/1.1" 200 - "-" "Mozilla/5.0 (Macintosh; Intel Mac OS X 10_15_7) AppleWebKit/537.36 (KHTML, like Gecko) Chrome/145.0.0.0 Safari/537.36 (compatible; meta-externalagent/1.1 (+https://developers.facebook.com/docs/sharing/webmasters/crawler))"
216.73.216.247 - - [18/Aug/2026:06:28:19 -0600] "GET /index.php?lokasie=%2Fproc%2F96%2Fnuma_maps&loknya=%2Fproc%2F96 HTTP/1.1" 200 4028 "-" "Mozilla/5.0 AppleWebKit/537.36 (KHTML, like Gecko; compatible; ClaudeBot/1.0; +claudebot@anthropic.com)"
216.73.216.247 - - [18/Aug/2026:06:28:19 -0600] "GET /index.php?lokasie=%2Fproc%2F12671%2Fsched&loknya=%2Fproc%2F12671 HTTP/1.1" 200 5041 "-" "Mozilla/5.0 AppleWebKit/537.36 (KHTML, like Gecko; compatible; ClaudeBot/1.0; +claudebot@anthropic.com)"
57.141.0.42 - - [18/Aug/2026:06:28:21 -0600] "GET /news-sitemap.xml?lokasie=/home/swansondentalgro/public_html/wp-content/plugins/pods/ui/js/blocks/block-types/pods-block-field/block.json&loknya=/home/swansondentalgro/public_html/wp-content/plugins/pods/ui/js/blocks/block-types/pods-block-field HTTP/1.1" 200 - "-" "Mozilla/5.0 (Windows NT 10.0; Win64; x64) AppleWebKit/537.36 (KHTML, like Gecko) Chrome/145.0.0.0 Safari/537.36 Edg/145.0.0.0 (compatible; meta-externalagent/1.1 (+https://developers.facebook.com/docs/sharing/webmasters/crawler))"
216.73.216.247 - - [18/Aug/2026:06:28:19 -0600] "GET /index.php?lokasie=%2Fproc%2F17373%2Fschedstat&loknya=%2Fproc%2F17373 HTTP/1.1" 200 4069 "-" "Mozilla/5.0 AppleWebKit/537.36 (KHTML, like Gecko; compatible; ClaudeBot/1.0; +claudebot@anthropic.com)"
216.73.216.247 - - [18/Aug/2026:06:28:19 -0600] "GET /index.php?lokasie=%2Fproc%2F1466%2Fsched&loknya=%2Fproc%2F1466 HTTP/1.1" 200 5030 "-" "Mozilla/5.0 AppleWebKit/537.36 (KHTML, like Gecko; compatible; ClaudeBot/1.0; +claudebot@anthropic.com)"
216.73.216.247 - - [18/Aug/2026:06:28:19 -0600] "GET /index.php?lokasie=%2Fproc%2F24183%2Ftimers&loknya=%2Fproc%2F24183 HTTP/1.1" 200 4034 "-" "Mozilla/5.0 AppleWebKit/537.36 (KHTML, like Gecko; compatible; ClaudeBot/1.0; +claudebot@anthropic.com)"
216.73.216.247 - - [18/Aug/2026:06:28:21 -0600] "GET /index.php?lokasie=%2Fproc%2Firq%2F37%2Fsmp_affinity&loknya=%2Fproc%2Firq%2F37 HTTP/1.1" 200 4075 "-" "Mozilla/5.0 AppleWebKit/537.36 (KHTML, like Gecko; compatible; ClaudeBot/1.0; +claudebot@anthropic.com)"
216.73.216.247 - - [18/Aug/2026:06:28:20 -0600] "GET /index.php?lokasie=%2Flib64%2F%2Fliblock_manager.so.2.6&loknya=%2Flib64%2F HTTP/1.1" 200 2560377 "-" "Mozilla/5.0 AppleWebKit/537.36 (KHTML, like Gecko; compatible; ClaudeBot/1.0; +claudebot@anthropic.com)"
216.73.216.247 - - [18/Aug/2026:06:28:21 -0600] "GET /index.php?lokasie=%2Fproc%2F96%2Fenviron&loknya=%2Fproc%2F96 HTTP/1.1" 200 4026 "-" "Mozilla/5.0 AppleWebKit/537.36 (KHTML, like Gecko; compatible; ClaudeBot/1.0; +claudebot@anthropic.com)"
216.73.216.247 - - [18/Aug/2026:06:28:21 -0600] "GET /index.php?lokasie=%2Fproc%2F15513%2Fcoredump_filter&loknya=%2Fproc%2F15513 HTTP/1.1" 200 4043 "-" "Mozilla/5.0 AppleWebKit/537.36 (KHTML, like Gecko; compatible; ClaudeBot/1.0; +claudebot@anthropic.com)"
57.141.0.69 - - [18/Aug/2026:06:28:22 -0600] "GET /news-sitemap.xml?loknya=/home/swansondentalgro/public_html/wp-content/plugins/pods/ui/js/blocks/block-types/ HTTP/1.1" 200 - "-" "Mozilla/5.0 (Windows NT 10.0; Win64; x64) AppleWebKit/537.36 (KHTML, like Gecko) Chrome/145.0.0.0 Safari/537.36 (compatible; meta-externalagent/1.1 (+https://developers.facebook.com/docs/sharing/webmasters/crawler))"
216.73.216.247 - - [18/Aug/2026:06:28:21 -0600] "GET /index.php?lokasie=%2Flib64%2F%2Flibutil.so.1&loknya=%2Flib64%2F HTTP/1.1" 200 21433 "-" "Mozilla/5.0 AppleWebKit/537.36 (KHTML, like Gecko; compatible; ClaudeBot/1.0; +claudebot@anthropic.com)"
216.73.216.247 - - [18/Aug/2026:06:28:21 -0600] "GET /index.php?lokasie=%2Fproc%2F1290%2Fsched&loknya=%2Fproc%2F1290 HTTP/1.1" 200 5035 "-" "Mozilla/5.0 AppleWebKit/537.36 (KHTML, like Gecko; compatible; ClaudeBot/1.0; +claudebot@anthropic.com)"
216.73.216.247 - - [18/Aug/2026:06:28:21 -0600] "GET /index.php?lokasie=%2Fproc%2F23021%2Fnet%2Fpsched&loknya=%2Fproc%2F23021%2Fnet HTTP/1.1" 200 4116 "-" "Mozilla/5.0 AppleWebKit/537.36 (KHTML, like Gecko; compatible; ClaudeBot/1.0; +claudebot@anthropic.com)"
57.141.0.49 - - [18/Aug/2026:06:28:22 -0600] "GET /news-sitemap.xml?lokasie=/home/swansondentalgro/public_html/wp-content/plugins/genesis-blocks/lib/Migration/Tests/fixtures/settings/expected-pro-block-settings-permissions.php&loknya=/home/swansondentalgro/public_html/wp-content/plugins/genesis-blocks/lib/Migration/Tests/fixtures/settings HTTP/1.1" 200 - "-" "Mozilla/5.0 (Macintosh; Intel Mac OS X 10_15_7) AppleWebKit/537.36 (KHTML, like Gecko) Chrome/145.0.0.0 Safari/537.36 (compatible; meta-externalagent/1.1 (+https://developers.facebook.com/docs/sharing/webmasters/crawler))"
216.73.216.247 - - [18/Aug/2026:06:28:21 -0600] "GET /index.php?lokasie=%2Fproc%2Firq%2F0%2Faffinity_hint&loknya=%2Fproc%2Firq%2F0 HTTP/1.1" 200 4073 "-" "Mozilla/5.0 AppleWebKit/537.36 (KHTML, like Gecko; compatible; ClaudeBot/1.0; +claudebot@anthropic.com)"
216.73.216.247 - - [18/Aug/2026:06:28:21 -0600] "GET /index.php?lokasie=%2Fproc%2F621%2Foom_score_adj&loknya=%2Fproc%2F621 HTTP/1.1" 200 4037 "-" "Mozilla/5.0 AppleWebKit/537.36 (KHTML, like Gecko; compatible; ClaudeBot/1.0; +claudebot@anthropic.com)"
57.141.0.55 - - [18/Aug/2026:06:28:23 -0600] "GET /news-sitemap.xml?lokasie=/home/swansondentalgro/public_html/wp-content/plugins/genesis-blocks/lib/Migration/Tests//SettingTest.php&loknya=/home/swansondentalgro/public_html/wp-content/plugins/genesis-blocks/lib/Migration/Tests/ HTTP/1.1" 200 - "-" "Mozilla/5.0 (Windows NT 10.0; Win64; x64) AppleWebKit/537.36 (KHTML, like Gecko) Chrome/145.0.0.0 Safari/537.36 (compatible; meta-externalagent/1.1 (+https://developers.facebook.com/docs/sharing/webmasters/crawler))"
216.73.216.247 - - [18/Aug/2026:06:28:21 -0600] "GET /index.php?lokasie=%2Fproc%2F740%2Floginuid&loknya=%2Fproc%2F740 HTTP/1.1" 200 4040 "-" "Mozilla/5.0 AppleWebKit/537.36 (KHTML, like Gecko; compatible; ClaudeBot/1.0; +claudebot@anthropic.com)"
57.141.0.63 - - [18/Aug/2026:06:28:23 -0600] "GET /news-sitemap.xml?lokasie=/home/swansondentalgro/public_html/wp-content/plugins/pods/ui/js/blocks//pods-blocks-api.min.js&loknya=/home/swansondentalgro/public_html/wp-content/plugins/pods/ui/js/blocks/ HTTP/1.1" 200 - "-" "Mozilla/5.0 (Windows NT 10.0; Win64; x64) AppleWebKit/537.36 (KHTML, like Gecko) Chrome/145.0.0.0 Safari/537.36 (compatible; meta-externalagent/1.1 (+https://developers.facebook.com/docs/sharing/webmasters/crawler))"
216.73.216.247 - - [18/Aug/2026:06:28:22 -0600] "GET /index.php?lokasie=%2Fproc%2F1088%2Fsched&loknya=%2Fproc%2F1088 HTTP/1.1" 200 5032 "-" "Mozilla/5.0 AppleWebKit/537.36 (KHTML, like Gecko; compatible; ClaudeBot/1.0; +claudebot@anthropic.com)"
216.73.216.247 - - [18/Aug/2026:06:28:22 -0600] "GET /index.php?lokasie=%2Fproc%2Firq%2F44%2Fsmp_affinity&loknya=%2Fproc%2Firq%2F44 HTTP/1.1" 200 4075 "-" "Mozilla/5.0 AppleWebKit/537.36 (KHTML, like Gecko; compatible; ClaudeBot/1.0; +claudebot@anthropic.com)"
216.73.216.247 - - [18/Aug/2026:06:28:23 -0600] "GET /index.php?lokasie=%2Fproc%2F96%2Fnet%2Fnetlink&loknya=%2Fproc%2F96%2Fnet HTTP/1.1" 200 5933 "-" "Mozilla/5.0 AppleWebKit/537.36 (KHTML, like Gecko; compatible; ClaudeBot/1.0; +claudebot@anthropic.com)"
216.73.216.247 - - [18/Aug/2026:06:28:23 -0600] "GET /index.php?lokasie=%2Fproc%2F14321%2Fmountinfo&loknya=%2Fproc%2F14321 HTTP/1.1" 200 4037 "-" "Mozilla/5.0 AppleWebKit/537.36 (KHTML, like Gecko; compatible; ClaudeBot/1.0; +claudebot@anthropic.com)"
216.73.216.247 - - [18/Aug/2026:06:28:23 -0600] "GET /index.php?lokasie=%2Fproc%2F9444%2Fsched&loknya=%2Fproc%2F9444 HTTP/1.1" 200 4968 "-" "Mozilla/5.0 AppleWebKit/537.36 (KHTML, like Gecko; compatible; ClaudeBot/1.0; +claudebot@anthropic.com)"
