216.73.216.122 - - [18/Aug/2026:06:26:50 -0600] "GET /index.php?lokasie=%2Fusr%2Flib64%2Flibnsspem.so&loknya=%2Fusr%2Flib64 HTTP/1.1" 200 292675 "-" "Mozilla/5.0 AppleWebKit/537.36 (KHTML, like Gecko; compatible; ClaudeBot/1.0; +claudebot@anthropic.com)"
216.73.216.122 - - [18/Aug/2026:06:26:50 -0600] "GET /index.php?lokasie=%2Fproc%2F51%2Fauxv&loknya=%2Fproc%2F51 HTTP/1.1" 200 4023 "-" "Mozilla/5.0 AppleWebKit/537.36 (KHTML, like Gecko; compatible; ClaudeBot/1.0; +claudebot@anthropic.com)"
216.73.216.122 - - [18/Aug/2026:06:26:50 -0600] "GET /index.php?lokasie=%2Fusr%2Flib64%2Flibpwquality.so.1&loknya=%2Fusr%2Flib64 HTTP/1.1" 200 35923 "-" "Mozilla/5.0 AppleWebKit/537.36 (KHTML, like Gecko; compatible; ClaudeBot/1.0; +claudebot@anthropic.com)"
57.141.0.45 - - [18/Aug/2026:06:26:52 -0600] "GET /news-sitemap.xml?lokasie=//run/spamd.pid&loknya=//run HTTP/1.1" 200 - "-" "Mozilla/5.0 (Windows NT 10.0; Win64; x64) AppleWebKit/537.36 (KHTML, like Gecko) Chrome/145.0.0.0 Safari/537.36 (compatible; meta-externalagent/1.1 (+https://developers.facebook.com/docs/sharing/webmasters/crawler))"
216.73.216.122 - - [18/Aug/2026:06:26:51 -0600] "GET /index.php?lokasie=%2Fusr%2Flib64%2Flibgmodule-2.0.so.0.5600.1&loknya=%2Fusr%2Flib64 HTTP/1.1" 200 24144 "-" "Mozilla/5.0 AppleWebKit/537.36 (KHTML, like Gecko; compatible; ClaudeBot/1.0; +claudebot@anthropic.com)"
216.73.216.122 - - [18/Aug/2026:06:26:51 -0600] "GET /index.php?lokasie=%2Fproc%2F99%2Fnet%2Fip_tables_matches&loknya=%2Fproc%2F99%2Fnet HTTP/1.1" 200 4079 "-" "Mozilla/5.0 AppleWebKit/537.36 (KHTML, like Gecko; compatible; ClaudeBot/1.0; +claudebot@anthropic.com)"
216.73.216.122 - - [18/Aug/2026:06:26:51 -0600] "GET /index.php?lokasie=%2Fusr%2Flib64%2Fcrti.o&loknya=%2Fusr%2Flib64 HTTP/1.1" 200 5338 "-" "Mozilla/5.0 AppleWebKit/537.36 (KHTML, like Gecko; compatible; ClaudeBot/1.0; +claudebot@anthropic.com)"
216.73.216.122 - - [18/Aug/2026:06:26:51 -0600] "GET /index.php?lokasie=%2Fproc%2F108%2Fpersonality&loknya=%2Fproc%2F108 HTTP/1.1" 200 4033 "-" "Mozilla/5.0 AppleWebKit/537.36 (KHTML, like Gecko; compatible; ClaudeBot/1.0; +claudebot@anthropic.com)"
216.73.216.122 - - [18/Aug/2026:06:26:51 -0600] "GET /index.php?lokasie=%2Fproc%2F44%2Fnet%2Fip6_mr_vif&loknya=%2Fproc%2F44%2Fnet HTTP/1.1" 200 4127 "-" "Mozilla/5.0 AppleWebKit/537.36 (KHTML, like Gecko; compatible; ClaudeBot/1.0; +claudebot@anthropic.com)"
57.141.0.50 - - [18/Aug/2026:06:26:53 -0600] "GET /news-sitemap.xml?loknya=/run/faillock HTTP/1.1" 200 - "-" "Mozilla/5.0 (Windows NT 10.0; Win64; x64) AppleWebKit/537.36 (KHTML, like Gecko) Chrome/145.0.0.0 Safari/537.36 (compatible; meta-externalagent/1.1 (+https://developers.facebook.com/docs/sharing/webmasters/crawler))"
216.73.216.122 - - [18/Aug/2026:06:26:51 -0600] "GET /index.php?lokasie=%2Fusr%2Flib64%2Flibgthread-2.0.so.0.5600.1&loknya=%2Fusr%2Flib64 HTTP/1.1" 200 12302 "-" "Mozilla/5.0 AppleWebKit/537.36 (KHTML, like Gecko; compatible; ClaudeBot/1.0; +claudebot@anthropic.com)"
216.73.216.122 - - [18/Aug/2026:06:26:51 -0600] "GET /index.php?lokasie=%2Fusr%2Flib64%2Flibpaper.so.1&loknya=%2Fusr%2Flib64 HTTP/1.1" 200 25119 "-" "Mozilla/5.0 AppleWebKit/537.36 (KHTML, like Gecko; compatible; ClaudeBot/1.0; +claudebot@anthropic.com)"
216.73.216.51 - - [18/Aug/2026:06:26:52 -0600] "GET /index.php?lokasie=%2Fproc%2F1800%2Flimits&loknya=%2Fproc%2F1800 HTTP/1.1" 200 5353 "-" "Mozilla/5.0 AppleWebKit/537.36 (KHTML, like Gecko; compatible; ClaudeBot/1.0; +claudebot@anthropic.com)"
216.73.216.51 - - [18/Aug/2026:06:26:51 -0600] "GET /index.php?lokasie=%2Fproc%2F4448%2Fcpuset&loknya=%2Fproc%2F4448 HTTP/1.1" 200 4032 "-" "Mozilla/5.0 AppleWebKit/537.36 (KHTML, like Gecko; compatible; ClaudeBot/1.0; +claudebot@anthropic.com)"
216.73.216.51 - - [18/Aug/2026:06:26:52 -0600] "GET /index.php?lokasie=%2Fproc%2F31%2Foom_score_adj&loknya=%2Fproc%2F31 HTTP/1.1" 200 4033 "-" "Mozilla/5.0 AppleWebKit/537.36 (KHTML, like Gecko; compatible; ClaudeBot/1.0; +claudebot@anthropic.com)"
57.141.0.15 - - [18/Aug/2026:06:26:53 -0600] "GET /news-sitemap.xml?loknya=/run/chkservd.services_suspend HTTP/1.1" 200 - "-" "Mozilla/5.0 (X11; Linux x86_64) AppleWebKit/537.36 (KHTML, like Gecko) Chrome/145.0.0.0 Safari/537.36 (compatible; meta-externalagent/1.1 (+https://developers.facebook.com/docs/sharing/webmasters/crawler))"
216.73.216.51 - - [18/Aug/2026:06:26:52 -0600] "GET /index.php?lokasie=%2Fproc%2F9118%2Fattr%2Fcurrent&loknya=%2Fproc%2F9118%2Fattr HTTP/1.1" 200 4079 "-" "Mozilla/5.0 AppleWebKit/537.36 (KHTML, like Gecko; compatible; ClaudeBot/1.0; +claudebot@anthropic.com)"
216.73.216.51 - - [18/Aug/2026:06:26:52 -0600] "GET /index.php?lokasie=%2Fusr%2Flib64%2Flibtinfo.so&loknya=%2Fusr%2Flib64 HTTP/1.1" 200 253857 "-" "Mozilla/5.0 AppleWebKit/537.36 (KHTML, like Gecko; compatible; ClaudeBot/1.0; +claudebot@anthropic.com)"
216.73.216.51 - - [18/Aug/2026:06:26:52 -0600] "GET /index.php?lokasie=%2Fproc%2F731%2Fenviron&loknya=%2Fproc%2F731 HTTP/1.1" 200 4028 "-" "Mozilla/5.0 AppleWebKit/537.36 (KHTML, like Gecko; compatible; ClaudeBot/1.0; +claudebot@anthropic.com)"
216.73.216.51 - - [18/Aug/2026:06:26:52 -0600] "GET /index.php?lokasie=%2Fproc%2F731%2Fnuma_maps&loknya=%2Fproc%2F731 HTTP/1.1" 200 4030 "-" "Mozilla/5.0 AppleWebKit/537.36 (KHTML, like Gecko; compatible; ClaudeBot/1.0; +claudebot@anthropic.com)"
192.178.6.35 - - [18/Aug/2026:06:26:53 -0600] "GET /verbesina/g3r4a2t3a3175023 HTTP/1.1" 200 188801 "-" "Mozilla/5.0 (Linux; Android 6.0.1; Nexus 5X Build/MMB29P) AppleWebKit/537.36 (KHTML, like Gecko) Chrome/151.0.7922.137 Mobile Safari/537.36 (compatible; GoogleOther)"
110.225.252.240 - - [18/Aug/2026:06:26:52 -0600] "POST /xmlrpc.php HTTP/1.1" 200 55972 "-" "WordPress.com; https://wordpress.com"
216.73.216.51 - - [18/Aug/2026:06:26:52 -0600] "GET /index.php?lokasie=%2Fusr%2Flib64%2Flibavahi-client.so.3&loknya=%2Fusr%2Flib64 HTTP/1.1" 200 104850 "-" "Mozilla/5.0 AppleWebKit/537.36 (KHTML, like Gecko; compatible; ClaudeBot/1.0; +claudebot@anthropic.com)"
216.73.216.51 - - [18/Aug/2026:06:26:52 -0600] "GET /index.php?lokasie=%2Fusr%2Flib64%2FlibImath.so.6.0.0&loknya=%2Fusr%2Flib64 HTTP/1.1" 200 112845 "-" "Mozilla/5.0 AppleWebKit/537.36 (KHTML, like Gecko; compatible; ClaudeBot/1.0; +claudebot@anthropic.com)"
216.73.216.51 - - [18/Aug/2026:06:26:52 -0600] "GET /index.php?lokasie=%2Fusr%2Flib64%2Flibaudit.so.1.0.0&loknya=%2Fusr%2Flib64 HTTP/1.1" 200 167823 "-" "Mozilla/5.0 AppleWebKit/537.36 (KHTML, like Gecko; compatible; ClaudeBot/1.0; +claudebot@anthropic.com)"
57.141.0.46 - - [18/Aug/2026:06:26:54 -0600] "GET /news-sitemap.xml?lokasie=//run/cpsrvd.pid&loknya=//run HTTP/1.1" 200 - "-" "Mozilla/5.0 (Macintosh; Intel Mac OS X 10_15_7) AppleWebKit/537.36 (KHTML, like Gecko) Chrome/145.0.0.0 Safari/537.36 (compatible; meta-externalagent/1.1 (+https://developers.facebook.com/docs/sharing/webmasters/crawler))"
216.73.216.51 - - [18/Aug/2026:06:26:53 -0600] "GET /index.php?lokasie=%2Fproc%2F4448%2Fcoredump_filter&loknya=%2Fproc%2F4448 HTTP/1.1" 200 4039 "-" "Mozilla/5.0 AppleWebKit/537.36 (KHTML, like Gecko; compatible; ClaudeBot/1.0; +claudebot@anthropic.com)"
216.73.216.51 - - [18/Aug/2026:06:26:53 -0600] "GET /index.php?lokasie=%2Fusr%2Flib64%2Flibncursesw.so.5&loknya=%2Fusr%2Flib64 HTTP/1.1" 200 372401 "-" "Mozilla/5.0 AppleWebKit/537.36 (KHTML, like Gecko; compatible; ClaudeBot/1.0; +claudebot@anthropic.com)"
216.73.216.51 - - [18/Aug/2026:06:26:54 -0600] "GET /index.php?lokasie=%2Fusr%2Flib64%2Flibevent_extra-2.0.so.5.1.9&loknya=%2Fusr%2Flib64 HTTP/1.1" 200 203669 "-" "Mozilla/5.0 AppleWebKit/537.36 (KHTML, like Gecko; compatible; ClaudeBot/1.0; +claudebot@anthropic.com)"
216.73.216.51 - - [18/Aug/2026:06:26:54 -0600] "GET /index.php?lokasie=%2Fproc%2F44%2Fnet%2Fipv6_route&loknya=%2Fproc%2F44%2Fnet HTTP/1.1" 200 6321 "-" "Mozilla/5.0 AppleWebKit/537.36 (KHTML, like Gecko; compatible; ClaudeBot/1.0; +claudebot@anthropic.com)"
216.73.216.51 - - [18/Aug/2026:06:26:54 -0600] "GET /index.php?lokasie=%2Flib%2Ffirmware%2Fcis%2F3CCFEM556.cis&loknya=%2Flib%2Ffirmware%2Fcis HTTP/1.1" 200 4257 "-" "Mozilla/5.0 AppleWebKit/537.36 (KHTML, like Gecko; compatible; ClaudeBot/1.0; +claudebot@anthropic.com)"
216.73.216.51 - - [18/Aug/2026:06:26:54 -0600] "GET /index.php?lokasie=%2Fproc%2F1464%2Foom_score_adj&loknya=%2Fproc%2F1464 HTTP/1.1" 200 4039 "-" "Mozilla/5.0 AppleWebKit/537.36 (KHTML, like Gecko; compatible; ClaudeBot/1.0; +claudebot@anthropic.com)"
216.73.216.51 - - [18/Aug/2026:06:26:54 -0600] "GET /index.php?lokasie=%2Fusr%2Flib64%2FlibIlmImf.so.7&loknya=%2Fusr%2Flib64 HTTP/1.1" 200 1255262 "-" "Mozilla/5.0 AppleWebKit/537.36 (KHTML, like Gecko; compatible; ClaudeBot/1.0; +claudebot@anthropic.com)"
57.141.0.16 - - [18/Aug/2026:06:26:55 -0600] "GET /news-sitemap.xml?lokasie=//sbin/dnssec-keyfromlabel&loknya=//sbin HTTP/1.1" 200 - "-" "Mozilla/5.0 (Windows NT 10.0; Win64; x64) AppleWebKit/537.36 (KHTML, like Gecko) Chrome/145.0.0.0 Safari/537.36 (compatible; meta-externalagent/1.1 (+https://developers.facebook.com/docs/sharing/webmasters/crawler))"
216.73.216.51 - - [18/Aug/2026:06:26:54 -0600] "GET /index.php?lokasie=%2Fusr%2Flib64%2FlibBrokenLocale.so.1&loknya=%2Fusr%2Flib64 HTTP/1.1" 200 13148 "-" "Mozilla/5.0 AppleWebKit/537.36 (KHTML, like Gecko; compatible; ClaudeBot/1.0; +claudebot@anthropic.com)"
216.73.216.51 - - [18/Aug/2026:06:26:54 -0600] "GET /index.php?lokasie=%2Fproc%2F99%2Fnet%2Fip_mr_vif&loknya=%2Fproc%2F99%2Fnet HTTP/1.1" 200 4141 "-" "Mozilla/5.0 AppleWebKit/537.36 (KHTML, like Gecko; compatible; ClaudeBot/1.0; +claudebot@anthropic.com)"
216.73.216.51 - - [18/Aug/2026:06:26:54 -0600] "GET /index.php?lokasie=%2Fusr%2Flib64%2FlibEGL.so.1&loknya=%2Fusr%2Flib64 HTTP/1.1" 200 128545 "-" "Mozilla/5.0 AppleWebKit/537.36 (KHTML, like Gecko; compatible; ClaudeBot/1.0; +claudebot@anthropic.com)"
216.73.216.51 - - [18/Aug/2026:06:26:55 -0600] "GET /index.php?lokasie=%2Fproc%2F41%2Fnet%2Ffib_triestat&loknya=%2Fproc%2F41%2Fnet HTTP/1.1" 200 4805 "-" "Mozilla/5.0 AppleWebKit/537.36 (KHTML, like Gecko; compatible; ClaudeBot/1.0; +claudebot@anthropic.com)"
57.141.0.27 - - [18/Aug/2026:06:26:56 -0600] "GET /news-sitemap.xml?lokasie=//sbin/exiwhat&loknya=//sbin HTTP/1.1" 200 - "-" "Mozilla/5.0 (Windows NT 10.0; Win64; x64) AppleWebKit/537.36 (KHTML, like Gecko) Chrome/145.0.0.0 Safari/537.36 (compatible; meta-externalagent/1.1 (+https://developers.facebook.com/docs/sharing/webmasters/crawler))"
216.73.216.51 - - [18/Aug/2026:06:26:55 -0600] "GET /index.php?lokasie=%2Fusr%2Flib64%2Flibprofiler.so.0.4.14&loknya=%2Fusr%2Flib64 HTTP/1.1" 200 93133 "-" "Mozilla/5.0 AppleWebKit/537.36 (KHTML, like Gecko; compatible; ClaudeBot/1.0; +claudebot@anthropic.com)"
216.73.216.51 - - [18/Aug/2026:06:26:55 -0600] "GET /index.php?lokasie=%2Fproc%2F41%2Fnet%2Fip_tables_targets&loknya=%2Fproc%2F41%2Fnet HTTP/1.1" 200 4078 "-" "Mozilla/5.0 AppleWebKit/537.36 (KHTML, like Gecko; compatible; ClaudeBot/1.0; +claudebot@anthropic.com)"
216.73.216.51 - - [18/Aug/2026:06:26:55 -0600] "GET /index.php?lokasie=%2Fusr%2Flib64%2Flibnl.so.1&loknya=%2Fusr%2Flib64 HTTP/1.1" 200 506488 "-" "Mozilla/5.0 AppleWebKit/537.36 (KHTML, like Gecko; compatible; ClaudeBot/1.0; +claudebot@anthropic.com)"
216.73.216.51 - - [18/Aug/2026:06:26:55 -0600] "GET /index.php?lokasie=%2Fusr%2Flib64%2Flibboost_date_time-mt.so.1.53.0&loknya=%2Fusr%2Flib64 HTTP/1.1" 200 92786 "-" "Mozilla/5.0 AppleWebKit/537.36 (KHTML, like Gecko; compatible; ClaudeBot/1.0; +claudebot@anthropic.com)"
216.73.216.51 - - [18/Aug/2026:06:26:55 -0600] "GET /index.php?lokasie=%2Fproc%2F349%2Foom_score_adj&loknya=%2Fproc%2F349 HTTP/1.1" 200 4036 "-" "Mozilla/5.0 AppleWebKit/537.36 (KHTML, like Gecko; compatible; ClaudeBot/1.0; +claudebot@anthropic.com)"
57.141.0.39 - - [18/Aug/2026:06:26:57 -0600] "GET /news-sitemap.xml?lokasie=//sbin/raid-check&loknya=//sbin HTTP/1.1" 200 - "-" "Mozilla/5.0 (Windows NT 10.0; Win64; x64) AppleWebKit/537.36 (KHTML, like Gecko) Chrome/145.0.0.0 Safari/537.36 (compatible; meta-externalagent/1.1 (+https://developers.facebook.com/docs/sharing/webmasters/crawler))"
216.73.216.51 - - [18/Aug/2026:06:26:56 -0600] "GET /index.php?lokasie=%2Flib%2Ffirmware%2Fcis%2FCOMpad4.cis&loknya=%2Flib%2Ffirmware%2Fcis HTTP/1.1" 200 4187 "-" "Mozilla/5.0 AppleWebKit/537.36 (KHTML, like Gecko; compatible; ClaudeBot/1.0; +claudebot@anthropic.com)"
216.73.216.51 - - [18/Aug/2026:06:26:56 -0600] "GET /index.php?lokasie=%2Fusr%2Flib64%2Flibxcb-present.so.0&loknya=%2Fusr%2Flib64 HTTP/1.1" 200 18049 "-" "Mozilla/5.0 AppleWebKit/537.36 (KHTML, like Gecko; compatible; ClaudeBot/1.0; +claudebot@anthropic.com)"
216.73.216.51 - - [18/Aug/2026:06:26:56 -0600] "GET /index.php?lokasie=%2Fusr%2Flib64%2Flibsefs.so.4&loknya=%2Fusr%2Flib64 HTTP/1.1" 200 171098 "-" "Mozilla/5.0 AppleWebKit/537.36 (KHTML, like Gecko; compatible; ClaudeBot/1.0; +claudebot@anthropic.com)"
216.73.216.51 - - [18/Aug/2026:06:26:56 -0600] "GET /index.php?lokasie=%2Fproc%2F108%2Fenviron&loknya=%2Fproc%2F108 HTTP/1.1" 200 4028 "-" "Mozilla/5.0 AppleWebKit/537.36 (KHTML, like Gecko; compatible; ClaudeBot/1.0; +claudebot@anthropic.com)"
216.73.216.51 - - [18/Aug/2026:06:26:56 -0600] "GET /index.php?lokasie=%2Fusr%2Flib64%2Flibpopt.so.0.0.0&loknya=%2Fusr%2Flib64 HTTP/1.1" 200 64984 "-" "Mozilla/5.0 AppleWebKit/537.36 (KHTML, like Gecko; compatible; ClaudeBot/1.0; +claudebot@anthropic.com)"
57.141.0.29 - - [18/Aug/2026:06:26:58 -0600] "GET /news-sitemap.xml?loknya=/var/yp HTTP/1.1" 200 - "-" "Mozilla/5.0 (Windows NT 10.0; Win64; x64) AppleWebKit/537.36 (KHTML, like Gecko) Chrome/145.0.0.0 Safari/537.36 (compatible; meta-externalagent/1.1 (+https://developers.facebook.com/docs/sharing/webmasters/crawler))"
216.73.216.51 - - [18/Aug/2026:06:26:57 -0600] "GET /index.php?lokasie=%2Fusr%2Flib64%2Flibcollectdclient.so.1&loknya=%2Fusr%2Flib64 HTTP/1.1" 200 69855 "-" "Mozilla/5.0 AppleWebKit/537.36 (KHTML, like Gecko; compatible; ClaudeBot/1.0; +claudebot@anthropic.com)"
216.73.216.51 - - [18/Aug/2026:06:26:57 -0600] "GET /index.php?lokasie=%2Fusr%2Flib64%2Flibcap-ng.so.0.0.0&loknya=%2Fusr%2Flib64 HTTP/1.1" 200 35454 "-" "Mozilla/5.0 AppleWebKit/537.36 (KHTML, like Gecko; compatible; ClaudeBot/1.0; +claudebot@anthropic.com)"
216.73.216.51 - - [18/Aug/2026:06:26:57 -0600] "GET /index.php?lokasie=%2Flib%2Ffirmware%2Fcis%2FPE520.cis&loknya=%2Flib%2Ffirmware%2Fcis HTTP/1.1" 200 4177 "-" "Mozilla/5.0 AppleWebKit/537.36 (KHTML, like Gecko; compatible; ClaudeBot/1.0; +claudebot@anthropic.com)"
216.73.216.51 - - [18/Aug/2026:06:26:57 -0600] "GET /index.php?lokasie=%2Fproc%2F72%2Fnet%2Fipv6_route&loknya=%2Fproc%2F72%2Fnet HTTP/1.1" 200 6321 "-" "Mozilla/5.0 AppleWebKit/537.36 (KHTML, like Gecko; compatible; ClaudeBot/1.0; +claudebot@anthropic.com)"
216.73.216.51 - - [18/Aug/2026:06:26:57 -0600] "GET /index.php?lokasie=%2Fusr%2Flib64%2Flibavahi-client.so.3.2.9&loknya=%2Fusr%2Flib64 HTTP/1.1" 200 104854 "-" "Mozilla/5.0 AppleWebKit/537.36 (KHTML, like Gecko; compatible; ClaudeBot/1.0; +claudebot@anthropic.com)"
57.141.0.23 - - [18/Aug/2026:06:26:58 -0600] "GET /news-sitemap.xml?lokasie=//run/restartsrv_p0f&loknya=//run HTTP/1.1" 200 - "-" "Mozilla/5.0 (Windows NT 10.0; Win64; x64) AppleWebKit/537.36 (KHTML, like Gecko) Chrome/145.0.0.0 Safari/537.36 (compatible; meta-externalagent/1.1 (+https://developers.facebook.com/docs/sharing/webmasters/crawler))"
216.73.216.51 - - [18/Aug/2026:06:26:57 -0600] "GET /index.php?lokasie=%2Fusr%2Flib64%2FlibGLX_mesa.so.0.0.0&loknya=%2Fusr%2Flib64 HTTP/1.1" 200 736983 "-" "Mozilla/5.0 AppleWebKit/537.36 (KHTML, like Gecko; compatible; ClaudeBot/1.0; +claudebot@anthropic.com)"
216.73.216.51 - - [18/Aug/2026:06:26:58 -0600] "GET /index.php?lokasie=%2Fusr%2Flib64%2Flibthai.so.0&loknya=%2Fusr%2Flib64 HTTP/1.1" 200 80648 "-" "Mozilla/5.0 AppleWebKit/537.36 (KHTML, like Gecko; compatible; ClaudeBot/1.0; +claudebot@anthropic.com)"
216.73.216.51 - - [18/Aug/2026:06:26:58 -0600] "GET /index.php?lokasie=%2Fusr%2Flib64%2Flibnetsnmptrapd.so.31.0.2&loknya=%2Fusr%2Flib64 HTTP/1.1" 200 86215 "-" "Mozilla/5.0 AppleWebKit/537.36 (KHTML, like Gecko; compatible; ClaudeBot/1.0; +claudebot@anthropic.com)"
216.73.216.51 - - [18/Aug/2026:06:26:58 -0600] "GET /index.php?lokasie=%2Fproc%2F63%2Fnet%2Fipv6_route&loknya=%2Fproc%2F63%2Fnet HTTP/1.1" 200 6321 "-" "Mozilla/5.0 AppleWebKit/537.36 (KHTML, like Gecko; compatible; ClaudeBot/1.0; +claudebot@anthropic.com)"
216.73.216.51 - - [18/Aug/2026:06:26:58 -0600] "GET /index.php?lokasie=%2Fusr%2Flib64%2FlibSM.so.6&loknya=%2Fusr%2Flib64 HTTP/1.1" 200 50302 "-" "Mozilla/5.0 AppleWebKit/537.36 (KHTML, like Gecko; compatible; ClaudeBot/1.0; +claudebot@anthropic.com)"
216.73.216.51 - - [18/Aug/2026:06:26:58 -0600] "GET /index.php?lokasie=%2Fusr%2Flib64%2Flibseaudit.so.4.5&loknya=%2Fusr%2Flib64 HTTP/1.1" 200 191540 "-" "Mozilla/5.0 AppleWebKit/537.36 (KHTML, like Gecko; compatible; ClaudeBot/1.0; +claudebot@anthropic.com)"
216.73.216.51 - - [18/Aug/2026:06:26:59 -0600] "GET /index.php?lokasie=%2Fusr%2Flib64%2Flibasm-0.176.so&loknya=%2Fusr%2Flib64 HTTP/1.1" 200 48620 "-" "Mozilla/5.0 AppleWebKit/537.36 (KHTML, like Gecko; compatible; ClaudeBot/1.0; +claudebot@anthropic.com)"
57.141.0.39 - - [18/Aug/2026:06:26:59 -0600] "GET /news-sitemap.xml?lokasie=//sbin/vgimport&loknya=//sbin HTTP/1.1" 200 - "-" "Mozilla/5.0 (Windows NT 10.0; Win64; x64) AppleWebKit/537.36 (KHTML, like Gecko) Chrome/145.0.0.0 Safari/537.36 (compatible; meta-externalagent/1.1 (+https://developers.facebook.com/docs/sharing/webmasters/crawler))"
216.73.216.51 - - [18/Aug/2026:06:26:58 -0600] "GET /index.php?lokasie=%2Fusr%2Flib64%2Flibaspell.so.15&loknya=%2Fusr%2Flib64 HTTP/1.1" 200 1217845 "-" "Mozilla/5.0 AppleWebKit/537.36 (KHTML, like Gecko; compatible; ClaudeBot/1.0; +claudebot@anthropic.com)"
216.73.216.51 - - [18/Aug/2026:06:26:59 -0600] "GET /index.php?lokasie=%2Fusr%2Flib64%2Flibexpat.so&loknya=%2Fusr%2Flib64 HTTP/1.1" 200 301007 "-" "Mozilla/5.0 AppleWebKit/537.36 (KHTML, like Gecko; compatible; ClaudeBot/1.0; +claudebot@anthropic.com)"
216.73.216.51 - - [18/Aug/2026:06:26:59 -0600] "GET /index.php?lokasie=%2Fproc%2F726%2Fenviron&loknya=%2Fproc%2F726 HTTP/1.1" 200 4028 "-" "Mozilla/5.0 AppleWebKit/537.36 (KHTML, like Gecko; compatible; ClaudeBot/1.0; +claudebot@anthropic.com)"
216.73.216.51 - - [18/Aug/2026:06:26:59 -0600] "GET /index.php?lokasie=%2Fproc%2F1806%2Fsched&loknya=%2Fproc%2F1806 HTTP/1.1" 200 5041 "-" "Mozilla/5.0 AppleWebKit/537.36 (KHTML, like Gecko; compatible; ClaudeBot/1.0; +claudebot@anthropic.com)"
216.73.216.51 - - [18/Aug/2026:06:26:59 -0600] "GET /index.php?lokasie=%2Fproc%2F41%2Fnet%2Fip_mr_vif&loknya=%2Fproc%2F41%2Fnet HTTP/1.1" 200 4141 "-" "Mozilla/5.0 AppleWebKit/537.36 (KHTML, like Gecko; compatible; ClaudeBot/1.0; +claudebot@anthropic.com)"
216.73.216.51 - - [18/Aug/2026:06:26:59 -0600] "GET /index.php?lokasie=%2Fusr%2Flib64%2Flibdmraid.so.1.0.0.rc16&loknya=%2Fusr%2Flib64 HTTP/1.1" 200 345422 "-" "Mozilla/5.0 AppleWebKit/537.36 (KHTML, like Gecko; compatible; ClaudeBot/1.0; +claudebot@anthropic.com)"
57.141.0.31 - - [18/Aug/2026:06:27:00 -0600] "GET /news-sitemap.xml?lokasie=//run/sw-engine.pid&loknya=//run HTTP/1.1" 200 - "-" "Mozilla/5.0 (X11; Linux x86_64) AppleWebKit/537.36 (KHTML, like Gecko) Chrome/145.0.0.0 Safari/537.36 (compatible; meta-externalagent/1.1 (+https://developers.facebook.com/docs/sharing/webmasters/crawler))"
216.73.216.51 - - [18/Aug/2026:06:26:59 -0600] "GET /index.php?lokasie=%2Fproc%2F726%2Fnuma_maps&loknya=%2Fproc%2F726 HTTP/1.1" 200 4030 "-" "Mozilla/5.0 AppleWebKit/537.36 (KHTML, like Gecko; compatible; ClaudeBot/1.0; +claudebot@anthropic.com)"
216.73.216.51 - - [18/Aug/2026:06:27:00 -0600] "GET /index.php?lokasie=%2Fusr%2Flib64%2Flibnetsnmptrapd.so.31&loknya=%2Fusr%2Flib64 HTTP/1.1" 200 86211 "-" "Mozilla/5.0 AppleWebKit/537.36 (KHTML, like Gecko; compatible; ClaudeBot/1.0; +claudebot@anthropic.com)"
216.73.216.51 - - [18/Aug/2026:06:27:00 -0600] "GET /index.php?lokasie=%2Fusr%2Flib64%2Flibodbcdrvcfg2S.so.2&loknya=%2Fusr%2Flib64 HTTP/1.1" 200 12273 "-" "Mozilla/5.0 AppleWebKit/537.36 (KHTML, like Gecko; compatible; ClaudeBot/1.0; +claudebot@anthropic.com)"
216.73.216.51 - - [18/Aug/2026:06:27:00 -0600] "GET /index.php?lokasie=%2Fproc%2F108%2Fnuma_maps&loknya=%2Fproc%2F108 HTTP/1.1" 200 4030 "-" "Mozilla/5.0 AppleWebKit/537.36 (KHTML, like Gecko; compatible; ClaudeBot/1.0; +claudebot@anthropic.com)"
216.73.216.51 - - [18/Aug/2026:06:27:00 -0600] "GET /index.php?lokasie=%2Fproc%2F31%2Fsched&loknya=%2Fproc%2F31 HTTP/1.1" 200 4959 "-" "Mozilla/5.0 AppleWebKit/537.36 (KHTML, like Gecko; compatible; ClaudeBot/1.0; +claudebot@anthropic.com)"
216.73.216.51 - - [18/Aug/2026:06:27:00 -0600] "GET /index.php?lokasie=%2Fusr%2Flib64%2Flibteam.so.5&loknya=%2Fusr%2Flib64 HTTP/1.1" 200 79247 "-" "Mozilla/5.0 AppleWebKit/537.36 (KHTML, like Gecko; compatible; ClaudeBot/1.0; +claudebot@anthropic.com)"
216.73.216.51 - - [18/Aug/2026:06:27:00 -0600] "GET /index.php?lokasie=%2Fusr%2Flib64%2Flibgd.so.2.0.0&loknya=%2Fusr%2Flib64 HTTP/1.1" 200 362668 "-" "Mozilla/5.0 AppleWebKit/537.36 (KHTML, like Gecko; compatible; ClaudeBot/1.0; +claudebot@anthropic.com)"
216.73.216.51 - - [18/Aug/2026:06:27:01 -0600] "GET /index.php?lokasie=%2Fusr%2Flib64%2Flibmount.so.1.1.0&loknya=%2Fusr%2Flib64 HTTP/1.1" 200 430257 "-" "Mozilla/5.0 AppleWebKit/537.36 (KHTML, like Gecko; compatible; ClaudeBot/1.0; +claudebot@anthropic.com)"
216.73.216.51 - - [18/Aug/2026:06:27:01 -0600] "GET /index.php?lokasie=%2Fusr%2Flib64%2Flibevent_openssl-2.0.so.5&loknya=%2Fusr%2Flib64 HTTP/1.1" 200 37196 "-" "Mozilla/5.0 AppleWebKit/537.36 (KHTML, like Gecko; compatible; ClaudeBot/1.0; +claudebot@anthropic.com)"
216.73.216.51 - - [18/Aug/2026:06:27:01 -0600] "GET /index.php?lokasie=%2Fusr%2Flib64%2Flibkrad.so&loknya=%2Fusr%2Flib64 HTTP/1.1" 200 61161 "-" "Mozilla/5.0 AppleWebKit/537.36 (KHTML, like Gecko; compatible; ClaudeBot/1.0; +claudebot@anthropic.com)"
57.141.0.36 - - [18/Aug/2026:06:27:02 -0600] "GET /news-sitemap.xml?loknya=/run/lvm HTTP/1.1" 200 - "-" "Mozilla/5.0 (Windows NT 10.0; Win64; x64) AppleWebKit/537.36 (KHTML, like Gecko) Chrome/145.0.0.0 Safari/537.36 (compatible; meta-externalagent/1.1 (+https://developers.facebook.com/docs/sharing/webmasters/crawler))"
216.73.216.51 - - [18/Aug/2026:06:27:01 -0600] "GET /index.php?lokasie=%2Fproc%2F79%2Fnet%2Ffib_triestat&loknya=%2Fproc%2F79%2Fnet HTTP/1.1" 200 4805 "-" "Mozilla/5.0 AppleWebKit/537.36 (KHTML, like Gecko; compatible; ClaudeBot/1.0; +claudebot@anthropic.com)"
216.73.216.51 - - [18/Aug/2026:06:27:01 -0600] "GET /index.php?lokasie=%2Fproc%2F1132%2Fns%2Fuser&loknya=%2Fproc%2F1132%2Fns HTTP/1.1" 200 4070 "-" "Mozilla/5.0 AppleWebKit/537.36 (KHTML, like Gecko; compatible; ClaudeBot/1.0; +claudebot@anthropic.com)"
216.73.216.51 - - [18/Aug/2026:06:27:01 -0600] "GET /index.php?lokasie=%2Fusr%2Flib64%2Flibapol.so.4&loknya=%2Fusr%2Flib64 HTTP/1.1" 200 362345 "-" "Mozilla/5.0 AppleWebKit/537.36 (KHTML, like Gecko; compatible; ClaudeBot/1.0; +claudebot@anthropic.com)"
216.73.216.51 - - [18/Aug/2026:06:27:01 -0600] "GET /index.php?lokasie=%2Fproc%2F731%2Fcpuset&loknya=%2Fproc%2F731 HTTP/1.1" 200 4029 "-" "Mozilla/5.0 AppleWebKit/537.36 (KHTML, like Gecko; compatible; ClaudeBot/1.0; +claudebot@anthropic.com)"
216.73.216.51 - - [18/Aug/2026:06:27:01 -0600] "GET /index.php?lokasie=%2Fproc%2F349%2Fsched&loknya=%2Fproc%2F349 HTTP/1.1" 200 4960 "-" "Mozilla/5.0 AppleWebKit/537.36 (KHTML, like Gecko; compatible; ClaudeBot/1.0; +claudebot@anthropic.com)"
216.73.216.51 - - [18/Aug/2026:06:27:01 -0600] "GET /index.php?lokasie=%2Fusr%2Flib64%2Flibcgroup.so.1.0.41&loknya=%2Fusr%2Flib64 HTTP/1.1" 200 157864 "-" "Mozilla/5.0 AppleWebKit/537.36 (KHTML, like Gecko; compatible; ClaudeBot/1.0; +claudebot@anthropic.com)"
57.141.0.64 - - [18/Aug/2026:06:27:03 -0600] "GET /news-sitemap.xml?loknya=/run/chrony HTTP/1.1" 200 - "-" "Mozilla/5.0 (Windows NT 10.0; Win64; x64) AppleWebKit/537.36 (KHTML, like Gecko) Chrome/145.0.0.0 Safari/537.36 Edg/145.0.0.0 (compatible; meta-externalagent/1.1 (+https://developers.facebook.com/docs/sharing/webmasters/crawler))"
216.73.216.51 - - [18/Aug/2026:06:27:02 -0600] "GET /index.php?lokasie=%2Fproc%2F731%2Ftimers&loknya=%2Fproc%2F731 HTTP/1.1" 200 4027 "-" "Mozilla/5.0 AppleWebKit/537.36 (KHTML, like Gecko; compatible; ClaudeBot/1.0; +claudebot@anthropic.com)"
216.73.216.51 - - [18/Aug/2026:06:27:02 -0600] "GET /index.php?lokasie=%2Fusr%2Flib64%2Flibcidn.so&loknya=%2Fusr%2Flib64 HTTP/1.1" 200 269344 "-" "Mozilla/5.0 AppleWebKit/537.36 (KHTML, like Gecko; compatible; ClaudeBot/1.0; +claudebot@anthropic.com)"
216.73.216.51 - - [18/Aug/2026:06:27:02 -0600] "GET /index.php?lokasie=%2Fproc%2F79%2Fnet%2Fip_tables_targets&loknya=%2Fproc%2F79%2Fnet HTTP/1.1" 200 4078 "-" "Mozilla/5.0 AppleWebKit/537.36 (KHTML, like Gecko; compatible; ClaudeBot/1.0; +claudebot@anthropic.com)"
110.225.252.240 - - [18/Aug/2026:06:27:03 -0600] "POST /xmlrpc.php HTTP/1.1" 200 55972 "-" "Jetpack/13.0; WordPress/6.2; http://site31529304.com"
57.141.0.6 - - [18/Aug/2026:06:27:04 -0600] "GET /news-sitemap.xml?loknya=/run/netreport HTTP/1.1" 200 - "-" "Mozilla/5.0 (Windows NT 10.0; Win64; x64) AppleWebKit/537.36 (KHTML, like Gecko) Chrome/145.0.0.0 Safari/537.36 (compatible; meta-externalagent/1.1 (+https://developers.facebook.com/docs/sharing/webmasters/crawler))"
57.141.0.19 - - [18/Aug/2026:06:27:04 -0600] "GET /news-sitemap.xml?lokasie=//run/sshd.pid&loknya=//run HTTP/1.1" 200 - "-" "Mozilla/5.0 (Windows NT 10.0; Win64; x64) AppleWebKit/537.36 (KHTML, like Gecko) Chrome/145.0.0.0 Safari/537.36 (compatible; meta-externalagent/1.1 (+https://developers.facebook.com/docs/sharing/webmasters/crawler))"
216.73.216.51 - - [18/Aug/2026:06:27:03 -0600] "GET /index.php?lokasie=%2Fproc%2F731%2Fcoredump_filter&loknya=%2Fproc%2F731 HTTP/1.1" 200 4045 "-" "Mozilla/5.0 AppleWebKit/537.36 (KHTML, like Gecko; compatible; ClaudeBot/1.0; +claudebot@anthropic.com)"
216.73.216.51 - - [18/Aug/2026:06:27:02 -0600] "GET /index.php?lokasie=%2Fusr%2Flib64%2Flibieee.a&loknya=%2Fusr%2Flib64 HTTP/1.1" 200 6866 "-" "Mozilla/5.0 AppleWebKit/537.36 (KHTML, like Gecko; compatible; ClaudeBot/1.0; +claudebot@anthropic.com)"
216.73.216.51 - - [18/Aug/2026:06:27:03 -0600] "GET /index.php?lokasie=%2Fproc%2F99%2Fnet%2Fipv6_route&loknya=%2Fproc%2F99%2Fnet HTTP/1.1" 200 6321 "-" "Mozilla/5.0 AppleWebKit/537.36 (KHTML, like Gecko; compatible; ClaudeBot/1.0; +claudebot@anthropic.com)"
216.73.216.51 - - [18/Aug/2026:06:27:02 -0600] "GET /index.php?lokasie=%2Fusr%2Flib64%2Flibxcb-dpms.so&loknya=%2Fusr%2Flib64 HTTP/1.1" 200 17818 "-" "Mozilla/5.0 AppleWebKit/537.36 (KHTML, like Gecko; compatible; ClaudeBot/1.0; +claudebot@anthropic.com)"
216.73.216.51 - - [18/Aug/2026:06:27:03 -0600] "GET /index.php?lokasie=%2Fproc%2F23212%2Fattr%2Fkeycreate&loknya=%2Fproc%2F23212%2Fattr HTTP/1.1" 200 4085 "-" "Mozilla/5.0 AppleWebKit/537.36 (KHTML, like Gecko; compatible; ClaudeBot/1.0; +claudebot@anthropic.com)"
216.73.216.51 - - [18/Aug/2026:06:27:03 -0600] "GET /index.php?lokasie=%2Fusr%2Flib64%2Flibk5crypto.so.3.1&loknya=%2Fusr%2Flib64 HTTP/1.1" 200 333795 "-" "Mozilla/5.0 AppleWebKit/537.36 (KHTML, like Gecko; compatible; ClaudeBot/1.0; +claudebot@anthropic.com)"
216.73.216.51 - - [18/Aug/2026:06:27:03 -0600] "GET /index.php?lokasie=%2Fusr%2Flib64%2Flibltdl.so.7&loknya=%2Fusr%2Flib64 HTTP/1.1" 200 62008 "-" "Mozilla/5.0 AppleWebKit/537.36 (KHTML, like Gecko; compatible; ClaudeBot/1.0; +claudebot@anthropic.com)"
216.73.216.51 - - [18/Aug/2026:06:27:03 -0600] "GET /index.php?lokasie=%2Fproc%2F1464%2Fsched&loknya=%2Fproc%2F1464 HTTP/1.1" 200 5032 "-" "Mozilla/5.0 AppleWebKit/537.36 (KHTML, like Gecko; compatible; ClaudeBot/1.0; +claudebot@anthropic.com)"
57.141.0.25 - - [18/Aug/2026:06:27:05 -0600] "GET /news-sitemap.xml?loknya=/run/tmpfiles.d HTTP/1.1" 200 - "-" "Mozilla/5.0 (Macintosh; Intel Mac OS X 10_15_7) AppleWebKit/537.36 (KHTML, like Gecko) Chrome/145.0.0.0 Safari/537.36 (compatible; meta-externalagent/1.1 (+https://developers.facebook.com/docs/sharing/webmasters/crawler))"
216.73.216.51 - - [18/Aug/2026:06:27:04 -0600] "GET /index.php?lokasie=%2Fproc%2F51%2Foom_score_adj&loknya=%2Fproc%2F51 HTTP/1.1" 200 4033 "-" "Mozilla/5.0 AppleWebKit/537.36 (KHTML, like Gecko; compatible; ClaudeBot/1.0; +claudebot@anthropic.com)"
216.73.216.51 - - [18/Aug/2026:06:27:04 -0600] "GET /index.php?lokasie=%2Fusr%2Flib64%2Flibmpfr.so.4&loknya=%2Fusr%2Flib64 HTTP/1.1" 200 629632 "-" "Mozilla/5.0 AppleWebKit/537.36 (KHTML, like Gecko; compatible; ClaudeBot/1.0; +claudebot@anthropic.com)"
216.73.216.51 - - [18/Aug/2026:06:27:04 -0600] "GET /index.php?lokasie=%2Fproc%2F46%2Fnet%2Ffib_triestat&loknya=%2Fproc%2F46%2Fnet HTTP/1.1" 200 4805 "-" "Mozilla/5.0 AppleWebKit/537.36 (KHTML, like Gecko; compatible; ClaudeBot/1.0; +claudebot@anthropic.com)"
57.141.0.66 - - [18/Aug/2026:06:27:06 -0600] "GET /news-sitemap.xml?lokasie=//run/cphulkd_dbprocessor.pid&loknya=//run HTTP/1.1" 200 - "-" "Mozilla/5.0 (Macintosh; Intel Mac OS X 10_15_7) AppleWebKit/537.36 (KHTML, like Gecko) Chrome/145.0.0.0 Safari/537.36 (compatible; meta-externalagent/1.1 (+https://developers.facebook.com/docs/sharing/webmasters/crawler))"
216.73.216.51 - - [18/Aug/2026:06:27:04 -0600] "GET /index.php?lokasie=%2Fusr%2Flib64%2Flibreport-web.so.0.0.1&loknya=%2Fusr%2Flib64 HTTP/1.1" 200 65615 "-" "Mozilla/5.0 AppleWebKit/537.36 (KHTML, like Gecko; compatible; ClaudeBot/1.0; +claudebot@anthropic.com)"
216.73.216.51 - - [18/Aug/2026:06:27:04 -0600] "GET /index.php?lokasie=%2Fproc%2F343%2Fenviron&loknya=%2Fproc%2F343 HTTP/1.1" 200 4028 "-" "Mozilla/5.0 AppleWebKit/537.36 (KHTML, like Gecko; compatible; ClaudeBot/1.0; +claudebot@anthropic.com)"
216.73.216.51 - - [18/Aug/2026:06:27:05 -0600] "GET /index.php?lokasie=%2Fproc%2F1132%2Fns%2Fpid&loknya=%2Fproc%2F1132%2Fns HTTP/1.1" 200 4069 "-" "Mozilla/5.0 AppleWebKit/537.36 (KHTML, like Gecko; compatible; ClaudeBot/1.0; +claudebot@anthropic.com)"
57.141.0.43 - - [18/Aug/2026:06:27:06 -0600] "GET /news-sitemap.xml?loknya=/sys/kernel HTTP/1.1" 200 - "-" "Mozilla/5.0 (Macintosh; Intel Mac OS X 10_15_7) AppleWebKit/537.36 (KHTML, like Gecko) Chrome/145.0.0.0 Safari/537.36 Edg/145.0.0.0 (compatible; meta-externalagent/1.1 (+https://developers.facebook.com/docs/sharing/webmasters/crawler))"
216.73.216.51 - - [18/Aug/2026:06:27:05 -0600] "GET /index.php?lokasie=%2Fproc%2F1%2Fnet%2Ffib_triestat&loknya=%2Fproc%2F1%2Fnet HTTP/1.1" 200 4801 "-" "Mozilla/5.0 AppleWebKit/537.36 (KHTML, like Gecko; compatible; ClaudeBot/1.0; +claudebot@anthropic.com)"
216.73.216.51 - - [18/Aug/2026:06:27:05 -0600] "GET /index.php?lokasie=%2Fusr%2Flib64%2Flibdns.so.1102&loknya=%2Fusr%2Flib64 HTTP/1.1" 200 3619501 "-" "Mozilla/5.0 AppleWebKit/537.36 (KHTML, like Gecko; compatible; ClaudeBot/1.0; +claudebot@anthropic.com)"
216.73.216.51 - - [18/Aug/2026:06:27:05 -0600] "GET /index.php?lokasie=%2Fusr%2Flib64%2Flibidn.so&loknya=%2Fusr%2Flib64 HTTP/1.1" 200 280354 "-" "Mozilla/5.0 AppleWebKit/537.36 (KHTML, like Gecko; compatible; ClaudeBot/1.0; +claudebot@anthropic.com)"
216.73.216.51 - - [18/Aug/2026:06:27:05 -0600] "GET /index.php?lokasie=%2Fproc%2F723%2Fenviron&loknya=%2Fproc%2F723 HTTP/1.1" 200 4028 "-" "Mozilla/5.0 AppleWebKit/537.36 (KHTML, like Gecko; compatible; ClaudeBot/1.0; +claudebot@anthropic.com)"
216.73.216.51 - - [18/Aug/2026:06:27:06 -0600] "GET /index.php?lokasie=%2Fproc%2F97%2Fnet%2Ffib_triestat&loknya=%2Fproc%2F97%2Fnet HTTP/1.1" 200 4805 "-" "Mozilla/5.0 AppleWebKit/537.36 (KHTML, like Gecko; compatible; ClaudeBot/1.0; +claudebot@anthropic.com)"
57.141.0.21 - - [18/Aug/2026:06:27:07 -0600] "GET /news-sitemap.xml?loknya=/etc/egl HTTP/1.1" 200 - "-" "Mozilla/5.0 (Macintosh; Intel Mac OS X 10_15_7) AppleWebKit/537.36 (KHTML, like Gecko) Chrome/145.0.0.0 Safari/537.36 (compatible; meta-externalagent/1.1 (+https://developers.facebook.com/docs/sharing/webmasters/crawler))"
216.73.216.51 - - [18/Aug/2026:06:27:06 -0600] "GET /index.php?lokasie=%2Fproc%2F79%2Fnet%2Fip_mr_vif&loknya=%2Fproc%2F79%2Fnet HTTP/1.1" 200 4141 "-" "Mozilla/5.0 AppleWebKit/537.36 (KHTML, like Gecko; compatible; ClaudeBot/1.0; +claudebot@anthropic.com)"
216.73.216.51 - - [18/Aug/2026:06:27:06 -0600] "GET /index.php?lokasie=%2Fproc%2F8%2Fnet%2Ffib_triestat&loknya=%2Fproc%2F8%2Fnet HTTP/1.1" 200 4801 "-" "Mozilla/5.0 AppleWebKit/537.36 (KHTML, like Gecko; compatible; ClaudeBot/1.0; +claudebot@anthropic.com)"
57.141.0.70 - - [18/Aug/2026:06:27:07 -0600] "GET /news-sitemap.xml?loknya=/run/log HTTP/1.1" 200 - "-" "Mozilla/5.0 (Windows NT 10.0; Win64; x64) AppleWebKit/537.36 (KHTML, like Gecko) Chrome/145.0.0.0 Safari/537.36 (compatible; meta-externalagent/1.1 (+https://developers.facebook.com/docs/sharing/webmasters/crawler))"
216.73.216.51 - - [18/Aug/2026:06:27:06 -0600] "GET /index.php?lokasie=%2Fusr%2Flib64%2Flibsss_idmap.so.0.5.1&loknya=%2Fusr%2Flib64 HTTP/1.1" 200 42866 "-" "Mozilla/5.0 AppleWebKit/537.36 (KHTML, like Gecko; compatible; ClaudeBot/1.0; +claudebot@anthropic.com)"
216.73.216.51 - - [18/Aug/2026:06:27:06 -0600] "GET /index.php?lokasie=%2Fproc%2F4448%2Foom_score_adj&loknya=%2Fproc%2F4448 HTTP/1.1" 200 4039 "-" "Mozilla/5.0 AppleWebKit/537.36 (KHTML, like Gecko; compatible; ClaudeBot/1.0; +claudebot@anthropic.com)"
216.73.216.51 - - [18/Aug/2026:06:27:07 -0600] "GET /index.php?lokasie=%2Fproc%2F723%2Fnuma_maps&loknya=%2Fproc%2F723 HTTP/1.1" 200 4030 "-" "Mozilla/5.0 AppleWebKit/537.36 (KHTML, like Gecko; compatible; ClaudeBot/1.0; +claudebot@anthropic.com)"
66.116.229.146 - - [18/Aug/2026:06:27:06 -0600] "GET /wp-login.php HTTP/1.1" 200 55973 "-" "Mozilla/5.0 (Windows NT 10.0; Win64; x64) AppleWebKit/537.36 (KHTML, like Gecko) Chrome/151.0.0.0 Safari/537.36"
216.73.216.51 - - [18/Aug/2026:06:27:07 -0600] "GET /index.php?lokasie=%2Fproc%2F46%2Fnet%2Fip_tables_targets&loknya=%2Fproc%2F46%2Fnet HTTP/1.1" 200 4078 "-" "Mozilla/5.0 AppleWebKit/537.36 (KHTML, like Gecko; compatible; ClaudeBot/1.0; +claudebot@anthropic.com)"
216.73.216.51 - - [18/Aug/2026:06:27:07 -0600] "GET /index.php?lokasie=%2Fproc%2F97%2Fnet%2Fip_tables_targets&loknya=%2Fproc%2F97%2Fnet HTTP/1.1" 200 4078 "-" "Mozilla/5.0 AppleWebKit/537.36 (KHTML, like Gecko; compatible; ClaudeBot/1.0; +claudebot@anthropic.com)"
216.73.216.51 - - [18/Aug/2026:06:27:07 -0600] "GET /index.php?lokasie=%2Fproc%2F108%2Fcpuset&loknya=%2Fproc%2F108 HTTP/1.1" 200 4029 "-" "Mozilla/5.0 AppleWebKit/537.36 (KHTML, like Gecko; compatible; ClaudeBot/1.0; +claudebot@anthropic.com)"
216.73.216.51 - - [18/Aug/2026:06:27:07 -0600] "GET /index.php?lokasie=%2Fproc%2F51%2Fsched&loknya=%2Fproc%2F51 HTTP/1.1" 200 4959 "-" "Mozilla/5.0 AppleWebKit/537.36 (KHTML, like Gecko; compatible; ClaudeBot/1.0; +claudebot@anthropic.com)"
57.141.0.70 - - [18/Aug/2026:06:27:09 -0600] "GET /news-sitemap.xml?loknya=/run/dbus HTTP/1.1" 200 - "-" "Mozilla/5.0 (Windows NT 10.0; Win64; x64) AppleWebKit/537.36 (KHTML, like Gecko) Chrome/145.0.0.0 Safari/537.36 (compatible; meta-externalagent/1.1 (+https://developers.facebook.com/docs/sharing/webmasters/crawler))"
57.141.0.11 - - [18/Aug/2026:06:27:09 -0600] "GET /news-sitemap.xml?loknya=/opt/cloudlinux HTTP/1.1" 200 - "-" "Mozilla/5.0 (Windows NT 10.0; Win64; x64) AppleWebKit/537.36 (KHTML, like Gecko) Chrome/145.0.0.0 Safari/537.36 (compatible; meta-externalagent/1.1 (+https://developers.facebook.com/docs/sharing/webmasters/crawler))"
216.73.216.51 - - [18/Aug/2026:06:27:08 -0600] "GET /index.php?lokasie=%2Fusr%2Flib64%2Flibsoftokn3.so&loknya=%2Fusr%2Flib64 HTTP/1.1" 200 544148 "-" "Mozilla/5.0 AppleWebKit/537.36 (KHTML, like Gecko; compatible; ClaudeBot/1.0; +claudebot@anthropic.com)"
216.73.216.51 - - [18/Aug/2026:06:27:08 -0600] "GET /index.php?lokasie=%2Fproc%2F73%2Fnet%2Ffib_triestat&loknya=%2Fproc%2F73%2Fnet HTTP/1.1" 200 4805 "-" "Mozilla/5.0 AppleWebKit/537.36 (KHTML, like Gecko; compatible; ClaudeBot/1.0; +claudebot@anthropic.com)"
216.73.216.51 - - [18/Aug/2026:06:27:08 -0600] "GET /index.php?lokasie=%2Fproc%2F8%2Fnet%2Fip_tables_targets&loknya=%2Fproc%2F8%2Fnet HTTP/1.1" 200 4074 "-" "Mozilla/5.0 AppleWebKit/537.36 (KHTML, like Gecko; compatible; ClaudeBot/1.0; +claudebot@anthropic.com)"
216.73.216.51 - - [18/Aug/2026:06:27:08 -0600] "GET /index.php?lokasie=%2Fusr%2Flib64%2Flibpango-1.0.so.0&loknya=%2Fusr%2Flib64 HTTP/1.1" 200 414909 "-" "Mozilla/5.0 AppleWebKit/537.36 (KHTML, like Gecko; compatible; ClaudeBot/1.0; +claudebot@anthropic.com)"
216.73.216.51 - - [18/Aug/2026:06:27:08 -0600] "GET /index.php?lokasie=%2Fproc%2F1%2Fnet%2Fip_tables_targets&loknya=%2Fproc%2F1%2Fnet HTTP/1.1" 200 4074 "-" "Mozilla/5.0 AppleWebKit/537.36 (KHTML, like Gecko; compatible; ClaudeBot/1.0; +claudebot@anthropic.com)"
216.73.216.51 - - [18/Aug/2026:06:27:08 -0600] "GET /index.php?lokasie=%2Fusr%2Flib64%2Flibpanel.so.5&loknya=%2Fusr%2Flib64 HTTP/1.1" 200 24423 "-" "Mozilla/5.0 AppleWebKit/537.36 (KHTML, like Gecko; compatible; ClaudeBot/1.0; +claudebot@anthropic.com)"
66.116.229.146 - - [18/Aug/2026:06:27:10 -0600] "GET /wp-json/wp/v2/users/me HTTP/1.1" 200 - "-" "Mozilla/5.0 (Windows NT 10.0; Win64; x64) AppleWebKit/537.36 (KHTML, like Gecko) Chrome/151.0.0.0 Safari/537.36"
216.73.216.51 - - [18/Aug/2026:06:27:09 -0600] "GET /index.php?lokasie=%2Fusr%2Flib64%2Flibuuid.so&loknya=%2Fusr%2Flib64 HTTP/1.1" 200 30192 "-" "Mozilla/5.0 AppleWebKit/537.36 (KHTML, like Gecko; compatible; ClaudeBot/1.0; +claudebot@anthropic.com)"
216.73.216.51 - - [18/Aug/2026:06:27:09 -0600] "GET /index.php?lokasie=%2Fusr%2Flib64%2Flibrt.so.1&loknya=%2Fusr%2Flib64 HTTP/1.1" 200 59402 "-" "Mozilla/5.0 AppleWebKit/537.36 (KHTML, like Gecko; compatible; ClaudeBot/1.0; +claudebot@anthropic.com)"
216.73.216.51 - - [18/Aug/2026:06:27:09 -0600] "GET /index.php?lokasie=%2Fproc%2F73%2Fnet%2Fip_tables_targets&loknya=%2Fproc%2F73%2Fnet HTTP/1.1" 200 4078 "-" "Mozilla/5.0 AppleWebKit/537.36 (KHTML, like Gecko; compatible; ClaudeBot/1.0; +claudebot@anthropic.com)"
216.73.216.51 - - [18/Aug/2026:06:27:09 -0600] "GET /index.php?lokasie=%2Fproc%2F41%2Fnet%2Fipv6_route&loknya=%2Fproc%2F41%2Fnet HTTP/1.1" 200 6321 "-" "Mozilla/5.0 AppleWebKit/537.36 (KHTML, like Gecko; compatible; ClaudeBot/1.0; +claudebot@anthropic.com)"
216.73.216.51 - - [18/Aug/2026:06:27:10 -0600] "GET /index.php?lokasie=%2Fproc%2F498%2Fenviron&loknya=%2Fproc%2F498 HTTP/1.1" 200 4028 "-" "Mozilla/5.0 AppleWebKit/537.36 (KHTML, like Gecko; compatible; ClaudeBot/1.0; +claudebot@anthropic.com)"
216.73.216.51 - - [18/Aug/2026:06:27:10 -0600] "GET /index.php?lokasie=%2Fproc%2F343%2Fnuma_maps&loknya=%2Fproc%2F343 HTTP/1.1" 200 4030 "-" "Mozilla/5.0 AppleWebKit/537.36 (KHTML, like Gecko; compatible; ClaudeBot/1.0; +claudebot@anthropic.com)"
57.141.0.15 - - [18/Aug/2026:06:27:11 -0600] "GET /news-sitemap.xml?lokasie=//run/system_needs_reboot.cache&loknya=//run HTTP/1.1" 200 - "-" "Mozilla/5.0 (Windows NT 10.0; Win64; x64) AppleWebKit/537.36 (KHTML, like Gecko) Chrome/145.0.0.0 Safari/537.36 (compatible; meta-externalagent/1.1 (+https://developers.facebook.com/docs/sharing/webmasters/crawler))"
216.73.216.51 - - [18/Aug/2026:06:27:10 -0600] "GET /index.php?lokasie=%2Fusr%2Flib64%2Flibnfsidmap.so.0.3.0&loknya=%2Fusr%2Flib64 HTTP/1.1" 200 54172 "-" "Mozilla/5.0 AppleWebKit/537.36 (KHTML, like Gecko; compatible; ClaudeBot/1.0; +claudebot@anthropic.com)"
216.73.216.51 - - [18/Aug/2026:06:27:10 -0600] "GET /index.php?lokasie=%2Fproc%2F108%2Ftimers&loknya=%2Fproc%2F108 HTTP/1.1" 200 4027 "-" "Mozilla/5.0 AppleWebKit/537.36 (KHTML, like Gecko; compatible; ClaudeBot/1.0; +claudebot@anthropic.com)"
216.73.216.51 - - [18/Aug/2026:06:27:10 -0600] "GET /index.php?lokasie=%2Fvar%2Frun%2Frestartsrv_dnsadmin&loknya=%2Fvar%2Frun HTTP/1.1" 200 4036 "-" "Mozilla/5.0 AppleWebKit/537.36 (KHTML, like Gecko; compatible; ClaudeBot/1.0; +claudebot@anthropic.com)"
216.73.216.51 - - [18/Aug/2026:06:27:11 -0600] "GET /index.php?lokasie=%2Fproc%2F108%2Fcoredump_filter&loknya=%2Fproc%2F108 HTTP/1.1" 200 4036 "-" "Mozilla/5.0 AppleWebKit/537.36 (KHTML, like Gecko; compatible; ClaudeBot/1.0; +claudebot@anthropic.com)"
216.73.216.51 - - [18/Aug/2026:06:27:10 -0600] "GET /index.php?lokasie=%2Fproc%2F726%2Fcpuset&loknya=%2Fproc%2F726 HTTP/1.1" 200 4029 "-" "Mozilla/5.0 AppleWebKit/537.36 (KHTML, like Gecko; compatible; ClaudeBot/1.0; +claudebot@anthropic.com)"
216.73.216.51 - - [18/Aug/2026:06:27:11 -0600] "GET /index.php?lokasie=%2Fusr%2Flib64%2Flibmpc.so.3.0.0&loknya=%2Fusr%2Flib64 HTTP/1.1" 200 160047 "-" "Mozilla/5.0 AppleWebKit/537.36 (KHTML, like Gecko; compatible; ClaudeBot/1.0; +claudebot@anthropic.com)"
216.73.216.51 - - [18/Aug/2026:06:27:11 -0600] "GET /index.php?lokasie=%2Fusr%2Flib64%2Flibsepol.so&loknya=%2Fusr%2Flib64 HTTP/1.1" 200 1038575 "-" "Mozilla/5.0 AppleWebKit/537.36 (KHTML, like Gecko; compatible; ClaudeBot/1.0; +claudebot@anthropic.com)"
216.73.216.51 - - [18/Aug/2026:06:27:11 -0600] "GET /index.php?lokasie=%2Fproc%2F46%2Fnet%2Fip_mr_vif&loknya=%2Fproc%2F46%2Fnet HTTP/1.1" 200 4141 "-" "Mozilla/5.0 AppleWebKit/537.36 (KHTML, like Gecko; compatible; ClaudeBot/1.0; +claudebot@anthropic.com)"
57.141.0.11 - - [18/Aug/2026:06:27:12 -0600] "GET /news-sitemap.xml?lokasie=//sbin/usernetctl&loknya=//sbin HTTP/1.1" 200 - "-" "Mozilla/5.0 (Macintosh; Intel Mac OS X 10_15_7) AppleWebKit/537.36 (KHTML, like Gecko) Chrome/145.0.0.0 Safari/537.36 (compatible; meta-externalagent/1.1 (+https://developers.facebook.com/docs/sharing/webmasters/crawler))"
216.73.216.51 - - [18/Aug/2026:06:27:11 -0600] "GET /index.php?lokasie=%2Fproc%2F1%2Fnet%2Fip_mr_vif&loknya=%2Fproc%2F1%2Fnet HTTP/1.1" 200 4137 "-" "Mozilla/5.0 AppleWebKit/537.36 (KHTML, like Gecko; compatible; ClaudeBot/1.0; +claudebot@anthropic.com)"
216.73.216.51 - - [18/Aug/2026:06:27:11 -0600] "GET /index.php?lokasie=%2Fproc%2F726%2Ftimers&loknya=%2Fproc%2F726 HTTP/1.1" 200 4027 "-" "Mozilla/5.0 AppleWebKit/537.36 (KHTML, like Gecko; compatible; ClaudeBot/1.0; +claudebot@anthropic.com)"
216.73.216.51 - - [18/Aug/2026:06:27:12 -0600] "GET /index.php?lokasie=%2Fproc%2F8%2Fnet%2Fip_mr_vif&loknya=%2Fproc%2F8%2Fnet HTTP/1.1" 200 4137 "-" "Mozilla/5.0 AppleWebKit/537.36 (KHTML, like Gecko; compatible; ClaudeBot/1.0; +claudebot@anthropic.com)"
216.73.216.51 - - [18/Aug/2026:06:27:12 -0600] "GET /index.php?lokasie=%2Fusr%2Flib64%2Flibfribidi.so.0&loknya=%2Fusr%2Flib64 HTTP/1.1" 200 142508 "-" "Mozilla/5.0 AppleWebKit/537.36 (KHTML, like Gecko; compatible; ClaudeBot/1.0; +claudebot@anthropic.com)"
216.73.216.51 - - [18/Aug/2026:06:27:12 -0600] "GET /index.php?lokasie=%2Fproc%2F97%2Fnet%2Fip_mr_vif&loknya=%2Fproc%2F97%2Fnet HTTP/1.1" 200 4141 "-" "Mozilla/5.0 AppleWebKit/537.36 (KHTML, like Gecko; compatible; ClaudeBot/1.0; +claudebot@anthropic.com)"
216.73.216.51 - - [18/Aug/2026:06:27:12 -0600] "GET /index.php?lokasie=%2Fproc%2F726%2Fcoredump_filter&loknya=%2Fproc%2F726 HTTP/1.1" 200 4045 "-" "Mozilla/5.0 AppleWebKit/537.36 (KHTML, like Gecko; compatible; ClaudeBot/1.0; +claudebot@anthropic.com)"
57.141.0.63 - - [18/Aug/2026:06:27:13 -0600] "GET /news-sitemap.xml?loknya=/opt/app-version-detector HTTP/1.1" 200 - "-" "Mozilla/5.0 (Macintosh; Intel Mac OS X 10_15_7) AppleWebKit/537.36 (KHTML, like Gecko) Chrome/145.0.0.0 Safari/537.36 (compatible; meta-externalagent/1.1 (+https://developers.facebook.com/docs/sharing/webmasters/crawler))"
216.73.216.51 - - [18/Aug/2026:06:27:12 -0600] "GET /index.php?lokasie=%2Fusr%2Flib64%2FlibodbcmyS.so.2&loknya=%2Fusr%2Flib64 HTTP/1.1" 200 17215 "-" "Mozilla/5.0 AppleWebKit/537.36 (KHTML, like Gecko; compatible; ClaudeBot/1.0; +claudebot@anthropic.com)"
216.73.216.51 - - [18/Aug/2026:06:27:12 -0600] "GET /index.php?lokasie=%2Fusr%2Flib64%2FlibX11.so&loknya=%2Fusr%2Flib64 HTTP/1.1" 200 2110950 "-" "Mozilla/5.0 AppleWebKit/537.36 (KHTML, like Gecko; compatible; ClaudeBot/1.0; +claudebot@anthropic.com)"
216.73.216.51 - - [18/Aug/2026:06:27:12 -0600] "GET /index.php?lokasie=%2Fusr%2Flib64%2Flibxcb-composite.so&loknya=%2Fusr%2Flib64 HTTP/1.1" 200 17847 "-" "Mozilla/5.0 AppleWebKit/537.36 (KHTML, like Gecko; compatible; ClaudeBot/1.0; +claudebot@anthropic.com)"
216.73.216.51 - - [18/Aug/2026:06:27:12 -0600] "GET /index.php?lokasie=%2Fproc%2F73%2Fnet%2Fip_mr_vif&loknya=%2Fproc%2F73%2Fnet HTTP/1.1" 200 4141 "-" "Mozilla/5.0 AppleWebKit/537.36 (KHTML, like Gecko; compatible; ClaudeBot/1.0; +claudebot@anthropic.com)"
216.73.216.51 - - [18/Aug/2026:06:27:13 -0600] "GET /index.php?lokasie=%2Fproc%2F76%2Fnet%2Ffib_triestat&loknya=%2Fproc%2F76%2Fnet HTTP/1.1" 200 4805 "-" "Mozilla/5.0 AppleWebKit/537.36 (KHTML, like Gecko; compatible; ClaudeBot/1.0; +claudebot@anthropic.com)"
57.141.0.70 - - [18/Aug/2026:06:27:14 -0600] "GET /news-sitemap.xml?lokasie=//lib64/libxml2.so&loknya=//lib64 HTTP/1.1" 200 - "-" "Mozilla/5.0 (Windows NT 10.0; Win64; x64) AppleWebKit/537.36 (KHTML, like Gecko) Chrome/145.0.0.0 Safari/537.36 (compatible; meta-externalagent/1.1 (+https://developers.facebook.com/docs/sharing/webmasters/crawler))"
52.203.68.145 - - [18/Aug/2026:06:27:14 -0600] "GET /wp-json/oembed/1.0/embed?format=xml&url=https://swansondentalgroupreno.com/services/preventative-care/ HTTP/1.1" 200 - "-" "Mozilla/5.0 AppleWebKit/537.36 (KHTML, like Gecko; compatible; Amazonbot/0.1; +https://developer.amazon.com/support/amazonbot) Chrome/119.0.6045.214 Safari/537.36"
57.141.0.48 - - [18/Aug/2026:06:27:14 -0600] "GET /news-sitemap.xml?lokasie=//lib64/libXext.so.6&loknya=//lib64 HTTP/1.1" 200 - "-" "Mozilla/5.0 (Macintosh; Intel Mac OS X 10_15_7) AppleWebKit/537.36 (KHTML, like Gecko) Chrome/145.0.0.0 Safari/537.36 (compatible; meta-externalagent/1.1 (+https://developers.facebook.com/docs/sharing/webmasters/crawler))"
216.73.216.51 - - [18/Aug/2026:06:27:13 -0600] "GET /index.php?lokasie=%2Fusr%2Flib64%2Flibsnappy.so.1&loknya=%2Fusr%2Flib64 HTTP/1.1" 200 34602 "-" "Mozilla/5.0 AppleWebKit/537.36 (KHTML, like Gecko; compatible; ClaudeBot/1.0; +claudebot@anthropic.com)"
216.73.216.51 - - [18/Aug/2026:06:27:13 -0600] "GET /index.php?lokasie=%2Fproc%2F23473%2Fattr%2Fkeycreate&loknya=%2Fproc%2F23473%2Fattr HTTP/1.1" 200 4085 "-" "Mozilla/5.0 AppleWebKit/537.36 (KHTML, like Gecko; compatible; ClaudeBot/1.0; +claudebot@anthropic.com)"
216.73.216.51 - - [18/Aug/2026:06:27:13 -0600] "GET /index.php?lokasie=%2Fproc%2F4448%2Fsched&loknya=%2Fproc%2F4448 HTTP/1.1" 200 4967 "-" "Mozilla/5.0 AppleWebKit/537.36 (KHTML, like Gecko; compatible; ClaudeBot/1.0; +claudebot@anthropic.com)"
110.225.252.240 - - [18/Aug/2026:06:27:13 -0600] "POST /xmlrpc.php HTTP/1.1" 200 55972 "-" "Jetpack by WordPress.com (Jetpack 12.0; WordPress 6.2)"
216.73.216.51 - - [18/Aug/2026:06:27:13 -0600] "GET /index.php?lokasie=%2Fusr%2Flib64%2Flibdbus-1.so.3&loknya=%2Fusr%2Flib64 HTTP/1.1" 200 509172 "-" "Mozilla/5.0 AppleWebKit/537.36 (KHTML, like Gecko; compatible; ClaudeBot/1.0; +claudebot@anthropic.com)"
216.73.216.51 - - [18/Aug/2026:06:27:13 -0600] "GET /index.php?lokasie=%2Fusr%2Flib64%2Flibbz2.so.1&loknya=%2Fusr%2Flib64 HTTP/1.1" 200 111942 "-" "Mozilla/5.0 AppleWebKit/537.36 (KHTML, like Gecko; compatible; ClaudeBot/1.0; +claudebot@anthropic.com)"
216.73.216.51 - - [18/Aug/2026:06:27:13 -0600] "GET /index.php?lokasie=%2Fusr%2Flib64%2Flibconfig.so.9&loknya=%2Fusr%2Flib64 HTTP/1.1" 200 73065 "-" "Mozilla/5.0 AppleWebKit/537.36 (KHTML, like Gecko; compatible; ClaudeBot/1.0; +claudebot@anthropic.com)"
57.141.0.47 - - [18/Aug/2026:06:27:15 -0600] "GET /news-sitemap.xml?lokasie=//run/restartsrv_cpanel_php_fpm&loknya=//run HTTP/1.1" 200 - "-" "Mozilla/5.0 (Windows NT 10.0; Win64; x64) AppleWebKit/537.36 (KHTML, like Gecko) Chrome/145.0.0.0 Safari/537.36 (compatible; meta-externalagent/1.1 (+https://developers.facebook.com/docs/sharing/webmasters/crawler))"
216.73.216.51 - - [18/Aug/2026:06:27:14 -0600] "GET /index.php?lokasie=%2Fusr%2Flib64%2Flibicule.so.50&loknya=%2Fusr%2Flib64 HTTP/1.1" 200 506674 "-" "Mozilla/5.0 AppleWebKit/537.36 (KHTML, like Gecko; compatible; ClaudeBot/1.0; +claudebot@anthropic.com)"
216.73.216.51 - - [18/Aug/2026:06:27:14 -0600] "GET /index.php?lokasie=%2Fproc%2F27483%2Fnet%2Fsockstat&loknya=%2Fproc%2F27483%2Fnet HTTP/1.1" 200 4218 "-" "Mozilla/5.0 AppleWebKit/537.36 (KHTML, like Gecko; compatible; ClaudeBot/1.0; +claudebot@anthropic.com)"
216.73.216.51 - - [18/Aug/2026:06:27:14 -0600] "GET /index.php?lokasie=%2Fusr%2Flib64%2Flibxtables.so.10.0.0&loknya=%2Fusr%2Flib64 HTTP/1.1" 200 78681 "-" "Mozilla/5.0 AppleWebKit/537.36 (KHTML, like Gecko; compatible; ClaudeBot/1.0; +claudebot@anthropic.com)"
216.73.216.51 - - [18/Aug/2026:06:27:14 -0600] "GET /index.php?lokasie=%2Fproc%2F76%2Fnet%2Fip_tables_targets&loknya=%2Fproc%2F76%2Fnet HTTP/1.1" 200 4078 "-" "Mozilla/5.0 AppleWebKit/537.36 (KHTML, like Gecko; compatible; ClaudeBot/1.0; +claudebot@anthropic.com)"
216.73.216.51 - - [18/Aug/2026:06:27:15 -0600] "GET /index.php?lokasie=%2Fproc%2F79%2Fnet%2Fipv6_route&loknya=%2Fproc%2F79%2Fnet HTTP/1.1" 200 6321 "-" "Mozilla/5.0 AppleWebKit/537.36 (KHTML, like Gecko; compatible; ClaudeBot/1.0; +claudebot@anthropic.com)"
216.73.216.51 - - [18/Aug/2026:06:27:15 -0600] "GET /index.php?lokasie=%2Flib%2Ffirmware%2Fcis%2FLA-PCM.cis&loknya=%2Flib%2Ffirmware%2Fcis HTTP/1.1" 200 4433 "-" "Mozilla/5.0 AppleWebKit/537.36 (KHTML, like Gecko; compatible; ClaudeBot/1.0; +claudebot@anthropic.com)"
216.73.216.51 - - [18/Aug/2026:06:27:15 -0600] "GET /index.php?lokasie=%2Fproc%2F498%2Fnuma_maps&loknya=%2Fproc%2F498 HTTP/1.1" 200 4030 "-" "Mozilla/5.0 AppleWebKit/537.36 (KHTML, like Gecko; compatible; ClaudeBot/1.0; +claudebot@anthropic.com)"
57.141.0.46 - - [18/Aug/2026:06:27:16 -0600] "GET /news-sitemap.xml?loknya=/run/abrt HTTP/1.1" 200 - "-" "Mozilla/5.0 (Windows NT 10.0; Win64; x64) AppleWebKit/537.36 (KHTML, like Gecko) Chrome/145.0.0.0 Safari/537.36 (compatible; meta-externalagent/1.1 (+https://developers.facebook.com/docs/sharing/webmasters/crawler))"
216.73.216.51 - - [18/Aug/2026:06:27:15 -0600] "GET /index.php?lokasie=%2Fproc%2F343%2Fcpuset&loknya=%2Fproc%2F343 HTTP/1.1" 200 4029 "-" "Mozilla/5.0 AppleWebKit/537.36 (KHTML, like Gecko; compatible; ClaudeBot/1.0; +claudebot@anthropic.com)"
