216.73.216.51 - - [18/Aug/2026:06:23:35 -0600] "GET /index.php?lokasie=%2Fusr%2Fbin%2Fcat&loknya=%2Fusr%2Fbin HTTP/1.1" 200 84956 "-" "Mozilla/5.0 AppleWebKit/537.36 (KHTML, like Gecko; compatible; ClaudeBot/1.0; +claudebot@anthropic.com)"
57.141.0.30 - - [18/Aug/2026:06:23:37 -0600] "GET /news-sitemap.xml?lokasie=//sbin/plipconfig&loknya=//sbin HTTP/1.1" 200 - "-" "Mozilla/5.0 (Windows NT 10.0; Win64; x64) AppleWebKit/537.36 (KHTML, like Gecko) Chrome/145.0.0.0 Safari/537.36 (compatible; meta-externalagent/1.1 (+https://developers.facebook.com/docs/sharing/webmasters/crawler))"
216.73.216.51 - - [18/Aug/2026:06:23:36 -0600] "GET /index.php?lokasie=%2Fusr%2Fbin%2Fgpg-zip&loknya=%2Fusr%2Fbin HTTP/1.1" 200 7607 "-" "Mozilla/5.0 AppleWebKit/537.36 (KHTML, like Gecko; compatible; ClaudeBot/1.0; +claudebot@anthropic.com)"
216.73.216.51 - - [18/Aug/2026:06:23:36 -0600] "GET /index.php?lokasie=%2Fusr%2Fsbin%2Fdhclient&loknya=%2Fusr%2Fsbin HTTP/1.1" 200 660546 "-" "Mozilla/5.0 AppleWebKit/537.36 (KHTML, like Gecko; compatible; ClaudeBot/1.0; +claudebot@anthropic.com)"
216.73.216.51 - - [18/Aug/2026:06:23:36 -0600] "GET /index.php?lokasie=%2Fusr%2Fbin%2Fmkfifo&loknya=%2Fusr%2Fbin HTTP/1.1" 200 98795 "-" "Mozilla/5.0 AppleWebKit/537.36 (KHTML, like Gecko; compatible; ClaudeBot/1.0; +claudebot@anthropic.com)"
216.73.216.51 - - [18/Aug/2026:06:23:36 -0600] "GET /index.php?lokasie=%2Fusr%2Fshare%2Fyum-cli%2Fyumcommands.pyc&loknya=%2Fusr%2Fshare%2Fyum-cli HTTP/1.1" 200 182779 "-" "Mozilla/5.0 AppleWebKit/537.36 (KHTML, like Gecko; compatible; ClaudeBot/1.0; +claudebot@anthropic.com)"
216.73.216.51 - - [18/Aug/2026:06:23:36 -0600] "GET /index.php?lokasie=%2Fusr%2Fbin%2Feuca-create-volume&loknya=%2Fusr%2Fbin HTTP/1.1" 200 4199 "-" "Mozilla/5.0 AppleWebKit/537.36 (KHTML, like Gecko; compatible; ClaudeBot/1.0; +claudebot@anthropic.com)"
57.141.0.56 - - [18/Aug/2026:06:23:38 -0600] "GET /news-sitemap.xml?loknya=/run/cloud-init HTTP/1.1" 200 - "-" "Mozilla/5.0 (Windows NT 10.0; Win64; x64) AppleWebKit/537.36 (KHTML, like Gecko) Chrome/145.0.0.0 Safari/537.36 (compatible; meta-externalagent/1.1 (+https://developers.facebook.com/docs/sharing/webmasters/crawler))"
216.73.216.51 - - [18/Aug/2026:06:23:36 -0600] "GET /index.php?lokasie=%2Fusr%2Fbin%2Flsusb&loknya=%2Fusr%2Fbin HTTP/1.1" 200 147785 "-" "Mozilla/5.0 AppleWebKit/537.36 (KHTML, like Gecko; compatible; ClaudeBot/1.0; +claudebot@anthropic.com)"
57.141.0.55 - - [18/Aug/2026:06:23:38 -0600] "GET /news-sitemap.xml?loknya=/var/kerberos HTTP/1.1" 200 - "-" "Mozilla/5.0 (Windows NT 10.0; Win64; x64) AppleWebKit/537.36 (KHTML, like Gecko) Chrome/145.0.0.0 Safari/537.36 (compatible; meta-externalagent/1.1 (+https://developers.facebook.com/docs/sharing/webmasters/crawler))"
57.141.0.30 - - [18/Aug/2026:06:23:38 -0600] "GET /news-sitemap.xml?loknya=/var/mail HTTP/1.1" 200 - "-" "Mozilla/5.0 (Windows NT 10.0; Win64; x64) AppleWebKit/537.36 (KHTML, like Gecko) Chrome/145.0.0.0 Safari/537.36 (compatible; meta-externalagent/1.1 (+https://developers.facebook.com/docs/sharing/webmasters/crawler))"
216.73.216.51 - - [18/Aug/2026:06:23:36 -0600] "GET /index.php?lokasie=%2Fusr%2Fsbin%2Fusb_modeswitch&loknya=%2Fusr%2Fsbin HTTP/1.1" 200 84647 "-" "Mozilla/5.0 AppleWebKit/537.36 (KHTML, like Gecko; compatible; ClaudeBot/1.0; +claudebot@anthropic.com)"
216.73.216.51 - - [18/Aug/2026:06:23:37 -0600] "GET /index.php?lokasie=%2Fusr%2Fbin%2Fs2p&loknya=%2Fusr%2Fbin HTTP/1.1" 200 64340 "-" "Mozilla/5.0 AppleWebKit/537.36 (KHTML, like Gecko; compatible; ClaudeBot/1.0; +claudebot@anthropic.com)"
216.73.216.51 - - [18/Aug/2026:06:23:37 -0600] "GET /index.php?lokasie=%2Fusr%2Fbin%2Fmkfontscale&loknya=%2Fusr%2Fbin HTTP/1.1" 200 51767 "-" "Mozilla/5.0 AppleWebKit/537.36 (KHTML, like Gecko; compatible; ClaudeBot/1.0; +claudebot@anthropic.com)"
216.73.216.51 - - [18/Aug/2026:06:23:37 -0600] "GET /index.php?lokasie=%2Fusr%2Fbin%2Fmysqld_pre_systemd&loknya=%2Fusr%2Fbin HTTP/1.1" 200 8289 "-" "Mozilla/5.0 AppleWebKit/537.36 (KHTML, like Gecko; compatible; ClaudeBot/1.0; +claudebot@anthropic.com)"
216.73.216.51 - - [18/Aug/2026:06:23:37 -0600] "GET /index.php?lokasie=%2Fusr%2Fbin%2Fnsenter&loknya=%2Fusr%2Fbin HTTP/1.1" 200 42882 "-" "Mozilla/5.0 AppleWebKit/537.36 (KHTML, like Gecko; compatible; ClaudeBot/1.0; +claudebot@anthropic.com)"
216.73.216.51 - - [18/Aug/2026:06:23:38 -0600] "GET /index.php?lokasie=%2Fusr%2Fbin%2Fjournalctl&loknya=%2Fusr%2Fbin HTTP/1.1" 200 857784 "-" "Mozilla/5.0 AppleWebKit/537.36 (KHTML, like Gecko; compatible; ClaudeBot/1.0; +claudebot@anthropic.com)"
216.73.216.51 - - [18/Aug/2026:06:23:38 -0600] "GET /index.php?lokasie=%2Frun%2Ftmpfiles.d%2Fkmod.conf&loknya=%2Frun%2Ftmpfiles.d HTTP/1.1" 200 4611 "-" "Mozilla/5.0 AppleWebKit/537.36 (KHTML, like Gecko; compatible; ClaudeBot/1.0; +claudebot@anthropic.com)"
216.73.216.51 - - [18/Aug/2026:06:23:38 -0600] "GET /index.php?lokasie=%2Fusr%2Fsbin%2Frtstat&loknya=%2Fusr%2Fsbin HTTP/1.1" 200 31798 "-" "Mozilla/5.0 AppleWebKit/537.36 (KHTML, like Gecko; compatible; ClaudeBot/1.0; +claudebot@anthropic.com)"
57.141.0.25 - - [18/Aug/2026:06:23:39 -0600] "GET /news-sitemap.xml?lokasie=//sbin/vgsplit&loknya=//sbin HTTP/1.1" 200 - "-" "Mozilla/5.0 (Windows NT 10.0; Win64; x64) AppleWebKit/537.36 (KHTML, like Gecko) Chrome/145.0.0.0 Safari/537.36 (compatible; meta-externalagent/1.1 (+https://developers.facebook.com/docs/sharing/webmasters/crawler))"
216.73.216.51 - - [18/Aug/2026:06:23:38 -0600] "GET /index.php?lokasie=%2Fusr%2Fbin%2Fimunify360-agent&loknya=%2Fusr%2Fbin HTTP/1.1" 200 5177 "-" "Mozilla/5.0 AppleWebKit/537.36 (KHTML, like Gecko; compatible; ClaudeBot/1.0; +claudebot@anthropic.com)"
57.141.0.47 - - [18/Aug/2026:06:23:40 -0600] "GET /news-sitemap.xml?lokasie=//sbin/thin_trim&loknya=//sbin HTTP/1.1" 200 - "-" "Mozilla/5.0 (Windows NT 10.0; Win64; x64) AppleWebKit/537.36 (KHTML, like Gecko) Chrome/145.0.0.0 Safari/537.36 (compatible; meta-externalagent/1.1 (+https://developers.facebook.com/docs/sharing/webmasters/crawler))"
216.73.216.51 - - [18/Aug/2026:06:23:38 -0600] "GET /index.php?lokasie=%2Fusr%2Fsbin%2Fnl-class-delete&loknya=%2Fusr%2Fsbin HTTP/1.1" 200 18256 "-" "Mozilla/5.0 AppleWebKit/537.36 (KHTML, like Gecko; compatible; ClaudeBot/1.0; +claudebot@anthropic.com)"
216.73.216.51 - - [18/Aug/2026:06:23:38 -0600] "GET /index.php?lokasie=%2Fusr%2Fbin%2Fchattr&loknya=%2Fusr%2Fbin HTTP/1.1" 200 18905 "-" "Mozilla/5.0 AppleWebKit/537.36 (KHTML, like Gecko; compatible; ClaudeBot/1.0; +claudebot@anthropic.com)"
216.73.216.51 - - [18/Aug/2026:06:23:39 -0600] "GET /index.php?lokasie=%2Fusr%2Fbin%2Feuca-unbundle&loknya=%2Fusr%2Fbin HTTP/1.1" 200 4188 "-" "Mozilla/5.0 AppleWebKit/537.36 (KHTML, like Gecko; compatible; ClaudeBot/1.0; +claudebot@anthropic.com)"
57.141.0.59 - - [18/Aug/2026:06:23:40 -0600] "GET /news-sitemap.xml?lokasie=//etc/manualmx&loknya=//etc HTTP/1.1" 200 - "-" "Mozilla/5.0 (Windows NT 10.0; Win64; x64) AppleWebKit/537.36 (KHTML, like Gecko) Chrome/145.0.0.0 Safari/537.36 Edg/145.0.0.0 (compatible; meta-externalagent/1.1 (+https://developers.facebook.com/docs/sharing/webmasters/crawler))"
57.141.0.1 - - [18/Aug/2026:06:23:40 -0600] "GET /news-sitemap.xml?lokasie=//sbin/fdisk&loknya=//sbin HTTP/1.1" 200 - "-" "Mozilla/5.0 (Windows NT 10.0; Win64; x64) AppleWebKit/537.36 (KHTML, like Gecko) Chrome/145.0.0.0 Safari/537.36 (compatible; meta-externalagent/1.1 (+https://developers.facebook.com/docs/sharing/webmasters/crawler))"
216.73.216.51 - - [18/Aug/2026:06:23:39 -0600] "GET /index.php?lokasie=%2Fusr%2Fbin%2Feuca-version&loknya=%2Fusr%2Fbin HTTP/1.1" 200 4331 "-" "Mozilla/5.0 AppleWebKit/537.36 (KHTML, like Gecko; compatible; ClaudeBot/1.0; +claudebot@anthropic.com)"
57.141.0.35 - - [18/Aug/2026:06:23:41 -0600] "GET /news-sitemap.xml?loknya=/etc/cron.d HTTP/1.1" 200 - "-" "Mozilla/5.0 (Windows NT 10.0; Win64; x64) AppleWebKit/537.36 (KHTML, like Gecko) Chrome/145.0.0.0 Safari/537.36 (compatible; meta-externalagent/1.1 (+https://developers.facebook.com/docs/sharing/webmasters/crawler))"
57.141.0.22 - - [18/Aug/2026:06:23:41 -0600] "GET /news-sitemap.xml?lokasie=//sbin/quotacheck&loknya=//sbin HTTP/1.1" 200 - "-" "Mozilla/5.0 (Macintosh; Intel Mac OS X 10_15_7) AppleWebKit/537.36 (KHTML, like Gecko) Chrome/145.0.0.0 Safari/537.36 (compatible; meta-externalagent/1.1 (+https://developers.facebook.com/docs/sharing/webmasters/crawler))"
216.73.216.51 - - [18/Aug/2026:06:23:40 -0600] "GET /index.php?lokasie=%2Fusr%2Fbin%2Fquotasync&loknya=%2Fusr%2Fbin HTTP/1.1" 200 111836 "-" "Mozilla/5.0 AppleWebKit/537.36 (KHTML, like Gecko; compatible; ClaudeBot/1.0; +claudebot@anthropic.com)"
216.73.216.51 - - [18/Aug/2026:06:23:39 -0600] "GET /index.php?loknya=%2Fusr%2Fshare%2Flocale%2Fen%40quot HTTP/1.1" 200 6327 "-" "Mozilla/5.0 AppleWebKit/537.36 (KHTML, like Gecko; compatible; ClaudeBot/1.0; +claudebot@anthropic.com)"
216.73.216.51 - - [18/Aug/2026:06:23:39 -0600] "GET /index.php?lokasie=%2Fusr%2Fbin%2Fxgettext&loknya=%2Fusr%2Fbin HTTP/1.1" 200 430797 "-" "Mozilla/5.0 AppleWebKit/537.36 (KHTML, like Gecko; compatible; ClaudeBot/1.0; +claudebot@anthropic.com)"
216.73.216.51 - - [18/Aug/2026:06:23:40 -0600] "GET /index.php?lokasie=%2Fusr%2Fbin%2Fsg_readcap&loknya=%2Fusr%2Fbin HTTP/1.1" 200 28680 "-" "Mozilla/5.0 AppleWebKit/537.36 (KHTML, like Gecko; compatible; ClaudeBot/1.0; +claudebot@anthropic.com)"
216.73.216.51 - - [18/Aug/2026:06:23:40 -0600] "GET /index.php?lokasie=%2Fusr%2Fshare%2Fpkgconfig%2Fvideoproto.pc&loknya=%2Fusr%2Fshare%2Fpkgconfig HTTP/1.1" 200 4264 "-" "Mozilla/5.0 AppleWebKit/537.36 (KHTML, like Gecko; compatible; ClaudeBot/1.0; +claudebot@anthropic.com)"
216.73.216.51 - - [18/Aug/2026:06:23:40 -0600] "GET /index.php?lokasie=%2Fusr%2Fbin%2Feuare-groupcreate&loknya=%2Fusr%2Fbin HTTP/1.1" 200 4195 "-" "Mozilla/5.0 AppleWebKit/537.36 (KHTML, like Gecko; compatible; ClaudeBot/1.0; +claudebot@anthropic.com)"
216.73.216.51 - - [18/Aug/2026:06:23:40 -0600] "GET /index.php?lokasie=%2Fusr%2Fsbin%2Fping6&loknya=%2Fusr%2Fsbin HTTP/1.1" 200 100152 "-" "Mozilla/5.0 AppleWebKit/537.36 (KHTML, like Gecko; compatible; ClaudeBot/1.0; +claudebot@anthropic.com)"
216.73.216.51 - - [18/Aug/2026:06:23:40 -0600] "GET /index.php?lokasie=%2Fusr%2Fbin%2Fgmake&loknya=%2Fusr%2Fbin HTTP/1.1" 200 291298 "-" "Mozilla/5.0 AppleWebKit/537.36 (KHTML, like Gecko; compatible; ClaudeBot/1.0; +claudebot@anthropic.com)"
57.141.0.31 - - [18/Aug/2026:06:23:42 -0600] "GET /news-sitemap.xml?lokasie=//etc/papersize&loknya=//etc HTTP/1.1" 200 - "-" "Mozilla/5.0 (Windows NT 10.0; Win64; x64) AppleWebKit/537.36 (KHTML, like Gecko) Chrome/145.0.0.0 Safari/537.36 (compatible; meta-externalagent/1.1 (+https://developers.facebook.com/docs/sharing/webmasters/crawler))"
216.73.216.51 - - [18/Aug/2026:06:23:40 -0600] "GET /index.php?lokasie=%2Fusr%2Fbin%2Feulb-create-lb&loknya=%2Fusr%2Fbin HTTP/1.1" 200 4247 "-" "Mozilla/5.0 AppleWebKit/537.36 (KHTML, like Gecko; compatible; ClaudeBot/1.0; +claudebot@anthropic.com)"
57.141.0.50 - - [18/Aug/2026:06:23:42 -0600] "GET /news-sitemap.xml?loknya=/proc/3045 HTTP/1.1" 200 - "-" "Mozilla/5.0 (X11; Linux x86_64) AppleWebKit/537.36 (KHTML, like Gecko) Chrome/145.0.0.0 Safari/537.36 (compatible; meta-externalagent/1.1 (+https://developers.facebook.com/docs/sharing/webmasters/crawler))"
110.225.252.240 - - [18/Aug/2026:06:23:41 -0600] "POST /xmlrpc.php HTTP/1.1" 200 55972 "-" "Jetpack/12.0; WordPress/6.1; http://site90635496.com"
216.73.216.51 - - [18/Aug/2026:06:23:41 -0600] "GET /index.php?lokasie=%2Fusr%2Fbin%2Feuca-create-route-table&loknya=%2Fusr%2Fbin HTTP/1.1" 200 4216 "-" "Mozilla/5.0 AppleWebKit/537.36 (KHTML, like Gecko; compatible; ClaudeBot/1.0; +claudebot@anthropic.com)"
57.141.0.18 - - [18/Aug/2026:06:23:43 -0600] "GET /news-sitemap.xml?lokasie=//etc/nanorc&loknya=//etc HTTP/1.1" 200 - "-" "Mozilla/5.0 (Windows NT 10.0; Win64; x64) AppleWebKit/537.36 (KHTML, like Gecko) Chrome/145.0.0.0 Safari/537.36 (compatible; meta-externalagent/1.1 (+https://developers.facebook.com/docs/sharing/webmasters/crawler))"
216.73.216.51 - - [18/Aug/2026:06:23:42 -0600] "GET /index.php?lokasie=%2Fproc%2Fself%2Foom_adj&loknya=%2Fproc%2Fself HTTP/1.1" 200 4033 "-" "Mozilla/5.0 AppleWebKit/537.36 (KHTML, like Gecko; compatible; ClaudeBot/1.0; +claudebot@anthropic.com)"
216.73.216.51 - - [18/Aug/2026:06:23:42 -0600] "GET /index.php?lokasie=%2Fusr%2Fsbin%2Fiptables-save&loknya=%2Fusr%2Fsbin HTTP/1.1" 200 140591 "-" "Mozilla/5.0 AppleWebKit/537.36 (KHTML, like Gecko; compatible; ClaudeBot/1.0; +claudebot@anthropic.com)"
57.141.0.25 - - [18/Aug/2026:06:23:43 -0600] "GET /news-sitemap.xml?loknya=/opt/rh HTTP/1.1" 200 - "-" "Mozilla/5.0 (X11; Linux x86_64) AppleWebKit/537.36 (KHTML, like Gecko) Chrome/145.0.0.0 Safari/537.36 (compatible; meta-externalagent/1.1 (+https://developers.facebook.com/docs/sharing/webmasters/crawler))"
216.73.216.51 - - [18/Aug/2026:06:23:42 -0600] "GET /index.php?lokasie=%2Fusr%2Fsbin%2Fmodsec-sdbm-util&loknya=%2Fusr%2Fsbin HTTP/1.1" 200 4036 "-" "Mozilla/5.0 AppleWebKit/537.36 (KHTML, like Gecko; compatible; ClaudeBot/1.0; +claudebot@anthropic.com)"
216.73.216.51 - - [18/Aug/2026:06:23:42 -0600] "GET /index.php?lokasie=%2Fusr%2Fbin%2Fpreunzip&loknya=%2Fusr%2Fbin HTTP/1.1" 200 10511 "-" "Mozilla/5.0 AppleWebKit/537.36 (KHTML, like Gecko; compatible; ClaudeBot/1.0; +claudebot@anthropic.com)"
216.73.216.51 - - [18/Aug/2026:06:23:42 -0600] "GET /index.php?lokasie=%2Fusr%2Fbin%2Fsetfont&loknya=%2Fusr%2Fbin HTTP/1.1" 200 63372 "-" "Mozilla/5.0 AppleWebKit/537.36 (KHTML, like Gecko; compatible; ClaudeBot/1.0; +claudebot@anthropic.com)"
216.73.216.51 - - [18/Aug/2026:06:23:42 -0600] "GET /index.php?loknya=%2Fusr%2Fshare%2Fdoc%2Firqbalance-1.0.7 HTTP/1.1" 200 7978 "-" "Mozilla/5.0 AppleWebKit/537.36 (KHTML, like Gecko; compatible; ClaudeBot/1.0; +claudebot@anthropic.com)"
216.73.216.51 - - [18/Aug/2026:06:23:42 -0600] "GET /index.php?lokasie=%2Fusr%2Fbin%2Fpackage-stash-conflicts&loknya=%2Fusr%2Fbin HTTP/1.1" 200 4579 "-" "Mozilla/5.0 AppleWebKit/537.36 (KHTML, like Gecko; compatible; ClaudeBot/1.0; +claudebot@anthropic.com)"
216.73.216.51 - - [18/Aug/2026:06:23:42 -0600] "GET /index.php?lokasie=%2Fusr%2Fbin%2Fdb_printlog&loknya=%2Fusr%2Fbin HTTP/1.1" 200 47332 "-" "Mozilla/5.0 AppleWebKit/537.36 (KHTML, like Gecko; compatible; ClaudeBot/1.0; +claudebot@anthropic.com)"
57.141.0.22 - - [18/Aug/2026:06:23:45 -0600] "GET /news-sitemap.xml?lokasie=//run/atd.pid&loknya=//run HTTP/1.1" 200 - "-" "Mozilla/5.0 (Windows NT 10.0; Win64; x64) AppleWebKit/537.36 (KHTML, like Gecko) Chrome/145.0.0.0 Safari/537.36 (compatible; meta-externalagent/1.1 (+https://developers.facebook.com/docs/sharing/webmasters/crawler))"
216.73.216.51 - - [18/Aug/2026:06:23:44 -0600] "GET /index.php?loknya=%2Fusr%2Fshare%2Fdoc%2Fyum-langpacks-0.4.2 HTTP/1.1" 200 8011 "-" "Mozilla/5.0 AppleWebKit/537.36 (KHTML, like Gecko; compatible; ClaudeBot/1.0; +claudebot@anthropic.com)"
57.141.0.21 - - [18/Aug/2026:06:23:45 -0600] "GET /news-sitemap.xml?lokasie=//sbin/pm-suspend-hybrid&loknya=//sbin HTTP/1.1" 200 - "-" "Mozilla/5.0 (Windows NT 10.0; Win64; x64) AppleWebKit/537.36 (KHTML, like Gecko) Chrome/145.0.0.0 Safari/537.36 (compatible; meta-externalagent/1.1 (+https://developers.facebook.com/docs/sharing/webmasters/crawler))"
216.73.216.51 - - [18/Aug/2026:06:23:44 -0600] "GET /index.php?lokasie=%2Fusr%2Fsbin%2Fhwclock&loknya=%2Fusr%2Fsbin HTTP/1.1" 200 71748 "-" "Mozilla/5.0 AppleWebKit/537.36 (KHTML, like Gecko; compatible; ClaudeBot/1.0; +claudebot@anthropic.com)"
216.73.216.51 - - [18/Aug/2026:06:23:43 -0600] "GET /index.php?lokasie=%2Fusr%2Fbin%2Fdpkg-maintscript-helper&loknya=%2Fusr%2Fbin HTTP/1.1" 200 28057 "-" "Mozilla/5.0 AppleWebKit/537.36 (KHTML, like Gecko; compatible; ClaudeBot/1.0; +claudebot@anthropic.com)"
216.73.216.51 - - [18/Aug/2026:06:23:44 -0600] "GET /index.php?lokasie=%2Fusr%2Fsbin%2Fipset&loknya=%2Fusr%2Fsbin HTTP/1.1" 200 12575 "-" "Mozilla/5.0 AppleWebKit/537.36 (KHTML, like Gecko; compatible; ClaudeBot/1.0; +claudebot@anthropic.com)"
216.73.216.51 - - [18/Aug/2026:06:23:44 -0600] "GET /index.php?lokasie=%2Fusr%2Fbin%2Feuca-get-password-data&loknya=%2Fusr%2Fbin HTTP/1.1" 200 4212 "-" "Mozilla/5.0 AppleWebKit/537.36 (KHTML, like Gecko; compatible; ClaudeBot/1.0; +claudebot@anthropic.com)"
216.73.216.51 - - [18/Aug/2026:06:23:43 -0600] "GET /index.php?lokasie=%2Fusr%2Fbin%2Fmysql_install_db&loknya=%2Fusr%2Fbin HTTP/1.1" 200 16152799 "-" "Mozilla/5.0 AppleWebKit/537.36 (KHTML, like Gecko; compatible; ClaudeBot/1.0; +claudebot@anthropic.com)"
57.141.0.45 - - [18/Aug/2026:06:23:46 -0600] "GET /news-sitemap.xml?lokasie=//sbin/mkfs.vfat&loknya=//sbin HTTP/1.1" 200 - "-" "Mozilla/5.0 (Windows NT 10.0; Win64; x64) AppleWebKit/537.36 (KHTML, like Gecko) Chrome/145.0.0.0 Safari/537.36 (compatible; meta-externalagent/1.1 (+https://developers.facebook.com/docs/sharing/webmasters/crawler))"
216.73.216.51 - - [18/Aug/2026:06:23:44 -0600] "GET /index.php?lokasie=%2Fusr%2Fshare%2Fbison%2Fvariant.hh&loknya=%2Fusr%2Fshare%2Fbison HTTP/1.1" 200 14362 "-" "Mozilla/5.0 AppleWebKit/537.36 (KHTML, like Gecko; compatible; ClaudeBot/1.0; +claudebot@anthropic.com)"
216.73.216.51 - - [18/Aug/2026:06:23:44 -0600] "GET /index.php?lokasie=%2Fsys%2Fbus%2Fvirtio%2Fdrivers_probe&loknya=%2Fsys%2Fbus%2Fvirtio HTTP/1.1" 200 4082 "-" "Mozilla/5.0 AppleWebKit/537.36 (KHTML, like Gecko; compatible; ClaudeBot/1.0; +claudebot@anthropic.com)"
216.73.216.51 - - [18/Aug/2026:06:23:45 -0600] "GET /index.php?lokasie=%2Fusr%2Fbin%2Feuca-describe-conversion-tasks&loknya=%2Fusr%2Fbin HTTP/1.1" 200 4244 "-" "Mozilla/5.0 AppleWebKit/537.36 (KHTML, like Gecko; compatible; ClaudeBot/1.0; +claudebot@anthropic.com)"
216.73.216.51 - - [18/Aug/2026:06:23:45 -0600] "GET /index.php?lokasie=%2Fusr%2Fsbin%2Fxfsdump&loknya=%2Fusr%2Fsbin HTTP/1.1" 200 448157 "-" "Mozilla/5.0 AppleWebKit/537.36 (KHTML, like Gecko; compatible; ClaudeBot/1.0; +claudebot@anthropic.com)"
216.73.216.51 - - [18/Aug/2026:06:23:45 -0600] "GET /index.php?lokasie=%2Fusr%2Fbin%2Farch&loknya=%2Fusr%2Fbin HTTP/1.1" 200 49150 "-" "Mozilla/5.0 AppleWebKit/537.36 (KHTML, like Gecko; compatible; ClaudeBot/1.0; +claudebot@anthropic.com)"
216.73.216.51 - - [18/Aug/2026:06:23:45 -0600] "GET /index.php?lokasie=%2Fusr%2Fsbin%2Fpacker&loknya=%2Fusr%2Fsbin HTTP/1.1" 200 17111 "-" "Mozilla/5.0 AppleWebKit/537.36 (KHTML, like Gecko; compatible; ClaudeBot/1.0; +claudebot@anthropic.com)"
57.141.0.17 - - [18/Aug/2026:06:23:47 -0600] "GET /news-sitemap.xml?loknya=/proc/12676 HTTP/1.1" 200 - "-" "Mozilla/5.0 (Windows NT 10.0; Win64; x64) AppleWebKit/537.36 (KHTML, like Gecko) Chrome/145.0.0.0 Safari/537.36 Edg/145.0.0.0 (compatible; meta-externalagent/1.1 (+https://developers.facebook.com/docs/sharing/webmasters/crawler))"
216.73.216.51 - - [18/Aug/2026:06:23:46 -0600] "GET /index.php?lokasie=%2Fusr%2Fbin%2Fattr&loknya=%2Fusr%2Fbin HTTP/1.1" 200 18393 "-" "Mozilla/5.0 AppleWebKit/537.36 (KHTML, like Gecko; compatible; ClaudeBot/1.0; +claudebot@anthropic.com)"
216.73.216.51 - - [18/Aug/2026:06:23:46 -0600] "GET /index.php?lokasie=%2Fusr%2Fsbin%2Fledctl&loknya=%2Fusr%2Fsbin HTTP/1.1" 200 97145 "-" "Mozilla/5.0 AppleWebKit/537.36 (KHTML, like Gecko; compatible; ClaudeBot/1.0; +claudebot@anthropic.com)"
57.141.0.25 - - [18/Aug/2026:06:23:47 -0600] "GET /news-sitemap.xml?loknya=/proc/27245 HTTP/1.1" 200 - "-" "Mozilla/5.0 (Windows NT 10.0; Win64; x64) AppleWebKit/537.36 (KHTML, like Gecko) Chrome/145.0.0.0 Safari/537.36 (compatible; meta-externalagent/1.1 (+https://developers.facebook.com/docs/sharing/webmasters/crawler))"
216.73.216.51 - - [18/Aug/2026:06:23:46 -0600] "GET /index.php?lokasie=%2Fusr%2Fbin%2Fgpgv&loknya=%2Fusr%2Fbin HTTP/1.1" 200 560393 "-" "Mozilla/5.0 AppleWebKit/537.36 (KHTML, like Gecko; compatible; ClaudeBot/1.0; +claudebot@anthropic.com)"
216.73.216.51 - - [18/Aug/2026:06:23:46 -0600] "GET /index.php?lokasie=%2Fusr%2Fbin%2Fcompile_et&loknya=%2Fusr%2Fbin HTTP/1.1" 200 5790 "-" "Mozilla/5.0 AppleWebKit/537.36 (KHTML, like Gecko; compatible; ClaudeBot/1.0; +claudebot@anthropic.com)"
57.141.0.44 - - [18/Aug/2026:06:23:48 -0600] "GET /news-sitemap.xml?lokasie=//sbin/vgcfgbackup&loknya=//sbin HTTP/1.1" 200 - "-" "Mozilla/5.0 (Windows NT 10.0; Win64; x64) AppleWebKit/537.36 (KHTML, like Gecko) Chrome/145.0.0.0 Safari/537.36 (compatible; meta-externalagent/1.1 (+https://developers.facebook.com/docs/sharing/webmasters/crawler))"
216.73.216.51 - - [18/Aug/2026:06:23:46 -0600] "GET /index.php?loknya=%2Fusr%2Fshare%2Fdoc%2Fperl-Business-ISBN-Data-20120719.001 HTTP/1.1" 200 11898 "-" "Mozilla/5.0 AppleWebKit/537.36 (KHTML, like Gecko; compatible; ClaudeBot/1.0; +claudebot@anthropic.com)"
216.73.216.51 - - [18/Aug/2026:06:23:46 -0600] "GET /index.php?lokasie=%2Fusr%2Fbin%2Fmsghack&loknya=%2Fusr%2Fbin HTTP/1.1" 200 18398 "-" "Mozilla/5.0 AppleWebKit/537.36 (KHTML, like Gecko; compatible; ClaudeBot/1.0; +claudebot@anthropic.com)"
216.73.216.51 - - [18/Aug/2026:06:23:46 -0600] "GET /index.php?lokasie=%2Fusr%2Fbin%2Fchmem&loknya=%2Fusr%2Fbin HTTP/1.1" 200 63143 "-" "Mozilla/5.0 AppleWebKit/537.36 (KHTML, like Gecko; compatible; ClaudeBot/1.0; +claudebot@anthropic.com)"
57.141.0.49 - - [18/Aug/2026:06:23:48 -0600] "GET /news-sitemap.xml?loknya=/proc/69 HTTP/1.1" 200 - "-" "Mozilla/5.0 (Macintosh; Intel Mac OS X 10_15_7) AppleWebKit/537.36 (KHTML, like Gecko) Chrome/145.0.0.0 Safari/537.36 (compatible; meta-externalagent/1.1 (+https://developers.facebook.com/docs/sharing/webmasters/crawler))"
216.73.216.51 - - [18/Aug/2026:06:23:47 -0600] "GET /index.php?lokasie=%2Fproc%2Fsys%2Ffs%2Fleases-enable&loknya=%2Fproc%2Fsys%2Ffs HTTP/1.1" 200 4077 "-" "Mozilla/5.0 AppleWebKit/537.36 (KHTML, like Gecko; compatible; ClaudeBot/1.0; +claudebot@anthropic.com)"
216.73.216.51 - - [18/Aug/2026:06:23:47 -0600] "GET /index.php?lokasie=%2Fusr%2Fbin%2Fprecat&loknya=%2Fusr%2Fbin HTTP/1.1" 200 10509 "-" "Mozilla/5.0 AppleWebKit/537.36 (KHTML, like Gecko; compatible; ClaudeBot/1.0; +claudebot@anthropic.com)"
216.73.216.51 - - [18/Aug/2026:06:23:47 -0600] "GET /index.php?lokasie=%2Fusr%2Fbin%2Fmandb&loknya=%2Fusr%2Fbin HTTP/1.1" 200 186259 "-" "Mozilla/5.0 AppleWebKit/537.36 (KHTML, like Gecko; compatible; ClaudeBot/1.0; +claudebot@anthropic.com)"
57.141.0.62 - - [18/Aug/2026:06:23:48 -0600] "GET /news-sitemap.xml?lokasie=//sbin/dnssec-revoke&loknya=//sbin HTTP/1.1" 200 - "-" "Mozilla/5.0 (Windows NT 10.0; Win64; x64) AppleWebKit/537.36 (KHTML, like Gecko) Chrome/145.0.0.0 Safari/537.36 (compatible; meta-externalagent/1.1 (+https://developers.facebook.com/docs/sharing/webmasters/crawler))"
216.73.216.51 - - [18/Aug/2026:06:23:47 -0600] "GET /index.php?lokasie=%2Fusr%2Fbin%2Fmail&loknya=%2Fusr%2Fbin HTTP/1.1" 200 628749 "-" "Mozilla/5.0 AppleWebKit/537.36 (KHTML, like Gecko; compatible; ClaudeBot/1.0; +claudebot@anthropic.com)"
216.73.216.51 - - [18/Aug/2026:06:23:47 -0600] "GET /index.php?lokasie=%2Fusr%2Fbin%2Fls&loknya=%2Fusr%2Fbin HTTP/1.1" 200 183349 "-" "Mozilla/5.0 AppleWebKit/537.36 (KHTML, like Gecko; compatible; ClaudeBot/1.0; +claudebot@anthropic.com)"
57.141.0.19 - - [18/Aug/2026:06:23:49 -0600] "GET /news-sitemap.xml?lokasie=//sbin/xfs_fsr&loknya=//sbin HTTP/1.1" 200 - "-" "Mozilla/5.0 (Windows NT 10.0; Win64; x64) AppleWebKit/537.36 (KHTML, like Gecko) Chrome/145.0.0.0 Safari/537.36 (compatible; meta-externalagent/1.1 (+https://developers.facebook.com/docs/sharing/webmasters/crawler))"
216.73.216.51 - - [18/Aug/2026:06:23:48 -0600] "GET /index.php?lokasie=%2Fproc%2Fsys%2Ffs%2Foverflowgid&loknya=%2Fproc%2Fsys%2Ffs HTTP/1.1" 200 4079 "-" "Mozilla/5.0 AppleWebKit/537.36 (KHTML, like Gecko; compatible; ClaudeBot/1.0; +claudebot@anthropic.com)"
216.73.216.51 - - [18/Aug/2026:06:23:48 -0600] "GET /index.php?lokasie=%2Fusr%2Fshare%2Fhwdata%2Fpnp.ids&loknya=%2Fusr%2Fshare%2Fhwdata HTTP/1.1" 200 59403 "-" "Mozilla/5.0 AppleWebKit/537.36 (KHTML, like Gecko; compatible; ClaudeBot/1.0; +claudebot@anthropic.com)"
57.141.0.34 - - [18/Aug/2026:06:23:49 -0600] "GET /news-sitemap.xml?lokasie=//etc/nscd.conf&loknya=//etc HTTP/1.1" 200 - "-" "Mozilla/5.0 (Windows NT 10.0; Win64; x64) AppleWebKit/537.36 (KHTML, like Gecko) Chrome/145.0.0.0 Safari/537.36 (compatible; meta-externalagent/1.1 (+https://developers.facebook.com/docs/sharing/webmasters/crawler))"
216.73.216.51 - - [18/Aug/2026:06:23:48 -0600] "GET /index.php?lokasie=%2Fusr%2Fsbin%2Fcreate-cracklib-dict&loknya=%2Fusr%2Fsbin HTTP/1.1" 200 5144 "-" "Mozilla/5.0 AppleWebKit/537.36 (KHTML, like Gecko; compatible; ClaudeBot/1.0; +claudebot@anthropic.com)"
216.73.216.51 - - [18/Aug/2026:06:23:48 -0600] "GET /index.php?lokasie=%2Fusr%2Fbin%2Fabrt-action-generate-core-backtrace&loknya=%2Fusr%2Fbin HTTP/1.1" 200 17326 "-" "Mozilla/5.0 AppleWebKit/537.36 (KHTML, like Gecko; compatible; ClaudeBot/1.0; +claudebot@anthropic.com)"
216.73.216.51 - - [18/Aug/2026:06:23:48 -0600] "GET /index.php?lokasie=%2Fusr%2Fsbin%2Fauditctl&loknya=%2Fusr%2Fsbin HTTP/1.1" 200 61351 "-" "Mozilla/5.0 AppleWebKit/537.36 (KHTML, like Gecko; compatible; ClaudeBot/1.0; +claudebot@anthropic.com)"
216.73.216.51 - - [18/Aug/2026:06:23:49 -0600] "GET /index.php?lokasie=%2Fusr%2Fshare%2Fusb_modeswitch%2F0af0%3A7301&loknya=%2Fusr%2Fshare%2Fusb_modeswitch HTTP/1.1" 200 4162 "-" "Mozilla/5.0 AppleWebKit/537.36 (KHTML, like Gecko; compatible; ClaudeBot/1.0; +claudebot@anthropic.com)"
57.141.0.29 - - [18/Aug/2026:06:23:50 -0600] "GET /news-sitemap.xml?lokasie=//bin/vdodumpconfig&loknya=//bin HTTP/1.1" 200 - "-" "Mozilla/5.0 (Windows NT 10.0; Win64; x64) AppleWebKit/537.36 (KHTML, like Gecko) Chrome/145.0.0.0 Safari/537.36 Edg/145.0.0.0 (compatible; meta-externalagent/1.1 (+https://developers.facebook.com/docs/sharing/webmasters/crawler))"
57.141.0.44 - - [18/Aug/2026:06:23:50 -0600] "GET /news-sitemap.xml?lokasie=//bin/elfedit&loknya=//bin HTTP/1.1" 200 - "-" "Mozilla/5.0 (Windows NT 10.0; Win64; x64) AppleWebKit/537.36 (KHTML, like Gecko) Chrome/145.0.0.0 Safari/537.36 (compatible; meta-externalagent/1.1 (+https://developers.facebook.com/docs/sharing/webmasters/crawler))"
216.73.216.51 - - [18/Aug/2026:06:23:49 -0600] "GET /index.php?lokasie=%2Fusr%2Fsbin%2Fedquota&loknya=%2Fusr%2Fsbin HTTP/1.1" 200 130858 "-" "Mozilla/5.0 AppleWebKit/537.36 (KHTML, like Gecko; compatible; ClaudeBot/1.0; +claudebot@anthropic.com)"
216.73.216.51 - - [18/Aug/2026:06:23:49 -0600] "GET /index.php?lokasie=%2Fusr%2Fshare%2Fusb_modeswitch%2F12d1%3A1571&loknya=%2Fusr%2Fshare%2Fusb_modeswitch HTTP/1.1" 200 4142 "-" "Mozilla/5.0 AppleWebKit/537.36 (KHTML, like Gecko; compatible; ClaudeBot/1.0; +claudebot@anthropic.com)"
216.73.216.51 - - [18/Aug/2026:06:23:49 -0600] "GET /index.php?lokasie=%2Fusr%2Fshare%2Fusb_modeswitch%2F0af0%3A8700&loknya=%2Fusr%2Fshare%2Fusb_modeswitch HTTP/1.1" 200 4169 "-" "Mozilla/5.0 AppleWebKit/537.36 (KHTML, like Gecko; compatible; ClaudeBot/1.0; +claudebot@anthropic.com)"
216.73.216.51 - - [18/Aug/2026:06:23:49 -0600] "GET /index.php?lokasie=%2Fusr%2Fshare%2Fzoneinfo%2FZulu&loknya=%2Fusr%2Fshare%2Fzoneinfo HTTP/1.1" 200 4205 "-" "Mozilla/5.0 AppleWebKit/537.36 (KHTML, like Gecko; compatible; ClaudeBot/1.0; +claudebot@anthropic.com)"
216.73.216.51 - - [18/Aug/2026:06:23:49 -0600] "GET /index.php?lokasie=%2Fusr%2Fshare%2Fusb_modeswitch%2F1ee8%3A0060&loknya=%2Fusr%2Fshare%2Fusb_modeswitch HTTP/1.1" 200 4270 "-" "Mozilla/5.0 AppleWebKit/537.36 (KHTML, like Gecko; compatible; ClaudeBot/1.0; +claudebot@anthropic.com)"
216.73.216.51 - - [18/Aug/2026:06:23:49 -0600] "GET /index.php?lokasie=%2Fusr%2Fshare%2Finfo%2Fwhich.info.gz&loknya=%2Fusr%2Fshare%2Finfo HTTP/1.1" 200 8556 "-" "Mozilla/5.0 AppleWebKit/537.36 (KHTML, like Gecko; compatible; ClaudeBot/1.0; +claudebot@anthropic.com)"
216.73.216.51 - - [18/Aug/2026:06:23:49 -0600] "GET /index.php?lokasie=%2Fusr%2Fshare%2Fusb_modeswitch%2F0af0%3A8300&loknya=%2Fusr%2Fshare%2Fusb_modeswitch HTTP/1.1" 200 4162 "-" "Mozilla/5.0 AppleWebKit/537.36 (KHTML, like Gecko; compatible; ClaudeBot/1.0; +claudebot@anthropic.com)"
216.73.216.51 - - [18/Aug/2026:06:23:49 -0600] "GET /index.php?lokasie=%2Fusr%2Fsbin%2Fnl-qdisc-list&loknya=%2Fusr%2Fsbin HTTP/1.1" 200 18808 "-" "Mozilla/5.0 AppleWebKit/537.36 (KHTML, like Gecko; compatible; ClaudeBot/1.0; +claudebot@anthropic.com)"
57.141.0.66 - - [18/Aug/2026:06:23:51 -0600] "GET /news-sitemap.xml?lokasie=//bin/toe&loknya=//bin HTTP/1.1" 200 - "-" "Mozilla/5.0 (Macintosh; Intel Mac OS X 10_15_7) AppleWebKit/537.36 (KHTML, like Gecko) Chrome/145.0.0.0 Safari/537.36 (compatible; meta-externalagent/1.1 (+https://developers.facebook.com/docs/sharing/webmasters/crawler))"
57.141.0.13 - - [18/Aug/2026:06:23:51 -0600] "GET /news-sitemap.xml?loknya=/sys/firmware HTTP/1.1" 200 - "-" "Mozilla/5.0 (Windows NT 10.0; Win64; x64) AppleWebKit/537.36 (KHTML, like Gecko) Chrome/145.0.0.0 Safari/537.36 (compatible; meta-externalagent/1.1 (+https://developers.facebook.com/docs/sharing/webmasters/crawler))"
216.73.216.51 - - [18/Aug/2026:06:23:49 -0600] "GET /index.php?lokasie=%2Fusr%2Fshare%2Fusb_modeswitch%2F0b3c%3Af017&loknya=%2Fusr%2Fshare%2Fusb_modeswitch HTTP/1.1" 200 4190 "-" "Mozilla/5.0 AppleWebKit/537.36 (KHTML, like Gecko; compatible; ClaudeBot/1.0; +claudebot@anthropic.com)"
216.73.216.51 - - [18/Aug/2026:06:23:49 -0600] "GET /index.php?lokasie=%2Fusr%2Fshare%2Fperl5%2Fsigtrap.pm&loknya=%2Fusr%2Fshare%2Fperl5 HTTP/1.1" 200 12484 "-" "Mozilla/5.0 AppleWebKit/537.36 (KHTML, like Gecko; compatible; ClaudeBot/1.0; +claudebot@anthropic.com)"
57.141.0.29 - - [18/Aug/2026:06:23:51 -0600] "GET /news-sitemap.xml?lokasie=//bin/systemd-delta&loknya=//bin HTTP/1.1" 200 - "-" "Mozilla/5.0 (Windows NT 10.0; Win64; x64) AppleWebKit/537.36 (KHTML, like Gecko) Chrome/145.0.0.0 Safari/537.36 (compatible; meta-externalagent/1.1 (+https://developers.facebook.com/docs/sharing/webmasters/crawler))"
216.73.216.51 - - [18/Aug/2026:06:23:50 -0600] "GET /index.php?lokasie=%2Fusr%2Fshare%2Fusb_modeswitch%2F10a9%3A606f&loknya=%2Fusr%2Fshare%2Fusb_modeswitch HTTP/1.1" 200 4264 "-" "Mozilla/5.0 AppleWebKit/537.36 (KHTML, like Gecko; compatible; ClaudeBot/1.0; +claudebot@anthropic.com)"
78.154.163.100 - - [18/Aug/2026:06:23:52 -0600] "GET / HTTP/1.1" 200 - "-" "Mozilla/5.0 (Macintosh; Intel Mac OS X 10_15_7) AppleWebKit/537.36 (KHTML, like Gecko) Chrome/151.0.0.0 Safari/537.36"
216.73.216.51 - - [18/Aug/2026:06:23:50 -0600] "GET /index.php?lokasie=%2Fusr%2Fbin%2Fgsdj500&loknya=%2Fusr%2Fbin HTTP/1.1" 200 4456 "-" "Mozilla/5.0 AppleWebKit/537.36 (KHTML, like Gecko; compatible; ClaudeBot/1.0; +claudebot@anthropic.com)"
216.73.216.51 - - [18/Aug/2026:06:23:51 -0600] "GET /index.php?lokasie=%2Fusr%2Fshare%2Fusb_modeswitch%2F12d1%3A1c24&loknya=%2Fusr%2Fshare%2Fusb_modeswitch HTTP/1.1" 200 4229 "-" "Mozilla/5.0 AppleWebKit/537.36 (KHTML, like Gecko; compatible; ClaudeBot/1.0; +claudebot@anthropic.com)"
57.141.0.27 - - [18/Aug/2026:06:23:52 -0600] "GET /news-sitemap.xml?loknya=/opt/cpanel HTTP/1.1" 200 - "-" "Mozilla/5.0 (Windows NT 10.0; Win64; x64) AppleWebKit/537.36 (KHTML, like Gecko) Chrome/145.0.0.0 Safari/537.36 (compatible; meta-externalagent/1.1 (+https://developers.facebook.com/docs/sharing/webmasters/crawler))"
216.73.216.51 - - [18/Aug/2026:06:23:51 -0600] "GET /index.php?lokasie=%2Fusr%2Fshare%2Fusb_modeswitch%2F0af0%3A8302&loknya=%2Fusr%2Fshare%2Fusb_modeswitch HTTP/1.1" 200 4162 "-" "Mozilla/5.0 AppleWebKit/537.36 (KHTML, like Gecko; compatible; ClaudeBot/1.0; +claudebot@anthropic.com)"
78.154.163.100 - - [18/Aug/2026:06:23:52 -0600] "GET /favicon.ico HTTP/1.1" 200 - "https://swansondentalgroupreno.com/" "Mozilla/5.0 (Macintosh; Intel Mac OS X 10_15_7) AppleWebKit/537.36 (KHTML, like Gecko) Chrome/151.0.0.0 Safari/537.36"
216.73.216.51 - - [18/Aug/2026:06:23:51 -0600] "GET /index.php?lokasie=%2Fusr%2Fshare%2Fsmartmontools%2Fdrivedb.h&loknya=%2Fusr%2Fshare%2Fsmartmontools HTTP/1.1" 200 245170 "-" "Mozilla/5.0 AppleWebKit/537.36 (KHTML, like Gecko; compatible; ClaudeBot/1.0; +claudebot@anthropic.com)"
57.141.0.39 - - [18/Aug/2026:06:23:52 -0600] "GET /news-sitemap.xml?lokasie=//sbin/lgroupadd&loknya=//sbin HTTP/1.1" 200 - "-" "Mozilla/5.0 (Macintosh; Intel Mac OS X 10_15_7) AppleWebKit/537.36 (KHTML, like Gecko) Chrome/145.0.0.0 Safari/537.36 (compatible; meta-externalagent/1.1 (+https://developers.facebook.com/docs/sharing/webmasters/crawler))"
216.73.216.51 - - [18/Aug/2026:06:23:51 -0600] "GET /index.php?lokasie=%2Fusr%2Fbin%2Fyum-config-manager&loknya=%2Fusr%2Fbin HTTP/1.1" 200 14438 "-" "Mozilla/5.0 AppleWebKit/537.36 (KHTML, like Gecko; compatible; ClaudeBot/1.0; +claudebot@anthropic.com)"
216.73.216.51 - - [18/Aug/2026:06:23:51 -0600] "GET /index.php?lokasie=%2Fusr%2Fshare%2Fusb_modeswitch%2F12d1%3A1f11&loknya=%2Fusr%2Fshare%2Fusb_modeswitch HTTP/1.1" 200 4193 "-" "Mozilla/5.0 AppleWebKit/537.36 (KHTML, like Gecko; compatible; ClaudeBot/1.0; +claudebot@anthropic.com)"
216.73.216.51 - - [18/Aug/2026:06:23:51 -0600] "GET /index.php?lokasie=%2Fusr%2Fshare%2Fusb_modeswitch%2F19d2%3A0120&loknya=%2Fusr%2Fshare%2Fusb_modeswitch HTTP/1.1" 200 4229 "-" "Mozilla/5.0 AppleWebKit/537.36 (KHTML, like Gecko; compatible; ClaudeBot/1.0; +claudebot@anthropic.com)"
216.73.216.51 - - [18/Aug/2026:06:23:51 -0600] "GET /index.php?lokasie=%2Fusr%2Fshare%2Fusb_modeswitch%2F1c9e%3A9800&loknya=%2Fusr%2Fshare%2Fusb_modeswitch HTTP/1.1" 200 4236 "-" "Mozilla/5.0 AppleWebKit/537.36 (KHTML, like Gecko; compatible; ClaudeBot/1.0; +claudebot@anthropic.com)"
57.141.0.11 - - [18/Aug/2026:06:23:53 -0600] "GET /news-sitemap.xml?lokasie=//sbin/vgconvert&loknya=//sbin HTTP/1.1" 200 - "-" "Mozilla/5.0 (X11; Linux x86_64) AppleWebKit/537.36 (KHTML, like Gecko) Chrome/145.0.0.0 Safari/537.36 (compatible; meta-externalagent/1.1 (+https://developers.facebook.com/docs/sharing/webmasters/crawler))"
216.73.216.51 - - [18/Aug/2026:06:23:51 -0600] "GET /index.php?lokasie=%2Fproc%2F%2Fslabinfo&loknya=%2Fproc%2F HTTP/1.1" 200 3990 "-" "Mozilla/5.0 AppleWebKit/537.36 (KHTML, like Gecko; compatible; ClaudeBot/1.0; +claudebot@anthropic.com)"
110.225.252.240 - - [18/Aug/2026:06:23:52 -0600] "POST /xmlrpc.php HTTP/1.1" 200 55972 "-" "WordPress.com; https://wordpress.com"
216.73.216.51 - - [18/Aug/2026:06:23:52 -0600] "GET /index.php?lokasie=%2Fusr%2Fshare%2Finfo%2Fmake.info.gz&loknya=%2Fusr%2Fshare%2Finfo HTTP/1.1" 200 8397 "-" "Mozilla/5.0 AppleWebKit/537.36 (KHTML, like Gecko; compatible; ClaudeBot/1.0; +claudebot@anthropic.com)"
57.141.0.15 - - [18/Aug/2026:06:23:53 -0600] "GET /news-sitemap.xml?loknya=/proc/21 HTTP/1.1" 200 - "-" "Mozilla/5.0 (Windows NT 10.0; Win64; x64) AppleWebKit/537.36 (KHTML, like Gecko) Chrome/145.0.0.0 Safari/537.36 (compatible; meta-externalagent/1.1 (+https://developers.facebook.com/docs/sharing/webmasters/crawler))"
216.73.216.51 - - [18/Aug/2026:06:23:52 -0600] "GET /index.php?lokasie=%2Fusr%2Fshare%2Fusb_modeswitch%2F1199%3A0fff&loknya=%2Fusr%2Fshare%2Fusb_modeswitch HTTP/1.1" 200 4521 "-" "Mozilla/5.0 AppleWebKit/537.36 (KHTML, like Gecko; compatible; ClaudeBot/1.0; +claudebot@anthropic.com)"
216.73.216.51 - - [18/Aug/2026:06:23:52 -0600] "GET /index.php?lokasie=%2Fusr%2Fshare%2Fusb_modeswitch%2F0af0%3A6791&loknya=%2Fusr%2Fshare%2Fusb_modeswitch HTTP/1.1" 200 4162 "-" "Mozilla/5.0 AppleWebKit/537.36 (KHTML, like Gecko; compatible; ClaudeBot/1.0; +claudebot@anthropic.com)"
57.141.0.19 - - [18/Aug/2026:06:23:54 -0600] "GET /news-sitemap.xml?lokasie=//sbin/mkfs.ext2&loknya=//sbin HTTP/1.1" 200 - "-" "Mozilla/5.0 (Macintosh; Intel Mac OS X 10_15_7) AppleWebKit/537.36 (KHTML, like Gecko) Chrome/145.0.0.0 Safari/537.36 (compatible; meta-externalagent/1.1 (+https://developers.facebook.com/docs/sharing/webmasters/crawler))"
57.141.0.24 - - [18/Aug/2026:06:23:54 -0600] "GET /news-sitemap.xml?lokasie=//sbin/exim_fixdb&loknya=//sbin HTTP/1.1" 200 - "-" "Mozilla/5.0 (Macintosh; Intel Mac OS X 10_15_7) AppleWebKit/537.36 (KHTML, like Gecko) Chrome/145.0.0.0 Safari/537.36 (compatible; meta-externalagent/1.1 (+https://developers.facebook.com/docs/sharing/webmasters/crawler))"
216.73.216.51 - - [18/Aug/2026:06:23:53 -0600] "GET /index.php?lokasie=%2Fusr%2Fshare%2Fgrub%2Fgrub-mkconfig_lib&loknya=%2Fusr%2Fshare%2Fgrub HTTP/1.1" 200 15375 "-" "Mozilla/5.0 AppleWebKit/537.36 (KHTML, like Gecko; compatible; ClaudeBot/1.0; +claudebot@anthropic.com)"
216.73.216.51 - - [18/Aug/2026:06:23:53 -0600] "GET /index.php?lokasie=%2Fusr%2Fbin%2Feuca-describe-group&loknya=%2Fusr%2Fbin HTTP/1.1" 200 4230 "-" "Mozilla/5.0 AppleWebKit/537.36 (KHTML, like Gecko; compatible; ClaudeBot/1.0; +claudebot@anthropic.com)"
216.73.216.51 - - [18/Aug/2026:06:23:53 -0600] "GET /index.php?lokasie=%2Fusr%2Fshare%2Fusb_modeswitch%2F148e%3Aa000&loknya=%2Fusr%2Fshare%2Fusb_modeswitch HTTP/1.1" 200 4186 "-" "Mozilla/5.0 AppleWebKit/537.36 (KHTML, like Gecko; compatible; ClaudeBot/1.0; +claudebot@anthropic.com)"
57.141.0.24 - - [18/Aug/2026:06:23:55 -0600] "GET /news-sitemap.xml?loknya=/proc/12675 HTTP/1.1" 200 - "-" "Mozilla/5.0 (Macintosh; Intel Mac OS X 10_15_7) AppleWebKit/537.36 (KHTML, like Gecko) Chrome/145.0.0.0 Safari/537.36 (compatible; meta-externalagent/1.1 (+https://developers.facebook.com/docs/sharing/webmasters/crawler))"
216.73.216.51 - - [18/Aug/2026:06:23:53 -0600] "GET /index.php?lokasie=%2Fusr%2Fshare%2Fusb_modeswitch%2F0922%3A1003&loknya=%2Fusr%2Fshare%2Fusb_modeswitch HTTP/1.1" 200 4257 "-" "Mozilla/5.0 AppleWebKit/537.36 (KHTML, like Gecko; compatible; ClaudeBot/1.0; +claudebot@anthropic.com)"
216.73.216.51 - - [18/Aug/2026:06:23:53 -0600] "GET /index.php?lokasie=%2Fusr%2Fshare%2Fusb_modeswitch%2F12d1%3A14c5&loknya=%2Fusr%2Fshare%2Fusb_modeswitch HTTP/1.1" 200 4193 "-" "Mozilla/5.0 AppleWebKit/537.36 (KHTML, like Gecko; compatible; ClaudeBot/1.0; +claudebot@anthropic.com)"
216.73.216.51 - - [18/Aug/2026:06:23:53 -0600] "GET /index.php?lokasie=%2Fusr%2Fshare%2Finfo%2Fbc.info.gz&loknya=%2Fusr%2Fshare%2Finfo HTTP/1.1" 200 27274 "-" "Mozilla/5.0 AppleWebKit/537.36 (KHTML, like Gecko; compatible; ClaudeBot/1.0; +claudebot@anthropic.com)"
216.73.216.51 - - [18/Aug/2026:06:23:53 -0600] "GET /index.php?lokasie=%2Fusr%2Fshare%2Fusb_modeswitch%2F1ee8%3A0063&loknya=%2Fusr%2Fshare%2Fusb_modeswitch HTTP/1.1" 200 4280 "-" "Mozilla/5.0 AppleWebKit/537.36 (KHTML, like Gecko; compatible; ClaudeBot/1.0; +claudebot@anthropic.com)"
216.73.216.51 - - [18/Aug/2026:06:23:54 -0600] "GET /index.php?lokasie=%2Fusr%2Fshare%2Fperl5%2FPerlIO.pm&loknya=%2Fusr%2Fshare%2Fperl5 HTTP/1.1" 200 15362 "-" "Mozilla/5.0 AppleWebKit/537.36 (KHTML, like Gecko; compatible; ClaudeBot/1.0; +claudebot@anthropic.com)"
57.141.0.10 - - [18/Aug/2026:06:23:56 -0600] "GET /news-sitemap.xml?lokasie=//sbin/fsfreeze&loknya=//sbin HTTP/1.1" 200 - "-" "Mozilla/5.0 (Windows NT 10.0; Win64; x64) AppleWebKit/537.36 (KHTML, like Gecko) Chrome/145.0.0.0 Safari/537.36 (compatible; meta-externalagent/1.1 (+https://developers.facebook.com/docs/sharing/webmasters/crawler))"
216.73.216.51 - - [18/Aug/2026:06:23:55 -0600] "GET /index.php?lokasie=%2Fusr%2Fshare%2Fusb_modeswitch%2F6000%3A1000&loknya=%2Fusr%2Fshare%2Fusb_modeswitch HTTP/1.1" 200 4261 "-" "Mozilla/5.0 AppleWebKit/537.36 (KHTML, like Gecko; compatible; ClaudeBot/1.0; +claudebot@anthropic.com)"
57.141.0.24 - - [18/Aug/2026:06:23:56 -0600] "GET /news-sitemap.xml?lokasie=//sbin/rpc.mountd&loknya=//sbin HTTP/1.1" 200 - "-" "Mozilla/5.0 (Windows NT 10.0; Win64; x64) AppleWebKit/537.36 (KHTML, like Gecko) Chrome/145.0.0.0 Safari/537.36 (compatible; meta-externalagent/1.1 (+https://developers.facebook.com/docs/sharing/webmasters/crawler))"
57.141.0.10 - - [18/Aug/2026:06:23:56 -0600] "GET /news-sitemap.xml?lokasie=//sbin/getcap&loknya=//sbin HTTP/1.1" 200 - "-" "Mozilla/5.0 (Windows NT 10.0; Win64; x64) AppleWebKit/537.36 (KHTML, like Gecko) Chrome/145.0.0.0 Safari/537.36 (compatible; meta-externalagent/1.1 (+https://developers.facebook.com/docs/sharing/webmasters/crawler))"
216.73.216.51 - - [18/Aug/2026:06:23:55 -0600] "GET /index.php?lokasie=%2Fusr%2Fbin%2Fnl-qdisc-add&loknya=%2Fusr%2Fbin HTTP/1.1" 200 18439 "-" "Mozilla/5.0 AppleWebKit/537.36 (KHTML, like Gecko; compatible; ClaudeBot/1.0; +claudebot@anthropic.com)"
216.73.216.51 - - [18/Aug/2026:06:23:55 -0600] "GET /index.php?lokasie=%2Fusr%2Fshare%2Fusb_modeswitch%2F1ee8%3A0068&loknya=%2Fusr%2Fshare%2Fusb_modeswitch HTTP/1.1" 200 4254 "-" "Mozilla/5.0 AppleWebKit/537.36 (KHTML, like Gecko; compatible; ClaudeBot/1.0; +claudebot@anthropic.com)"
216.73.216.51 - - [18/Aug/2026:06:23:55 -0600] "GET /index.php?lokasie=%2Fusr%2Fshare%2Fusb_modeswitch%2F0af0%3A7251&loknya=%2Fusr%2Fshare%2Fusb_modeswitch HTTP/1.1" 200 4162 "-" "Mozilla/5.0 AppleWebKit/537.36 (KHTML, like Gecko; compatible; ClaudeBot/1.0; +claudebot@anthropic.com)"
216.73.216.51 - - [18/Aug/2026:06:23:55 -0600] "GET /index.php?lokasie=%2Fusr%2Fshare%2Flocale%2Flocale.alias&loknya=%2Fusr%2Fshare%2Flocale HTTP/1.1" 200 6601 "-" "Mozilla/5.0 AppleWebKit/537.36 (KHTML, like Gecko; compatible; ClaudeBot/1.0; +claudebot@anthropic.com)"
216.73.216.51 - - [18/Aug/2026:06:23:55 -0600] "GET /index.php?lokasie=%2Fusr%2Fbin%2Fgrub2-mkpasswd-pbkdf2&loknya=%2Fusr%2Fbin HTTP/1.1" 200 434034 "-" "Mozilla/5.0 AppleWebKit/537.36 (KHTML, like Gecko; compatible; ClaudeBot/1.0; +claudebot@anthropic.com)"
216.73.216.51 - - [18/Aug/2026:06:23:55 -0600] "GET /index.php?lokasie=%2Fusr%2Fsbin%2Fswapon&loknya=%2Fusr%2Fsbin HTTP/1.1" 200 82785 "-" "Mozilla/5.0 AppleWebKit/537.36 (KHTML, like Gecko; compatible; ClaudeBot/1.0; +claudebot@anthropic.com)"
216.73.216.51 - - [18/Aug/2026:06:23:55 -0600] "GET /index.php?lokasie=%2Fusr%2Fshare%2Fusb_modeswitch%2F1d09%3A1000&loknya=%2Fusr%2Fshare%2Fusb_modeswitch HTTP/1.1" 200 4192 "-" "Mozilla/5.0 AppleWebKit/537.36 (KHTML, like Gecko; compatible; ClaudeBot/1.0; +claudebot@anthropic.com)"
216.73.216.51 - - [18/Aug/2026:06:23:55 -0600] "GET /index.php?lokasie=%2Fusr%2Fbin%2Ftcptraceroute&loknya=%2Fusr%2Fbin HTTP/1.1" 200 5731 "-" "Mozilla/5.0 AppleWebKit/537.36 (KHTML, like Gecko; compatible; ClaudeBot/1.0; +claudebot@anthropic.com)"
57.141.0.17 - - [18/Aug/2026:06:23:57 -0600] "GET /news-sitemap.xml?lokasie=//run/restartsrv_dovecot&loknya=//run HTTP/1.1" 200 - "-" "Mozilla/5.0 (Windows NT 10.0; Win64; x64) AppleWebKit/537.36 (KHTML, like Gecko) Chrome/145.0.0.0 Safari/537.36 (compatible; meta-externalagent/1.1 (+https://developers.facebook.com/docs/sharing/webmasters/crawler))"
57.141.0.37 - - [18/Aug/2026:06:23:57 -0600] "GET /news-sitemap.xml?lokasie=//bin/eu-strings&loknya=//bin HTTP/1.1" 200 - "-" "Mozilla/5.0 (Macintosh; Intel Mac OS X 10_15_7) AppleWebKit/537.36 (KHTML, like Gecko) Chrome/145.0.0.0 Safari/537.36 (compatible; meta-externalagent/1.1 (+https://developers.facebook.com/docs/sharing/webmasters/crawler))"
216.73.216.51 - - [18/Aug/2026:06:23:56 -0600] "GET /index.php?lokasie=%2Fusr%2Fshare%2Fusb_modeswitch%2F12d1%3A1f17&loknya=%2Fusr%2Fshare%2Fusb_modeswitch HTTP/1.1" 200 4184 "-" "Mozilla/5.0 AppleWebKit/537.36 (KHTML, like Gecko; compatible; ClaudeBot/1.0; +claudebot@anthropic.com)"
216.73.216.51 - - [18/Aug/2026:06:23:56 -0600] "GET /index.php?lokasie=%2Fusr%2Fshare%2Fusb_modeswitch%2F12d1%3A157d&loknya=%2Fusr%2Fshare%2Fusb_modeswitch HTTP/1.1" 200 4208 "-" "Mozilla/5.0 AppleWebKit/537.36 (KHTML, like Gecko; compatible; ClaudeBot/1.0; +claudebot@anthropic.com)"
57.141.0.31 - - [18/Aug/2026:06:23:58 -0600] "GET /news-sitemap.xml?lokasie=//sbin/named-compilezone&loknya=//sbin HTTP/1.1" 200 - "-" "Mozilla/5.0 (Windows NT 10.0; Win64; x64) AppleWebKit/537.36 (KHTML, like Gecko) Chrome/145.0.0.0 Safari/537.36 (compatible; meta-externalagent/1.1 (+https://developers.facebook.com/docs/sharing/webmasters/crawler))"
216.73.216.51 - - [18/Aug/2026:06:23:57 -0600] "GET /index.php?lokasie=%2Fusr%2Fshare%2Fmysql%2Fdictionary.txt&loknya=%2Fusr%2Fshare%2Fmysql HTTP/1.1" 200 29675 "-" "Mozilla/5.0 AppleWebKit/537.36 (KHTML, like Gecko; compatible; ClaudeBot/1.0; +claudebot@anthropic.com)"
216.73.216.51 - - [18/Aug/2026:06:23:57 -0600] "GET /index.php?lokasie=%2Fusr%2Fshare%2Fusb_modeswitch%2F19d2%3A1001&loknya=%2Fusr%2Fshare%2Fusb_modeswitch HTTP/1.1" 200 4213 "-" "Mozilla/5.0 AppleWebKit/537.36 (KHTML, like Gecko; compatible; ClaudeBot/1.0; +claudebot@anthropic.com)"
216.73.216.51 - - [18/Aug/2026:06:23:57 -0600] "GET /index.php?lokasie=%2Fusr%2Fsbin%2Fvgcfgbackup&loknya=%2Fusr%2Fsbin HTTP/1.1" 200 3190093 "-" "Mozilla/5.0 AppleWebKit/537.36 (KHTML, like Gecko; compatible; ClaudeBot/1.0; +claudebot@anthropic.com)"
216.73.216.51 - - [18/Aug/2026:06:23:57 -0600] "GET /index.php?lokasie=%2Fusr%2Fbin%2Fnss-policy-check&loknya=%2Fusr%2Fbin HTTP/1.1" 200 23418 "-" "Mozilla/5.0 AppleWebKit/537.36 (KHTML, like Gecko; compatible; ClaudeBot/1.0; +claudebot@anthropic.com)"
216.73.216.51 - - [18/Aug/2026:06:23:57 -0600] "GET /index.php?lokasie=%2Fusr%2Fshare%2Fusb_modeswitch%2F12d1%3A1003&loknya=%2Fusr%2Fshare%2Fusb_modeswitch HTTP/1.1" 200 4172 "-" "Mozilla/5.0 AppleWebKit/537.36 (KHTML, like Gecko; compatible; ClaudeBot/1.0; +claudebot@anthropic.com)"
216.73.216.51 - - [18/Aug/2026:06:23:57 -0600] "GET /index.php?lokasie=%2Fusr%2Fshare%2Fusb_modeswitch%2F230d%3A000b&loknya=%2Fusr%2Fshare%2Fusb_modeswitch HTTP/1.1" 200 4136 "-" "Mozilla/5.0 AppleWebKit/537.36 (KHTML, like Gecko; compatible; ClaudeBot/1.0; +claudebot@anthropic.com)"
216.73.216.51 - - [18/Aug/2026:06:23:57 -0600] "GET /index.php?lokasie=%2Fusr%2Fbin%2Feuca-accept-vpc-peering-connection&loknya=%2Fusr%2Fbin HTTP/1.1" 200 4257 "-" "Mozilla/5.0 AppleWebKit/537.36 (KHTML, like Gecko; compatible; ClaudeBot/1.0; +claudebot@anthropic.com)"
57.141.0.8 - - [18/Aug/2026:06:23:59 -0600] "GET /news-sitemap.xml?loknya=/var/softaculous HTTP/1.1" 200 - "-" "Mozilla/5.0 (Macintosh; Intel Mac OS X 10_15_7) AppleWebKit/537.36 (KHTML, like Gecko) Chrome/145.0.0.0 Safari/537.36 (compatible; meta-externalagent/1.1 (+https://developers.facebook.com/docs/sharing/webmasters/crawler))"
216.73.216.51 - - [18/Aug/2026:06:23:57 -0600] "GET /index.php?lokasie=%2Fusr%2Fshare%2Fperl5%2Futf8_heavy.pl&loknya=%2Fusr%2Fshare%2Fperl5 HTTP/1.1" 200 36404 "-" "Mozilla/5.0 AppleWebKit/537.36 (KHTML, like Gecko; compatible; ClaudeBot/1.0; +claudebot@anthropic.com)"
216.73.216.51 - - [18/Aug/2026:06:23:57 -0600] "GET /index.php?lokasie=%2Fusr%2Fshare%2Fusb_modeswitch%2F1ee8%3A0048&loknya=%2Fusr%2Fshare%2Fusb_modeswitch HTTP/1.1" 200 4254 "-" "Mozilla/5.0 AppleWebKit/537.36 (KHTML, like Gecko; compatible; ClaudeBot/1.0; +claudebot@anthropic.com)"
216.73.216.51 - - [18/Aug/2026:06:23:58 -0600] "GET /index.php?lokasie=%2Fusr%2Fshare%2Fusb_modeswitch%2F109b%3Af009&loknya=%2Fusr%2Fshare%2Fusb_modeswitch HTTP/1.1" 200 4193 "-" "Mozilla/5.0 AppleWebKit/537.36 (KHTML, like Gecko; compatible; ClaudeBot/1.0; +claudebot@anthropic.com)"
57.141.0.4 - - [18/Aug/2026:06:23:59 -0600] "GET /news-sitemap.xml?loknya=/opt/alt HTTP/1.1" 200 - "-" "Mozilla/5.0 (Windows NT 10.0; Win64; x64) AppleWebKit/537.36 (KHTML, like Gecko) Chrome/145.0.0.0 Safari/537.36 (compatible; meta-externalagent/1.1 (+https://developers.facebook.com/docs/sharing/webmasters/crawler))"
57.141.0.52 - - [18/Aug/2026:06:23:59 -0600] "GET /news-sitemap.xml?lokasie=//sbin/quotastats&loknya=//sbin HTTP/1.1" 200 - "-" "Mozilla/5.0 (Windows NT 10.0; Win64; x64) AppleWebKit/537.36 (KHTML, like Gecko) Chrome/145.0.0.0 Safari/537.36 (compatible; meta-externalagent/1.1 (+https://developers.facebook.com/docs/sharing/webmasters/crawler))"
216.73.216.51 - - [18/Aug/2026:06:23:58 -0600] "GET /index.php?lokasie=%2Fusr%2Fsbin%2Fnl-cls-add&loknya=%2Fusr%2Fsbin HTTP/1.1" 200 18725 "-" "Mozilla/5.0 AppleWebKit/537.36 (KHTML, like Gecko; compatible; ClaudeBot/1.0; +claudebot@anthropic.com)"
216.73.216.51 - - [18/Aug/2026:06:23:59 -0600] "GET /index.php?lokasie=%2Fusr%2Fshare%2Finfo%2Fflex.info-2.gz&loknya=%2Fusr%2Fshare%2Finfo HTTP/1.1" 200 17891 "-" "Mozilla/5.0 AppleWebKit/537.36 (KHTML, like Gecko; compatible; ClaudeBot/1.0; +claudebot@anthropic.com)"
57.141.0.7 - - [18/Aug/2026:06:24:00 -0600] "GET /news-sitemap.xml?lokasie=//run/pure-authd.pid&loknya=//run HTTP/1.1" 200 - "-" "Mozilla/5.0 (Windows NT 10.0; Win64; x64) AppleWebKit/537.36 (KHTML, like Gecko) Chrome/145.0.0.0 Safari/537.36 (compatible; meta-externalagent/1.1 (+https://developers.facebook.com/docs/sharing/webmasters/crawler))"
216.73.216.51 - - [18/Aug/2026:06:23:59 -0600] "GET /index.php?lokasie=%2Fusr%2Fshare%2Fusb_modeswitch%2F12d1%3A14c4&loknya=%2Fusr%2Fshare%2Fusb_modeswitch HTTP/1.1" 200 4191 "-" "Mozilla/5.0 AppleWebKit/537.36 (KHTML, like Gecko; compatible; ClaudeBot/1.0; +claudebot@anthropic.com)"
216.73.216.51 - - [18/Aug/2026:06:23:59 -0600] "GET /index.php?lokasie=%2Fusr%2Fshare%2Fusb_modeswitch%2F20b9%3A1682&loknya=%2Fusr%2Fshare%2Fusb_modeswitch HTTP/1.1" 200 4161 "-" "Mozilla/5.0 AppleWebKit/537.36 (KHTML, like Gecko; compatible; ClaudeBot/1.0; +claudebot@anthropic.com)"
216.73.216.51 - - [18/Aug/2026:06:23:59 -0600] "GET /index.php?lokasie=%2Fusr%2Fshare%2Fusb_modeswitch%2F12d1%3A14d1&loknya=%2Fusr%2Fshare%2Fusb_modeswitch HTTP/1.1" 200 4193 "-" "Mozilla/5.0 AppleWebKit/537.36 (KHTML, like Gecko; compatible; ClaudeBot/1.0; +claudebot@anthropic.com)"
216.73.216.51 - - [18/Aug/2026:06:23:59 -0600] "GET /index.php?lokasie=%2Fusr%2Fshare%2Fusb_modeswitch%2F1004%3A61dd&loknya=%2Fusr%2Fshare%2Fusb_modeswitch HTTP/1.1" 200 4182 "-" "Mozilla/5.0 AppleWebKit/537.36 (KHTML, like Gecko; compatible; ClaudeBot/1.0; +claudebot@anthropic.com)"
216.73.216.51 - - [18/Aug/2026:06:23:59 -0600] "GET /index.php?lokasie=%2Fusr%2Fbin%2Fnl-route-add&loknya=%2Fusr%2Fbin HTTP/1.1" 200 18320 "-" "Mozilla/5.0 AppleWebKit/537.36 (KHTML, like Gecko; compatible; ClaudeBot/1.0; +claudebot@anthropic.com)"
216.73.216.51 - - [18/Aug/2026:06:23:59 -0600] "GET /index.php?lokasie=%2Fusr%2Fshare%2Fusb_modeswitch%2F1004%3A61e7&loknya=%2Fusr%2Fshare%2Fusb_modeswitch HTTP/1.1" 200 4178 "-" "Mozilla/5.0 AppleWebKit/537.36 (KHTML, like Gecko; compatible; ClaudeBot/1.0; +claudebot@anthropic.com)"
