216.73.216.51 - - [18/Aug/2026:06:25:22 -0600] "GET /index.php?lokasie=%2Fproc%2F91%2Fnet%2Ffib_triestat&loknya=%2Fproc%2F91%2Fnet HTTP/1.1" 200 4805 "-" "Mozilla/5.0 AppleWebKit/537.36 (KHTML, like Gecko; compatible; ClaudeBot/1.0; +claudebot@anthropic.com)"
216.73.216.51 - - [18/Aug/2026:06:25:22 -0600] "GET /index.php?lokasie=%2Fusr%2Flib64%2FlibX11.so.6&loknya=%2Fusr%2Flib64 HTTP/1.1" 200 2110952 "-" "Mozilla/5.0 AppleWebKit/537.36 (KHTML, like Gecko; compatible; ClaudeBot/1.0; +claudebot@anthropic.com)"
57.141.0.52 - - [18/Aug/2026:06:25:24 -0600] "GET /5e3791371d3cb822a70988230e64.flv?lokasie=/home/swansondentalgro/public_html/wp-includes/blocks/comments-pagination-previous/.htaccess&loknya=/home/swansondentalgro/public_html/wp-includes/blocks/comments-pagination-previous HTTP/1.1" 200 - "-" "Mozilla/5.0 (Macintosh; Intel Mac OS X 10_15_7) AppleWebKit/537.36 (KHTML, like Gecko) Chrome/145.0.0.0 Safari/537.36 (compatible; meta-externalagent/1.1 (+https://developers.facebook.com/docs/sharing/webmasters/crawler))"
216.73.216.51 - - [18/Aug/2026:06:25:23 -0600] "GET /index.php?lokasie=%2Fproc%2F31%2Fenviron&loknya=%2Fproc%2F31 HTTP/1.1" 200 4025 "-" "Mozilla/5.0 AppleWebKit/537.36 (KHTML, like Gecko; compatible; ClaudeBot/1.0; +claudebot@anthropic.com)"
216.73.216.51 - - [18/Aug/2026:06:25:23 -0600] "GET /index.php?lokasie=%2Fproc%2F1464%2Fnuma_maps&loknya=%2Fproc%2F1464 HTTP/1.1" 200 4033 "-" "Mozilla/5.0 AppleWebKit/537.36 (KHTML, like Gecko; compatible; ClaudeBot/1.0; +claudebot@anthropic.com)"
216.73.216.51 - - [18/Aug/2026:06:25:23 -0600] "GET /index.php?lokasie=%2Fproc%2F731%2Floginuid&loknya=%2Fproc%2F731 HTTP/1.1" 200 4039 "-" "Mozilla/5.0 AppleWebKit/537.36 (KHTML, like Gecko; compatible; ClaudeBot/1.0; +claudebot@anthropic.com)"
216.73.216.51 - - [18/Aug/2026:06:25:23 -0600] "GET /index.php?lokasie=%2Fproc%2F686%2Fnet%2Ffib_triestat&loknya=%2Fproc%2F686%2Fnet HTTP/1.1" 200 4809 "-" "Mozilla/5.0 AppleWebKit/537.36 (KHTML, like Gecko; compatible; ClaudeBot/1.0; +claudebot@anthropic.com)"
216.73.216.51 - - [18/Aug/2026:06:25:24 -0600] "GET /index.php?lokasie=%2Fusr%2Flib64%2Flibxcb-damage.so&loknya=%2Fusr%2Flib64 HTTP/1.1" 200 17396 "-" "Mozilla/5.0 AppleWebKit/537.36 (KHTML, like Gecko; compatible; ClaudeBot/1.0; +claudebot@anthropic.com)"
216.73.216.51 - - [18/Aug/2026:06:25:24 -0600] "GET /index.php?lokasie=%2Fproc%2F349%2Fnuma_maps&loknya=%2Fproc%2F349 HTTP/1.1" 200 4030 "-" "Mozilla/5.0 AppleWebKit/537.36 (KHTML, like Gecko; compatible; ClaudeBot/1.0; +claudebot@anthropic.com)"
216.73.216.51 - - [18/Aug/2026:06:25:24 -0600] "GET /index.php?lokasie=%2Fproc%2F343%2Fauxv&loknya=%2Fproc%2F343 HTTP/1.1" 200 4025 "-" "Mozilla/5.0 AppleWebKit/537.36 (KHTML, like Gecko; compatible; ClaudeBot/1.0; +claudebot@anthropic.com)"
216.73.216.51 - - [18/Aug/2026:06:25:24 -0600] "GET /index.php?lokasie=%2Fproc%2F46%2Fnet%2Fip6_mr_vif&loknya=%2Fproc%2F46%2Fnet HTTP/1.1" 200 4126 "-" "Mozilla/5.0 AppleWebKit/537.36 (KHTML, like Gecko; compatible; ClaudeBot/1.0; +claudebot@anthropic.com)"
216.73.216.51 - - [18/Aug/2026:06:25:24 -0600] "GET /index.php?lokasie=%2Fproc%2F97%2Fnet%2Fip6_mr_vif&loknya=%2Fproc%2F97%2Fnet HTTP/1.1" 200 4126 "-" "Mozilla/5.0 AppleWebKit/537.36 (KHTML, like Gecko; compatible; ClaudeBot/1.0; +claudebot@anthropic.com)"
216.73.216.51 - - [18/Aug/2026:06:25:25 -0600] "GET /index.php?lokasie=%2Fproc%2F723%2Fwchan&loknya=%2Fproc%2F723 HTTP/1.1" 200 4047 "-" "Mozilla/5.0 AppleWebKit/537.36 (KHTML, like Gecko; compatible; ClaudeBot/1.0; +claudebot@anthropic.com)"
57.141.0.16 - - [18/Aug/2026:06:25:26 -0600] "GET /928225928adb72c1b94834d11569.wmv?lokasie=/home/swansondentalgro/www/f9f1b/.htaccess&loknya=/home/swansondentalgro/www/f9f1b HTTP/1.1" 200 - "-" "Mozilla/5.0 (Windows NT 10.0; Win64; x64; rv:147.0) Gecko/20100101 Firefox/147.0 (compatible; meta-externalagent/1.1 (+https://developers.facebook.com/docs/sharing/webmasters/crawler))"
216.73.216.51 - - [18/Aug/2026:06:25:25 -0600] "GET /index.php?lokasie=%2Fproc%2F97%2Fnet%2Fip6_flowlabel&loknya=%2Fproc%2F97%2Fnet HTTP/1.1" 200 4149 "-" "Mozilla/5.0 AppleWebKit/537.36 (KHTML, like Gecko; compatible; ClaudeBot/1.0; +claudebot@anthropic.com)"
216.73.216.51 - - [18/Aug/2026:06:25:25 -0600] "GET /index.php?lokasie=%2Fproc%2F46%2Fnet%2Fip6_flowlabel&loknya=%2Fproc%2F46%2Fnet HTTP/1.1" 200 4149 "-" "Mozilla/5.0 AppleWebKit/537.36 (KHTML, like Gecko; compatible; ClaudeBot/1.0; +claudebot@anthropic.com)"
216.73.216.51 - - [18/Aug/2026:06:25:25 -0600] "GET /index.php?lokasie=%2Fproc%2F723%2Fauxv&loknya=%2Fproc%2F723 HTTP/1.1" 200 4025 "-" "Mozilla/5.0 AppleWebKit/537.36 (KHTML, like Gecko; compatible; ClaudeBot/1.0; +claudebot@anthropic.com)"
216.73.216.51 - - [18/Aug/2026:06:25:23 -0600] "GET /index.php?lokasie=%2Fusr%2Flib64%2Flibgs.so.9&loknya=%2Fusr%2Flib64 HTTP/1.1" 200 19711400 "-" "Mozilla/5.0 AppleWebKit/537.36 (KHTML, like Gecko; compatible; ClaudeBot/1.0; +claudebot@anthropic.com)"
216.73.216.51 - - [18/Aug/2026:06:25:25 -0600] "GET /index.php?lokasie=%2Fproc%2F27483%2Fnet%2Fsockstat6&loknya=%2Fproc%2F27483%2Fnet HTTP/1.1" 200 4167 "-" "Mozilla/5.0 AppleWebKit/537.36 (KHTML, like Gecko; compatible; ClaudeBot/1.0; +claudebot@anthropic.com)"
216.73.216.51 - - [18/Aug/2026:06:25:25 -0600] "GET /index.php?lokasie=%2Fusr%2Flib64%2FlibXau.so&loknya=%2Fusr%2Flib64 HTTP/1.1" 200 23865 "-" "Mozilla/5.0 AppleWebKit/537.36 (KHTML, like Gecko; compatible; ClaudeBot/1.0; +claudebot@anthropic.com)"
216.73.216.51 - - [18/Aug/2026:06:25:26 -0600] "GET /index.php?lokasie=%2Fusr%2Flib64%2FlibEGL_mesa.so.0&loknya=%2Fusr%2Flib64 HTTP/1.1" 200 375657 "-" "Mozilla/5.0 AppleWebKit/537.36 (KHTML, like Gecko; compatible; ClaudeBot/1.0; +claudebot@anthropic.com)"
216.73.216.51 - - [18/Aug/2026:06:25:26 -0600] "GET /index.php?lokasie=%2Fproc%2F1%2Fnet%2Fip6_mr_vif&loknya=%2Fproc%2F1%2Fnet HTTP/1.1" 200 4122 "-" "Mozilla/5.0 AppleWebKit/537.36 (KHTML, like Gecko; compatible; ClaudeBot/1.0; +claudebot@anthropic.com)"
216.73.216.51 - - [18/Aug/2026:06:25:25 -0600] "GET /index.php?lokasie=%2Fusr%2Flib64%2Flibxcb.so.1&loknya=%2Fusr%2Flib64 HTTP/1.1" 200 232070 "-" "Mozilla/5.0 AppleWebKit/537.36 (KHTML, like Gecko; compatible; ClaudeBot/1.0; +claudebot@anthropic.com)"
216.73.216.51 - - [18/Aug/2026:06:25:27 -0600] "GET /index.php?lokasie=%2Fproc%2F343%2Fwchan&loknya=%2Fproc%2F343 HTTP/1.1" 200 4040 "-" "Mozilla/5.0 AppleWebKit/537.36 (KHTML, like Gecko; compatible; ClaudeBot/1.0; +claudebot@anthropic.com)"
216.73.216.51 - - [18/Aug/2026:06:25:27 -0600] "GET /index.php?lokasie=%2Fproc%2F8%2Fnet%2Fip6_mr_vif&loknya=%2Fproc%2F8%2Fnet HTTP/1.1" 200 4122 "-" "Mozilla/5.0 AppleWebKit/537.36 (KHTML, like Gecko; compatible; ClaudeBot/1.0; +claudebot@anthropic.com)"
216.73.216.51 - - [18/Aug/2026:06:25:27 -0600] "GET /index.php?lokasie=%2Fproc%2F1%2Fnet%2Fip6_flowlabel&loknya=%2Fproc%2F1%2Fnet HTTP/1.1" 200 4145 "-" "Mozilla/5.0 AppleWebKit/537.36 (KHTML, like Gecko; compatible; ClaudeBot/1.0; +claudebot@anthropic.com)"
216.73.216.51 - - [18/Aug/2026:06:25:27 -0600] "GET /index.php?lokasie=%2Fproc%2F108%2Floginuid&loknya=%2Fproc%2F108 HTTP/1.1" 200 4039 "-" "Mozilla/5.0 AppleWebKit/537.36 (KHTML, like Gecko; compatible; ClaudeBot/1.0; +claudebot@anthropic.com)"
216.73.216.51 - - [18/Aug/2026:06:25:27 -0600] "GET /index.php?lokasie=%2Fusr%2Flib64%2Flibxcb-xinput.so.0.1.0&loknya=%2Fusr%2Flib64 HTTP/1.1" 200 193051 "-" "Mozilla/5.0 AppleWebKit/537.36 (KHTML, like Gecko; compatible; ClaudeBot/1.0; +claudebot@anthropic.com)"
216.73.216.51 - - [18/Aug/2026:06:25:27 -0600] "GET /index.php?lokasie=%2Fproc%2F8%2Fnet%2Fip6_flowlabel&loknya=%2Fproc%2F8%2Fnet HTTP/1.1" 200 4145 "-" "Mozilla/5.0 AppleWebKit/537.36 (KHTML, like Gecko; compatible; ClaudeBot/1.0; +claudebot@anthropic.com)"
216.73.216.51 - - [18/Aug/2026:06:25:27 -0600] "GET /index.php?lokasie=%2Fproc%2F349%2Fenviron&loknya=%2Fproc%2F349 HTTP/1.1" 200 4028 "-" "Mozilla/5.0 AppleWebKit/537.36 (KHTML, like Gecko; compatible; ClaudeBot/1.0; +claudebot@anthropic.com)"
57.141.0.45 - - [18/Aug/2026:06:25:28 -0600] "GET /928225928adb72c1b94834d11569.wmv?lokasie=/home/swansondentalgro/public_html/wp-content/plugins/svg-support/svg-support.php&loknya=/home/swansondentalgro/public_html/wp-content/plugins/svg-support HTTP/1.1" 200 - "-" "Mozilla/5.0 (Windows NT 10.0; Win64; x64) AppleWebKit/537.36 (KHTML, like Gecko) Chrome/145.0.0.0 Safari/537.36 (compatible; meta-externalagent/1.1 (+https://developers.facebook.com/docs/sharing/webmasters/crawler))"
110.225.252.240 - - [18/Aug/2026:06:25:27 -0600] "POST /xmlrpc.php HTTP/1.1" 200 55972 "-" "Jetpack by WordPress.com (Jetpack 12.0; WordPress 6.3)"
216.73.216.51 - - [18/Aug/2026:06:25:27 -0600] "GET /index.php?lokasie=%2Fproc%2F76%2Fnet%2Fip6_tables_targets&loknya=%2Fproc%2F76%2Fnet HTTP/1.1" 200 4079 "-" "Mozilla/5.0 AppleWebKit/537.36 (KHTML, like Gecko; compatible; ClaudeBot/1.0; +claudebot@anthropic.com)"
216.73.216.51 - - [18/Aug/2026:06:25:27 -0600] "GET /index.php?lokasie=%2Fproc%2F73%2Fnet%2Fip6_mr_vif&loknya=%2Fproc%2F73%2Fnet HTTP/1.1" 200 4126 "-" "Mozilla/5.0 AppleWebKit/537.36 (KHTML, like Gecko; compatible; ClaudeBot/1.0; +claudebot@anthropic.com)"
216.73.216.51 - - [18/Aug/2026:06:25:27 -0600] "GET /index.php?lokasie=%2Fproc%2F28%2Fnet%2Fip_tables_matches&loknya=%2Fproc%2F28%2Fnet HTTP/1.1" 200 4078 "-" "Mozilla/5.0 AppleWebKit/537.36 (KHTML, like Gecko; compatible; ClaudeBot/1.0; +claudebot@anthropic.com)"
216.73.216.51 - - [18/Aug/2026:06:25:28 -0600] "GET /index.php?lokasie=%2Fproc%2F73%2Fnet%2Fip6_flowlabel&loknya=%2Fproc%2F73%2Fnet HTTP/1.1" 200 4149 "-" "Mozilla/5.0 AppleWebKit/537.36 (KHTML, like Gecko; compatible; ClaudeBot/1.0; +claudebot@anthropic.com)"
216.73.216.51 - - [18/Aug/2026:06:25:28 -0600] "GET /index.php?lokasie=%2Fusr%2Flib64%2Flibavahi-common.so.3&loknya=%2Fusr%2Flib64 HTTP/1.1" 200 78292 "-" "Mozilla/5.0 AppleWebKit/537.36 (KHTML, like Gecko; compatible; ClaudeBot/1.0; +claudebot@anthropic.com)"
216.73.216.51 - - [18/Aug/2026:06:25:29 -0600] "GET /index.php?lokasie=%2Fproc%2F1464%2Fenviron&loknya=%2Fproc%2F1464 HTTP/1.1" 200 4031 "-" "Mozilla/5.0 AppleWebKit/537.36 (KHTML, like Gecko; compatible; ClaudeBot/1.0; +claudebot@anthropic.com)"
216.73.216.51 - - [18/Aug/2026:06:25:29 -0600] "GET /index.php?lokasie=%2Fproc%2F91%2Fnet%2Fip_mr_vif&loknya=%2Fproc%2F91%2Fnet HTTP/1.1" 200 4141 "-" "Mozilla/5.0 AppleWebKit/537.36 (KHTML, like Gecko; compatible; ClaudeBot/1.0; +claudebot@anthropic.com)"
216.73.216.51 - - [18/Aug/2026:06:25:29 -0600] "GET /index.php?lokasie=%2Fusr%2Flib64%2Flibsystemd-id128.so.0.0.28&loknya=%2Fusr%2Flib64 HTTP/1.1" 200 35034 "-" "Mozilla/5.0 AppleWebKit/537.36 (KHTML, like Gecko; compatible; ClaudeBot/1.0; +claudebot@anthropic.com)"
216.73.216.51 - - [18/Aug/2026:06:25:29 -0600] "GET /index.php?lokasie=%2Fusr%2Flib64%2Flibgfxdr.so.0&loknya=%2Fusr%2Flib64 HTTP/1.1" 200 200804 "-" "Mozilla/5.0 AppleWebKit/537.36 (KHTML, like Gecko; compatible; ClaudeBot/1.0; +claudebot@anthropic.com)"
57.141.0.20 - - [18/Aug/2026:06:25:30 -0600] "GET /5e3791371d3cb822a70988230e64.flv?lokasie=/home/swansondentalgro/tmp/webalizer/webalizer.current&loknya=/home/swansondentalgro/tmp/webalizer HTTP/1.1" 200 - "-" "Mozilla/5.0 (Windows NT 10.0; Win64; x64) AppleWebKit/537.36 (KHTML, like Gecko) Chrome/145.0.0.0 Safari/537.36 (compatible; meta-externalagent/1.1 (+https://developers.facebook.com/docs/sharing/webmasters/crawler))"
216.73.216.51 - - [18/Aug/2026:06:25:29 -0600] "GET /index.php?lokasie=%2Fusr%2Flib64%2Flibnss_dns.so.2&loknya=%2Fusr%2Flib64 HTTP/1.1" 200 48519 "-" "Mozilla/5.0 AppleWebKit/537.36 (KHTML, like Gecko; compatible; ClaudeBot/1.0; +claudebot@anthropic.com)"
216.73.216.51 - - [18/Aug/2026:06:25:29 -0600] "GET /index.php?lokasie=%2Fusr%2Flib64%2Flibodbccr.so.2.0.0&loknya=%2Fusr%2Flib64 HTTP/1.1" 200 67138 "-" "Mozilla/5.0 AppleWebKit/537.36 (KHTML, like Gecko; compatible; ClaudeBot/1.0; +claudebot@anthropic.com)"
216.73.216.51 - - [18/Aug/2026:06:25:29 -0600] "GET /index.php?lokasie=%2Fusr%2Flib64%2Flibxcb-composite.so.0&loknya=%2Fusr%2Flib64 HTTP/1.1" 200 17849 "-" "Mozilla/5.0 AppleWebKit/537.36 (KHTML, like Gecko; compatible; ClaudeBot/1.0; +claudebot@anthropic.com)"
216.73.216.51 - - [18/Aug/2026:06:25:29 -0600] "GET /index.php?lokasie=%2Fproc%2F686%2Fnet%2Fip_mr_vif&loknya=%2Fproc%2F686%2Fnet HTTP/1.1" 200 4145 "-" "Mozilla/5.0 AppleWebKit/537.36 (KHTML, like Gecko; compatible; ClaudeBot/1.0; +claudebot@anthropic.com)"
216.73.216.51 - - [18/Aug/2026:06:25:30 -0600] "GET /index.php?lokasie=%2Fusr%2Flib64%2Flibltdl.so.7.3.0&loknya=%2Fusr%2Flib64 HTTP/1.1" 200 62012 "-" "Mozilla/5.0 AppleWebKit/537.36 (KHTML, like Gecko; compatible; ClaudeBot/1.0; +claudebot@anthropic.com)"
216.73.216.51 - - [18/Aug/2026:06:25:30 -0600] "GET /index.php?lokasie=%2Fproc%2F498%2Fauxv&loknya=%2Fproc%2F498 HTTP/1.1" 200 4025 "-" "Mozilla/5.0 AppleWebKit/537.36 (KHTML, like Gecko; compatible; ClaudeBot/1.0; +claudebot@anthropic.com)"
216.73.216.51 - - [18/Aug/2026:06:25:30 -0600] "GET /index.php?lokasie=%2Fusr%2Flib64%2Flibpspell.so.15.1.5&loknya=%2Fusr%2Flib64 HTTP/1.1" 200 11879 "-" "Mozilla/5.0 AppleWebKit/537.36 (KHTML, like Gecko; compatible; ClaudeBot/1.0; +claudebot@anthropic.com)"
57.141.0.68 - - [18/Aug/2026:06:25:32 -0600] "GET /6c5bbe5d05a1c0d061176da55044b69bd5be.flv?lokasie=/home/swansondentalgro/mail/new/1746034183.M344154P6398.162-215-171-210.bluehost.com,S=4283,W=4383&loknya=/home/swansondentalgro/mail/new HTTP/1.1" 200 - "-" "Mozilla/5.0 (Macintosh; Intel Mac OS X 10_15_7) AppleWebKit/537.36 (KHTML, like Gecko) Chrome/145.0.0.0 Safari/537.36 (compatible; meta-externalagent/1.1 (+https://developers.facebook.com/docs/sharing/webmasters/crawler))"
216.73.216.51 - - [18/Aug/2026:06:25:30 -0600] "GET /index.php?lokasie=%2Flib%2Ffirmware%2Fcis%2Ftamarack.cis&loknya=%2Flib%2Ffirmware%2Fcis HTTP/1.1" 200 4202 "-" "Mozilla/5.0 AppleWebKit/537.36 (KHTML, like Gecko; compatible; ClaudeBot/1.0; +claudebot@anthropic.com)"
216.73.216.51 - - [18/Aug/2026:06:25:30 -0600] "GET /index.php?lokasie=%2Fusr%2Flib64%2Flibsatyr.so.3&loknya=%2Fusr%2Flib64 HTTP/1.1" 200 3271923 "-" "Mozilla/5.0 AppleWebKit/537.36 (KHTML, like Gecko; compatible; ClaudeBot/1.0; +claudebot@anthropic.com)"
216.73.216.51 - - [18/Aug/2026:06:25:31 -0600] "GET /index.php?lokasie=%2Fusr%2Flib64%2Flibz.so.1&loknya=%2Fusr%2Flib64 HTTP/1.1" 200 144210 "-" "Mozilla/5.0 AppleWebKit/537.36 (KHTML, like Gecko; compatible; ClaudeBot/1.0; +claudebot@anthropic.com)"
216.73.216.51 - - [18/Aug/2026:06:25:31 -0600] "GET /index.php?lokasie=%2Fproc%2F1806%2Ftimers&loknya=%2Fproc%2F1806 HTTP/1.1" 200 4030 "-" "Mozilla/5.0 AppleWebKit/537.36 (KHTML, like Gecko; compatible; ClaudeBot/1.0; +claudebot@anthropic.com)"
216.73.216.51 - - [18/Aug/2026:06:25:31 -0600] "GET /index.php?lokasie=%2Fproc%2F726%2Floginuid&loknya=%2Fproc%2F726 HTTP/1.1" 200 4039 "-" "Mozilla/5.0 AppleWebKit/537.36 (KHTML, like Gecko; compatible; ClaudeBot/1.0; +claudebot@anthropic.com)"
216.73.216.51 - - [18/Aug/2026:06:25:32 -0600] "GET /index.php?lokasie=%2Fproc%2Firq%2F4%2Fsmp_affinity&loknya=%2Fproc%2Firq%2F4 HTTP/1.1" 200 4071 "-" "Mozilla/5.0 AppleWebKit/537.36 (KHTML, like Gecko; compatible; ClaudeBot/1.0; +claudebot@anthropic.com)"
216.73.216.51 - - [18/Aug/2026:06:25:31 -0600] "GET /index.php?lokasie=%2Fusr%2Flib64%2Flibyaml-0.so.2&loknya=%2Fusr%2Flib64 HTTP/1.1" 200 214932 "-" "Mozilla/5.0 AppleWebKit/537.36 (KHTML, like Gecko; compatible; ClaudeBot/1.0; +claudebot@anthropic.com)"
216.73.216.51 - - [18/Aug/2026:06:25:31 -0600] "GET /index.php?lokasie=%2Fusr%2Flib64%2Flibharfbuzz.so.0.10705.0&loknya=%2Fusr%2Flib64 HTTP/1.1" 200 1015110 "-" "Mozilla/5.0 AppleWebKit/537.36 (KHTML, like Gecko; compatible; ClaudeBot/1.0; +claudebot@anthropic.com)"
216.73.216.51 - - [18/Aug/2026:06:25:31 -0600] "GET /index.php?lokasie=%2Fusr%2Flib64%2Flibini_config.so.3.2.1&loknya=%2Fusr%2Flib64 HTTP/1.1" 200 165012 "-" "Mozilla/5.0 AppleWebKit/537.36 (KHTML, like Gecko; compatible; ClaudeBot/1.0; +claudebot@anthropic.com)"
216.73.216.51 - - [18/Aug/2026:06:25:32 -0600] "GET /index.php?lokasie=%2Fvar%2Frun%2Fqga.state&loknya=%2Fvar%2Frun HTTP/1.1" 200 4026 "-" "Mozilla/5.0 AppleWebKit/537.36 (KHTML, like Gecko; compatible; ClaudeBot/1.0; +claudebot@anthropic.com)"
216.73.216.51 - - [18/Aug/2026:06:25:32 -0600] "GET /index.php?lokasie=%2Fproc%2F23212%2Fattr%2Fcurrent&loknya=%2Fproc%2F23212%2Fattr HTTP/1.1" 200 4083 "-" "Mozilla/5.0 AppleWebKit/537.36 (KHTML, like Gecko; compatible; ClaudeBot/1.0; +claudebot@anthropic.com)"
216.73.216.51 - - [18/Aug/2026:06:25:32 -0600] "GET /index.php?lokasie=%2Fusr%2Flib64%2FlibXrandr.so.2.2.0&loknya=%2Fusr%2Flib64 HTTP/1.1" 200 70009 "-" "Mozilla/5.0 AppleWebKit/537.36 (KHTML, like Gecko; compatible; ClaudeBot/1.0; +claudebot@anthropic.com)"
216.73.216.51 - - [18/Aug/2026:06:25:32 -0600] "GET /index.php?lokasie=%2Fproc%2F522%2Fnet%2Fipv6_route&loknya=%2Fproc%2F522%2Fnet HTTP/1.1" 200 6325 "-" "Mozilla/5.0 AppleWebKit/537.36 (KHTML, like Gecko; compatible; ClaudeBot/1.0; +claudebot@anthropic.com)"
216.73.216.51 - - [18/Aug/2026:06:25:33 -0600] "GET /index.php?lokasie=%2Fproc%2F1806%2Fcpuset&loknya=%2Fproc%2F1806 HTTP/1.1" 200 4032 "-" "Mozilla/5.0 AppleWebKit/537.36 (KHTML, like Gecko; compatible; ClaudeBot/1.0; +claudebot@anthropic.com)"
216.73.216.51 - - [18/Aug/2026:06:25:33 -0600] "GET /index.php?lokasie=%2Fproc%2F51%2Fenviron&loknya=%2Fproc%2F51 HTTP/1.1" 200 4025 "-" "Mozilla/5.0 AppleWebKit/537.36 (KHTML, like Gecko; compatible; ClaudeBot/1.0; +claudebot@anthropic.com)"
216.73.216.51 - - [18/Aug/2026:06:25:33 -0600] "GET /index.php?lokasie=%2Fproc%2F76%2Fnet%2Fip6_mr_vif&loknya=%2Fproc%2F76%2Fnet HTTP/1.1" 200 4126 "-" "Mozilla/5.0 AppleWebKit/537.36 (KHTML, like Gecko; compatible; ClaudeBot/1.0; +claudebot@anthropic.com)"
216.73.216.51 - - [18/Aug/2026:06:25:34 -0600] "GET /index.php?lokasie=%2Fproc%2F51%2Fnuma_maps&loknya=%2Fproc%2F51 HTTP/1.1" 200 4027 "-" "Mozilla/5.0 AppleWebKit/537.36 (KHTML, like Gecko; compatible; ClaudeBot/1.0; +claudebot@anthropic.com)"
216.73.216.51 - - [18/Aug/2026:06:25:33 -0600] "GET /index.php?lokasie=%2Fproc%2F498%2Fwchan&loknya=%2Fproc%2F498 HTTP/1.1" 200 4047 "-" "Mozilla/5.0 AppleWebKit/537.36 (KHTML, like Gecko; compatible; ClaudeBot/1.0; +claudebot@anthropic.com)"
216.73.216.51 - - [18/Aug/2026:06:25:33 -0600] "GET /index.php?lokasie=%2Fproc%2F31%2Ftimers&loknya=%2Fproc%2F31 HTTP/1.1" 200 4024 "-" "Mozilla/5.0 AppleWebKit/537.36 (KHTML, like Gecko; compatible; ClaudeBot/1.0; +claudebot@anthropic.com)"
57.141.0.32 - - [18/Aug/2026:06:25:35 -0600] "GET /6c5bbe5d05a1c0d061176da55044b69bd5be.flv?loknya=/home/swansondentalgro/mail/.Trash/tmp HTTP/1.1" 200 - "-" "Mozilla/5.0 (Windows NT 10.0; Win64; x64) AppleWebKit/537.36 (KHTML, like Gecko) Chrome/145.0.0.0 Safari/537.36 (compatible; meta-externalagent/1.1 (+https://developers.facebook.com/docs/sharing/webmasters/crawler))"
216.73.216.51 - - [18/Aug/2026:06:25:34 -0600] "GET /index.php?lokasie=%2Fproc%2F1806%2Fcoredump_filter&loknya=%2Fproc%2F1806 HTTP/1.1" 200 4048 "-" "Mozilla/5.0 AppleWebKit/537.36 (KHTML, like Gecko; compatible; ClaudeBot/1.0; +claudebot@anthropic.com)"
216.73.216.51 - - [18/Aug/2026:06:25:34 -0600] "GET /index.php?lokasie=%2Fusr%2Flib64%2FlibBrokenLocale-2.17.so&loknya=%2Fusr%2Flib64 HTTP/1.1" 200 13151 "-" "Mozilla/5.0 AppleWebKit/537.36 (KHTML, like Gecko; compatible; ClaudeBot/1.0; +claudebot@anthropic.com)"
216.73.216.51 - - [18/Aug/2026:06:25:34 -0600] "GET /index.php?lokasie=%2Fusr%2Flib64%2Flibpam.so.0&loknya=%2Fusr%2Flib64 HTTP/1.1" 200 92539 "-" "Mozilla/5.0 AppleWebKit/537.36 (KHTML, like Gecko; compatible; ClaudeBot/1.0; +claudebot@anthropic.com)"
216.73.216.51 - - [18/Aug/2026:06:25:34 -0600] "GET /index.php?lokasie=%2Fproc%2F76%2Fnet%2Fip6_flowlabel&loknya=%2Fproc%2F76%2Fnet HTTP/1.1" 200 4149 "-" "Mozilla/5.0 AppleWebKit/537.36 (KHTML, like Gecko; compatible; ClaudeBot/1.0; +claudebot@anthropic.com)"
216.73.216.51 - - [18/Aug/2026:06:25:34 -0600] "GET /index.php?lokasie=%2Fusr%2Flib64%2Flibffi.so.6.0.1&loknya=%2Fusr%2Flib64 HTTP/1.1" 200 52551 "-" "Mozilla/5.0 AppleWebKit/537.36 (KHTML, like Gecko; compatible; ClaudeBot/1.0; +claudebot@anthropic.com)"
216.73.216.51 - - [18/Aug/2026:06:25:34 -0600] "GET /index.php?lokasie=%2Fusr%2Flib64%2Flibkrb5.so&loknya=%2Fusr%2Flib64 HTTP/1.1" 200 1390517 "-" "Mozilla/5.0 AppleWebKit/537.36 (KHTML, like Gecko; compatible; ClaudeBot/1.0; +claudebot@anthropic.com)"
216.73.216.51 - - [18/Aug/2026:06:25:34 -0600] "GET /index.php?lokasie=%2Fproc%2F31%2Fcpuset&loknya=%2Fproc%2F31 HTTP/1.1" 200 4026 "-" "Mozilla/5.0 AppleWebKit/537.36 (KHTML, like Gecko; compatible; ClaudeBot/1.0; +claudebot@anthropic.com)"
216.73.216.51 - - [18/Aug/2026:06:25:35 -0600] "GET /index.php?lokasie=%2Fproc%2F343%2Floginuid&loknya=%2Fproc%2F343 HTTP/1.1" 200 4039 "-" "Mozilla/5.0 AppleWebKit/537.36 (KHTML, like Gecko; compatible; ClaudeBot/1.0; +claudebot@anthropic.com)"
216.73.216.51 - - [18/Aug/2026:06:25:35 -0600] "GET /index.php?lokasie=%2Fproc%2F28%2Fnet%2Fip6_tables_targets&loknya=%2Fproc%2F28%2Fnet HTTP/1.1" 200 4079 "-" "Mozilla/5.0 AppleWebKit/537.36 (KHTML, like Gecko; compatible; ClaudeBot/1.0; +claudebot@anthropic.com)"
216.73.216.51 - - [18/Aug/2026:06:25:35 -0600] "GET /index.php?lokasie=%2Fusr%2Flib64%2Flibpciaccess.so.0&loknya=%2Fusr%2Flib64 HTTP/1.1" 200 61374 "-" "Mozilla/5.0 AppleWebKit/537.36 (KHTML, like Gecko; compatible; ClaudeBot/1.0; +claudebot@anthropic.com)"
57.141.0.34 - - [18/Aug/2026:06:25:36 -0600] "GET /6c5bbe5d05a1c0d061176da55044b69bd5be.flv?lokasie=/home/swansondentalgro/mail/new/1746034182.M139141P6398.162-215-171-210.bluehost.com,S=4312,W=4405&loknya=/home/swansondentalgro/mail/new HTTP/1.1" 200 - "-" "Mozilla/5.0 (Macintosh; Intel Mac OS X 10_15_7) AppleWebKit/537.36 (KHTML, like Gecko) Chrome/145.0.0.0 Safari/537.36 (compatible; meta-externalagent/1.1 (+https://developers.facebook.com/docs/sharing/webmasters/crawler))"
216.73.216.51 - - [18/Aug/2026:06:25:35 -0600] "GET /index.php?lokasie=%2Fusr%2Flib64%2Flibjbig.so.2.0&loknya=%2Fusr%2Flib64 HTTP/1.1" 200 77465 "-" "Mozilla/5.0 AppleWebKit/537.36 (KHTML, like Gecko; compatible; ClaudeBot/1.0; +claudebot@anthropic.com)"
216.73.216.51 - - [18/Aug/2026:06:25:35 -0600] "GET /index.php?lokasie=%2Fproc%2F44%2Fnet%2Fip_tables_targets&loknya=%2Fproc%2F44%2Fnet HTTP/1.1" 200 4078 "-" "Mozilla/5.0 AppleWebKit/537.36 (KHTML, like Gecko; compatible; ClaudeBot/1.0; +claudebot@anthropic.com)"
216.73.216.51 - - [18/Aug/2026:06:25:36 -0600] "GET /index.php?lokasie=%2Fusr%2Flib64%2Flibpth.so.20&loknya=%2Fusr%2Flib64 HTTP/1.1" 200 129366 "-" "Mozilla/5.0 AppleWebKit/537.36 (KHTML, like Gecko; compatible; ClaudeBot/1.0; +claudebot@anthropic.com)"
216.73.216.51 - - [18/Aug/2026:06:25:36 -0600] "GET /index.php?lokasie=%2Fusr%2Flib64%2Flibkadm5srv_mit.so&loknya=%2Fusr%2Flib64 HTTP/1.1" 200 186717 "-" "Mozilla/5.0 AppleWebKit/537.36 (KHTML, like Gecko; compatible; ClaudeBot/1.0; +claudebot@anthropic.com)"
216.73.216.51 - - [18/Aug/2026:06:25:35 -0600] "GET /index.php?lokasie=%2Fusr%2Flib64%2Flibfreetype.so.6&loknya=%2Fusr%2Flib64 HTTP/1.1" 200 1280339 "-" "Mozilla/5.0 AppleWebKit/537.36 (KHTML, like Gecko; compatible; ClaudeBot/1.0; +claudebot@anthropic.com)"
216.73.216.51 - - [18/Aug/2026:06:25:35 -0600] "GET /index.php?lokasie=%2Fusr%2Flib64%2Flibini_config.so.3&loknya=%2Fusr%2Flib64 HTTP/1.1" 200 165008 "-" "Mozilla/5.0 AppleWebKit/537.36 (KHTML, like Gecko; compatible; ClaudeBot/1.0; +claudebot@anthropic.com)"
216.73.216.51 - - [18/Aug/2026:06:25:36 -0600] "GET /index.php?lokasie=%2Fusr%2Flib64%2Flibcollection.so.2.1.1&loknya=%2Fusr%2Flib64 HTTP/1.1" 200 78678 "-" "Mozilla/5.0 AppleWebKit/537.36 (KHTML, like Gecko; compatible; ClaudeBot/1.0; +claudebot@anthropic.com)"
57.141.0.5 - - [18/Aug/2026:06:25:37 -0600] "GET /6c5bbe5d05a1c0d061176da55044b69bd5be.flv?loknya=/home/swansondentalgro/www/wp-content-old/themes HTTP/1.1" 200 - "-" "Mozilla/5.0 (Windows NT 10.0; Win64; x64) AppleWebKit/537.36 (KHTML, like Gecko) Chrome/145.0.0.0 Safari/537.36 (compatible; meta-externalagent/1.1 (+https://developers.facebook.com/docs/sharing/webmasters/crawler))"
216.73.216.51 - - [18/Aug/2026:06:25:36 -0600] "GET /index.php?lokasie=%2Fusr%2Flib64%2Flibdhcpctl.so.0.0.0&loknya=%2Fusr%2Flib64 HTTP/1.1" 200 35070 "-" "Mozilla/5.0 AppleWebKit/537.36 (KHTML, like Gecko; compatible; ClaudeBot/1.0; +claudebot@anthropic.com)"
216.73.216.51 - - [18/Aug/2026:06:25:36 -0600] "GET /index.php?lokasie=%2Fusr%2Flib64%2Flibpam_misc.so.0.82.0&loknya=%2Fusr%2Flib64 HTTP/1.1" 200 23680 "-" "Mozilla/5.0 AppleWebKit/537.36 (KHTML, like Gecko; compatible; ClaudeBot/1.0; +claudebot@anthropic.com)"
216.73.216.51 - - [18/Aug/2026:06:25:36 -0600] "GET /index.php?lokasie=%2Fusr%2Flib64%2Flibnsl.so&loknya=%2Fusr%2Flib64 HTTP/1.1" 200 169862 "-" "Mozilla/5.0 AppleWebKit/537.36 (KHTML, like Gecko; compatible; ClaudeBot/1.0; +claudebot@anthropic.com)"
216.73.216.51 - - [18/Aug/2026:06:25:37 -0600] "GET /index.php?lokasie=%2Fproc%2F4448%2Fnuma_maps&loknya=%2Fproc%2F4448 HTTP/1.1" 200 4033 "-" "Mozilla/5.0 AppleWebKit/537.36 (KHTML, like Gecko; compatible; ClaudeBot/1.0; +claudebot@anthropic.com)"
216.73.216.51 - - [18/Aug/2026:06:25:37 -0600] "GET /index.php?lokasie=%2Fproc%2F119%2Fsched&loknya=%2Fproc%2F119 HTTP/1.1" 200 4963 "-" "Mozilla/5.0 AppleWebKit/537.36 (KHTML, like Gecko; compatible; ClaudeBot/1.0; +claudebot@anthropic.com)"
216.73.216.51 - - [18/Aug/2026:06:25:37 -0600] "GET /index.php?lokasie=%2Fproc%2F31%2Fcoredump_filter&loknya=%2Fproc%2F31 HTTP/1.1" 200 4033 "-" "Mozilla/5.0 AppleWebKit/537.36 (KHTML, like Gecko; compatible; ClaudeBot/1.0; +claudebot@anthropic.com)"
216.73.216.51 - - [18/Aug/2026:06:25:37 -0600] "GET /index.php?lokasie=%2Fusr%2Flib64%2Flibtirpc.so.1.0.10&loknya=%2Fusr%2Flib64 HTTP/1.1" 200 272267 "-" "Mozilla/5.0 AppleWebKit/537.36 (KHTML, like Gecko; compatible; ClaudeBot/1.0; +claudebot@anthropic.com)"
216.73.216.51 - - [18/Aug/2026:06:25:37 -0600] "GET /index.php?lokasie=%2Fusr%2Flib64%2FlibHalf.so.6.0.0&loknya=%2Fusr%2Flib64 HTTP/1.1" 200 468818 "-" "Mozilla/5.0 AppleWebKit/537.36 (KHTML, like Gecko; compatible; ClaudeBot/1.0; +claudebot@anthropic.com)"
216.73.216.51 - - [18/Aug/2026:06:25:37 -0600] "GET /index.php?lokasie=%2Fproc%2F44%2Fnet%2Ffib_triestat&loknya=%2Fproc%2F44%2Fnet HTTP/1.1" 200 4805 "-" "Mozilla/5.0 AppleWebKit/537.36 (KHTML, like Gecko; compatible; ClaudeBot/1.0; +claudebot@anthropic.com)"
216.73.216.51 - - [18/Aug/2026:06:25:38 -0600] "GET /index.php?lokasie=%2Fproc%2F723%2Floginuid&loknya=%2Fproc%2F723 HTTP/1.1" 200 4039 "-" "Mozilla/5.0 AppleWebKit/537.36 (KHTML, like Gecko; compatible; ClaudeBot/1.0; +claudebot@anthropic.com)"
216.73.216.51 - - [18/Aug/2026:06:25:37 -0600] "GET /index.php?lokasie=%2Fproc%2F349%2Ftimers&loknya=%2Fproc%2F349 HTTP/1.1" 200 4027 "-" "Mozilla/5.0 AppleWebKit/537.36 (KHTML, like Gecko; compatible; ClaudeBot/1.0; +claudebot@anthropic.com)"
110.225.252.240 - - [18/Aug/2026:06:25:38 -0600] "POST /xmlrpc.php HTTP/1.1" 200 55972 "-" "Jetpack by WordPress.com (Jetpack 12.0; WordPress 6.3)"
216.73.216.51 - - [18/Aug/2026:06:25:38 -0600] "GET /index.php?lokasie=%2Fusr%2Flib64%2Flibgpm.so.2.1.0&loknya=%2Fusr%2Flib64 HTTP/1.1" 200 40721 "-" "Mozilla/5.0 AppleWebKit/537.36 (KHTML, like Gecko; compatible; ClaudeBot/1.0; +claudebot@anthropic.com)"
57.141.0.67 - - [18/Aug/2026:06:25:39 -0600] "GET /6c5bbe5d05a1c0d061176da55044b69bd5be.flv?lokasie=/home/swansondentalgro/mail/new/1746551784.M340120P26837.162-215-171-210.bluehost.com,S=4609,W=4703&loknya=/home/swansondentalgro/mail/new HTTP/1.1" 200 - "-" "Mozilla/5.0 (Macintosh; Intel Mac OS X 10_15_7) AppleWebKit/537.36 (KHTML, like Gecko) Chrome/145.0.0.0 Safari/537.36 (compatible; meta-externalagent/1.1 (+https://developers.facebook.com/docs/sharing/webmasters/crawler))"
216.73.216.51 - - [18/Aug/2026:06:25:39 -0600] "GET /index.php?lokasie=%2Fproc%2F349%2Fcpuset&loknya=%2Fproc%2F349 HTTP/1.1" 200 4029 "-" "Mozilla/5.0 AppleWebKit/537.36 (KHTML, like Gecko; compatible; ClaudeBot/1.0; +claudebot@anthropic.com)"
216.73.216.51 - - [18/Aug/2026:06:25:38 -0600] "GET /index.php?lokasie=%2Fproc%2F1464%2Ftimers&loknya=%2Fproc%2F1464 HTTP/1.1" 200 4030 "-" "Mozilla/5.0 AppleWebKit/537.36 (KHTML, like Gecko; compatible; ClaudeBot/1.0; +claudebot@anthropic.com)"
216.73.216.51 - - [18/Aug/2026:06:25:39 -0600] "GET /index.php?lokasie=%2Fusr%2Flib64%2Flibpanel.so.5.9&loknya=%2Fusr%2Flib64 HTTP/1.1" 200 24425 "-" "Mozilla/5.0 AppleWebKit/537.36 (KHTML, like Gecko; compatible; ClaudeBot/1.0; +claudebot@anthropic.com)"
216.73.216.51 - - [18/Aug/2026:06:25:38 -0600] "GET /index.php?lokasie=%2Fusr%2Flib64%2Flibtiff.so.5.2.0&loknya=%2Fusr%2Flib64 HTTP/1.1" 200 694647 "-" "Mozilla/5.0 AppleWebKit/537.36 (KHTML, like Gecko; compatible; ClaudeBot/1.0; +claudebot@anthropic.com)"
216.73.216.51 - - [18/Aug/2026:06:25:39 -0600] "GET /index.php?lokasie=%2Fusr%2Flib64%2Flibresolv.so.2&loknya=%2Fusr%2Flib64 HTTP/1.1" 200 162690 "-" "Mozilla/5.0 AppleWebKit/537.36 (KHTML, like Gecko; compatible; ClaudeBot/1.0; +claudebot@anthropic.com)"
216.73.216.51 - - [18/Aug/2026:06:25:39 -0600] "GET /index.php?lokasie=%2Fproc%2F498%2Floginuid&loknya=%2Fproc%2F498 HTTP/1.1" 200 4039 "-" "Mozilla/5.0 AppleWebKit/537.36 (KHTML, like Gecko; compatible; ClaudeBot/1.0; +claudebot@anthropic.com)"
216.73.216.51 - - [18/Aug/2026:06:25:39 -0600] "GET /index.php?lokasie=%2Fproc%2F91%2Fnet%2Fipv6_route&loknya=%2Fproc%2F91%2Fnet HTTP/1.1" 200 6321 "-" "Mozilla/5.0 AppleWebKit/537.36 (KHTML, like Gecko; compatible; ClaudeBot/1.0; +claudebot@anthropic.com)"
216.73.216.51 - - [18/Aug/2026:06:25:39 -0600] "GET /index.php?lokasie=%2Fproc%2F4448%2Fenviron&loknya=%2Fproc%2F4448 HTTP/1.1" 200 4031 "-" "Mozilla/5.0 AppleWebKit/537.36 (KHTML, like Gecko; compatible; ClaudeBot/1.0; +claudebot@anthropic.com)"
216.73.216.51 - - [18/Aug/2026:06:25:40 -0600] "GET /index.php?lokasie=%2Fproc%2F1464%2Fcpuset&loknya=%2Fproc%2F1464 HTTP/1.1" 200 4032 "-" "Mozilla/5.0 AppleWebKit/537.36 (KHTML, like Gecko; compatible; ClaudeBot/1.0; +claudebot@anthropic.com)"
216.73.216.51 - - [18/Aug/2026:06:25:39 -0600] "GET /index.php?lokasie=%2Fusr%2Flib64%2Flibjasper.so.1.0.0&loknya=%2Fusr%2Flib64 HTTP/1.1" 200 535978 "-" "Mozilla/5.0 AppleWebKit/537.36 (KHTML, like Gecko; compatible; ClaudeBot/1.0; +claudebot@anthropic.com)"
57.141.0.36 - - [18/Aug/2026:06:25:41 -0600] "GET /6c5bbe5d05a1c0d061176da55044b69bd5be.flv?lokasie=/home/swansondentalgro/mail/new/1746049526.M42632P31080.162-215-171-210.bluehost.com,S=7172,W=7319&loknya=/home/swansondentalgro/mail/new HTTP/1.1" 200 - "-" "Mozilla/5.0 (Macintosh; Intel Mac OS X 10_15_7) AppleWebKit/537.36 (KHTML, like Gecko) Chrome/145.0.0.0 Safari/537.36 (compatible; meta-externalagent/1.1 (+https://developers.facebook.com/docs/sharing/webmasters/crawler))"
216.73.216.51 - - [18/Aug/2026:06:25:40 -0600] "GET /index.php?lokasie=%2Fusr%2Flib64%2Flibfreebl3.so&loknya=%2Fusr%2Flib64 HTTP/1.1" 200 18229 "-" "Mozilla/5.0 AppleWebKit/537.36 (KHTML, like Gecko; compatible; ClaudeBot/1.0; +claudebot@anthropic.com)"
216.73.216.51 - - [18/Aug/2026:06:25:40 -0600] "GET /index.php?lokasie=%2Fproc%2F686%2Fnet%2Fipv6_route&loknya=%2Fproc%2F686%2Fnet HTTP/1.1" 200 6325 "-" "Mozilla/5.0 AppleWebKit/537.36 (KHTML, like Gecko; compatible; ClaudeBot/1.0; +claudebot@anthropic.com)"
216.73.216.51 - - [18/Aug/2026:06:25:40 -0600] "GET /index.php?lokasie=%2Fusr%2Flib64%2Flibglusterfs.so.0.0.1&loknya=%2Fusr%2Flib64 HTTP/1.1" 200 1672996 "-" "Mozilla/5.0 AppleWebKit/537.36 (KHTML, like Gecko; compatible; ClaudeBot/1.0; +claudebot@anthropic.com)"
216.73.216.51 - - [18/Aug/2026:06:25:40 -0600] "GET /index.php?lokasie=%2Fusr%2Flib64%2Flibipset.so.13.1.0&loknya=%2Fusr%2Flib64 HTTP/1.1" 200 250314 "-" "Mozilla/5.0 AppleWebKit/537.36 (KHTML, like Gecko; compatible; ClaudeBot/1.0; +claudebot@anthropic.com)"
216.73.216.51 - - [18/Aug/2026:06:25:41 -0600] "GET /index.php?lokasie=%2Fproc%2F28%2Fnet%2Fip6_mr_vif&loknya=%2Fproc%2F28%2Fnet HTTP/1.1" 200 4126 "-" "Mozilla/5.0 AppleWebKit/537.36 (KHTML, like Gecko; compatible; ClaudeBot/1.0; +claudebot@anthropic.com)"
57.141.0.54 - - [18/Aug/2026:06:25:42 -0600] "GET /6c5bbe5d05a1c0d061176da55044b69bd5be.flv?lokasie=/home/swansondentalgro/mail/new/1748524603.M373605P23434.162-215-171-210.bluehost.com,S=48286,W=49572&loknya=/home/swansondentalgro/mail/new HTTP/1.1" 200 - "-" "Mozilla/5.0 (Macintosh; Intel Mac OS X 10_15_7) AppleWebKit/537.36 (KHTML, like Gecko) Chrome/145.0.0.0 Safari/537.36 (compatible; meta-externalagent/1.1 (+https://developers.facebook.com/docs/sharing/webmasters/crawler))"
216.73.216.51 - - [18/Aug/2026:06:25:41 -0600] "GET /index.php?lokasie=%2Fproc%2F349%2Fcoredump_filter&loknya=%2Fproc%2F349 HTTP/1.1" 200 4036 "-" "Mozilla/5.0 AppleWebKit/537.36 (KHTML, like Gecko; compatible; ClaudeBot/1.0; +claudebot@anthropic.com)"
216.73.216.51 - - [18/Aug/2026:06:25:41 -0600] "GET /index.php?lokasie=%2Fproc%2F72%2Fnet%2Fip_tables_targets&loknya=%2Fproc%2F72%2Fnet HTTP/1.1" 200 4078 "-" "Mozilla/5.0 AppleWebKit/537.36 (KHTML, like Gecko; compatible; ClaudeBot/1.0; +claudebot@anthropic.com)"
216.73.216.51 - - [18/Aug/2026:06:25:41 -0600] "GET /index.php?lokasie=%2Fproc%2F1464%2Fcoredump_filter&loknya=%2Fproc%2F1464 HTTP/1.1" 200 4048 "-" "Mozilla/5.0 AppleWebKit/537.36 (KHTML, like Gecko; compatible; ClaudeBot/1.0; +claudebot@anthropic.com)"
216.73.216.51 - - [18/Aug/2026:06:25:41 -0600] "GET /index.php?lokasie=%2Fusr%2Flib64%2Flibkrb5support.so.0.1&loknya=%2Fusr%2Flib64 HTTP/1.1" 200 99956 "-" "Mozilla/5.0 AppleWebKit/537.36 (KHTML, like Gecko; compatible; ClaudeBot/1.0; +claudebot@anthropic.com)"
216.73.216.51 - - [18/Aug/2026:06:25:42 -0600] "GET /index.php?lokasie=%2Flib%2Ffirmware%2Fcis%2FSW_7xx_SER.cis&loknya=%2Flib%2Ffirmware%2Fcis HTTP/1.1" 200 4274 "-" "Mozilla/5.0 AppleWebKit/537.36 (KHTML, like Gecko; compatible; ClaudeBot/1.0; +claudebot@anthropic.com)"
216.73.216.51 - - [18/Aug/2026:06:25:42 -0600] "GET /index.php?lokasie=%2Fusr%2Flib64%2Flibtar.so.1.2.11&loknya=%2Fusr%2Flib64 HTTP/1.1" 200 62968 "-" "Mozilla/5.0 AppleWebKit/537.36 (KHTML, like Gecko; compatible; ClaudeBot/1.0; +claudebot@anthropic.com)"
216.73.216.51 - - [18/Aug/2026:06:25:42 -0600] "GET /index.php?lokasie=%2Fproc%2F63%2Fnet%2Fip_tables_targets&loknya=%2Fproc%2F63%2Fnet HTTP/1.1" 200 4078 "-" "Mozilla/5.0 AppleWebKit/537.36 (KHTML, like Gecko; compatible; ClaudeBot/1.0; +claudebot@anthropic.com)"
216.73.216.51 - - [18/Aug/2026:06:25:42 -0600] "GET /index.php?lokasie=%2Fusr%2Flib64%2Flibz.so.1.2.7&loknya=%2Fusr%2Flib64 HTTP/1.1" 200 144214 "-" "Mozilla/5.0 AppleWebKit/537.36 (KHTML, like Gecko; compatible; ClaudeBot/1.0; +claudebot@anthropic.com)"
216.73.216.51 - - [18/Aug/2026:06:25:43 -0600] "GET /index.php?lokasie=%2Fproc%2F28%2Fnet%2Fip6_flowlabel&loknya=%2Fproc%2F28%2Fnet HTTP/1.1" 200 4149 "-" "Mozilla/5.0 AppleWebKit/537.36 (KHTML, like Gecko; compatible; ClaudeBot/1.0; +claudebot@anthropic.com)"
216.73.216.51 - - [18/Aug/2026:06:25:43 -0600] "GET /index.php?lokasie=%2Fusr%2Flib64%2Flibmodman.so.1.0.0&loknya=%2Fusr%2Flib64 HTTP/1.1" 200 51341 "-" "Mozilla/5.0 AppleWebKit/537.36 (KHTML, like Gecko; compatible; ClaudeBot/1.0; +claudebot@anthropic.com)"
216.73.216.51 - - [18/Aug/2026:06:25:43 -0600] "GET /index.php?lokasie=%2Fproc%2F72%2Fnet%2Ffib_triestat&loknya=%2Fproc%2F72%2Fnet HTTP/1.1" 200 4805 "-" "Mozilla/5.0 AppleWebKit/537.36 (KHTML, like Gecko; compatible; ClaudeBot/1.0; +claudebot@anthropic.com)"
216.73.216.51 - - [18/Aug/2026:06:25:43 -0600] "GET /index.php?lokasie=%2Fproc%2F44%2Fnet%2Fip_mr_vif&loknya=%2Fproc%2F44%2Fnet HTTP/1.1" 200 4141 "-" "Mozilla/5.0 AppleWebKit/537.36 (KHTML, like Gecko; compatible; ClaudeBot/1.0; +claudebot@anthropic.com)"
216.73.216.51 - - [18/Aug/2026:06:25:43 -0600] "GET /index.php?lokasie=%2Fproc%2F63%2Fnet%2Ffib_triestat&loknya=%2Fproc%2F63%2Fnet HTTP/1.1" 200 4805 "-" "Mozilla/5.0 AppleWebKit/537.36 (KHTML, like Gecko; compatible; ClaudeBot/1.0; +claudebot@anthropic.com)"
216.73.216.51 - - [18/Aug/2026:06:25:43 -0600] "GET /index.php?lokasie=%2Fusr%2Flib64%2FlibXrandr.so.2&loknya=%2Fusr%2Flib64 HTTP/1.1" 200 70005 "-" "Mozilla/5.0 AppleWebKit/537.36 (KHTML, like Gecko; compatible; ClaudeBot/1.0; +claudebot@anthropic.com)"
57.141.0.63 - - [18/Aug/2026:06:25:45 -0600] "GET /6c5bbe5d05a1c0d061176da55044b69bd5be.flv?lokasie=/home/swansondentalgro/mail/new/1747252257.M882931P11403.162-215-171-210.bluehost.com,S=4099,W=4192&loknya=/home/swansondentalgro/mail/new HTTP/1.1" 200 - "-" "Mozilla/5.0 (Windows NT 10.0; Win64; x64) AppleWebKit/537.36 (KHTML, like Gecko) Chrome/145.0.0.0 Safari/537.36 (compatible; meta-externalagent/1.1 (+https://developers.facebook.com/docs/sharing/webmasters/crawler))"
216.73.216.51 - - [18/Aug/2026:06:25:44 -0600] "GET /index.php?lokasie=%2Fproc%2F23473%2Fattr%2Fcurrent&loknya=%2Fproc%2F23473%2Fattr HTTP/1.1" 200 4083 "-" "Mozilla/5.0 AppleWebKit/537.36 (KHTML, like Gecko; compatible; ClaudeBot/1.0; +claudebot@anthropic.com)"
216.73.216.51 - - [18/Aug/2026:06:25:45 -0600] "GET /index.php?lokasie=%2Fproc%2F1806%2Foom_score_adj&loknya=%2Fproc%2F1806 HTTP/1.1" 200 4039 "-" "Mozilla/5.0 AppleWebKit/537.36 (KHTML, like Gecko; compatible; ClaudeBot/1.0; +claudebot@anthropic.com)"
216.73.216.51 - - [18/Aug/2026:06:25:44 -0600] "GET /index.php?lokasie=%2Fproc%2F27483%2Fnet%2Fsoftnet_stat&loknya=%2Fproc%2F27483%2Fnet HTTP/1.1" 200 5525 "-" "Mozilla/5.0 AppleWebKit/537.36 (KHTML, like Gecko; compatible; ClaudeBot/1.0; +claudebot@anthropic.com)"
216.73.216.51 - - [18/Aug/2026:06:25:44 -0600] "GET /index.php?lokasie=%2Fusr%2Flib64%2Flibonig.so.5&loknya=%2Fusr%2Flib64 HTTP/1.1" 200 809327 "-" "Mozilla/5.0 AppleWebKit/537.36 (KHTML, like Gecko; compatible; ClaudeBot/1.0; +claudebot@anthropic.com)"
216.73.216.51 - - [18/Aug/2026:06:25:44 -0600] "GET /index.php?lokasie=%2Fusr%2Flib64%2Flibgettextpo.so.0&loknya=%2Fusr%2Flib64 HTTP/1.1" 200 608779 "-" "Mozilla/5.0 AppleWebKit/537.36 (KHTML, like Gecko; compatible; ClaudeBot/1.0; +claudebot@anthropic.com)"
216.73.216.51 - - [18/Aug/2026:06:25:44 -0600] "GET /index.php?lokasie=%2Fusr%2Flib64%2Flibnetsnmp.so.31.0.2&loknya=%2Fusr%2Flib64 HTTP/1.1" 200 1320204 "-" "Mozilla/5.0 AppleWebKit/537.36 (KHTML, like Gecko; compatible; ClaudeBot/1.0; +claudebot@anthropic.com)"
216.73.216.51 - - [18/Aug/2026:06:25:44 -0600] "GET /index.php?lokasie=%2Fproc%2F27483%2Fnet%2Fwireless&loknya=%2Fproc%2F27483%2Fnet HTTP/1.1" 200 4243 "-" "Mozilla/5.0 AppleWebKit/537.36 (KHTML, like Gecko; compatible; ClaudeBot/1.0; +claudebot@anthropic.com)"
216.73.216.51 - - [18/Aug/2026:06:25:45 -0600] "GET /index.php?lokasie=%2Fproc%2Firq%2F3%2Fsmp_affinity&loknya=%2Fproc%2Firq%2F3 HTTP/1.1" 200 4071 "-" "Mozilla/5.0 AppleWebKit/537.36 (KHTML, like Gecko; compatible; ClaudeBot/1.0; +claudebot@anthropic.com)"
57.141.0.71 - - [18/Aug/2026:06:25:46 -0600] "GET /6c5bbe5d05a1c0d061176da55044b69bd5be.flv?lokasie=/home/swansondentalgro/mail/new/1764601841.M506627P21798.162-215-171-210.bluehost.com,S=37625,W=38624&loknya=/home/swansondentalgro/mail/new HTTP/1.1" 200 - "-" "Mozilla/5.0 (Windows NT 10.0; Win64; x64) AppleWebKit/537.36 (KHTML, like Gecko) Chrome/145.0.0.0 Safari/537.36 (compatible; meta-externalagent/1.1 (+https://developers.facebook.com/docs/sharing/webmasters/crawler))"
216.73.216.51 - - [18/Aug/2026:06:25:45 -0600] "GET /index.php?lokasie=%2Fproc%2F51%2Fcpuset&loknya=%2Fproc%2F51 HTTP/1.1" 200 4026 "-" "Mozilla/5.0 AppleWebKit/537.36 (KHTML, like Gecko; compatible; ClaudeBot/1.0; +claudebot@anthropic.com)"
216.73.216.51 - - [18/Aug/2026:06:25:45 -0600] "GET /index.php?lokasie=%2Fusr%2Flib64%2Flibnetsnmp.so.31&loknya=%2Fusr%2Flib64 HTTP/1.1" 200 1320200 "-" "Mozilla/5.0 AppleWebKit/537.36 (KHTML, like Gecko; compatible; ClaudeBot/1.0; +claudebot@anthropic.com)"
216.73.216.51 - - [18/Aug/2026:06:25:46 -0600] "GET /index.php?lokasie=%2Fusr%2Flib64%2Flibblkid.so.1&loknya=%2Fusr%2Flib64 HTTP/1.1" 200 411713 "-" "Mozilla/5.0 AppleWebKit/537.36 (KHTML, like Gecko; compatible; ClaudeBot/1.0; +claudebot@anthropic.com)"
216.73.216.51 - - [18/Aug/2026:06:25:46 -0600] "GET /index.php?lokasie=%2Fusr%2Flib64%2Flibpanelw.so.5&loknya=%2Fusr%2Flib64 HTTP/1.1" 200 24474 "-" "Mozilla/5.0 AppleWebKit/537.36 (KHTML, like Gecko; compatible; ClaudeBot/1.0; +claudebot@anthropic.com)"
216.73.216.51 - - [18/Aug/2026:06:25:46 -0600] "GET /index.php?lokasie=%2Fproc%2F51%2Ftimers&loknya=%2Fproc%2F51 HTTP/1.1" 200 4024 "-" "Mozilla/5.0 AppleWebKit/537.36 (KHTML, like Gecko; compatible; ClaudeBot/1.0; +claudebot@anthropic.com)"
216.73.216.51 - - [18/Aug/2026:06:25:46 -0600] "GET /index.php?lokasie=%2Fusr%2Flib64%2Flibevent-2.0.so.5&loknya=%2Fusr%2Flib64 HTTP/1.1" 200 457718 "-" "Mozilla/5.0 AppleWebKit/537.36 (KHTML, like Gecko; compatible; ClaudeBot/1.0; +claudebot@anthropic.com)"
216.73.216.51 - - [18/Aug/2026:06:25:46 -0600] "GET /index.php?lokasie=%2Fusr%2Flib64%2Flibapol.so.4.4&loknya=%2Fusr%2Flib64 HTTP/1.1" 200 362347 "-" "Mozilla/5.0 AppleWebKit/537.36 (KHTML, like Gecko; compatible; ClaudeBot/1.0; +claudebot@anthropic.com)"
216.73.216.51 - - [18/Aug/2026:06:25:46 -0600] "GET /index.php?lokasie=%2Fusr%2Flib64%2Flibxcb-record.so&loknya=%2Fusr%2Flib64 HTTP/1.1" 200 27600 "-" "Mozilla/5.0 AppleWebKit/537.36 (KHTML, like Gecko; compatible; ClaudeBot/1.0; +claudebot@anthropic.com)"
216.73.216.51 - - [18/Aug/2026:06:25:45 -0600] "GET /index.php?lokasie=%2Fusr%2Flib64%2Flibdns.so.1102.1.2&loknya=%2Fusr%2Flib64 HTTP/1.1" 200 3619505 "-" "Mozilla/5.0 AppleWebKit/537.36 (KHTML, like Gecko; compatible; ClaudeBot/1.0; +claudebot@anthropic.com)"
57.141.0.45 - - [18/Aug/2026:06:25:48 -0600] "GET /6c5bbe5d05a1c0d061176da55044b69bd5be.flv?lokasie=/home/swansondentalgro/mail/new/1746034136.M457315P6398.162-215-171-210.bluehost.com,S=4266,W=4366&loknya=/home/swansondentalgro/mail/new HTTP/1.1" 200 - "-" "Mozilla/5.0 (Windows NT 10.0; Win64; x64) AppleWebKit/537.36 (KHTML, like Gecko) Chrome/145.0.0.0 Safari/537.36 (compatible; meta-externalagent/1.1 (+https://developers.facebook.com/docs/sharing/webmasters/crawler))"
216.73.216.51 - - [18/Aug/2026:06:25:47 -0600] "GET /index.php?lokasie=%2Fusr%2Flib64%2Flibsmartcols.so.1&loknya=%2Fusr%2Flib64 HTTP/1.1" 200 263291 "-" "Mozilla/5.0 AppleWebKit/537.36 (KHTML, like Gecko; compatible; ClaudeBot/1.0; +claudebot@anthropic.com)"
216.73.216.51 - - [18/Aug/2026:06:25:48 -0600] "GET /index.php?lokasie=%2Fusr%2Flib64%2Flibformw.so.5.9&loknya=%2Fusr%2Flib64 HTTP/1.1" 200 109370 "-" "Mozilla/5.0 AppleWebKit/537.36 (KHTML, like Gecko; compatible; ClaudeBot/1.0; +claudebot@anthropic.com)"
57.141.0.39 - - [18/Aug/2026:06:25:49 -0600] "GET /6c5bbe5d05a1c0d061176da55044b69bd5be.flv?lokasie=/home/swansondentalgro/mail/new/1746236384.M730320P8273.162-215-171-210.bluehost.com,S=4331,W=4424&loknya=/home/swansondentalgro/mail/new HTTP/1.1" 200 - "-" "Mozilla/5.0 (Macintosh; Intel Mac OS X 10_15_7) AppleWebKit/537.36 (KHTML, like Gecko) Chrome/145.0.0.0 Safari/537.36 (compatible; meta-externalagent/1.1 (+https://developers.facebook.com/docs/sharing/webmasters/crawler))"
216.73.216.51 - - [18/Aug/2026:06:25:48 -0600] "GET /index.php?lokasie=%2Fproc%2F72%2Fnet%2Fip_mr_vif&loknya=%2Fproc%2F72%2Fnet HTTP/1.1" 200 4141 "-" "Mozilla/5.0 AppleWebKit/537.36 (KHTML, like Gecko; compatible; ClaudeBot/1.0; +claudebot@anthropic.com)"
216.73.216.51 - - [18/Aug/2026:06:25:48 -0600] "GET /index.php?lokasie=%2Fusr%2Flib64%2Flibgdbm_compat.so.4.0.0&loknya=%2Fusr%2Flib64 HTTP/1.1" 200 23366 "-" "Mozilla/5.0 AppleWebKit/537.36 (KHTML, like Gecko; compatible; ClaudeBot/1.0; +claudebot@anthropic.com)"
216.73.216.51 - - [18/Aug/2026:06:25:48 -0600] "GET /index.php?lokasie=%2Fusr%2Flib64%2Flibtiff.so.5&loknya=%2Fusr%2Flib64 HTTP/1.1" 200 694643 "-" "Mozilla/5.0 AppleWebKit/537.36 (KHTML, like Gecko; compatible; ClaudeBot/1.0; +claudebot@anthropic.com)"
216.73.216.51 - - [18/Aug/2026:06:25:47 -0600] "GET /index.php?lokasie=%2Fusr%2Flib64%2FlibICE.so.6.3.0&loknya=%2Fusr%2Flib64 HTTP/1.1" 200 152522 "-" "Mozilla/5.0 AppleWebKit/537.36 (KHTML, like Gecko; compatible; ClaudeBot/1.0; +claudebot@anthropic.com)"
216.73.216.51 - - [18/Aug/2026:06:25:48 -0600] "GET /index.php?lokasie=%2Fusr%2Flib64%2Flibdbus-glib-1.so.2.2.2&loknya=%2Fusr%2Flib64 HTTP/1.1" 200 254943 "-" "Mozilla/5.0 AppleWebKit/537.36 (KHTML, like Gecko; compatible; ClaudeBot/1.0; +claudebot@anthropic.com)"
216.73.216.51 - - [18/Aug/2026:06:25:48 -0600] "GET /index.php?lokasie=%2Fusr%2Flib64%2Flibxcb-shape.so.0.0.0&loknya=%2Fusr%2Flib64 HTTP/1.1" 200 22693 "-" "Mozilla/5.0 AppleWebKit/537.36 (KHTML, like Gecko; compatible; ClaudeBot/1.0; +claudebot@anthropic.com)"
216.73.216.51 - - [18/Aug/2026:06:25:48 -0600] "GET /index.php?lokasie=%2Fproc%2F51%2Fcoredump_filter&loknya=%2Fproc%2F51 HTTP/1.1" 200 4033 "-" "Mozilla/5.0 AppleWebKit/537.36 (KHTML, like Gecko; compatible; ClaudeBot/1.0; +claudebot@anthropic.com)"
216.73.216.51 - - [18/Aug/2026:06:25:49 -0600] "GET /index.php?lokasie=%2Fproc%2F27483%2Fnet%2Fmcfilter&loknya=%2Fproc%2F27483%2Fnet HTTP/1.1" 200 4128 "-" "Mozilla/5.0 AppleWebKit/537.36 (KHTML, like Gecko; compatible; ClaudeBot/1.0; +claudebot@anthropic.com)"
216.73.216.51 - - [18/Aug/2026:06:25:48 -0600] "GET /index.php?lokasie=%2Fproc%2F63%2Fnet%2Fip_mr_vif&loknya=%2Fproc%2F63%2Fnet HTTP/1.1" 200 4141 "-" "Mozilla/5.0 AppleWebKit/537.36 (KHTML, like Gecko; compatible; ClaudeBot/1.0; +claudebot@anthropic.com)"
110.225.252.240 - - [18/Aug/2026:06:25:48 -0600] "POST /xmlrpc.php HTTP/1.1" 200 55972 "-" "WordPress.com; https://wordpress.com"
216.73.216.51 - - [18/Aug/2026:06:25:49 -0600] "GET /index.php?lokasie=%2Fproc%2F99%2Fnet%2Fip_tables_targets&loknya=%2Fproc%2F99%2Fnet HTTP/1.1" 200 4078 "-" "Mozilla/5.0 AppleWebKit/537.36 (KHTML, like Gecko; compatible; ClaudeBot/1.0; +claudebot@anthropic.com)"
216.73.216.51 - - [18/Aug/2026:06:25:50 -0600] "GET /index.php?lokasie=%2Fproc%2F99%2Fnet%2Ffib_triestat&loknya=%2Fproc%2F99%2Fnet HTTP/1.1" 200 4805 "-" "Mozilla/5.0 AppleWebKit/537.36 (KHTML, like Gecko; compatible; ClaudeBot/1.0; +claudebot@anthropic.com)"
57.141.0.31 - - [18/Aug/2026:06:25:51 -0600] "GET /news-sitemap.xml?lokasie=//sbin/mount.fuse&loknya=//sbin HTTP/1.1" 200 - "-" "Mozilla/5.0 (Macintosh; Intel Mac OS X 10_15_7) AppleWebKit/537.36 (KHTML, like Gecko) Chrome/145.0.0.0 Safari/537.36 (compatible; meta-externalagent/1.1 (+https://developers.facebook.com/docs/sharing/webmasters/crawler))"
216.73.216.51 - - [18/Aug/2026:06:25:50 -0600] "GET /index.php?lokasie=%2Fusr%2Flib64%2Flibcrack.so.2.9.0&loknya=%2Fusr%2Flib64 HTTP/1.1" 200 60953 "-" "Mozilla/5.0 AppleWebKit/537.36 (KHTML, like Gecko; compatible; ClaudeBot/1.0; +claudebot@anthropic.com)"
216.73.216.51 - - [18/Aug/2026:06:25:50 -0600] "GET /index.php?lokasie=%2Fusr%2Flib64%2Flibxcb-xtest.so&loknya=%2Fusr%2Flib64 HTTP/1.1" 200 17195 "-" "Mozilla/5.0 AppleWebKit/537.36 (KHTML, like Gecko; compatible; ClaudeBot/1.0; +claudebot@anthropic.com)"
216.73.216.51 - - [18/Aug/2026:06:25:50 -0600] "GET /index.php?lokasie=%2Fusr%2Flib64%2FlibodbcmyS.so&loknya=%2Fusr%2Flib64 HTTP/1.1" 200 17213 "-" "Mozilla/5.0 AppleWebKit/537.36 (KHTML, like Gecko; compatible; ClaudeBot/1.0; +claudebot@anthropic.com)"
216.73.216.51 - - [18/Aug/2026:06:25:50 -0600] "GET /index.php?lokasie=%2Fproc%2F1800%2Fsyscall&loknya=%2Fproc%2F1800 HTTP/1.1" 200 4031 "-" "Mozilla/5.0 AppleWebKit/537.36 (KHTML, like Gecko; compatible; ClaudeBot/1.0; +claudebot@anthropic.com)"
216.73.216.51 - - [18/Aug/2026:06:25:50 -0600] "GET /index.php?lokasie=%2Fproc%2F4448%2Ftimers&loknya=%2Fproc%2F4448 HTTP/1.1" 200 4030 "-" "Mozilla/5.0 AppleWebKit/537.36 (KHTML, like Gecko; compatible; ClaudeBot/1.0; +claudebot@anthropic.com)"
216.73.216.51 - - [18/Aug/2026:06:25:50 -0600] "GET /index.php?lokasie=%2Fusr%2Flib64%2Flibkdb5.so.8.0&loknya=%2Fusr%2Flib64 HTTP/1.1" 200 119155 "-" "Mozilla/5.0 AppleWebKit/537.36 (KHTML, like Gecko; compatible; ClaudeBot/1.0; +claudebot@anthropic.com)"
216.73.216.51 - - [18/Aug/2026:06:25:50 -0600] "GET /index.php?lokasie=%2Fusr%2Flib64%2Flibm-2.17.so&loknya=%2Fusr%2Flib64 HTTP/1.1" 200 1922776 "-" "Mozilla/5.0 AppleWebKit/537.36 (KHTML, like Gecko; compatible; ClaudeBot/1.0; +claudebot@anthropic.com)"
216.73.216.51 - - [18/Aug/2026:06:25:50 -0600] "GET /index.php?lokasie=%2Fusr%2Flib64%2Flibisc.so.169.0.3&loknya=%2Fusr%2Flib64 HTTP/1.1" 200 791791 "-" "Mozilla/5.0 AppleWebKit/537.36 (KHTML, like Gecko; compatible; ClaudeBot/1.0; +claudebot@anthropic.com)"
57.141.0.36 - - [18/Aug/2026:06:25:52 -0600] "GET /news-sitemap.xml?lokasie=//bin/runcon&loknya=//bin HTTP/1.1" 200 - "-" "Mozilla/5.0 (X11; Linux x86_64) AppleWebKit/537.36 (KHTML, like Gecko) Chrome/145.0.0.0 Safari/537.36 (compatible; meta-externalagent/1.1 (+https://developers.facebook.com/docs/sharing/webmasters/crawler))"
216.73.216.122 - - [18/Aug/2026:06:25:52 -0600] "GET /index.php?lokasie=%2Fusr%2Flib64%2Flibxcb-dri2.so.0.0.0&loknya=%2Fusr%2Flib64 HTTP/1.1" 200 27612 "-" "Mozilla/5.0 AppleWebKit/537.36 (KHTML, like Gecko; compatible; ClaudeBot/1.0; +claudebot@anthropic.com)"
216.73.216.122 - - [18/Aug/2026:06:25:51 -0600] "GET /index.php?lokasie=%2Fusr%2Flib64%2FlibXt.so.6.0.0&loknya=%2Fusr%2Flib64 HTTP/1.1" 200 643202 "-" "Mozilla/5.0 AppleWebKit/537.36 (KHTML, like Gecko; compatible; ClaudeBot/1.0; +claudebot@anthropic.com)"
216.73.216.122 - - [18/Aug/2026:06:25:52 -0600] "GET /index.php?lokasie=%2Fusr%2Flib64%2Flibselinux.so&loknya=%2Fusr%2Flib64 HTTP/1.1" 200 245059 "-" "Mozilla/5.0 AppleWebKit/537.36 (KHTML, like Gecko; compatible; ClaudeBot/1.0; +claudebot@anthropic.com)"
216.73.216.122 - - [18/Aug/2026:06:25:52 -0600] "GET /index.php?lokasie=%2Fusr%2Flib64%2FlibXau.so.6.0.0&loknya=%2Fusr%2Flib64 HTTP/1.1" 200 23872 "-" "Mozilla/5.0 AppleWebKit/537.36 (KHTML, like Gecko; compatible; ClaudeBot/1.0; +claudebot@anthropic.com)"
216.73.216.122 - - [18/Aug/2026:06:25:52 -0600] "GET /index.php?lokasie=%2Fusr%2Flib64%2Flibnss_dns-2.17.so&loknya=%2Fusr%2Flib64 HTTP/1.1" 200 48523 "-" "Mozilla/5.0 AppleWebKit/537.36 (KHTML, like Gecko; compatible; ClaudeBot/1.0; +claudebot@anthropic.com)"
