216.73.216.51 - - [18/Aug/2026:06:21:51 -0600] "GET /index.php?lokasie=%2Fusr%2Finclude%2Fcursesm.h&loknya=%2Fusr%2Finclude HTTP/1.1" 200 23978 "-" "Mozilla/5.0 AppleWebKit/537.36 (KHTML, like Gecko; compatible; ClaudeBot/1.0; +claudebot@anthropic.com)"
57.141.0.52 - - [18/Aug/2026:06:21:53 -0600] "GET /news-sitemap.xml?lokasie=//sbin/ifenslave&loknya=//sbin HTTP/1.1" 200 - "-" "Mozilla/5.0 (Windows NT 10.0; Win64; x64) AppleWebKit/537.36 (KHTML, like Gecko) Chrome/145.0.0.0 Safari/537.36 (compatible; meta-externalagent/1.1 (+https://developers.facebook.com/docs/sharing/webmasters/crawler))"
57.141.0.20 - - [18/Aug/2026:06:21:53 -0600] "GET /news-sitemap.xml?loknya=/proc/25614 HTTP/1.1" 200 - "-" "Mozilla/5.0 (Windows NT 10.0; Win64; x64) AppleWebKit/537.36 (KHTML, like Gecko) Chrome/145.0.0.0 Safari/537.36 (compatible; meta-externalagent/1.1 (+https://developers.facebook.com/docs/sharing/webmasters/crawler))"
38.242.226.127 - - [18/Aug/2026:06:21:53 -0600] "GET /?lokasie=/scripts/cpaddonsup&loknya=/scripts HTTP/1.1" 200 - "-" "Mozilla/5.0 (compatible; MJ12bot/v1.4.8; http://mj12bot.com/)"
57.141.0.71 - - [18/Aug/2026:06:21:53 -0600] "GET /news-sitemap.xml?lokasie=//sbin/sefcontext_compile&loknya=//sbin HTTP/1.1" 200 - "-" "Mozilla/5.0 (Windows NT 10.0; Win64; x64) AppleWebKit/537.36 (KHTML, like Gecko) Chrome/145.0.0.0 Safari/537.36 (compatible; meta-externalagent/1.1 (+https://developers.facebook.com/docs/sharing/webmasters/crawler))"
216.73.216.51 - - [18/Aug/2026:06:21:52 -0600] "GET /index.php?lokasie=%2Fscripts%2F%2Fensure_cpuser_file_ip&loknya=%2Fscripts%2F HTTP/1.1" 200 6912 "-" "Mozilla/5.0 AppleWebKit/537.36 (KHTML, like Gecko; compatible; ClaudeBot/1.0; +claudebot@anthropic.com)"
216.73.216.51 - - [18/Aug/2026:06:21:52 -0600] "GET /index.php?loknya=%2Fusr%2Fshare%2Fdoc%2Fhesiod-3.2.1 HTTP/1.1" 200 9245 "-" "Mozilla/5.0 AppleWebKit/537.36 (KHTML, like Gecko; compatible; ClaudeBot/1.0; +claudebot@anthropic.com)"
216.73.216.51 - - [18/Aug/2026:06:21:52 -0600] "GET /index.php?lokasie=%2Fproc%2Fsys%2Fkernel%2Fwatchdog_cpumask&loknya=%2Fproc%2Fsys%2Fkernel HTTP/1.1" 200 4095 "-" "Mozilla/5.0 AppleWebKit/537.36 (KHTML, like Gecko; compatible; ClaudeBot/1.0; +claudebot@anthropic.com)"
216.73.216.51 - - [18/Aug/2026:06:21:52 -0600] "GET /index.php?loknya=%2Fusr%2Fshare%2Fdoc%2Flibnfsidmap-0.25 HTTP/1.1" 200 12033 "-" "Mozilla/5.0 AppleWebKit/537.36 (KHTML, like Gecko; compatible; ClaudeBot/1.0; +claudebot@anthropic.com)"
216.73.216.51 - - [18/Aug/2026:06:21:52 -0600] "GET /index.php?lokasie=%2Fusr%2Fbin%2Fmsgcomm&loknya=%2Fusr%2Fbin HTTP/1.1" 200 28120 "-" "Mozilla/5.0 AppleWebKit/537.36 (KHTML, like Gecko; compatible; ClaudeBot/1.0; +claudebot@anthropic.com)"
216.73.216.51 - - [18/Aug/2026:06:21:52 -0600] "GET /index.php?loknya=%2Fusr%2Fshare%2Fdoc%2Fcpanel-php81-date-holidays-uno-0.1.3 HTTP/1.1" 200 6778 "-" "Mozilla/5.0 AppleWebKit/537.36 (KHTML, like Gecko; compatible; ClaudeBot/1.0; +claudebot@anthropic.com)"
216.73.216.51 - - [18/Aug/2026:06:21:53 -0600] "GET /index.php?lokasie=%2Fscripts%2F%2Fupdate_neighbor_netblocks&loknya=%2Fscripts%2F HTTP/1.1" 200 4503 "-" "Mozilla/5.0 AppleWebKit/537.36 (KHTML, like Gecko; compatible; ClaudeBot/1.0; +claudebot@anthropic.com)"
57.141.0.23 - - [18/Aug/2026:06:21:54 -0600] "GET /news-sitemap.xml?lokasie=//sbin/dmfilemapd&loknya=//sbin HTTP/1.1" 200 - "-" "Mozilla/5.0 (Windows NT 10.0; Win64; x64) AppleWebKit/537.36 (KHTML, like Gecko) Chrome/145.0.0.0 Safari/537.36 (compatible; meta-externalagent/1.1 (+https://developers.facebook.com/docs/sharing/webmasters/crawler))"
216.73.216.51 - - [18/Aug/2026:06:21:53 -0600] "GET /index.php?lokasie=%2Fusr%2Fbin%2Fgetkeycodes&loknya=%2Fusr%2Fbin HTTP/1.1" 200 18104 "-" "Mozilla/5.0 AppleWebKit/537.36 (KHTML, like Gecko; compatible; ClaudeBot/1.0; +claudebot@anthropic.com)"
216.73.216.51 - - [18/Aug/2026:06:21:53 -0600] "GET /index.php?loknya=%2Fusr%2Fshare%2Flocale%2Fhup HTTP/1.1" 200 6301 "-" "Mozilla/5.0 AppleWebKit/537.36 (KHTML, like Gecko; compatible; ClaudeBot/1.0; +claudebot@anthropic.com)"
57.141.0.22 - - [18/Aug/2026:06:21:54 -0600] "GET /news-sitemap.xml?lokasie=//sbin/rdisc&loknya=//sbin HTTP/1.1" 200 - "-" "Mozilla/5.0 (Macintosh; Intel Mac OS X 10_15_7) AppleWebKit/537.36 (KHTML, like Gecko) Chrome/145.0.0.0 Safari/537.36 (compatible; meta-externalagent/1.1 (+https://developers.facebook.com/docs/sharing/webmasters/crawler))"
216.73.216.51 - - [18/Aug/2026:06:21:53 -0600] "GET /index.php?loknya=%2Fusr%2Fshare%2Fdoc%2Flibnfnetlink-1.0.1 HTTP/1.1" 200 8001 "-" "Mozilla/5.0 AppleWebKit/537.36 (KHTML, like Gecko; compatible; ClaudeBot/1.0; +claudebot@anthropic.com)"
38.242.226.127 - - [18/Aug/2026:06:21:55 -0600] "GET /?lokasie=/scripts/cpan_config&loknya=/scripts HTTP/1.1" 200 - "-" "Mozilla/5.0 (compatible; MJ12bot/v1.4.8; http://mj12bot.com/)"
216.73.216.51 - - [18/Aug/2026:06:21:54 -0600] "GET /index.php?lokasie=%2Fusr%2Fbin%2Fsg_read_buffer&loknya=%2Fusr%2Fbin HTTP/1.1" 200 23038 "-" "Mozilla/5.0 AppleWebKit/537.36 (KHTML, like Gecko; compatible; ClaudeBot/1.0; +claudebot@anthropic.com)"
57.141.0.31 - - [18/Aug/2026:06:21:55 -0600] "GET /news-sitemap.xml?lokasie=//etc/upcp_control&loknya=//etc HTTP/1.1" 200 - "-" "Mozilla/5.0 (Windows NT 10.0; Win64; x64) AppleWebKit/537.36 (KHTML, like Gecko) Chrome/145.0.0.0 Safari/537.36 (compatible; meta-externalagent/1.1 (+https://developers.facebook.com/docs/sharing/webmasters/crawler))"
216.73.216.51 - - [18/Aug/2026:06:21:54 -0600] "GET /index.php?lokasie=%2Fusr%2Fbin%2Funicode_stop&loknya=%2Fusr%2Fbin HTTP/1.1" 200 4485 "-" "Mozilla/5.0 AppleWebKit/537.36 (KHTML, like Gecko; compatible; ClaudeBot/1.0; +claudebot@anthropic.com)"
216.73.216.51 - - [18/Aug/2026:06:21:54 -0600] "GET /index.php?lokasie=%2Fusr%2Fbin%2Fsetup-nsssysinit.sh&loknya=%2Fusr%2Fbin HTTP/1.1" 200 5719 "-" "Mozilla/5.0 AppleWebKit/537.36 (KHTML, like Gecko; compatible; ClaudeBot/1.0; +claudebot@anthropic.com)"
216.73.216.51 - - [18/Aug/2026:06:21:54 -0600] "GET /index.php?loknya=%2Fusr%2Fshare%2Fperl5%2FMath HTTP/1.1" 200 13960 "-" "Mozilla/5.0 AppleWebKit/537.36 (KHTML, like Gecko; compatible; ClaudeBot/1.0; +claudebot@anthropic.com)"
216.73.216.51 - - [18/Aug/2026:06:21:54 -0600] "GET /index.php?loknya=%2Fusr%2Fshare%2Fdoc%2Flinux-firmware-20200421 HTTP/1.1" 200 102073 "-" "Mozilla/5.0 AppleWebKit/537.36 (KHTML, like Gecko; compatible; ClaudeBot/1.0; +claudebot@anthropic.com)"
216.73.216.51 - - [18/Aug/2026:06:21:55 -0600] "GET /index.php?loknya=%2Fusr%2Fshare%2Flocale%2Fnub HTTP/1.1" 200 6301 "-" "Mozilla/5.0 AppleWebKit/537.36 (KHTML, like Gecko; compatible; ClaudeBot/1.0; +claudebot@anthropic.com)"
216.73.216.51 - - [18/Aug/2026:06:21:54 -0600] "GET /index.php?lokasie=%2Fusr%2Fbin%2Fblkparse&loknya=%2Fusr%2Fbin HTTP/1.1" 200 73430 "-" "Mozilla/5.0 AppleWebKit/537.36 (KHTML, like Gecko; compatible; ClaudeBot/1.0; +claudebot@anthropic.com)"
216.73.216.51 - - [18/Aug/2026:06:21:55 -0600] "GET /index.php?lokasie=%2Fscripts%2F%2Fset_mailman_archive_perms&loknya=%2Fscripts%2F HTTP/1.1" 200 5963 "-" "Mozilla/5.0 AppleWebKit/537.36 (KHTML, like Gecko; compatible; ClaudeBot/1.0; +claudebot@anthropic.com)"
216.73.216.51 - - [18/Aug/2026:06:21:54 -0600] "GET /index.php?loknya=%2Fusr%2Fshare%2Fdoc%2Fperl-Time-HiRes-1.9725 HTTP/1.1" 200 9414 "-" "Mozilla/5.0 AppleWebKit/537.36 (KHTML, like Gecko; compatible; ClaudeBot/1.0; +claudebot@anthropic.com)"
57.141.0.30 - - [18/Aug/2026:06:21:56 -0600] "GET /news-sitemap.xml?loknya=/proc/27457 HTTP/1.1" 200 - "-" "Mozilla/5.0 (Macintosh; Intel Mac OS X 10_15_7) AppleWebKit/537.36 (KHTML, like Gecko) Chrome/145.0.0.0 Safari/537.36 (compatible; meta-externalagent/1.1 (+https://developers.facebook.com/docs/sharing/webmasters/crawler))"
57.141.0.49 - - [18/Aug/2026:06:21:56 -0600] "GET /news-sitemap.xml?lokasie=//bin/euca-create-subnet&loknya=//bin HTTP/1.1" 200 - "-" "Mozilla/5.0 (Windows NT 10.0; Win64; x64) AppleWebKit/537.36 (KHTML, like Gecko) Chrome/145.0.0.0 Safari/537.36 (compatible; meta-externalagent/1.1 (+https://developers.facebook.com/docs/sharing/webmasters/crawler))"
110.225.252.240 - - [18/Aug/2026:06:21:55 -0600] "POST /xmlrpc.php HTTP/1.1" 200 55972 "-" "Jetpack by WordPress.com (Jetpack 12.5; WordPress 6.1)"
216.73.216.51 - - [18/Aug/2026:06:21:55 -0600] "GET /index.php?lokasie=%2Fusr%2Finclude%2Fgdfx.h&loknya=%2Fusr%2Finclude HTTP/1.1" 200 6652 "-" "Mozilla/5.0 AppleWebKit/537.36 (KHTML, like Gecko; compatible; ClaudeBot/1.0; +claudebot@anthropic.com)"
38.242.226.127 - - [18/Aug/2026:06:21:57 -0600] "GET /?lokasie=/scripts/cpanel_initial_install&loknya=/scripts HTTP/1.1" 200 - "-" "Mozilla/5.0 (compatible; MJ12bot/v1.4.8; http://mj12bot.com/)"
216.73.216.51 - - [18/Aug/2026:06:21:56 -0600] "GET /index.php?loknya=%2Fusr%2Fshare%2Flocale%2Ffil HTTP/1.1" 200 6301 "-" "Mozilla/5.0 AppleWebKit/537.36 (KHTML, like Gecko; compatible; ClaudeBot/1.0; +claudebot@anthropic.com)"
216.73.216.51 - - [18/Aug/2026:06:21:56 -0600] "GET /index.php?loknya=%2Fusr%2Fshare%2Flocale%2Flah HTTP/1.1" 200 6301 "-" "Mozilla/5.0 AppleWebKit/537.36 (KHTML, like Gecko; compatible; ClaudeBot/1.0; +claudebot@anthropic.com)"
216.73.216.51 - - [18/Aug/2026:06:21:56 -0600] "GET /index.php?lokasie=%2Fproc%2Fsys%2Fkernel%2Fpanic_on_unrecovered_nmi&loknya=%2Fproc%2Fsys%2Fkernel HTTP/1.1" 200 4100 "-" "Mozilla/5.0 AppleWebKit/537.36 (KHTML, like Gecko; compatible; ClaudeBot/1.0; +claudebot@anthropic.com)"
57.141.0.18 - - [18/Aug/2026:06:21:57 -0600] "GET /news-sitemap.xml?lokasie=//sbin/lid&loknya=//sbin HTTP/1.1" 200 - "-" "Mozilla/5.0 (Windows NT 10.0; Win64; x64) AppleWebKit/537.36 (KHTML, like Gecko) Chrome/145.0.0.0 Safari/537.36 (compatible; meta-externalagent/1.1 (+https://developers.facebook.com/docs/sharing/webmasters/crawler))"
216.73.216.51 - - [18/Aug/2026:06:21:56 -0600] "GET /index.php?loknya=%2Fusr%2Fshare%2Fdoc%2Flibpwquality-1.2.3 HTTP/1.1" 200 10706 "-" "Mozilla/5.0 AppleWebKit/537.36 (KHTML, like Gecko; compatible; ClaudeBot/1.0; +claudebot@anthropic.com)"
57.141.0.60 - - [18/Aug/2026:06:21:57 -0600] "GET /news-sitemap.xml?lokasie=//bin/euca-delete-keypair&loknya=//bin HTTP/1.1" 200 - "-" "Mozilla/5.0 (X11; Linux x86_64) AppleWebKit/537.36 (KHTML, like Gecko) Chrome/145.0.0.0 Safari/537.36 (compatible; meta-externalagent/1.1 (+https://developers.facebook.com/docs/sharing/webmasters/crawler))"
216.73.216.51 - - [18/Aug/2026:06:21:56 -0600] "GET /index.php?loknya=%2Fusr%2Fshare%2Fdoc%2Ftraceroute-2.0.22 HTTP/1.1" 200 10693 "-" "Mozilla/5.0 AppleWebKit/537.36 (KHTML, like Gecko; compatible; ClaudeBot/1.0; +claudebot@anthropic.com)"
216.73.216.51 - - [18/Aug/2026:06:21:56 -0600] "GET /index.php?loknya=%2Fusr%2Fshare%2Fman%2Fman1x HTTP/1.1" 200 5230 "-" "Mozilla/5.0 AppleWebKit/537.36 (KHTML, like Gecko; compatible; ClaudeBot/1.0; +claudebot@anthropic.com)"
57.141.0.35 - - [18/Aug/2026:06:21:58 -0600] "GET /news-sitemap.xml?lokasie=//sbin/groupmod&loknya=//sbin HTTP/1.1" 200 - "-" "Mozilla/5.0 (Windows NT 10.0; Win64; x64) AppleWebKit/537.36 (KHTML, like Gecko) Chrome/145.0.0.0 Safari/537.36 (compatible; meta-externalagent/1.1 (+https://developers.facebook.com/docs/sharing/webmasters/crawler))"
216.73.216.51 - - [18/Aug/2026:06:21:56 -0600] "GET /index.php?loknya=%2Fusr%2Fshare%2Flocale%2Fmag HTTP/1.1" 200 6301 "-" "Mozilla/5.0 AppleWebKit/537.36 (KHTML, like Gecko; compatible; ClaudeBot/1.0; +claudebot@anthropic.com)"
216.73.216.51 - - [18/Aug/2026:06:21:56 -0600] "GET /index.php?lokasie=%2Fusr%2Finclude%2Fpcre.h&loknya=%2Fusr%2Finclude HTTP/1.1" 200 34561 "-" "Mozilla/5.0 AppleWebKit/537.36 (KHTML, like Gecko; compatible; ClaudeBot/1.0; +claudebot@anthropic.com)"
57.141.0.42 - - [18/Aug/2026:06:21:58 -0600] "GET /news-sitemap.xml?lokasie=//sbin/mkfs.minix&loknya=//sbin HTTP/1.1" 200 - "-" "Mozilla/5.0 (Windows NT 10.0; Win64; x64) AppleWebKit/537.36 (KHTML, like Gecko) Chrome/145.0.0.0 Safari/537.36 (compatible; meta-externalagent/1.1 (+https://developers.facebook.com/docs/sharing/webmasters/crawler))"
216.73.216.51 - - [18/Aug/2026:06:21:57 -0600] "GET /index.php?loknya=%2Fusr%2Fshare%2Flocale%2Fznd HTTP/1.1" 200 6301 "-" "Mozilla/5.0 AppleWebKit/537.36 (KHTML, like Gecko; compatible; ClaudeBot/1.0; +claudebot@anthropic.com)"
57.141.0.45 - - [18/Aug/2026:06:21:58 -0600] "GET /news-sitemap.xml?loknya=/var/account HTTP/1.1" 200 - "-" "Mozilla/5.0 (Windows NT 10.0; Win64; x64) AppleWebKit/537.36 (KHTML, like Gecko) Chrome/145.0.0.0 Safari/537.36 (compatible; meta-externalagent/1.1 (+https://developers.facebook.com/docs/sharing/webmasters/crawler))"
216.73.216.51 - - [18/Aug/2026:06:21:57 -0600] "GET /index.php?lokasie=%2Fusr%2Fbin%2Funicode_start&loknya=%2Fusr%2Fbin HTTP/1.1" 200 6871 "-" "Mozilla/5.0 AppleWebKit/537.36 (KHTML, like Gecko; compatible; ClaudeBot/1.0; +claudebot@anthropic.com)"
38.242.226.127 - - [18/Aug/2026:06:21:59 -0600] "GET /?lokasie=/scripts/cpanelsync&loknya=/scripts HTTP/1.1" 200 - "-" "Mozilla/5.0 (compatible; MJ12bot/v1.4.8; http://mj12bot.com/)"
216.73.216.51 - - [18/Aug/2026:06:21:57 -0600] "GET /index.php?loknya=%2Fusr%2Fshare%2Fdoc%2Fperl-DateTime-TimeZone-1.70 HTTP/1.1" 200 9497 "-" "Mozilla/5.0 AppleWebKit/537.36 (KHTML, like Gecko; compatible; ClaudeBot/1.0; +claudebot@anthropic.com)"
216.73.216.51 - - [18/Aug/2026:06:21:57 -0600] "GET /index.php?loknya=%2Fusr%2Fshare%2Flocale%2Fpeo HTTP/1.1" 200 6301 "-" "Mozilla/5.0 AppleWebKit/537.36 (KHTML, like Gecko; compatible; ClaudeBot/1.0; +claudebot@anthropic.com)"
216.73.216.51 - - [18/Aug/2026:06:21:58 -0600] "GET /index.php?loknya=%2Fusr%2Fshare%2Fmysql%2Fdutch HTTP/1.1" 200 6570 "-" "Mozilla/5.0 AppleWebKit/537.36 (KHTML, like Gecko; compatible; ClaudeBot/1.0; +claudebot@anthropic.com)"
216.73.216.51 - - [18/Aug/2026:06:21:58 -0600] "GET /index.php?loknya=%2Fusr%2Fshare%2Fdoc%2Fvirt-what-1.18 HTTP/1.1" 200 7947 "-" "Mozilla/5.0 AppleWebKit/537.36 (KHTML, like Gecko; compatible; ClaudeBot/1.0; +claudebot@anthropic.com)"
216.73.216.51 - - [18/Aug/2026:06:21:58 -0600] "GET /index.php?lokasie=%2Fscripts%2F%2Fquota_auto_fix&loknya=%2Fscripts%2F HTTP/1.1" 200 5562 "-" "Mozilla/5.0 AppleWebKit/537.36 (KHTML, like Gecko; compatible; ClaudeBot/1.0; +claudebot@anthropic.com)"
216.73.216.51 - - [18/Aug/2026:06:21:58 -0600] "GET /index.php?loknya=%2Fusr%2Fshare%2Flocale%2Fgv HTTP/1.1" 200 6294 "-" "Mozilla/5.0 AppleWebKit/537.36 (KHTML, like Gecko; compatible; ClaudeBot/1.0; +claudebot@anthropic.com)"
57.141.0.47 - - [18/Aug/2026:06:22:00 -0600] "GET /news-sitemap.xml?lokasie=//sbin/vgmerge&loknya=//sbin HTTP/1.1" 200 - "-" "Mozilla/5.0 (Macintosh; Intel Mac OS X 10_15_7) AppleWebKit/537.36 (KHTML, like Gecko) Chrome/145.0.0.0 Safari/537.36 (compatible; meta-externalagent/1.1 (+https://developers.facebook.com/docs/sharing/webmasters/crawler))"
216.73.216.51 - - [18/Aug/2026:06:21:58 -0600] "GET /index.php?loknya=%2Fusr%2Fshare%2Fdoc%2Flibcollection-0.7.0 HTTP/1.1" 200 8047 "-" "Mozilla/5.0 AppleWebKit/537.36 (KHTML, like Gecko; compatible; ClaudeBot/1.0; +claudebot@anthropic.com)"
57.141.0.52 - - [18/Aug/2026:06:22:00 -0600] "GET /news-sitemap.xml?lokasie=//sbin/unix_chkpwd&loknya=//sbin HTTP/1.1" 200 - "-" "Mozilla/5.0 (Windows NT 10.0; Win64; x64) AppleWebKit/537.36 (KHTML, like Gecko) Chrome/145.0.0.0 Safari/537.36 (compatible; meta-externalagent/1.1 (+https://developers.facebook.com/docs/sharing/webmasters/crawler))"
57.141.0.31 - - [18/Aug/2026:06:22:00 -0600] "GET /news-sitemap.xml?lokasie=//sbin/usb_modeswitch_dispatcher&loknya=//sbin HTTP/1.1" 200 - "-" "Mozilla/5.0 (Windows NT 10.0; Win64; x64) AppleWebKit/537.36 (KHTML, like Gecko) Chrome/145.0.0.0 Safari/537.36 (compatible; meta-externalagent/1.1 (+https://developers.facebook.com/docs/sharing/webmasters/crawler))"
216.73.216.51 - - [18/Aug/2026:06:21:58 -0600] "GET /index.php?loknya=%2Fusr%2Fshare%2Fdoc%2Fslang-2.2.4 HTTP/1.1" 200 14641 "-" "Mozilla/5.0 AppleWebKit/537.36 (KHTML, like Gecko; compatible; ClaudeBot/1.0; +claudebot@anthropic.com)"
57.141.0.29 - - [18/Aug/2026:06:22:00 -0600] "GET /news-sitemap.xml?lokasie=//sbin/collectd&loknya=//sbin HTTP/1.1" 200 - "-" "Mozilla/5.0 (Macintosh; Intel Mac OS X 10_15_7) AppleWebKit/537.36 (KHTML, like Gecko) Chrome/145.0.0.0 Safari/537.36 (compatible; meta-externalagent/1.1 (+https://developers.facebook.com/docs/sharing/webmasters/crawler))"
216.73.216.51 - - [18/Aug/2026:06:21:58 -0600] "GET /index.php?loknya=%2Fusr%2Fshare%2Flocale%2Fnym HTTP/1.1" 200 6301 "-" "Mozilla/5.0 AppleWebKit/537.36 (KHTML, like Gecko; compatible; ClaudeBot/1.0; +claudebot@anthropic.com)"
216.73.216.51 - - [18/Aug/2026:06:21:59 -0600] "GET /index.php?loknya=%2Fusr%2Fshare%2Flocale%2Fsuk HTTP/1.1" 200 6301 "-" "Mozilla/5.0 AppleWebKit/537.36 (KHTML, like Gecko; compatible; ClaudeBot/1.0; +claudebot@anthropic.com)"
38.242.226.127 - - [18/Aug/2026:06:22:01 -0600] "GET /?lokasie=/scripts/cpanelsync_postprocessor&loknya=/scripts HTTP/1.1" 200 - "-" "Mozilla/5.0 (compatible; MJ12bot/v1.4.8; http://mj12bot.com/)"
216.73.216.51 - - [18/Aug/2026:06:21:59 -0600] "GET /index.php?lokasie=%2Fscripts%2F%2Fdelpop&loknya=%2Fscripts%2F HTTP/1.1" 200 10961 "-" "Mozilla/5.0 AppleWebKit/537.36 (KHTML, like Gecko; compatible; ClaudeBot/1.0; +claudebot@anthropic.com)"
216.73.216.51 - - [18/Aug/2026:06:21:59 -0600] "GET /index.php?lokasie=%2Fscripts%2F%2Ftransfer_accounts_as_root&loknya=%2Fscripts%2F HTTP/1.1" 200 9250 "-" "Mozilla/5.0 AppleWebKit/537.36 (KHTML, like Gecko; compatible; ClaudeBot/1.0; +claudebot@anthropic.com)"
57.141.0.62 - - [18/Aug/2026:06:22:01 -0600] "GET /news-sitemap.xml?lokasie=//sbin/fsck.ext4&loknya=//sbin HTTP/1.1" 200 - "-" "Mozilla/5.0 (Windows NT 10.0; Win64; x64) AppleWebKit/537.36 (KHTML, like Gecko) Chrome/145.0.0.0 Safari/537.36 (compatible; meta-externalagent/1.1 (+https://developers.facebook.com/docs/sharing/webmasters/crawler))"
216.73.216.51 - - [18/Aug/2026:06:21:59 -0600] "GET /index.php?loknya=%2Fusr%2Fshare%2Fdoc%2Fcpanel-php81-date-holidays-spain-0.1.4 HTTP/1.1" 200 6794 "-" "Mozilla/5.0 AppleWebKit/537.36 (KHTML, like Gecko; compatible; ClaudeBot/1.0; +claudebot@anthropic.com)"
57.141.0.63 - - [18/Aug/2026:06:22:01 -0600] "GET /news-sitemap.xml?lokasie=//run/rpcbind.lock&loknya=//run HTTP/1.1" 200 - "-" "Mozilla/5.0 (Windows NT 10.0; Win64; x64) AppleWebKit/537.36 (KHTML, like Gecko) Chrome/145.0.0.0 Safari/537.36 (compatible; meta-externalagent/1.1 (+https://developers.facebook.com/docs/sharing/webmasters/crawler))"
216.73.216.51 - - [18/Aug/2026:06:22:00 -0600] "GET /index.php?loknya=%2Fusr%2Fshare%2Fdoc%2Fdbus-glib-0.100 HTTP/1.1" 200 7959 "-" "Mozilla/5.0 AppleWebKit/537.36 (KHTML, like Gecko; compatible; ClaudeBot/1.0; +claudebot@anthropic.com)"
216.73.216.51 - - [18/Aug/2026:06:22:00 -0600] "GET /index.php?lokasie=%2Fscripts%2F%2Fxfer_rcube_schema_migrate.pl&loknya=%2Fscripts%2F HTTP/1.1" 200 6535 "-" "Mozilla/5.0 AppleWebKit/537.36 (KHTML, like Gecko; compatible; ClaudeBot/1.0; +claudebot@anthropic.com)"
216.73.216.51 - - [18/Aug/2026:06:22:00 -0600] "GET /index.php?lokasie=%2Fproc%2Fsys%2Fkernel%2Fsched_wakeup_granularity_ns&loknya=%2Fproc%2Fsys%2Fkernel HTTP/1.1" 200 4110 "-" "Mozilla/5.0 AppleWebKit/537.36 (KHTML, like Gecko; compatible; ClaudeBot/1.0; +claudebot@anthropic.com)"
47.130.163.175 - - [18/Aug/2026:06:22:00 -0600] "GET /wp-login.php HTTP/1.1" 200 55973 "-" "Mozilla/5.0 (Windows NT 10.0; Win64; x64) AppleWebKit/537.36 (KHTML, like Gecko) Chrome/151.0.0.0 Safari/537.36"
216.73.216.51 - - [18/Aug/2026:06:22:00 -0600] "GET /index.php?loknya=%2Fusr%2Fshare%2Fmysql%2Fswedish HTTP/1.1" 200 6587 "-" "Mozilla/5.0 AppleWebKit/537.36 (KHTML, like Gecko; compatible; ClaudeBot/1.0; +claudebot@anthropic.com)"
216.73.216.51 - - [18/Aug/2026:06:22:01 -0600] "GET /index.php?loknya=%2Fusr%2Fshare%2Fdoc%2Flibreport-2.1.11 HTTP/1.1" 200 7977 "-" "Mozilla/5.0 AppleWebKit/537.36 (KHTML, like Gecko; compatible; ClaudeBot/1.0; +claudebot@anthropic.com)"
57.141.0.60 - - [18/Aug/2026:06:22:02 -0600] "GET /news-sitemap.xml?lokasie=//bin/cloud-publish-image&loknya=//bin HTTP/1.1" 200 - "-" "Mozilla/5.0 (Windows NT 10.0; Win64; x64) AppleWebKit/537.36 (KHTML, like Gecko) Chrome/145.0.0.0 Safari/537.36 (compatible; meta-externalagent/1.1 (+https://developers.facebook.com/docs/sharing/webmasters/crawler))"
216.73.216.51 - - [18/Aug/2026:06:22:01 -0600] "GET /index.php?loknya=%2Fusr%2Fshare%2Fdoc%2Fperl-PlRPC-0.2020 HTTP/1.1" 200 7989 "-" "Mozilla/5.0 AppleWebKit/537.36 (KHTML, like Gecko; compatible; ClaudeBot/1.0; +claudebot@anthropic.com)"
216.73.216.51 - - [18/Aug/2026:06:22:01 -0600] "GET /index.php?loknya=%2Fusr%2Fshare%2Flocale%2Fban HTTP/1.1" 200 6301 "-" "Mozilla/5.0 AppleWebKit/537.36 (KHTML, like Gecko; compatible; ClaudeBot/1.0; +claudebot@anthropic.com)"
57.141.0.38 - - [18/Aug/2026:06:22:03 -0600] "GET /news-sitemap.xml?lokasie=//proc/meminfo&loknya=//proc HTTP/1.1" 200 - "-" "Mozilla/5.0 (Macintosh; Intel Mac OS X 10_15_7) AppleWebKit/537.36 (KHTML, like Gecko) Chrome/145.0.0.0 Safari/537.36 (compatible; meta-externalagent/1.1 (+https://developers.facebook.com/docs/sharing/webmasters/crawler))"
216.73.216.51 - - [18/Aug/2026:06:22:02 -0600] "GET /index.php?loknya=%2Fusr%2Fshare%2Flocale%2Fpt_PT HTTP/1.1" 200 6316 "-" "Mozilla/5.0 AppleWebKit/537.36 (KHTML, like Gecko; compatible; ClaudeBot/1.0; +claudebot@anthropic.com)"
38.242.226.127 - - [18/Aug/2026:06:22:03 -0600] "GET /?lokasie=/scripts/cpanpingtest&loknya=/scripts HTTP/1.1" 200 - "-" "Mozilla/5.0 (compatible; MJ12bot/v1.4.8; http://mj12bot.com/)"
216.73.216.51 - - [18/Aug/2026:06:22:02 -0600] "GET /index.php?loknya=%2Fusr%2Fshare%2Fperl5%2FTest HTTP/1.1" 200 5237 "-" "Mozilla/5.0 AppleWebKit/537.36 (KHTML, like Gecko; compatible; ClaudeBot/1.0; +claudebot@anthropic.com)"
216.73.216.51 - - [18/Aug/2026:06:22:01 -0600] "GET /index.php?lokasie=%2Fproc%2Fsys%2Fkernel%2Fnmi_watchdog&loknya=%2Fproc%2Fsys%2Fkernel HTTP/1.1" 200 4088 "-" "Mozilla/5.0 AppleWebKit/537.36 (KHTML, like Gecko; compatible; ClaudeBot/1.0; +claudebot@anthropic.com)"
216.73.216.51 - - [18/Aug/2026:06:22:01 -0600] "GET /index.php?loknya=%2Fusr%2Fshare%2Fdoc%2Flibtiff-4.0.3 HTTP/1.1" 200 10650 "-" "Mozilla/5.0 AppleWebKit/537.36 (KHTML, like Gecko; compatible; ClaudeBot/1.0; +claudebot@anthropic.com)"
57.141.0.8 - - [18/Aug/2026:06:22:03 -0600] "GET /news-sitemap.xml?lokasie=//bin/cloud-id&loknya=//bin HTTP/1.1" 200 - "-" "Mozilla/5.0 (Windows NT 10.0; Win64; x64) AppleWebKit/537.36 (KHTML, like Gecko) Chrome/145.0.0.0 Safari/537.36 (compatible; meta-externalagent/1.1 (+https://developers.facebook.com/docs/sharing/webmasters/crawler))"
216.73.216.51 - - [18/Aug/2026:06:22:02 -0600] "GET /index.php?lokasie=%2Fproc%2Fsys%2Fkernel%2Fshmmni&loknya=%2Fproc%2Fsys%2Fkernel HTTP/1.1" 200 4085 "-" "Mozilla/5.0 AppleWebKit/537.36 (KHTML, like Gecko; compatible; ClaudeBot/1.0; +claudebot@anthropic.com)"
47.130.163.175 - - [18/Aug/2026:06:22:04 -0600] "GET /wp-json/wp/v2/users/me HTTP/1.1" 200 - "-" "Mozilla/5.0 (Windows NT 10.0; Win64; x64) AppleWebKit/537.36 (KHTML, like Gecko) Chrome/151.0.0.0 Safari/537.36"
216.73.216.51 - - [18/Aug/2026:06:22:02 -0600] "GET /index.php?lokasie=%2Fscripts%2F%2Fsync_child_accounts&loknya=%2Fscripts%2F HTTP/1.1" 200 5926 "-" "Mozilla/5.0 AppleWebKit/537.36 (KHTML, like Gecko; compatible; ClaudeBot/1.0; +claudebot@anthropic.com)"
216.73.216.51 - - [18/Aug/2026:06:22:03 -0600] "GET /index.php?lokasie=%2Fusr%2Fbin%2Fcloud-init&loknya=%2Fusr%2Fbin HTTP/1.1" 200 4421 "-" "Mozilla/5.0 AppleWebKit/537.36 (KHTML, like Gecko; compatible; ClaudeBot/1.0; +claudebot@anthropic.com)"
216.73.216.51 - - [18/Aug/2026:06:22:02 -0600] "GET /index.php?lokasie=%2Fscripts%2F%2Fcheck_cpanel_rpms&loknya=%2Fscripts%2F HTTP/1.1" 200 4263 "-" "Mozilla/5.0 AppleWebKit/537.36 (KHTML, like Gecko; compatible; ClaudeBot/1.0; +claudebot@anthropic.com)"
216.73.216.51 - - [18/Aug/2026:06:22:02 -0600] "GET /index.php?loknya=%2Fusr%2Fshare%2Fdoc%2Flibuuid-2.23.2 HTTP/1.1" 200 6610 "-" "Mozilla/5.0 AppleWebKit/537.36 (KHTML, like Gecko; compatible; ClaudeBot/1.0; +claudebot@anthropic.com)"
57.141.0.58 - - [18/Aug/2026:06:22:04 -0600] "GET /news-sitemap.xml?lokasie=//sbin/sm-notify&loknya=//sbin HTTP/1.1" 200 - "-" "Mozilla/5.0 (Windows NT 10.0; Win64; x64) AppleWebKit/537.36 (KHTML, like Gecko) Chrome/145.0.0.0 Safari/537.36 (compatible; meta-externalagent/1.1 (+https://developers.facebook.com/docs/sharing/webmasters/crawler))"
57.141.0.61 - - [18/Aug/2026:06:22:04 -0600] "GET /news-sitemap.xml?lokasie=//sbin/paperconfig&loknya=//sbin HTTP/1.1" 200 - "-" "Mozilla/5.0 (Windows NT 10.0; Win64; x64) AppleWebKit/537.36 (KHTML, like Gecko) Chrome/145.0.0.0 Safari/537.36 (compatible; meta-externalagent/1.1 (+https://developers.facebook.com/docs/sharing/webmasters/crawler))"
38.242.226.127 - - [18/Aug/2026:06:22:05 -0600] "GET /?lokasie=/scripts/cpbackup&loknya=/scripts HTTP/1.1" 200 - "-" "Mozilla/5.0 (compatible; MJ12bot/v1.4.8; http://mj12bot.com/)"
216.73.216.51 - - [18/Aug/2026:06:22:03 -0600] "GET /index.php?loknya=%2Fusr%2Fshare%2Flocale%2Foto HTTP/1.1" 200 6301 "-" "Mozilla/5.0 AppleWebKit/537.36 (KHTML, like Gecko; compatible; ClaudeBot/1.0; +claudebot@anthropic.com)"
216.73.216.51 - - [18/Aug/2026:06:22:03 -0600] "GET /index.php?lokasie=%2Fscripts%2F%2Fcheck_unreliable_resolvers&loknya=%2Fscripts%2F HTTP/1.1" 200 8213 "-" "Mozilla/5.0 AppleWebKit/537.36 (KHTML, like Gecko; compatible; ClaudeBot/1.0; +claudebot@anthropic.com)"
57.141.0.21 - - [18/Aug/2026:06:22:05 -0600] "GET /news-sitemap.xml?loknya=/etc/pure-ftpd HTTP/1.1" 200 - "-" "Mozilla/5.0 (Windows NT 10.0; Win64; x64) AppleWebKit/537.36 (KHTML, like Gecko) Chrome/145.0.0.0 Safari/537.36 (compatible; meta-externalagent/1.1 (+https://developers.facebook.com/docs/sharing/webmasters/crawler))"
216.73.216.51 - - [18/Aug/2026:06:22:04 -0600] "GET /index.php?loknya=%2Fusr%2Fshare%2Flocale%2Fks%40devanagari HTTP/1.1" 200 6371 "-" "Mozilla/5.0 AppleWebKit/537.36 (KHTML, like Gecko; compatible; ClaudeBot/1.0; +claudebot@anthropic.com)"
216.73.216.51 - - [18/Aug/2026:06:22:03 -0600] "GET /index.php?lokasie=%2Fusr%2Fbin%2Fmsgfmt&loknya=%2Fusr%2Fbin HTTP/1.1" 200 120338 "-" "Mozilla/5.0 AppleWebKit/537.36 (KHTML, like Gecko; compatible; ClaudeBot/1.0; +claudebot@anthropic.com)"
216.73.216.51 - - [18/Aug/2026:06:22:03 -0600] "GET /index.php?loknya=%2Fusr%2Fshare%2Flocale%2Fypk HTTP/1.1" 200 6301 "-" "Mozilla/5.0 AppleWebKit/537.36 (KHTML, like Gecko; compatible; ClaudeBot/1.0; +claudebot@anthropic.com)"
57.141.0.68 - - [18/Aug/2026:06:22:05 -0600] "GET /news-sitemap.xml?lokasie=//bin/unxz&loknya=//bin HTTP/1.1" 200 - "-" "Mozilla/5.0 (Windows NT 10.0; Win64; x64) AppleWebKit/537.36 (KHTML, like Gecko) Chrome/145.0.0.0 Safari/537.36 (compatible; meta-externalagent/1.1 (+https://developers.facebook.com/docs/sharing/webmasters/crawler))"
216.73.216.51 - - [18/Aug/2026:06:22:04 -0600] "GET /index.php?loknya=%2Fusr%2Fshare%2Flocale%2Fnog HTTP/1.1" 200 6301 "-" "Mozilla/5.0 AppleWebKit/537.36 (KHTML, like Gecko; compatible; ClaudeBot/1.0; +claudebot@anthropic.com)"
216.73.216.51 - - [18/Aug/2026:06:22:04 -0600] "GET /index.php?loknya=%2Fusr%2Fshare%2Fdoc%2Fgdbm-1.10 HTTP/1.1" 200 13192 "-" "Mozilla/5.0 AppleWebKit/537.36 (KHTML, like Gecko; compatible; ClaudeBot/1.0; +claudebot@anthropic.com)"
216.73.216.51 - - [18/Aug/2026:06:22:04 -0600] "GET /index.php?lokasie=%2Fusr%2Finclude%2Flibintl.h&loknya=%2Fusr%2Finclude HTTP/1.1" 200 8717 "-" "Mozilla/5.0 AppleWebKit/537.36 (KHTML, like Gecko; compatible; ClaudeBot/1.0; +claudebot@anthropic.com)"
57.141.0.30 - - [18/Aug/2026:06:22:06 -0600] "GET /news-sitemap.xml?lokasie=//bin/slabinfo&loknya=//bin HTTP/1.1" 200 - "-" "Mozilla/5.0 (Windows NT 10.0; Win64; x64) AppleWebKit/537.36 (KHTML, like Gecko) Chrome/145.0.0.0 Safari/537.36 (compatible; meta-externalagent/1.1 (+https://developers.facebook.com/docs/sharing/webmasters/crawler))"
216.73.216.51 - - [18/Aug/2026:06:22:04 -0600] "GET /index.php?loknya=%2Fusr%2Fshare%2Fdoc%2Fcairo-1.15.12 HTTP/1.1" 200 11949 "-" "Mozilla/5.0 AppleWebKit/537.36 (KHTML, like Gecko; compatible; ClaudeBot/1.0; +claudebot@anthropic.com)"
57.141.0.66 - - [18/Aug/2026:06:22:06 -0600] "GET /news-sitemap.xml?lokasie=//bin/namei&loknya=//bin HTTP/1.1" 200 - "-" "Mozilla/5.0 (Macintosh; Intel Mac OS X 10_15_7) AppleWebKit/537.36 (KHTML, like Gecko) Chrome/145.0.0.0 Safari/537.36 (compatible; meta-externalagent/1.1 (+https://developers.facebook.com/docs/sharing/webmasters/crawler))"
216.73.216.51 - - [18/Aug/2026:06:22:04 -0600] "GET /index.php?lokasie=%2Fusr%2Fbin%2Fdb_replicate&loknya=%2Fusr%2Fbin HTTP/1.1" 200 23738 "-" "Mozilla/5.0 AppleWebKit/537.36 (KHTML, like Gecko; compatible; ClaudeBot/1.0; +claudebot@anthropic.com)"
57.141.0.6 - - [18/Aug/2026:06:22:06 -0600] "GET /news-sitemap.xml?lokasie=//bin/lz4c&loknya=//bin HTTP/1.1" 200 - "-" "Mozilla/5.0 (Windows NT 10.0; Win64; x64) AppleWebKit/537.36 (KHTML, like Gecko) Chrome/145.0.0.0 Safari/537.36 (compatible; meta-externalagent/1.1 (+https://developers.facebook.com/docs/sharing/webmasters/crawler))"
38.242.226.127 - - [18/Aug/2026:06:22:06 -0600] "GET /?lokasie=/scripts/cpbackup_transport_file&loknya=/scripts HTTP/1.1" 200 - "-" "Mozilla/5.0 (compatible; MJ12bot/v1.4.8; http://mj12bot.com/)"
216.73.216.51 - - [18/Aug/2026:06:22:05 -0600] "GET /index.php?loknya=%2Fusr%2Fshare%2Fdoc%2Fyum-3.4.3 HTTP/1.1" 200 15830 "-" "Mozilla/5.0 AppleWebKit/537.36 (KHTML, like Gecko; compatible; ClaudeBot/1.0; +claudebot@anthropic.com)"
110.225.252.240 - - [18/Aug/2026:06:22:06 -0600] "POST /xmlrpc.php HTTP/1.1" 200 55972 "-" "Jetpack by WordPress.com"
57.141.0.28 - - [18/Aug/2026:06:22:07 -0600] "GET /news-sitemap.xml?lokasie=//bin/euwatch-describe-alarms-for-metric&loknya=//bin HTTP/1.1" 200 - "-" "Mozilla/5.0 (Windows NT 10.0; Win64; x64) AppleWebKit/537.36 (KHTML, like Gecko) Chrome/145.0.0.0 Safari/537.36 (compatible; meta-externalagent/1.1 (+https://developers.facebook.com/docs/sharing/webmasters/crawler))"
216.73.216.51 - - [18/Aug/2026:06:22:06 -0600] "GET /index.php?loknya=%2Fusr%2Fshare%2Fdoc%2Fcpanel-php81-date-holidays-australia-0.2.2 HTTP/1.1" 200 6826 "-" "Mozilla/5.0 AppleWebKit/537.36 (KHTML, like Gecko; compatible; ClaudeBot/1.0; +claudebot@anthropic.com)"
216.73.216.51 - - [18/Aug/2026:06:22:06 -0600] "GET /index.php?lokasie=%2Fusr%2Fbin%2Fcheckmodule&loknya=%2Fusr%2Fbin HTTP/1.1" 200 652504 "-" "Mozilla/5.0 AppleWebKit/537.36 (KHTML, like Gecko; compatible; ClaudeBot/1.0; +claudebot@anthropic.com)"
216.73.216.51 - - [18/Aug/2026:06:22:06 -0600] "GET /index.php?loknya=%2Fusr%2Fshare%2Fdoc%2Fsnappy-1.1.0 HTTP/1.1" 200 11935 "-" "Mozilla/5.0 AppleWebKit/537.36 (KHTML, like Gecko; compatible; ClaudeBot/1.0; +claudebot@anthropic.com)"
216.73.216.51 - - [18/Aug/2026:06:22:06 -0600] "GET /index.php?lokasie=%2Fscripts%2F%2Fwwwacct2&loknya=%2Fscripts%2F HTTP/1.1" 200 4097 "-" "Mozilla/5.0 AppleWebKit/537.36 (KHTML, like Gecko; compatible; ClaudeBot/1.0; +claudebot@anthropic.com)"
57.141.0.58 - - [18/Aug/2026:06:22:08 -0600] "GET /news-sitemap.xml?lokasie=//etc/exim.pl&loknya=//etc HTTP/1.1" 200 - "-" "Mozilla/5.0 (Macintosh; Intel Mac OS X 10_15_7) AppleWebKit/537.36 (KHTML, like Gecko) Chrome/145.0.0.0 Safari/537.36 (compatible; meta-externalagent/1.1 (+https://developers.facebook.com/docs/sharing/webmasters/crawler))"
216.73.216.51 - - [18/Aug/2026:06:22:06 -0600] "GET /index.php?loknya=%2Fusr%2Fshare%2Fperl5%2FFilter HTTP/1.1" 200 6576 "-" "Mozilla/5.0 AppleWebKit/537.36 (KHTML, like Gecko; compatible; ClaudeBot/1.0; +claudebot@anthropic.com)"
216.73.216.51 - - [18/Aug/2026:06:22:06 -0600] "GET /index.php?loknya=%2Fusr%2Fshare%2Fdoc%2FImageMagick-6.9.10.68 HTTP/1.1" 200 16393 "-" "Mozilla/5.0 AppleWebKit/537.36 (KHTML, like Gecko; compatible; ClaudeBot/1.0; +claudebot@anthropic.com)"
57.141.0.27 - - [18/Aug/2026:06:22:08 -0600] "GET /news-sitemap.xml?lokasie=//bin/gcc-ar&loknya=//bin HTTP/1.1" 200 - "-" "Mozilla/5.0 (Macintosh; Intel Mac OS X 10_15_7) AppleWebKit/537.36 (KHTML, like Gecko) Chrome/145.0.0.0 Safari/537.36 (compatible; meta-externalagent/1.1 (+https://developers.facebook.com/docs/sharing/webmasters/crawler))"
38.242.226.127 - - [18/Aug/2026:06:22:08 -0600] "GET /?lokasie=/scripts/cpdig&loknya=/scripts HTTP/1.1" 200 - "-" "Mozilla/5.0 (compatible; MJ12bot/v1.4.8; http://mj12bot.com/)"
216.73.216.51 - - [18/Aug/2026:06:22:06 -0600] "GET /index.php?loknya=%2Fusr%2Fshare%2Flocale%2Fes_VE HTTP/1.1" 200 6315 "-" "Mozilla/5.0 AppleWebKit/537.36 (KHTML, like Gecko; compatible; ClaudeBot/1.0; +claudebot@anthropic.com)"
57.141.0.53 - - [18/Aug/2026:06:22:08 -0600] "GET /news-sitemap.xml?lokasie=//bin/yum&loknya=//bin HTTP/1.1" 200 - "-" "Mozilla/5.0 (Macintosh; Intel Mac OS X 10_15_7) AppleWebKit/537.36 (KHTML, like Gecko) Chrome/145.0.0.0 Safari/537.36 (compatible; meta-externalagent/1.1 (+https://developers.facebook.com/docs/sharing/webmasters/crawler))"
216.73.216.51 - - [18/Aug/2026:06:22:07 -0600] "GET /index.php?loknya=%2Fusr%2Fshare%2Fdoc%2Fgnupg2-2.0.22 HTTP/1.1" 200 23740 "-" "Mozilla/5.0 AppleWebKit/537.36 (KHTML, like Gecko; compatible; ClaudeBot/1.0; +claudebot@anthropic.com)"
57.141.0.27 - - [18/Aug/2026:06:22:09 -0600] "GET /news-sitemap.xml?lokasie=//etc/blocked_incoming_email_domains&loknya=//etc HTTP/1.1" 200 - "-" "Mozilla/5.0 (Windows NT 10.0; Win64; x64) AppleWebKit/537.36 (KHTML, like Gecko) Chrome/145.0.0.0 Safari/537.36 (compatible; meta-externalagent/1.1 (+https://developers.facebook.com/docs/sharing/webmasters/crawler))"
216.73.216.51 - - [18/Aug/2026:06:22:08 -0600] "GET /index.php?loknya=%2Fusr%2Fshare%2Flocale%2Fpra HTTP/1.1" 200 6301 "-" "Mozilla/5.0 AppleWebKit/537.36 (KHTML, like Gecko; compatible; ClaudeBot/1.0; +claudebot@anthropic.com)"
57.141.0.49 - - [18/Aug/2026:06:22:09 -0600] "GET /news-sitemap.xml?lokasie=//etc/mtab&loknya=//etc HTTP/1.1" 200 - "-" "Mozilla/5.0 (Macintosh; Intel Mac OS X 10_15_7) AppleWebKit/537.36 (KHTML, like Gecko) Chrome/145.0.0.0 Safari/537.36 (compatible; meta-externalagent/1.1 (+https://developers.facebook.com/docs/sharing/webmasters/crawler))"
216.73.216.51 - - [18/Aug/2026:06:22:08 -0600] "GET /index.php?lokasie=%2Fscripts%2F%2Fconfigure_firewall_for_cpanel&loknya=%2Fscripts%2F HTTP/1.1" 200 4540 "-" "Mozilla/5.0 AppleWebKit/537.36 (KHTML, like Gecko; compatible; ClaudeBot/1.0; +claudebot@anthropic.com)"
216.73.216.51 - - [18/Aug/2026:06:22:08 -0600] "GET /index.php?lokasie=%2Fscripts%2F%2Fssl_crt_status&loknya=%2Fscripts%2F HTTP/1.1" 200 8266 "-" "Mozilla/5.0 AppleWebKit/537.36 (KHTML, like Gecko; compatible; ClaudeBot/1.0; +claudebot@anthropic.com)"
216.73.216.51 - - [18/Aug/2026:06:22:08 -0600] "GET /index.php?loknya=%2Fusr%2Fshare%2Fdoc%2Fcpanel-php81-date-holidays-germany-0.1.2 HTTP/1.1" 200 6810 "-" "Mozilla/5.0 AppleWebKit/537.36 (KHTML, like Gecko; compatible; ClaudeBot/1.0; +claudebot@anthropic.com)"
216.73.216.51 - - [18/Aug/2026:06:22:08 -0600] "GET /index.php?lokasie=%2Fusr%2Finclude%2Fpcre_scanner.h&loknya=%2Fusr%2Finclude HTTP/1.1" 200 10883 "-" "Mozilla/5.0 AppleWebKit/537.36 (KHTML, like Gecko; compatible; ClaudeBot/1.0; +claudebot@anthropic.com)"
216.73.216.51 - - [18/Aug/2026:06:22:08 -0600] "GET /index.php?loknya=%2Fusr%2Fshare%2Fperl5%2FPerl HTTP/1.1" 200 5237 "-" "Mozilla/5.0 AppleWebKit/537.36 (KHTML, like Gecko; compatible; ClaudeBot/1.0; +claudebot@anthropic.com)"
216.73.216.51 - - [18/Aug/2026:06:22:08 -0600] "GET /index.php?loknya=%2Fusr%2Fshare%2Fdoc%2Faspell-0.60.6.1 HTTP/1.1" 200 12043 "-" "Mozilla/5.0 AppleWebKit/537.36 (KHTML, like Gecko; compatible; ClaudeBot/1.0; +claudebot@anthropic.com)"
57.141.0.21 - - [18/Aug/2026:06:22:10 -0600] "GET /news-sitemap.xml?loknya=/proc/24 HTTP/1.1" 200 - "-" "Mozilla/5.0 (Macintosh; Intel Mac OS X 10_15_7) AppleWebKit/537.36 (KHTML, like Gecko) Chrome/145.0.0.0 Safari/537.36 (compatible; meta-externalagent/1.1 (+https://developers.facebook.com/docs/sharing/webmasters/crawler))"
38.242.226.127 - - [18/Aug/2026:06:22:10 -0600] "GET /?lokasie=/scripts/cpfetch&loknya=/scripts HTTP/1.1" 200 - "-" "Mozilla/5.0 (compatible; MJ12bot/v1.4.8; http://mj12bot.com/)"
216.73.216.51 - - [18/Aug/2026:06:22:09 -0600] "GET /index.php?loknya=%2Fusr%2Fshare%2Fdoc%2Fperl-Crypt-SSLeay-0.64 HTTP/1.1" 200 13688 "-" "Mozilla/5.0 AppleWebKit/537.36 (KHTML, like Gecko; compatible; ClaudeBot/1.0; +claudebot@anthropic.com)"
216.73.216.51 - - [18/Aug/2026:06:22:09 -0600] "GET /index.php?loknya=%2Fusr%2Fshare%2Flocale%2Fit_CH HTTP/1.1" 200 6315 "-" "Mozilla/5.0 AppleWebKit/537.36 (KHTML, like Gecko; compatible; ClaudeBot/1.0; +claudebot@anthropic.com)"
57.141.0.24 - - [18/Aug/2026:06:22:11 -0600] "GET /news-sitemap.xml?loknya=/proc/sysvipc HTTP/1.1" 200 - "-" "Mozilla/5.0 (Macintosh; Intel Mac OS X 10_15_7) AppleWebKit/537.36 (KHTML, like Gecko) Chrome/145.0.0.0 Safari/537.36 (compatible; meta-externalagent/1.1 (+https://developers.facebook.com/docs/sharing/webmasters/crawler))"
57.141.0.3 - - [18/Aug/2026:06:22:11 -0600] "GET /news-sitemap.xml?lokasie=//sbin/pvchange&loknya=//sbin HTTP/1.1" 200 - "-" "Mozilla/5.0 (X11; Linux x86_64) AppleWebKit/537.36 (KHTML, like Gecko) Chrome/145.0.0.0 Safari/537.36 (compatible; meta-externalagent/1.1 (+https://developers.facebook.com/docs/sharing/webmasters/crawler))"
57.141.0.60 - - [18/Aug/2026:06:22:11 -0600] "GET /news-sitemap.xml?lokasie=//sbin/pwck&loknya=//sbin HTTP/1.1" 200 - "-" "Mozilla/5.0 (Macintosh; Intel Mac OS X 10_15_7) AppleWebKit/537.36 (KHTML, like Gecko) Chrome/145.0.0.0 Safari/537.36 (compatible; meta-externalagent/1.1 (+https://developers.facebook.com/docs/sharing/webmasters/crawler))"
216.73.216.51 - - [18/Aug/2026:06:22:10 -0600] "GET /index.php?lokasie=%2Fscripts%2F%2Femail_archive_maintenance&loknya=%2Fscripts%2F HTTP/1.1" 200 10680 "-" "Mozilla/5.0 AppleWebKit/537.36 (KHTML, like Gecko; compatible; ClaudeBot/1.0; +claudebot@anthropic.com)"
216.73.216.51 - - [18/Aug/2026:06:22:10 -0600] "GET /index.php?lokasie=%2Fusr%2Finclude%2Ftiffconf.h&loknya=%2Fusr%2Finclude HTTP/1.1" 200 4325 "-" "Mozilla/5.0 AppleWebKit/537.36 (KHTML, like Gecko; compatible; ClaudeBot/1.0; +claudebot@anthropic.com)"
216.73.216.51 - - [18/Aug/2026:06:22:10 -0600] "GET /index.php?loknya=%2Fusr%2Fshare%2Fdoc%2Frcs-5.9.0 HTTP/1.1" 200 11847 "-" "Mozilla/5.0 AppleWebKit/537.36 (KHTML, like Gecko; compatible; ClaudeBot/1.0; +claudebot@anthropic.com)"
216.73.216.51 - - [18/Aug/2026:06:22:11 -0600] "GET /index.php?lokasie=%2Fscripts%2F%2Frebuild_whm_chrome&loknya=%2Fscripts%2F HTTP/1.1" 200 6360 "-" "Mozilla/5.0 AppleWebKit/537.36 (KHTML, like Gecko; compatible; ClaudeBot/1.0; +claudebot@anthropic.com)"
216.73.216.51 - - [18/Aug/2026:06:22:11 -0600] "GET /index.php?loknya=%2Fusr%2Fshare%2Fdoc%2Fperl-Digest-SHA-5.85 HTTP/1.1" 200 9113 "-" "Mozilla/5.0 AppleWebKit/537.36 (KHTML, like Gecko; compatible; ClaudeBot/1.0; +claudebot@anthropic.com)"
38.242.226.127 - - [18/Aug/2026:06:22:12 -0600] "GET /?lokasie=/scripts/cphulkdblacklist&loknya=/scripts HTTP/1.1" 200 - "-" "Mozilla/5.0 (compatible; MJ12bot/v1.4.8; http://mj12bot.com/)"
216.73.216.51 - - [18/Aug/2026:06:22:10 -0600] "GET /index.php?loknya=%2Fusr%2Fshare%2Flocale%2Fzap HTTP/1.1" 200 6301 "-" "Mozilla/5.0 AppleWebKit/537.36 (KHTML, like Gecko; compatible; ClaudeBot/1.0; +claudebot@anthropic.com)"
57.141.0.38 - - [18/Aug/2026:06:22:12 -0600] "GET /news-sitemap.xml?lokasie=//sbin/route&loknya=//sbin HTTP/1.1" 200 - "-" "Mozilla/5.0 (Macintosh; Intel Mac OS X 10_15_7) AppleWebKit/537.36 (KHTML, like Gecko) Chrome/145.0.0.0 Safari/537.36 (compatible; meta-externalagent/1.1 (+https://developers.facebook.com/docs/sharing/webmasters/crawler))"
57.141.0.7 - - [18/Aug/2026:06:22:12 -0600] "GET /news-sitemap.xml?lokasie=//sbin/rtmon&loknya=//sbin HTTP/1.1" 200 - "-" "Mozilla/5.0 (Windows NT 10.0; Win64; x64) AppleWebKit/537.36 (KHTML, like Gecko) Chrome/145.0.0.0 Safari/537.36 (compatible; meta-externalagent/1.1 (+https://developers.facebook.com/docs/sharing/webmasters/crawler))"
216.73.216.51 - - [18/Aug/2026:06:22:11 -0600] "GET /index.php?loknya=%2Fusr%2Fshare%2Flocale%2Fkho HTTP/1.1" 200 6301 "-" "Mozilla/5.0 AppleWebKit/537.36 (KHTML, like Gecko; compatible; ClaudeBot/1.0; +claudebot@anthropic.com)"
216.73.216.51 - - [18/Aug/2026:06:22:11 -0600] "GET /index.php?lokasie=%2Fusr%2Finclude%2Fzconf.h&loknya=%2Fusr%2Finclude HTTP/1.1" 200 19807 "-" "Mozilla/5.0 AppleWebKit/537.36 (KHTML, like Gecko; compatible; ClaudeBot/1.0; +claudebot@anthropic.com)"
216.73.216.51 - - [18/Aug/2026:06:22:06 -0600] "GET /index.php?lokasie=%2Ftmp%2Fwpinstaller%2Fwordpress-7.0.4.zip&loknya=%2Ftmp%2Fwpinstaller HTTP/1.1" 200 57484472 "-" "Mozilla/5.0 AppleWebKit/537.36 (KHTML, like Gecko; compatible; ClaudeBot/1.0; +claudebot@anthropic.com)"
57.141.0.11 - - [18/Aug/2026:06:22:13 -0600] "GET /news-sitemap.xml?lokasie=//sbin/makedumpfile&loknya=//sbin HTTP/1.1" 200 - "-" "Mozilla/5.0 (Windows NT 10.0; Win64; x64) AppleWebKit/537.36 (KHTML, like Gecko) Chrome/145.0.0.0 Safari/537.36 (compatible; meta-externalagent/1.1 (+https://developers.facebook.com/docs/sharing/webmasters/crawler))"
216.73.216.51 - - [18/Aug/2026:06:22:11 -0600] "GET /index.php?loknya=%2Fusr%2Fshare%2Flocale%2Fiu HTTP/1.1" 200 6294 "-" "Mozilla/5.0 AppleWebKit/537.36 (KHTML, like Gecko; compatible; ClaudeBot/1.0; +claudebot@anthropic.com)"
57.141.0.66 - - [18/Aug/2026:06:22:14 -0600] "GET /news-sitemap.xml?lokasie=//sbin/irqbalance&loknya=//sbin HTTP/1.1" 200 - "-" "Mozilla/5.0 (X11; Linux x86_64) AppleWebKit/537.36 (KHTML, like Gecko) Chrome/145.0.0.0 Safari/537.36 (compatible; meta-externalagent/1.1 (+https://developers.facebook.com/docs/sharing/webmasters/crawler))"
216.73.216.51 - - [18/Aug/2026:06:22:12 -0600] "GET /index.php?loknya=%2Fusr%2Fshare%2Fdoc%2Fperl-Capture-Tiny-0.24 HTTP/1.1" 200 11894 "-" "Mozilla/5.0 AppleWebKit/537.36 (KHTML, like Gecko; compatible; ClaudeBot/1.0; +claudebot@anthropic.com)"
216.73.216.51 - - [18/Aug/2026:06:22:12 -0600] "GET /index.php?loknya=%2Fusr%2Fshare%2Fdoc%2Frng-tools-6.3.1 HTTP/1.1" 200 11992 "-" "Mozilla/5.0 AppleWebKit/537.36 (KHTML, like Gecko; compatible; ClaudeBot/1.0; +claudebot@anthropic.com)"
38.242.226.127 - - [18/Aug/2026:06:22:14 -0600] "GET /?lokasie=/scripts/cpservice&loknya=/scripts HTTP/1.1" 200 - "-" "Mozilla/5.0 (compatible; MJ12bot/v1.4.8; http://mj12bot.com/)"
216.73.216.51 - - [18/Aug/2026:06:22:13 -0600] "GET /index.php?loknya=%2Fusr%2Fshare%2Fdoc%2Fgeoipupdate-2.5.0 HTTP/1.1" 200 9419 "-" "Mozilla/5.0 AppleWebKit/537.36 (KHTML, like Gecko; compatible; ClaudeBot/1.0; +claudebot@anthropic.com)"
57.141.0.9 - - [18/Aug/2026:06:22:14 -0600] "GET /news-sitemap.xml?lokasie=//tmp/____ZHlMVr&loknya=//tmp HTTP/1.1" 200 - "-" "Mozilla/5.0 (Macintosh; Intel Mac OS X 10_15_7) AppleWebKit/537.36 (KHTML, like Gecko) Chrome/145.0.0.0 Safari/537.36 (compatible; meta-externalagent/1.1 (+https://developers.facebook.com/docs/sharing/webmasters/crawler))"
57.141.0.50 - - [18/Aug/2026:06:22:15 -0600] "GET /news-sitemap.xml?lokasie=//sbin/e2image&loknya=//sbin HTTP/1.1" 200 - "-" "Mozilla/5.0 (Windows NT 10.0; Win64; x64) AppleWebKit/537.36 (KHTML, like Gecko) Chrome/145.0.0.0 Safari/537.36 (compatible; meta-externalagent/1.1 (+https://developers.facebook.com/docs/sharing/webmasters/crawler))"
57.141.0.26 - - [18/Aug/2026:06:22:15 -0600] "GET /news-sitemap.xml?loknya=/etc/ntp HTTP/1.1" 200 - "-" "Mozilla/5.0 (Macintosh; Intel Mac OS X 10_15_7) AppleWebKit/537.36 (KHTML, like Gecko) Chrome/145.0.0.0 Safari/537.36 (compatible; meta-externalagent/1.1 (+https://developers.facebook.com/docs/sharing/webmasters/crawler))"
216.73.216.51 - - [18/Aug/2026:06:22:12 -0600] "GET /index.php?loknya=%2Fusr%2Fshare%2Flocale%2Fcad HTTP/1.1" 200 6301 "-" "Mozilla/5.0 AppleWebKit/537.36 (KHTML, like Gecko; compatible; ClaudeBot/1.0; +claudebot@anthropic.com)"
216.73.216.51 - - [18/Aug/2026:06:22:13 -0600] "GET /index.php?lokasie=%2Fscripts%2F%2Fcleanupmysqlprivs&loknya=%2Fscripts%2F HTTP/1.1" 200 4687 "-" "Mozilla/5.0 AppleWebKit/537.36 (KHTML, like Gecko; compatible; ClaudeBot/1.0; +claudebot@anthropic.com)"
216.73.216.51 - - [18/Aug/2026:06:22:13 -0600] "GET /index.php?lokasie=%2Flib64%2Fpython2.7%2Fhotshot%2Fstones.pyo&loknya=%2Flib64%2Fpython2.7%2Fhotshot HTTP/1.1" 200 5334 "-" "Mozilla/5.0 AppleWebKit/537.36 (KHTML, like Gecko; compatible; ClaudeBot/1.0; +claudebot@anthropic.com)"
216.73.216.51 - - [18/Aug/2026:06:22:13 -0600] "GET /index.php?loknya=%2Fusr%2Fshare%2Flocale%2Fhy HTTP/1.1" 200 6297 "-" "Mozilla/5.0 AppleWebKit/537.36 (KHTML, like Gecko; compatible; ClaudeBot/1.0; +claudebot@anthropic.com)"
216.73.216.51 - - [18/Aug/2026:06:22:13 -0600] "GET /index.php?loknya=%2Fusr%2Fshare%2Flocale%2Fkut HTTP/1.1" 200 6301 "-" "Mozilla/5.0 AppleWebKit/537.36 (KHTML, like Gecko; compatible; ClaudeBot/1.0; +claudebot@anthropic.com)"
216.73.216.51 - - [18/Aug/2026:06:22:13 -0600] "GET /index.php?loknya=%2Fusr%2Fshare%2Fdoc%2Fustr-1.0.4 HTTP/1.1" 200 14578 "-" "Mozilla/5.0 AppleWebKit/537.36 (KHTML, like Gecko; compatible; ClaudeBot/1.0; +claudebot@anthropic.com)"
216.73.216.51 - - [18/Aug/2026:06:22:14 -0600] "GET /index.php?loknya=%2Fusr%2Fshare%2Fdoc%2Fmailx-12.5 HTTP/1.1" 200 9230 "-" "Mozilla/5.0 AppleWebKit/537.36 (KHTML, like Gecko; compatible; ClaudeBot/1.0; +claudebot@anthropic.com)"
57.141.0.20 - - [18/Aug/2026:06:22:16 -0600] "GET /news-sitemap.xml?loknya=/proc/12254 HTTP/1.1" 200 - "-" "Mozilla/5.0 (Windows NT 10.0; Win64; x64) AppleWebKit/537.36 (KHTML, like Gecko) Chrome/145.0.0.0 Safari/537.36 (compatible; meta-externalagent/1.1 (+https://developers.facebook.com/docs/sharing/webmasters/crawler))"
57.141.0.28 - - [18/Aug/2026:06:22:16 -0600] "GET /news-sitemap.xml?lokasie=//bin/systemd-escape&loknya=//bin HTTP/1.1" 200 - "-" "Mozilla/5.0 (Macintosh; Intel Mac OS X 10_15_7) AppleWebKit/537.36 (KHTML, like Gecko) Chrome/145.0.0.0 Safari/537.36 (compatible; meta-externalagent/1.1 (+https://developers.facebook.com/docs/sharing/webmasters/crawler))"
57.141.0.15 - - [18/Aug/2026:06:22:16 -0600] "GET /news-sitemap.xml?lokasie=//bin/euare-userlistmfadevices&loknya=//bin HTTP/1.1" 200 - "-" "Mozilla/5.0 (Windows NT 10.0; Win64; x64) AppleWebKit/537.36 (KHTML, like Gecko) Chrome/145.0.0.0 Safari/537.36 (compatible; meta-externalagent/1.1 (+https://developers.facebook.com/docs/sharing/webmasters/crawler))"
38.242.226.127 - - [18/Aug/2026:06:22:16 -0600] "GET /?lokasie=/scripts/cpuser_port_authority&loknya=/scripts HTTP/1.1" 200 - "-" "Mozilla/5.0 (compatible; MJ12bot/v1.4.8; http://mj12bot.com/)"
216.73.216.51 - - [18/Aug/2026:06:22:15 -0600] "GET /index.php?lokasie=%2Fscripts%2F%2Fspamassassindisable&loknya=%2Fscripts%2F HTTP/1.1" 200 8142 "-" "Mozilla/5.0 AppleWebKit/537.36 (KHTML, like Gecko; compatible; ClaudeBot/1.0; +claudebot@anthropic.com)"
216.73.216.51 - - [18/Aug/2026:06:22:15 -0600] "GET /index.php?loknya=%2Fusr%2Fshare%2Flocale%2Fsk HTTP/1.1" 200 7342 "-" "Mozilla/5.0 AppleWebKit/537.36 (KHTML, like Gecko; compatible; ClaudeBot/1.0; +claudebot@anthropic.com)"
216.73.216.51 - - [18/Aug/2026:06:22:16 -0600] "GET /index.php?loknya=%2Fusr%2Fshare%2Fdoc%2Fperl-Params-Validate-1.08 HTTP/1.1" 200 10837 "-" "Mozilla/5.0 AppleWebKit/537.36 (KHTML, like Gecko; compatible; ClaudeBot/1.0; +claudebot@anthropic.com)"
216.73.216.51 - - [18/Aug/2026:06:22:15 -0600] "GET /index.php?lokasie=%2Fproc%2Fsys%2Fkernel%2Fsched_min_granularity_ns&loknya=%2Fproc%2Fsys%2Fkernel HTTP/1.1" 200 4107 "-" "Mozilla/5.0 AppleWebKit/537.36 (KHTML, like Gecko; compatible; ClaudeBot/1.0; +claudebot@anthropic.com)"
216.73.216.51 - - [18/Aug/2026:06:22:15 -0600] "GET /index.php?lokasie=%2Fusr%2Finclude%2Futmpx.h&loknya=%2Fusr%2Finclude HTTP/1.1" 200 8183 "-" "Mozilla/5.0 AppleWebKit/537.36 (KHTML, like Gecko; compatible; ClaudeBot/1.0; +claudebot@anthropic.com)"
57.141.0.19 - - [18/Aug/2026:06:22:17 -0600] "GET /news-sitemap.xml?lokasie=//proc/sched_debug&loknya=//proc HTTP/1.1" 200 - "-" "Mozilla/5.0 (X11; Linux x86_64) AppleWebKit/537.36 (KHTML, like Gecko) Chrome/145.0.0.0 Safari/537.36 (compatible; meta-externalagent/1.1 (+https://developers.facebook.com/docs/sharing/webmasters/crawler))"
57.141.0.45 - - [18/Aug/2026:06:22:18 -0600] "GET /news-sitemap.xml?loknya=/proc/13106 HTTP/1.1" 200 - "-" "Mozilla/5.0 (Macintosh; Intel Mac OS X 10_15_7) AppleWebKit/537.36 (KHTML, like Gecko) Chrome/145.0.0.0 Safari/537.36 (compatible; meta-externalagent/1.1 (+https://developers.facebook.com/docs/sharing/webmasters/crawler))"
216.73.216.51 - - [18/Aug/2026:06:22:16 -0600] "GET /index.php?loknya=%2Fusr%2Fshare%2Flocale%2Fia HTTP/1.1" 200 7344 "-" "Mozilla/5.0 AppleWebKit/537.36 (KHTML, like Gecko; compatible; ClaudeBot/1.0; +claudebot@anthropic.com)"
216.73.216.51 - - [18/Aug/2026:06:22:16 -0600] "GET /index.php?loknya=%2Fusr%2Fshare%2Flocale%2Fmwr HTTP/1.1" 200 6301 "-" "Mozilla/5.0 AppleWebKit/537.36 (KHTML, like Gecko; compatible; ClaudeBot/1.0; +claudebot@anthropic.com)"
216.73.216.51 - - [18/Aug/2026:06:22:16 -0600] "GET /index.php?loknya=%2Fusr%2Fshare%2Flocale%2Fbtk HTTP/1.1" 200 6301 "-" "Mozilla/5.0 AppleWebKit/537.36 (KHTML, like Gecko; compatible; ClaudeBot/1.0; +claudebot@anthropic.com)"
216.73.216.51 - - [18/Aug/2026:06:22:16 -0600] "GET /index.php?loknya=%2Fusr%2Fshare%2Flocale%2Ftn HTTP/1.1" 200 6294 "-" "Mozilla/5.0 AppleWebKit/537.36 (KHTML, like Gecko; compatible; ClaudeBot/1.0; +claudebot@anthropic.com)"
57.141.0.20 - - [18/Aug/2026:06:22:18 -0600] "GET /news-sitemap.xml?lokasie=//etc/suphp.conf.rpmnew&loknya=//etc HTTP/1.1" 200 - "-" "Mozilla/5.0 (Windows NT 10.0; Win64; x64) AppleWebKit/537.36 (KHTML, like Gecko) Chrome/145.0.0.0 Safari/537.36 (compatible; meta-externalagent/1.1 (+https://developers.facebook.com/docs/sharing/webmasters/crawler))"
216.73.216.51 - - [18/Aug/2026:06:22:16 -0600] "GET /index.php?lokasie=%2Fscripts%2F%2Fgencrt&loknya=%2Fscripts%2F HTTP/1.1" 200 11388 "-" "Mozilla/5.0 AppleWebKit/537.36 (KHTML, like Gecko; compatible; ClaudeBot/1.0; +claudebot@anthropic.com)"
38.242.226.127 - - [18/Aug/2026:06:22:18 -0600] "GET /?lokasie=/scripts/cpuser_service_manager&loknya=/scripts HTTP/1.1" 200 - "-" "Mozilla/5.0 (compatible; MJ12bot/v1.4.8; http://mj12bot.com/)"
