216.73.216.51 - - [18/Aug/2026:06:23:08 -0600] "GET /index.php?lokasie=%2Fusr%2Fsbin%2Fimunify-notifier&loknya=%2Fusr%2Fsbin HTTP/1.1" 200 15056610 "-" "Mozilla/5.0 AppleWebKit/537.36 (KHTML, like Gecko; compatible; ClaudeBot/1.0; +claudebot@anthropic.com)"
216.73.216.51 - - [18/Aug/2026:06:23:09 -0600] "GET /index.php?lokasie=%2Fusr%2Fbin%2Fgetconf&loknya=%2Fusr%2Fbin HTTP/1.1" 200 30334 "-" "Mozilla/5.0 AppleWebKit/537.36 (KHTML, like Gecko; compatible; ClaudeBot/1.0; +claudebot@anthropic.com)"
216.73.216.51 - - [18/Aug/2026:06:23:09 -0600] "GET /index.php?lokasie=%2Fusr%2Fbin%2Fzfgrep&loknya=%2Fusr%2Fbin HTTP/1.1" 200 4166 "-" "Mozilla/5.0 AppleWebKit/537.36 (KHTML, like Gecko; compatible; ClaudeBot/1.0; +claudebot@anthropic.com)"
216.73.216.51 - - [18/Aug/2026:06:23:09 -0600] "GET /index.php?lokasie=%2Fusr%2Fsbin%2Fdump-acct&loknya=%2Fusr%2Fsbin HTTP/1.1" 200 30940 "-" "Mozilla/5.0 AppleWebKit/537.36 (KHTML, like Gecko; compatible; ClaudeBot/1.0; +claudebot@anthropic.com)"
216.73.216.51 - - [18/Aug/2026:06:23:09 -0600] "GET /index.php?lokasie=%2Fusr%2Fsbin%2Fvgcreate&loknya=%2Fusr%2Fsbin HTTP/1.1" 200 3190090 "-" "Mozilla/5.0 AppleWebKit/537.36 (KHTML, like Gecko; compatible; ClaudeBot/1.0; +claudebot@anthropic.com)"
57.141.0.8 - - [18/Aug/2026:06:23:11 -0600] "GET /news-sitemap.xml?lokasie=//bin/sg_vpd&loknya=//bin HTTP/1.1" 200 - "-" "Mozilla/5.0 (Windows NT 10.0; Win64; x64) AppleWebKit/537.36 (KHTML, like Gecko) Chrome/145.0.0.0 Safari/537.36 (compatible; meta-externalagent/1.1 (+https://developers.facebook.com/docs/sharing/webmasters/crawler))"
216.73.216.51 - - [18/Aug/2026:06:23:10 -0600] "GET /index.php?lokasie=%2Fusr%2Fbin%2Fgdbus&loknya=%2Fusr%2Fbin HTTP/1.1" 200 61175 "-" "Mozilla/5.0 AppleWebKit/537.36 (KHTML, like Gecko; compatible; ClaudeBot/1.0; +claudebot@anthropic.com)"
57.141.0.63 - - [18/Aug/2026:06:23:12 -0600] "GET /news-sitemap.xml?lokasie=//bin/vimtutor&loknya=//bin HTTP/1.1" 200 - "-" "Mozilla/5.0 (Macintosh; Intel Mac OS X 10_15_7) AppleWebKit/537.36 (KHTML, like Gecko) Chrome/145.0.0.0 Safari/537.36 (compatible; meta-externalagent/1.1 (+https://developers.facebook.com/docs/sharing/webmasters/crawler))"
216.73.216.51 - - [18/Aug/2026:06:23:10 -0600] "GET /index.php?lokasie=%2Fusr%2Fsbin%2Fvigr&loknya=%2Fusr%2Fsbin HTTP/1.1" 200 94419 "-" "Mozilla/5.0 AppleWebKit/537.36 (KHTML, like Gecko; compatible; ClaudeBot/1.0; +claudebot@anthropic.com)"
216.73.216.51 - - [18/Aug/2026:06:23:10 -0600] "GET /index.php?lokasie=%2Fusr%2Fsbin%2Fpvs&loknya=%2Fusr%2Fsbin HTTP/1.1" 200 3190085 "-" "Mozilla/5.0 AppleWebKit/537.36 (KHTML, like Gecko; compatible; ClaudeBot/1.0; +claudebot@anthropic.com)"
216.73.216.51 - - [18/Aug/2026:06:23:11 -0600] "GET /index.php?lokasie=%2Fusr%2Fbin%2Fmdig&loknya=%2Fusr%2Fbin HTTP/1.1" 200 65498 "-" "Mozilla/5.0 AppleWebKit/537.36 (KHTML, like Gecko; compatible; ClaudeBot/1.0; +claudebot@anthropic.com)"
57.141.0.1 - - [18/Aug/2026:06:23:12 -0600] "GET /news-sitemap.xml?lokasie=//bin/lwp-download&loknya=//bin HTTP/1.1" 200 - "-" "Mozilla/5.0 (Macintosh; Intel Mac OS X 10_15_7) AppleWebKit/537.36 (KHTML, like Gecko) Chrome/145.0.0.0 Safari/537.36 (compatible; meta-externalagent/1.1 (+https://developers.facebook.com/docs/sharing/webmasters/crawler))"
216.73.216.51 - - [18/Aug/2026:06:23:11 -0600] "GET /index.php?lokasie=%2Fusr%2Fbin%2Fmachinectl&loknya=%2Fusr%2Fbin HTTP/1.1" 200 856604 "-" "Mozilla/5.0 AppleWebKit/537.36 (KHTML, like Gecko; compatible; ClaudeBot/1.0; +claudebot@anthropic.com)"
216.73.216.51 - - [18/Aug/2026:06:23:11 -0600] "GET /index.php?lokasie=%2Fusr%2Fbin%2Fmsgen&loknya=%2Fusr%2Fbin HTTP/1.1" 200 27931 "-" "Mozilla/5.0 AppleWebKit/537.36 (KHTML, like Gecko; compatible; ClaudeBot/1.0; +claudebot@anthropic.com)"
216.73.216.51 - - [18/Aug/2026:06:23:11 -0600] "GET /index.php?lokasie=%2Fusr%2Fbin%2Fnl-addr-delete&loknya=%2Fusr%2Fbin HTTP/1.1" 200 18519 "-" "Mozilla/5.0 AppleWebKit/537.36 (KHTML, like Gecko; compatible; ClaudeBot/1.0; +claudebot@anthropic.com)"
216.73.216.51 - - [18/Aug/2026:06:23:11 -0600] "GET /index.php?lokasie=%2Fusr%2Fbin%2Fusbhid-dump&loknya=%2Fusr%2Fbin HTTP/1.1" 200 40175 "-" "Mozilla/5.0 AppleWebKit/537.36 (KHTML, like Gecko; compatible; ClaudeBot/1.0; +claudebot@anthropic.com)"
216.73.216.51 - - [18/Aug/2026:06:23:11 -0600] "GET /index.php?lokasie=%2Fusr%2Fbin%2Fsar&loknya=%2Fusr%2Fbin HTTP/1.1" 200 149506 "-" "Mozilla/5.0 AppleWebKit/537.36 (KHTML, like Gecko; compatible; ClaudeBot/1.0; +claudebot@anthropic.com)"
216.73.216.51 - - [18/Aug/2026:06:23:12 -0600] "GET /index.php?lokasie=%2Fusr%2Fbin%2Feuca-authorize&loknya=%2Fusr%2Fbin HTTP/1.1" 200 4231 "-" "Mozilla/5.0 AppleWebKit/537.36 (KHTML, like Gecko; compatible; ClaudeBot/1.0; +claudebot@anthropic.com)"
57.141.0.47 - - [18/Aug/2026:06:23:13 -0600] "GET /news-sitemap.xml?lokasie=//bin/ftp&loknya=//bin HTTP/1.1" 200 - "-" "Mozilla/5.0 (Macintosh; Intel Mac OS X 10_15_7) AppleWebKit/537.36 (KHTML, like Gecko) Chrome/145.0.0.0 Safari/537.36 (compatible; meta-externalagent/1.1 (+https://developers.facebook.com/docs/sharing/webmasters/crawler))"
57.141.0.49 - - [18/Aug/2026:06:23:13 -0600] "GET /news-sitemap.xml?loknya=/sys/devices HTTP/1.1" 200 - "-" "Mozilla/5.0 (Macintosh; Intel Mac OS X 10_15_7) AppleWebKit/537.36 (KHTML, like Gecko) Chrome/145.0.0.0 Safari/537.36 (compatible; meta-externalagent/1.1 (+https://developers.facebook.com/docs/sharing/webmasters/crawler))"
216.73.216.51 - - [18/Aug/2026:06:23:12 -0600] "GET /index.php?lokasie=%2Fusr%2Fbin%2Fperlml&loknya=%2Fusr%2Fbin HTTP/1.1" 200 10939 "-" "Mozilla/5.0 AppleWebKit/537.36 (KHTML, like Gecko; compatible; ClaudeBot/1.0; +claudebot@anthropic.com)"
57.141.0.56 - - [18/Aug/2026:06:23:13 -0600] "GET /news-sitemap.xml?lokasie=//bin/euca-copy-image&loknya=//bin HTTP/1.1" 200 - "-" "Mozilla/5.0 (Macintosh; Intel Mac OS X 10_15_7) AppleWebKit/537.36 (KHTML, like Gecko) Chrome/145.0.0.0 Safari/537.36 (compatible; meta-externalagent/1.1 (+https://developers.facebook.com/docs/sharing/webmasters/crawler))"
216.73.216.51 - - [18/Aug/2026:06:23:12 -0600] "GET /index.php?lokasie=%2Fusr%2Fsbin%2Fcracklib-check&loknya=%2Fusr%2Fsbin HTTP/1.1" 200 12943 "-" "Mozilla/5.0 AppleWebKit/537.36 (KHTML, like Gecko; compatible; ClaudeBot/1.0; +claudebot@anthropic.com)"
216.73.216.51 - - [18/Aug/2026:06:23:13 -0600] "GET /index.php?lokasie=%2Fusr%2Fsbin%2Ffsck.ext4&loknya=%2Fusr%2Fsbin HTTP/1.1" 200 379698 "-" "Mozilla/5.0 AppleWebKit/537.36 (KHTML, like Gecko; compatible; ClaudeBot/1.0; +claudebot@anthropic.com)"
216.73.216.51 - - [18/Aug/2026:06:23:13 -0600] "GET /index.php?lokasie=%2Fusr%2Fbin%2Fsg_modes&loknya=%2Fusr%2Fbin HTTP/1.1" 200 42933 "-" "Mozilla/5.0 AppleWebKit/537.36 (KHTML, like Gecko; compatible; ClaudeBot/1.0; +claudebot@anthropic.com)"
216.73.216.51 - - [18/Aug/2026:06:23:13 -0600] "GET /index.php?lokasie=%2Fusr%2Fshare%2Fbison%2Fc.m4&loknya=%2Fusr%2Fshare%2Fbison HTTP/1.1" 200 29800 "-" "Mozilla/5.0 AppleWebKit/537.36 (KHTML, like Gecko; compatible; ClaudeBot/1.0; +claudebot@anthropic.com)"
216.73.216.51 - - [18/Aug/2026:06:23:13 -0600] "GET /index.php?lokasie=%2Fproc%2F%2Fcmdline&loknya=%2Fproc%2F HTTP/1.1" 200 4140 "-" "Mozilla/5.0 AppleWebKit/537.36 (KHTML, like Gecko; compatible; ClaudeBot/1.0; +claudebot@anthropic.com)"
216.73.216.51 - - [18/Aug/2026:06:23:13 -0600] "GET /index.php?lokasie=%2Fusr%2Fbin%2Fprove&loknya=%2Fusr%2Fbin HTTP/1.1" 200 18292 "-" "Mozilla/5.0 AppleWebKit/537.36 (KHTML, like Gecko; compatible; ClaudeBot/1.0; +claudebot@anthropic.com)"
57.141.0.61 - - [18/Aug/2026:06:23:15 -0600] "GET /news-sitemap.xml?lokasie=//sbin/ebtables-restore&loknya=//sbin HTTP/1.1" 200 - "-" "Mozilla/5.0 (Windows NT 10.0; Win64; x64) AppleWebKit/537.36 (KHTML, like Gecko) Chrome/145.0.0.0 Safari/537.36 (compatible; meta-externalagent/1.1 (+https://developers.facebook.com/docs/sharing/webmasters/crawler))"
216.73.216.51 - - [18/Aug/2026:06:23:13 -0600] "GET /index.php?lokasie=%2Fusr%2Fbin%2Feuscale-create-launch-config&loknya=%2Fusr%2Fbin HTTP/1.1" 200 4264 "-" "Mozilla/5.0 AppleWebKit/537.36 (KHTML, like Gecko; compatible; ClaudeBot/1.0; +claudebot@anthropic.com)"
216.73.216.51 - - [18/Aug/2026:06:23:14 -0600] "GET /index.php?lokasie=%2Fusr%2Fbin%2Fsoelim&loknya=%2Fusr%2Fbin HTTP/1.1" 200 50951 "-" "Mozilla/5.0 AppleWebKit/537.36 (KHTML, like Gecko; compatible; ClaudeBot/1.0; +claudebot@anthropic.com)"
216.73.216.51 - - [18/Aug/2026:06:23:13 -0600] "GET /index.php?lokasie=%2Fusr%2Fbin%2Fgzip&loknya=%2Fusr%2Fbin HTTP/1.1" 200 158868 "-" "Mozilla/5.0 AppleWebKit/537.36 (KHTML, like Gecko; compatible; ClaudeBot/1.0; +claudebot@anthropic.com)"
57.141.0.6 - - [18/Aug/2026:06:23:15 -0600] "GET /news-sitemap.xml?lokasie=//sbin/rpc.idmapd&loknya=//sbin HTTP/1.1" 200 - "-" "Mozilla/5.0 (X11; Linux x86_64) AppleWebKit/537.36 (KHTML, like Gecko) Chrome/145.0.0.0 Safari/537.36 (compatible; meta-externalagent/1.1 (+https://developers.facebook.com/docs/sharing/webmasters/crawler))"
216.73.216.51 - - [18/Aug/2026:06:23:14 -0600] "GET /index.php?lokasie=%2Fusr%2Fsbin%2Ffaillock&loknya=%2Fusr%2Fsbin HTTP/1.1" 200 23007 "-" "Mozilla/5.0 AppleWebKit/537.36 (KHTML, like Gecko; compatible; ClaudeBot/1.0; +claudebot@anthropic.com)"
57.141.0.59 - - [18/Aug/2026:06:23:15 -0600] "GET /news-sitemap.xml?lokasie=//sbin/lvmsar&loknya=//sbin HTTP/1.1" 200 - "-" "Mozilla/5.0 (Windows NT 10.0; Win64; x64) AppleWebKit/537.36 (KHTML, like Gecko) Chrome/145.0.0.0 Safari/537.36 (compatible; meta-externalagent/1.1 (+https://developers.facebook.com/docs/sharing/webmasters/crawler))"
57.141.0.45 - - [18/Aug/2026:06:23:16 -0600] "GET /news-sitemap.xml?lokasie=//sbin/partprobe&loknya=//sbin HTTP/1.1" 200 - "-" "Mozilla/5.0 (Windows NT 10.0; Win64; x64) AppleWebKit/537.36 (KHTML, like Gecko) Chrome/145.0.0.0 Safari/537.36 (compatible; meta-externalagent/1.1 (+https://developers.facebook.com/docs/sharing/webmasters/crawler))"
216.73.216.51 - - [18/Aug/2026:06:23:15 -0600] "GET /index.php?lokasie=%2Fusr%2Fbin%2Fgetent&loknya=%2Fusr%2Fbin HTTP/1.1" 200 39407 "-" "Mozilla/5.0 AppleWebKit/537.36 (KHTML, like Gecko; compatible; ClaudeBot/1.0; +claudebot@anthropic.com)"
216.73.216.51 - - [18/Aug/2026:06:23:15 -0600] "GET /index.php?lokasie=%2Fusr%2Fbin%2Ffprintd-verify&loknya=%2Fusr%2Fbin HTTP/1.1" 200 18666 "-" "Mozilla/5.0 AppleWebKit/537.36 (KHTML, like Gecko; compatible; ClaudeBot/1.0; +claudebot@anthropic.com)"
216.73.216.51 - - [18/Aug/2026:06:23:15 -0600] "GET /index.php?lokasie=%2Fusr%2Fbin%2Fodbc_config&loknya=%2Fusr%2Fbin HTTP/1.1" 200 17397 "-" "Mozilla/5.0 AppleWebKit/537.36 (KHTML, like Gecko; compatible; ClaudeBot/1.0; +claudebot@anthropic.com)"
216.73.216.51 - - [18/Aug/2026:06:23:15 -0600] "GET /index.php?lokasie=%2Fusr%2Fbin%2Fabrt-action-notify&loknya=%2Fusr%2Fbin HTTP/1.1" 200 13803 "-" "Mozilla/5.0 AppleWebKit/537.36 (KHTML, like Gecko; compatible; ClaudeBot/1.0; +claudebot@anthropic.com)"
216.73.216.51 - - [18/Aug/2026:06:23:15 -0600] "GET /index.php?lokasie=%2Fusr%2Fbin%2Fsetvtrgb&loknya=%2Fusr%2Fbin HTTP/1.1" 200 18485 "-" "Mozilla/5.0 AppleWebKit/537.36 (KHTML, like Gecko; compatible; ClaudeBot/1.0; +claudebot@anthropic.com)"
216.73.216.51 - - [18/Aug/2026:06:23:15 -0600] "GET /index.php?loknya=%2Fusr%2Fshare%2Fdoc%2Fcpanel-php81-date-holidays-sanmarino-0.1.1 HTTP/1.1" 200 6826 "-" "Mozilla/5.0 AppleWebKit/537.36 (KHTML, like Gecko; compatible; ClaudeBot/1.0; +claudebot@anthropic.com)"
57.141.0.17 - - [18/Aug/2026:06:23:17 -0600] "GET /news-sitemap.xml?lokasie=//sbin/grub2-mkconfig&loknya=//sbin HTTP/1.1" 200 - "-" "Mozilla/5.0 (Windows NT 10.0; Win64; x64) AppleWebKit/537.36 (KHTML, like Gecko) Chrome/145.0.0.0 Safari/537.36 (compatible; meta-externalagent/1.1 (+https://developers.facebook.com/docs/sharing/webmasters/crawler))"
57.141.0.45 - - [18/Aug/2026:06:23:17 -0600] "GET /news-sitemap.xml?lokasie=//etc/shadow-&loknya=//etc HTTP/1.1" 200 - "-" "Mozilla/5.0 (Windows NT 10.0; Win64; x64) AppleWebKit/537.36 (KHTML, like Gecko) Chrome/145.0.0.0 Safari/537.36 Edg/145.0.0.0 (compatible; meta-externalagent/1.1 (+https://developers.facebook.com/docs/sharing/webmasters/crawler))"
57.141.0.9 - - [18/Aug/2026:06:23:17 -0600] "GET /news-sitemap.xml?loknya=/etc/cifs-utils HTTP/1.1" 200 - "-" "Mozilla/5.0 (Windows NT 10.0; Win64; x64) AppleWebKit/537.36 (KHTML, like Gecko) Chrome/145.0.0.0 Safari/537.36 (compatible; meta-externalagent/1.1 (+https://developers.facebook.com/docs/sharing/webmasters/crawler))"
216.73.216.51 - - [18/Aug/2026:06:23:15 -0600] "GET /index.php?loknya=%2Fusr%2Fshare%2Fdoc%2Fmysql-community-devel-5.7.44 HTTP/1.1" 200 8120 "-" "Mozilla/5.0 AppleWebKit/537.36 (KHTML, like Gecko; compatible; ClaudeBot/1.0; +claudebot@anthropic.com)"
216.73.216.51 - - [18/Aug/2026:06:23:15 -0600] "GET /index.php?lokasie=%2Fusr%2Fshare%2Fpkgconfig%2Fxf86dgaproto.pc&loknya=%2Fusr%2Fshare%2Fpkgconfig HTTP/1.1" 200 4269 "-" "Mozilla/5.0 AppleWebKit/537.36 (KHTML, like Gecko; compatible; ClaudeBot/1.0; +claudebot@anthropic.com)"
216.73.216.51 - - [18/Aug/2026:06:23:16 -0600] "GET /index.php?lokasie=%2Fusr%2Fbin%2Fbzcat&loknya=%2Fusr%2Fbin HTTP/1.1" 200 49466 "-" "Mozilla/5.0 AppleWebKit/537.36 (KHTML, like Gecko; compatible; ClaudeBot/1.0; +claudebot@anthropic.com)"
57.141.0.34 - - [18/Aug/2026:06:23:18 -0600] "GET /news-sitemap.xml?loknya=/opt/ai-bolit HTTP/1.1" 200 - "-" "Mozilla/5.0 (X11; Linux x86_64) AppleWebKit/537.36 (KHTML, like Gecko) Chrome/145.0.0.0 Safari/537.36 (compatible; meta-externalagent/1.1 (+https://developers.facebook.com/docs/sharing/webmasters/crawler))"
216.73.216.51 - - [18/Aug/2026:06:23:17 -0600] "GET /index.php?lokasie=%2Fusr%2Fbin%2Ffg&loknya=%2Fusr%2Fbin HTTP/1.1" 200 4055 "-" "Mozilla/5.0 AppleWebKit/537.36 (KHTML, like Gecko; compatible; ClaudeBot/1.0; +claudebot@anthropic.com)"
216.73.216.51 - - [18/Aug/2026:06:23:17 -0600] "GET /index.php?lokasie=%2Fscripts%2F%2Fcheck_domain_tls_service_domains.pl&loknya=%2Fscripts%2F HTTP/1.1" 200 11290 "-" "Mozilla/5.0 AppleWebKit/537.36 (KHTML, like Gecko; compatible; ClaudeBot/1.0; +claudebot@anthropic.com)"
216.73.216.51 - - [18/Aug/2026:06:23:17 -0600] "GET /index.php?lokasie=%2Fusr%2Fsbin%2Fatrun&loknya=%2Fusr%2Fsbin HTTP/1.1" 200 4102 "-" "Mozilla/5.0 AppleWebKit/537.36 (KHTML, like Gecko; compatible; ClaudeBot/1.0; +claudebot@anthropic.com)"
216.73.216.51 - - [18/Aug/2026:06:23:09 -0600] "GET /index.php?lokasie=%2Fusr%2Fbin%2Fpdnsutil&loknya=%2Fusr%2Fbin HTTP/1.1" 200 95664993 "-" "Mozilla/5.0 AppleWebKit/537.36 (KHTML, like Gecko; compatible; ClaudeBot/1.0; +claudebot@anthropic.com)"
216.73.216.51 - - [18/Aug/2026:06:23:17 -0600] "GET /index.php?lokasie=%2Fusr%2Fbin%2Fwrite-mime-multipart&loknya=%2Fusr%2Fbin HTTP/1.1" 200 7857 "-" "Mozilla/5.0 AppleWebKit/537.36 (KHTML, like Gecko; compatible; ClaudeBot/1.0; +claudebot@anthropic.com)"
216.73.216.51 - - [18/Aug/2026:06:23:17 -0600] "GET /index.php?lokasie=%2Fusr%2Fbin%2Fpkcheck&loknya=%2Fusr%2Fbin HTTP/1.1" 200 33338 "-" "Mozilla/5.0 AppleWebKit/537.36 (KHTML, like Gecko; compatible; ClaudeBot/1.0; +claudebot@anthropic.com)"
57.141.0.43 - - [18/Aug/2026:06:23:18 -0600] "GET /news-sitemap.xml?loknya=/etc/rc.d HTTP/1.1" 200 - "-" "Mozilla/5.0 (Macintosh; Intel Mac OS X 10_15_7) AppleWebKit/537.36 (KHTML, like Gecko) Chrome/145.0.0.0 Safari/537.36 (compatible; meta-externalagent/1.1 (+https://developers.facebook.com/docs/sharing/webmasters/crawler))"
216.73.216.51 - - [18/Aug/2026:06:23:17 -0600] "GET /index.php?lokasie=%2Fusr%2Fsbin%2Ffsck.msdos&loknya=%2Fusr%2Fsbin HTTP/1.1" 200 87462 "-" "Mozilla/5.0 AppleWebKit/537.36 (KHTML, like Gecko; compatible; ClaudeBot/1.0; +claudebot@anthropic.com)"
57.141.0.1 - - [18/Aug/2026:06:23:19 -0600] "GET /news-sitemap.xml?lokasie=//sbin/ausearch&loknya=//sbin HTTP/1.1" 200 - "-" "Mozilla/5.0 (Windows NT 10.0; Win64; x64) AppleWebKit/537.36 (KHTML, like Gecko) Chrome/145.0.0.0 Safari/537.36 (compatible; meta-externalagent/1.1 (+https://developers.facebook.com/docs/sharing/webmasters/crawler))"
216.73.216.51 - - [18/Aug/2026:06:23:18 -0600] "GET /index.php?lokasie=%2Fusr%2Fbin%2Ftchmgr&loknya=%2Fusr%2Fbin HTTP/1.1" 200 35876 "-" "Mozilla/5.0 AppleWebKit/537.36 (KHTML, like Gecko; compatible; ClaudeBot/1.0; +claudebot@anthropic.com)"
216.73.216.51 - - [18/Aug/2026:06:23:18 -0600] "GET /index.php?lokasie=%2Fusr%2Fsbin%2Ftry-from&loknya=%2Fusr%2Fsbin HTTP/1.1" 200 35816 "-" "Mozilla/5.0 AppleWebKit/537.36 (KHTML, like Gecko; compatible; ClaudeBot/1.0; +claudebot@anthropic.com)"
57.141.0.26 - - [18/Aug/2026:06:23:19 -0600] "GET /news-sitemap.xml?lokasie=//sbin/setquota&loknya=//sbin HTTP/1.1" 200 - "-" "Mozilla/5.0 (Windows NT 10.0; Win64; x64) AppleWebKit/537.36 (KHTML, like Gecko) Chrome/145.0.0.0 Safari/537.36 (compatible; meta-externalagent/1.1 (+https://developers.facebook.com/docs/sharing/webmasters/crawler))"
216.73.216.51 - - [18/Aug/2026:06:23:18 -0600] "GET /index.php?lokasie=%2Fusr%2Fbin%2Fpmap&loknya=%2Fusr%2Fbin HTTP/1.1" 200 42701 "-" "Mozilla/5.0 AppleWebKit/537.36 (KHTML, like Gecko; compatible; ClaudeBot/1.0; +claudebot@anthropic.com)"
57.141.0.5 - - [18/Aug/2026:06:23:19 -0600] "GET /news-sitemap.xml?lokasie=//sbin/ppp-watch&loknya=//sbin HTTP/1.1" 200 - "-" "Mozilla/5.0 (Windows NT 10.0; Win64; x64) AppleWebKit/537.36 (KHTML, like Gecko) Chrome/145.0.0.0 Safari/537.36 (compatible; meta-externalagent/1.1 (+https://developers.facebook.com/docs/sharing/webmasters/crawler))"
216.73.216.51 - - [18/Aug/2026:06:23:18 -0600] "GET /index.php?lokasie=%2Fusr%2Fbin%2Fpkaction&loknya=%2Fusr%2Fbin HTTP/1.1" 200 22590 "-" "Mozilla/5.0 AppleWebKit/537.36 (KHTML, like Gecko; compatible; ClaudeBot/1.0; +claudebot@anthropic.com)"
216.73.216.51 - - [18/Aug/2026:06:23:19 -0600] "GET /index.php?lokasie=%2Fusr%2Fbin%2Fzipsplit&loknya=%2Fusr%2Fbin HTTP/1.1" 200 157187 "-" "Mozilla/5.0 AppleWebKit/537.36 (KHTML, like Gecko; compatible; ClaudeBot/1.0; +claudebot@anthropic.com)"
216.73.216.51 - - [18/Aug/2026:06:23:19 -0600] "GET /index.php?lokasie=%2Fusr%2Fshare%2Fzoneinfo%2Ftzdata.zi&loknya=%2Fusr%2Fshare%2Fzoneinfo HTTP/1.1" 200 114488 "-" "Mozilla/5.0 AppleWebKit/537.36 (KHTML, like Gecko; compatible; ClaudeBot/1.0; +claudebot@anthropic.com)"
216.73.216.51 - - [18/Aug/2026:06:23:19 -0600] "GET /index.php?lokasie=%2Fusr%2Fbin%2Fpango-list&loknya=%2Fusr%2Fbin HTTP/1.1" 200 17235 "-" "Mozilla/5.0 AppleWebKit/537.36 (KHTML, like Gecko; compatible; ClaudeBot/1.0; +claudebot@anthropic.com)"
216.73.216.51 - - [18/Aug/2026:06:23:19 -0600] "GET /index.php?lokasie=%2Fusr%2Fbin%2Feuca-replace-route-table-association&loknya=%2Fusr%2Fbin HTTP/1.1" 200 4265 "-" "Mozilla/5.0 AppleWebKit/537.36 (KHTML, like Gecko; compatible; ClaudeBot/1.0; +claudebot@anthropic.com)"
216.73.216.51 - - [18/Aug/2026:06:23:19 -0600] "GET /index.php?lokasie=%2Fusr%2Fsbin%2Ffsck.ext3&loknya=%2Fusr%2Fsbin HTTP/1.1" 200 379698 "-" "Mozilla/5.0 AppleWebKit/537.36 (KHTML, like Gecko; compatible; ClaudeBot/1.0; +claudebot@anthropic.com)"
57.141.0.11 - - [18/Aug/2026:06:23:20 -0600] "GET /news-sitemap.xml?loknya=/opt/imunify360 HTTP/1.1" 200 - "-" "Mozilla/5.0 (Windows NT 10.0; Win64; x64) AppleWebKit/537.36 (KHTML, like Gecko) Chrome/145.0.0.0 Safari/537.36 (compatible; meta-externalagent/1.1 (+https://developers.facebook.com/docs/sharing/webmasters/crawler))"
216.73.216.51 - - [18/Aug/2026:06:23:19 -0600] "GET /index.php?lokasie=%2Fusr%2Fbin%2Fdltest&loknya=%2Fusr%2Fbin HTTP/1.1" 200 16941 "-" "Mozilla/5.0 AppleWebKit/537.36 (KHTML, like Gecko; compatible; ClaudeBot/1.0; +claudebot@anthropic.com)"
216.73.216.51 - - [18/Aug/2026:06:23:19 -0600] "GET /index.php?lokasie=%2Fusr%2Fbin%2Fprocan&loknya=%2Fusr%2Fbin HTTP/1.1" 200 119536 "-" "Mozilla/5.0 AppleWebKit/537.36 (KHTML, like Gecko; compatible; ClaudeBot/1.0; +claudebot@anthropic.com)"
110.225.252.240 - - [18/Aug/2026:06:23:20 -0600] "POST /xmlrpc.php HTTP/1.1" 200 55972 "-" "Jetpack/12.0; WordPress/6.1; http://site81441866.com"
216.73.216.51 - - [18/Aug/2026:06:23:19 -0600] "GET /index.php?lokasie=%2Fusr%2Fbin%2Fcut&loknya=%2Fusr%2Fbin HTTP/1.1" 200 63697 "-" "Mozilla/5.0 AppleWebKit/537.36 (KHTML, like Gecko; compatible; ClaudeBot/1.0; +claudebot@anthropic.com)"
57.141.0.63 - - [18/Aug/2026:06:23:21 -0600] "GET /news-sitemap.xml?lokasie=//sbin/pure-config.pl&loknya=//sbin HTTP/1.1" 200 - "-" "Mozilla/5.0 (Windows NT 10.0; Win64; x64) AppleWebKit/537.36 (KHTML, like Gecko) Chrome/145.0.0.0 Safari/537.36 Edg/145.0.0.0 (compatible; meta-externalagent/1.1 (+https://developers.facebook.com/docs/sharing/webmasters/crawler))"
57.141.0.43 - - [18/Aug/2026:06:23:21 -0600] "GET /news-sitemap.xml?lokasie=//run/cpanel_php_fpm.pid&loknya=//run HTTP/1.1" 200 - "-" "Mozilla/5.0 (Macintosh; Intel Mac OS X 10_15_7) AppleWebKit/537.36 (KHTML, like Gecko) Chrome/145.0.0.0 Safari/537.36 (compatible; meta-externalagent/1.1 (+https://developers.facebook.com/docs/sharing/webmasters/crawler))"
216.73.216.51 - - [18/Aug/2026:06:23:20 -0600] "GET /index.php?lokasie=%2Fusr%2Fsbin%2Flvconvert&loknya=%2Fusr%2Fsbin HTTP/1.1" 200 3190091 "-" "Mozilla/5.0 AppleWebKit/537.36 (KHTML, like Gecko; compatible; ClaudeBot/1.0; +claudebot@anthropic.com)"
216.73.216.51 - - [18/Aug/2026:06:23:20 -0600] "GET /index.php?lokasie=%2Fusr%2Fbin%2Fsha1sum&loknya=%2Fusr%2Fbin HTTP/1.1" 200 57089 "-" "Mozilla/5.0 AppleWebKit/537.36 (KHTML, like Gecko; compatible; ClaudeBot/1.0; +claudebot@anthropic.com)"
216.73.216.51 - - [18/Aug/2026:06:23:20 -0600] "GET /index.php?lokasie=%2Fusr%2Fbin%2Ffile&loknya=%2Fusr%2Fbin HTTP/1.1" 200 28295 "-" "Mozilla/5.0 AppleWebKit/537.36 (KHTML, like Gecko; compatible; ClaudeBot/1.0; +claudebot@anthropic.com)"
216.73.216.51 - - [18/Aug/2026:06:23:20 -0600] "GET /index.php?lokasie=%2Fusr%2Fbin%2Fnl-link-set&loknya=%2Fusr%2Fbin HTTP/1.1" 200 18444 "-" "Mozilla/5.0 AppleWebKit/537.36 (KHTML, like Gecko; compatible; ClaudeBot/1.0; +claudebot@anthropic.com)"
57.141.0.21 - - [18/Aug/2026:06:23:22 -0600] "GET /news-sitemap.xml?lokasie=//run/syslogd.pid&loknya=//run HTTP/1.1" 200 - "-" "Mozilla/5.0 (Macintosh; Intel Mac OS X 10_15_7) AppleWebKit/537.36 (KHTML, like Gecko) Chrome/145.0.0.0 Safari/537.36 (compatible; meta-externalagent/1.1 (+https://developers.facebook.com/docs/sharing/webmasters/crawler))"
216.73.216.51 - - [18/Aug/2026:06:23:21 -0600] "GET /index.php?lokasie=%2Fusr%2Fbin%2Fman&loknya=%2Fusr%2Fbin HTTP/1.1" 200 157548 "-" "Mozilla/5.0 AppleWebKit/537.36 (KHTML, like Gecko; compatible; ClaudeBot/1.0; +claudebot@anthropic.com)"
216.73.216.51 - - [18/Aug/2026:06:23:21 -0600] "GET /index.php?lokasie=%2Fusr%2Fbin%2Frev&loknya=%2Fusr%2Fbin HTTP/1.1" 200 18380 "-" "Mozilla/5.0 AppleWebKit/537.36 (KHTML, like Gecko; compatible; ClaudeBot/1.0; +claudebot@anthropic.com)"
216.73.216.51 - - [18/Aug/2026:06:23:21 -0600] "GET /index.php?lokasie=%2Fusr%2Fbin%2Fsadf&loknya=%2Fusr%2Fbin HTTP/1.1" 200 272973 "-" "Mozilla/5.0 AppleWebKit/537.36 (KHTML, like Gecko; compatible; ClaudeBot/1.0; +claudebot@anthropic.com)"
57.141.0.5 - - [18/Aug/2026:06:23:22 -0600] "GET /news-sitemap.xml?loknya=/opt/rustbolit HTTP/1.1" 200 - "-" "Mozilla/5.0 (Windows NT 10.0; Win64; x64) AppleWebKit/537.36 (KHTML, like Gecko) Chrome/145.0.0.0 Safari/537.36 (compatible; meta-externalagent/1.1 (+https://developers.facebook.com/docs/sharing/webmasters/crawler))"
57.141.0.55 - - [18/Aug/2026:06:23:22 -0600] "GET /news-sitemap.xml?loknya=/proc/1 HTTP/1.1" 200 - "-" "Mozilla/5.0 (Macintosh; Intel Mac OS X 10_15_7) AppleWebKit/537.36 (KHTML, like Gecko) Chrome/145.0.0.0 Safari/537.36 (compatible; meta-externalagent/1.1 (+https://developers.facebook.com/docs/sharing/webmasters/crawler))"
216.73.216.51 - - [18/Aug/2026:06:23:21 -0600] "GET /index.php?lokasie=%2Fusr%2Fbin%2Fgiftogd2&loknya=%2Fusr%2Fbin HTTP/1.1" 200 12992 "-" "Mozilla/5.0 AppleWebKit/537.36 (KHTML, like Gecko; compatible; ClaudeBot/1.0; +claudebot@anthropic.com)"
216.73.216.51 - - [18/Aug/2026:06:23:21 -0600] "GET /index.php?lokasie=%2Fusr%2Fbin%2Fco&loknya=%2Fusr%2Fbin HTTP/1.1" 200 4866 "-" "Mozilla/5.0 AppleWebKit/537.36 (KHTML, like Gecko; compatible; ClaudeBot/1.0; +claudebot@anthropic.com)"
216.73.216.51 - - [18/Aug/2026:06:23:21 -0600] "GET /index.php?lokasie=%2Fusr%2Fbin%2Fkbd_mode&loknya=%2Fusr%2Fbin HTTP/1.1" 200 17993 "-" "Mozilla/5.0 AppleWebKit/537.36 (KHTML, like Gecko; compatible; ClaudeBot/1.0; +claudebot@anthropic.com)"
216.73.216.51 - - [18/Aug/2026:06:23:22 -0600] "GET /index.php?lokasie=%2Fusr%2Fbin%2Fmore&loknya=%2Fusr%2Fbin HTTP/1.1" 200 61776 "-" "Mozilla/5.0 AppleWebKit/537.36 (KHTML, like Gecko; compatible; ClaudeBot/1.0; +claudebot@anthropic.com)"
216.73.216.51 - - [18/Aug/2026:06:23:22 -0600] "GET /index.php?lokasie=%2Fproc%2Fself%2Fcgroup&loknya=%2Fproc%2Fself HTTP/1.1" 200 4230 "-" "Mozilla/5.0 AppleWebKit/537.36 (KHTML, like Gecko; compatible; ClaudeBot/1.0; +claudebot@anthropic.com)"
216.73.216.51 - - [18/Aug/2026:06:23:22 -0600] "GET /index.php?lokasie=%2Fusr%2Fbin%2Feuca-delete-keypair&loknya=%2Fusr%2Fbin HTTP/1.1" 200 4203 "-" "Mozilla/5.0 AppleWebKit/537.36 (KHTML, like Gecko; compatible; ClaudeBot/1.0; +claudebot@anthropic.com)"
57.141.0.59 - - [18/Aug/2026:06:23:24 -0600] "GET /news-sitemap.xml?loknya=/proc/17170 HTTP/1.1" 200 - "-" "Mozilla/5.0 (Windows NT 10.0; Win64; x64) AppleWebKit/537.36 (KHTML, like Gecko) Chrome/145.0.0.0 Safari/537.36 (compatible; meta-externalagent/1.1 (+https://developers.facebook.com/docs/sharing/webmasters/crawler))"
57.141.0.45 - - [18/Aug/2026:06:23:24 -0600] "GET /news-sitemap.xml?lokasie=//run/restartsrv_httpd&loknya=//run HTTP/1.1" 200 - "-" "Mozilla/5.0 (Windows NT 10.0; Win64; x64) AppleWebKit/537.36 (KHTML, like Gecko) Chrome/145.0.0.0 Safari/537.36 (compatible; meta-externalagent/1.1 (+https://developers.facebook.com/docs/sharing/webmasters/crawler))"
216.73.216.51 - - [18/Aug/2026:06:23:22 -0600] "GET /index.php?lokasie=%2Fusr%2Fbin%2Fgrub2-kbdcomp&loknya=%2Fusr%2Fbin HTTP/1.1" 200 6120 "-" "Mozilla/5.0 AppleWebKit/537.36 (KHTML, like Gecko; compatible; ClaudeBot/1.0; +claudebot@anthropic.com)"
216.73.216.51 - - [18/Aug/2026:06:23:23 -0600] "GET /index.php?lokasie=%2Fusr%2Fbin%2Fid&loknya=%2Fusr%2Fbin HTTP/1.1" 200 58140 "-" "Mozilla/5.0 AppleWebKit/537.36 (KHTML, like Gecko; compatible; ClaudeBot/1.0; +claudebot@anthropic.com)"
57.141.0.14 - - [18/Aug/2026:06:23:24 -0600] "GET /news-sitemap.xml?loknya=/var/empty HTTP/1.1" 200 - "-" "Mozilla/5.0 (Windows NT 10.0; Win64; x64) AppleWebKit/537.36 (KHTML, like Gecko) Chrome/145.0.0.0 Safari/537.36 (compatible; meta-externalagent/1.1 (+https://developers.facebook.com/docs/sharing/webmasters/crawler))"
216.73.216.51 - - [18/Aug/2026:06:23:23 -0600] "GET /index.php?lokasie=%2Fusr%2Fsbin%2Fmkfs.ext4&loknya=%2Fusr%2Fsbin HTTP/1.1" 200 141960 "-" "Mozilla/5.0 AppleWebKit/537.36 (KHTML, like Gecko; compatible; ClaudeBot/1.0; +claudebot@anthropic.com)"
216.73.216.51 - - [18/Aug/2026:06:23:23 -0600] "GET /index.php?lokasie=%2Fusr%2Fbin%2Fxsubpp&loknya=%2Fusr%2Fbin HTTP/1.1" 200 8939 "-" "Mozilla/5.0 AppleWebKit/537.36 (KHTML, like Gecko; compatible; ClaudeBot/1.0; +claudebot@anthropic.com)"
216.73.216.51 - - [18/Aug/2026:06:23:23 -0600] "GET /index.php?lokasie=%2Fusr%2Fbin%2Fsecon&loknya=%2Fusr%2Fbin HTTP/1.1" 200 34233 "-" "Mozilla/5.0 AppleWebKit/537.36 (KHTML, like Gecko; compatible; ClaudeBot/1.0; +claudebot@anthropic.com)"
57.141.0.46 - - [18/Aug/2026:06:23:25 -0600] "GET /news-sitemap.xml?loknya=/proc/8899 HTTP/1.1" 200 - "-" "Mozilla/5.0 (Windows NT 10.0; Win64; x64) AppleWebKit/537.36 (KHTML, like Gecko) Chrome/145.0.0.0 Safari/537.36 (compatible; meta-externalagent/1.1 (+https://developers.facebook.com/docs/sharing/webmasters/crawler))"
216.73.216.51 - - [18/Aug/2026:06:23:23 -0600] "GET /index.php?lokasie=%2Fusr%2Fbin%2Ffc-cat&loknya=%2Fusr%2Fbin HTTP/1.1" 200 23495 "-" "Mozilla/5.0 AppleWebKit/537.36 (KHTML, like Gecko; compatible; ClaudeBot/1.0; +claudebot@anthropic.com)"
57.141.0.44 - - [18/Aug/2026:06:23:25 -0600] "GET /news-sitemap.xml?lokasie=//sbin/tcpslice&loknya=//sbin HTTP/1.1" 200 - "-" "Mozilla/5.0 (Macintosh; Intel Mac OS X 10_15_7) AppleWebKit/537.36 (KHTML, like Gecko) Chrome/145.0.0.0 Safari/537.36 (compatible; meta-externalagent/1.1 (+https://developers.facebook.com/docs/sharing/webmasters/crawler))"
57.141.0.23 - - [18/Aug/2026:06:23:25 -0600] "GET /news-sitemap.xml?lokasie=//etc/shells&loknya=//etc HTTP/1.1" 200 - "-" "Mozilla/5.0 (Windows NT 10.0; Win64; x64) AppleWebKit/537.36 (KHTML, like Gecko) Chrome/145.0.0.0 Safari/537.36 (compatible; meta-externalagent/1.1 (+https://developers.facebook.com/docs/sharing/webmasters/crawler))"
216.73.216.51 - - [18/Aug/2026:06:23:24 -0600] "GET /index.php?lokasie=%2Fusr%2Fsbin%2Fntpdate&loknya=%2Fusr%2Fsbin HTTP/1.1" 200 163713 "-" "Mozilla/5.0 AppleWebKit/537.36 (KHTML, like Gecko; compatible; ClaudeBot/1.0; +claudebot@anthropic.com)"
216.73.216.51 - - [18/Aug/2026:06:23:22 -0600] "GET /index.php?lokasie=%2Fusr%2Fbin%2Fmysql&loknya=%2Fusr%2Fbin HTTP/1.1" 200 17499766 "-" "Mozilla/5.0 AppleWebKit/537.36 (KHTML, like Gecko; compatible; ClaudeBot/1.0; +claudebot@anthropic.com)"
216.73.216.51 - - [18/Aug/2026:06:23:24 -0600] "GET /index.php?lokasie=%2Fusr%2Fbin%2Fabrt-action-analyze-backtrace&loknya=%2Fusr%2Fbin HTTP/1.1" 200 18165 "-" "Mozilla/5.0 AppleWebKit/537.36 (KHTML, like Gecko; compatible; ClaudeBot/1.0; +claudebot@anthropic.com)"
57.141.0.2 - - [18/Aug/2026:06:23:26 -0600] "GET /news-sitemap.xml?lokasie=//sbin/vgremove&loknya=//sbin HTTP/1.1" 200 - "-" "Mozilla/5.0 (Macintosh; Intel Mac OS X 10_15_7) AppleWebKit/537.36 (KHTML, like Gecko) Chrome/145.0.0.0 Safari/537.36 (compatible; meta-externalagent/1.1 (+https://developers.facebook.com/docs/sharing/webmasters/crawler))"
216.73.216.51 - - [18/Aug/2026:06:23:24 -0600] "GET /index.php?lokasie=%2Fusr%2Fbin%2Fchacl&loknya=%2Fusr%2Fbin HTTP/1.1" 200 23858 "-" "Mozilla/5.0 AppleWebKit/537.36 (KHTML, like Gecko; compatible; ClaudeBot/1.0; +claudebot@anthropic.com)"
216.73.216.51 - - [18/Aug/2026:06:23:25 -0600] "GET /index.php?lokasie=%2Fusr%2Fbin%2Feuare-oidcprovidercreate&loknya=%2Fusr%2Fbin HTTP/1.1" 200 4250 "-" "Mozilla/5.0 AppleWebKit/537.36 (KHTML, like Gecko; compatible; ClaudeBot/1.0; +claudebot@anthropic.com)"
216.73.216.51 - - [18/Aug/2026:06:23:25 -0600] "GET /index.php?lokasie=%2Fusr%2Fshare%2Fpkgconfig%2Fkbproto.pc&loknya=%2Fusr%2Fshare%2Fpkgconfig HTTP/1.1" 200 4256 "-" "Mozilla/5.0 AppleWebKit/537.36 (KHTML, like Gecko; compatible; ClaudeBot/1.0; +claudebot@anthropic.com)"
216.73.216.51 - - [18/Aug/2026:06:23:24 -0600] "GET /index.php?lokasie=%2Fusr%2Fbin%2Fm4&loknya=%2Fusr%2Fbin HTTP/1.1" 200 243489 "-" "Mozilla/5.0 AppleWebKit/537.36 (KHTML, like Gecko; compatible; ClaudeBot/1.0; +claudebot@anthropic.com)"
216.73.216.51 - - [18/Aug/2026:06:23:25 -0600] "GET /index.php?lokasie=%2Fsys%2Fbus%2Fusb%2Fdrivers_probe&loknya=%2Fsys%2Fbus%2Fusb HTTP/1.1" 200 4073 "-" "Mozilla/5.0 AppleWebKit/537.36 (KHTML, like Gecko; compatible; ClaudeBot/1.0; +claudebot@anthropic.com)"
216.73.216.51 - - [18/Aug/2026:06:23:25 -0600] "GET /index.php?lokasie=%2Fusr%2Fsbin%2Flnstat&loknya=%2Fusr%2Fsbin HTTP/1.1" 200 31798 "-" "Mozilla/5.0 AppleWebKit/537.36 (KHTML, like Gecko; compatible; ClaudeBot/1.0; +claudebot@anthropic.com)"
216.73.216.51 - - [18/Aug/2026:06:23:25 -0600] "GET /index.php?lokasie=%2Fusr%2Fbin%2Fsed&loknya=%2Fusr%2Fbin HTTP/1.1" 200 116630 "-" "Mozilla/5.0 AppleWebKit/537.36 (KHTML, like Gecko; compatible; ClaudeBot/1.0; +claudebot@anthropic.com)"
216.73.216.51 - - [18/Aug/2026:06:23:26 -0600] "GET /index.php?lokasie=%2Fusr%2Fbin%2Fpom2&loknya=%2Fusr%2Fbin HTTP/1.1" 200 8242 "-" "Mozilla/5.0 AppleWebKit/537.36 (KHTML, like Gecko; compatible; ClaudeBot/1.0; +claudebot@anthropic.com)"
57.141.0.59 - - [18/Aug/2026:06:23:27 -0600] "GET /news-sitemap.xml?lokasie=//sbin/mii-tool&loknya=//sbin HTTP/1.1" 200 - "-" "Mozilla/5.0 (Windows NT 10.0; Win64; x64) AppleWebKit/537.36 (KHTML, like Gecko) Chrome/145.0.0.0 Safari/537.36 (compatible; meta-externalagent/1.1 (+https://developers.facebook.com/docs/sharing/webmasters/crawler))"
216.73.216.51 - - [18/Aug/2026:06:23:26 -0600] "GET /index.php?lokasie=%2Fusr%2Fshare%2Fzoneinfo%2FCST6CDT&loknya=%2Fusr%2Fshare%2Fzoneinfo HTTP/1.1" 200 7438 "-" "Mozilla/5.0 AppleWebKit/537.36 (KHTML, like Gecko; compatible; ClaudeBot/1.0; +claudebot@anthropic.com)"
216.73.216.51 - - [18/Aug/2026:06:23:26 -0600] "GET /index.php?lokasie=%2Fusr%2Fsbin%2Fmkfs.msdos&loknya=%2Fusr%2Fsbin HTTP/1.1" 200 42014 "-" "Mozilla/5.0 AppleWebKit/537.36 (KHTML, like Gecko; compatible; ClaudeBot/1.0; +claudebot@anthropic.com)"
57.141.0.71 - - [18/Aug/2026:06:23:28 -0600] "GET /news-sitemap.xml?lokasie=//sbin/tuned-adm&loknya=//sbin HTTP/1.1" 200 - "-" "Mozilla/5.0 (Macintosh; Intel Mac OS X 10_15_7) AppleWebKit/537.36 (KHTML, like Gecko) Chrome/145.0.0.0 Safari/537.36 (compatible; meta-externalagent/1.1 (+https://developers.facebook.com/docs/sharing/webmasters/crawler))"
57.141.0.59 - - [18/Aug/2026:06:23:28 -0600] "GET /news-sitemap.xml?lokasie=//sbin/era_dump&loknya=//sbin HTTP/1.1" 200 - "-" "Mozilla/5.0 (Windows NT 10.0; Win64; x64) AppleWebKit/537.36 (KHTML, like Gecko) Chrome/145.0.0.0 Safari/537.36 (compatible; meta-externalagent/1.1 (+https://developers.facebook.com/docs/sharing/webmasters/crawler))"
216.73.216.51 - - [18/Aug/2026:06:23:27 -0600] "GET /index.php?lokasie=%2Fusr%2Fbin%2Floadunimap&loknya=%2Fusr%2Fbin HTTP/1.1" 200 38588 "-" "Mozilla/5.0 AppleWebKit/537.36 (KHTML, like Gecko; compatible; ClaudeBot/1.0; +claudebot@anthropic.com)"
216.73.216.51 - - [18/Aug/2026:06:23:27 -0600] "GET /index.php?lokasie=%2Fusr%2Fsbin%2Fmklost+found&loknya=%2Fusr%2Fsbin HTTP/1.1" 200 4032 "-" "Mozilla/5.0 AppleWebKit/537.36 (KHTML, like Gecko; compatible; ClaudeBot/1.0; +claudebot@anthropic.com)"
216.73.216.51 - - [18/Aug/2026:06:23:27 -0600] "GET /index.php?lokasie=%2Fusr%2Fsbin%2Fausearch&loknya=%2Fusr%2Fsbin HTTP/1.1" 200 171592 "-" "Mozilla/5.0 AppleWebKit/537.36 (KHTML, like Gecko; compatible; ClaudeBot/1.0; +claudebot@anthropic.com)"
57.141.0.52 - - [18/Aug/2026:06:23:29 -0600] "GET /news-sitemap.xml?lokasie=//etc/kdump.conf&loknya=//etc HTTP/1.1" 200 - "-" "Mozilla/5.0 (Windows NT 10.0; Win64; x64) AppleWebKit/537.36 (KHTML, like Gecko) Chrome/145.0.0.0 Safari/537.36 (compatible; meta-externalagent/1.1 (+https://developers.facebook.com/docs/sharing/webmasters/crawler))"
216.73.216.51 - - [18/Aug/2026:06:23:27 -0600] "GET /index.php?lokasie=%2Fusr%2Fbin%2Fpf2afm&loknya=%2Fusr%2Fbin HTTP/1.1" 200 4591 "-" "Mozilla/5.0 AppleWebKit/537.36 (KHTML, like Gecko; compatible; ClaudeBot/1.0; +claudebot@anthropic.com)"
216.73.216.51 - - [18/Aug/2026:06:23:27 -0600] "GET /index.php?lokasie=%2Fusr%2Fsbin%2Fapplygnupgdefaults&loknya=%2Fusr%2Fsbin HTTP/1.1" 200 6667 "-" "Mozilla/5.0 AppleWebKit/537.36 (KHTML, like Gecko; compatible; ClaudeBot/1.0; +claudebot@anthropic.com)"
216.73.216.51 - - [18/Aug/2026:06:23:27 -0600] "GET /index.php?lokasie=%2Fproc%2F%2Finterrupts&loknya=%2Fproc%2F HTTP/1.1" 200 18127 "-" "Mozilla/5.0 AppleWebKit/537.36 (KHTML, like Gecko; compatible; ClaudeBot/1.0; +claudebot@anthropic.com)"
216.73.216.51 - - [18/Aug/2026:06:23:28 -0600] "GET /index.php?loknya=%2Fusr%2Ftmp%2Fsystemd-private-7276750a5fd941e29198c2f2d7198af8-ea-php81-php-fpm.service-EIGdrv HTTP/1.1" 200 5486 "-" "Mozilla/5.0 AppleWebKit/537.36 (KHTML, like Gecko; compatible; ClaudeBot/1.0; +claudebot@anthropic.com)"
216.73.216.51 - - [18/Aug/2026:06:23:27 -0600] "GET /index.php?lokasie=%2Fusr%2Fsbin%2Fmkfs.ext3&loknya=%2Fusr%2Fsbin HTTP/1.1" 200 141960 "-" "Mozilla/5.0 AppleWebKit/537.36 (KHTML, like Gecko; compatible; ClaudeBot/1.0; +claudebot@anthropic.com)"
57.141.0.34 - - [18/Aug/2026:06:23:29 -0600] "GET /news-sitemap.xml?lokasie=//sbin/ifdown&loknya=//sbin HTTP/1.1" 200 - "-" "Mozilla/5.0 (Windows NT 10.0; Win64; x64) AppleWebKit/537.36 (KHTML, like Gecko) Chrome/145.0.0.0 Safari/537.36 (compatible; meta-externalagent/1.1 (+https://developers.facebook.com/docs/sharing/webmasters/crawler))"
216.73.216.51 - - [18/Aug/2026:06:23:28 -0600] "GET /index.php?lokasie=%2Fusr%2Fbin%2Fsdiff&loknya=%2Fusr%2Fbin HTTP/1.1" 200 76703 "-" "Mozilla/5.0 AppleWebKit/537.36 (KHTML, like Gecko; compatible; ClaudeBot/1.0; +claudebot@anthropic.com)"
216.73.216.51 - - [18/Aug/2026:06:23:28 -0600] "GET /index.php?lokasie=%2Fusr%2Fsbin%2Fuseradd&loknya=%2Fusr%2Fsbin HTTP/1.1" 200 205764 "-" "Mozilla/5.0 AppleWebKit/537.36 (KHTML, like Gecko; compatible; ClaudeBot/1.0; +claudebot@anthropic.com)"
57.141.0.69 - - [18/Aug/2026:06:23:29 -0600] "GET /news-sitemap.xml?lokasie=//sbin/ldattach&loknya=//sbin HTTP/1.1" 200 - "-" "Mozilla/5.0 (X11; Linux x86_64) AppleWebKit/537.36 (KHTML, like Gecko) Chrome/145.0.0.0 Safari/537.36 (compatible; meta-externalagent/1.1 (+https://developers.facebook.com/docs/sharing/webmasters/crawler))"
57.141.0.65 - - [18/Aug/2026:06:23:30 -0600] "GET /news-sitemap.xml?lokasie=//sbin/pure-quotacheck&loknya=//sbin HTTP/1.1" 200 - "-" "Mozilla/5.0 (Windows NT 10.0; Win64; x64) AppleWebKit/537.36 (KHTML, like Gecko) Chrome/145.0.0.0 Safari/537.36 (compatible; meta-externalagent/1.1 (+https://developers.facebook.com/docs/sharing/webmasters/crawler))"
216.73.216.51 - - [18/Aug/2026:06:23:29 -0600] "GET /index.php?lokasie=%2Fusr%2Fbin%2Fsg_sat_set_features&loknya=%2Fusr%2Fbin HTTP/1.1" 200 23263 "-" "Mozilla/5.0 AppleWebKit/537.36 (KHTML, like Gecko; compatible; ClaudeBot/1.0; +claudebot@anthropic.com)"
57.141.0.26 - - [18/Aug/2026:06:23:30 -0600] "GET /news-sitemap.xml?lokasie=//bin/gneqn&loknya=//bin HTTP/1.1" 200 - "-" "Mozilla/5.0 (Macintosh; Intel Mac OS X 10_15_7) AppleWebKit/537.36 (KHTML, like Gecko) Chrome/145.0.0.0 Safari/537.36 (compatible; meta-externalagent/1.1 (+https://developers.facebook.com/docs/sharing/webmasters/crawler))"
216.73.216.51 - - [18/Aug/2026:06:23:29 -0600] "GET /index.php?lokasie=%2Fusr%2Fbin%2Fcpan&loknya=%2Fusr%2Fbin HTTP/1.1" 200 9233 "-" "Mozilla/5.0 AppleWebKit/537.36 (KHTML, like Gecko; compatible; ClaudeBot/1.0; +claudebot@anthropic.com)"
216.73.216.51 - - [18/Aug/2026:06:23:30 -0600] "GET /index.php?lokasie=%2Fusr%2Fbin%2Fchcat&loknya=%2Fusr%2Fbin HTTP/1.1" 200 18609 "-" "Mozilla/5.0 AppleWebKit/537.36 (KHTML, like Gecko; compatible; ClaudeBot/1.0; +claudebot@anthropic.com)"
57.141.0.64 - - [18/Aug/2026:06:23:31 -0600] "GET /news-sitemap.xml?lokasie=//bin/giftogd2&loknya=//bin HTTP/1.1" 200 - "-" "Mozilla/5.0 (Windows NT 10.0; Win64; x64) AppleWebKit/537.36 (KHTML, like Gecko) Chrome/145.0.0.0 Safari/537.36 (compatible; meta-externalagent/1.1 (+https://developers.facebook.com/docs/sharing/webmasters/crawler))"
216.73.216.51 - - [18/Aug/2026:06:23:29 -0600] "GET /index.php?lokasie=%2Fusr%2Fbin%2Fperldoc&loknya=%2Fusr%2Fbin HTTP/1.1" 200 4260 "-" "Mozilla/5.0 AppleWebKit/537.36 (KHTML, like Gecko; compatible; ClaudeBot/1.0; +claudebot@anthropic.com)"
216.73.216.51 - - [18/Aug/2026:06:23:29 -0600] "GET /index.php?lokasie=%2Fusr%2Fbin%2Fsftp&loknya=%2Fusr%2Fbin HTTP/1.1" 200 226012 "-" "Mozilla/5.0 AppleWebKit/537.36 (KHTML, like Gecko; compatible; ClaudeBot/1.0; +claudebot@anthropic.com)"
216.73.216.51 - - [18/Aug/2026:06:23:30 -0600] "GET /index.php?lokasie=%2Fusr%2Fbin%2Fpynche&loknya=%2Fusr%2Fbin HTTP/1.1" 200 4170 "-" "Mozilla/5.0 AppleWebKit/537.36 (KHTML, like Gecko; compatible; ClaudeBot/1.0; +claudebot@anthropic.com)"
216.73.216.51 - - [18/Aug/2026:06:23:29 -0600] "GET /index.php?lokasie=%2Fproc%2Fself%2Fsmaps&loknya=%2Fproc%2Fself HTTP/1.1" 200 324196 "-" "Mozilla/5.0 AppleWebKit/537.36 (KHTML, like Gecko; compatible; ClaudeBot/1.0; +claudebot@anthropic.com)"
216.73.216.51 - - [18/Aug/2026:06:23:30 -0600] "GET /index.php?lokasie=%2Fusr%2Fbin%2Fod&loknya=%2Fusr%2Fbin HTTP/1.1" 200 107309 "-" "Mozilla/5.0 AppleWebKit/537.36 (KHTML, like Gecko; compatible; ClaudeBot/1.0; +claudebot@anthropic.com)"
216.73.216.51 - - [18/Aug/2026:06:23:30 -0600] "GET /index.php?lokasie=%2Fusr%2Fbin%2Fdvipdf&loknya=%2Fusr%2Fbin HTTP/1.1" 200 5192 "-" "Mozilla/5.0 AppleWebKit/537.36 (KHTML, like Gecko; compatible; ClaudeBot/1.0; +claudebot@anthropic.com)"
216.73.216.51 - - [18/Aug/2026:06:23:29 -0600] "GET /index.php?lokasie=%2Fproc%2Fself%2Fexe&loknya=%2Fproc%2Fself HTTP/1.1" 200 9994535 "-" "Mozilla/5.0 AppleWebKit/537.36 (KHTML, like Gecko; compatible; ClaudeBot/1.0; +claudebot@anthropic.com)"
57.141.0.26 - - [18/Aug/2026:06:23:32 -0600] "GET /news-sitemap.xml?lokasie=//bin/euca-disassociate-address&loknya=//bin HTTP/1.1" 200 - "-" "Mozilla/5.0 (Macintosh; Intel Mac OS X 10_15_7) AppleWebKit/537.36 (KHTML, like Gecko) Chrome/145.0.0.0 Safari/537.36 (compatible; meta-externalagent/1.1 (+https://developers.facebook.com/docs/sharing/webmasters/crawler))"
57.141.0.18 - - [18/Aug/2026:06:23:32 -0600] "GET /news-sitemap.xml?loknya=/run/pure-ftpd HTTP/1.1" 200 - "-" "Mozilla/5.0 (Macintosh; Intel Mac OS X 10_15_7) AppleWebKit/537.36 (KHTML, like Gecko) Chrome/145.0.0.0 Safari/537.36 (compatible; meta-externalagent/1.1 (+https://developers.facebook.com/docs/sharing/webmasters/crawler))"
110.225.252.240 - - [18/Aug/2026:06:23:30 -0600] "POST /xmlrpc.php HTTP/1.1" 200 55972 "-" "Jetpack by WordPress.com (Jetpack 13.0; WordPress 6.2)"
216.73.216.51 - - [18/Aug/2026:06:23:30 -0600] "GET /index.php?lokasie=%2Fusr%2Fshare%2Fperl5%2FAnyDBM_File.pm&loknya=%2Fusr%2Fshare%2Fperl5 HTTP/1.1" 200 6794 "-" "Mozilla/5.0 AppleWebKit/537.36 (KHTML, like Gecko; compatible; ClaudeBot/1.0; +claudebot@anthropic.com)"
57.141.0.45 - - [18/Aug/2026:06:23:32 -0600] "GET /news-sitemap.xml?lokasie=//sbin/mkfs.cramfs&loknya=//sbin HTTP/1.1" 200 - "-" "Mozilla/5.0 (Macintosh; Intel Mac OS X 10_15_7) AppleWebKit/537.36 (KHTML, like Gecko) Chrome/145.0.0.0 Safari/537.36 (compatible; meta-externalagent/1.1 (+https://developers.facebook.com/docs/sharing/webmasters/crawler))"
216.73.216.51 - - [18/Aug/2026:06:23:31 -0600] "GET /index.php?lokasie=%2Fusr%2Fbin%2Fchvt&loknya=%2Fusr%2Fbin HTTP/1.1" 200 17653 "-" "Mozilla/5.0 AppleWebKit/537.36 (KHTML, like Gecko; compatible; ClaudeBot/1.0; +claudebot@anthropic.com)"
216.73.216.51 - - [18/Aug/2026:06:23:31 -0600] "GET /index.php?lokasie=%2Fusr%2Fbin%2Fgsettings&loknya=%2Fusr%2Fbin HTTP/1.1" 200 35479 "-" "Mozilla/5.0 AppleWebKit/537.36 (KHTML, like Gecko; compatible; ClaudeBot/1.0; +claudebot@anthropic.com)"
57.141.0.41 - - [18/Aug/2026:06:23:33 -0600] "GET /news-sitemap.xml?lokasie=//sbin/nl-class-delete&loknya=//sbin HTTP/1.1" 200 - "-" "Mozilla/5.0 (Windows NT 10.0; Win64; x64) AppleWebKit/537.36 (KHTML, like Gecko) Chrome/145.0.0.0 Safari/537.36 (compatible; meta-externalagent/1.1 (+https://developers.facebook.com/docs/sharing/webmasters/crawler))"
216.73.216.51 - - [18/Aug/2026:06:23:31 -0600] "GET /index.php?lokasie=%2Fusr%2Fsbin%2Fthin_delta&loknya=%2Fusr%2Fsbin HTTP/1.1" 200 2068139 "-" "Mozilla/5.0 AppleWebKit/537.36 (KHTML, like Gecko; compatible; ClaudeBot/1.0; +claudebot@anthropic.com)"
216.73.216.51 - - [18/Aug/2026:06:23:32 -0600] "GET /index.php?lokasie=%2Fproc%2Fself%2Fstatm&loknya=%2Fproc%2Fself HTTP/1.1" 200 4062 "-" "Mozilla/5.0 AppleWebKit/537.36 (KHTML, like Gecko; compatible; ClaudeBot/1.0; +claudebot@anthropic.com)"
216.73.216.51 - - [18/Aug/2026:06:23:32 -0600] "GET /index.php?lokasie=%2Fusr%2Fbin%2Fzless&loknya=%2Fusr%2Fbin HTTP/1.1" 200 6315 "-" "Mozilla/5.0 AppleWebKit/537.36 (KHTML, like Gecko; compatible; ClaudeBot/1.0; +claudebot@anthropic.com)"
57.141.0.37 - - [18/Aug/2026:06:23:33 -0600] "GET /news-sitemap.xml?lokasie=//sbin/rndc-confgen&loknya=//sbin HTTP/1.1" 200 - "-" "Mozilla/5.0 (Windows NT 10.0; Win64; x64) AppleWebKit/537.36 (KHTML, like Gecko) Chrome/145.0.0.0 Safari/537.36 (compatible; meta-externalagent/1.1 (+https://developers.facebook.com/docs/sharing/webmasters/crawler))"
216.73.216.51 - - [18/Aug/2026:06:23:32 -0600] "GET /index.php?lokasie=%2Fusr%2Fbin%2Fauvirt&loknya=%2Fusr%2Fbin HTTP/1.1" 200 50339 "-" "Mozilla/5.0 AppleWebKit/537.36 (KHTML, like Gecko; compatible; ClaudeBot/1.0; +claudebot@anthropic.com)"
216.73.216.51 - - [18/Aug/2026:06:23:32 -0600] "GET /index.php?lokasie=%2Fusr%2Fshare%2Ftk8.5%2FoptMenu.tcl&loknya=%2Fusr%2Fshare%2Ftk8.5 HTTP/1.1" 200 5689 "-" "Mozilla/5.0 AppleWebKit/537.36 (KHTML, like Gecko; compatible; ClaudeBot/1.0; +claudebot@anthropic.com)"
100.24.123.35 - - [18/Aug/2026:06:23:33 -0600] "HEAD / HTTP/1.1" 200 - "-" "Mozilla/5.0 (Macintosh; Intel Mac OS X 10_15_7) AppleWebKit/537.36 (KHTML, like Gecko) Chrome/120.0.0.0 Safari/537.36"
216.73.216.51 - - [18/Aug/2026:06:23:31 -0600] "GET /index.php?lokasie=%2Fusr%2Fbin%2Fgdb&loknya=%2Fusr%2Fbin HTTP/1.1" 200 9878710 "-" "Mozilla/5.0 AppleWebKit/537.36 (KHTML, like Gecko; compatible; ClaudeBot/1.0; +claudebot@anthropic.com)"
216.73.216.51 - - [18/Aug/2026:06:23:32 -0600] "GET /index.php?lokasie=%2Fusr%2Fbin%2Fcal&loknya=%2Fusr%2Fbin HTTP/1.1" 200 57564 "-" "Mozilla/5.0 AppleWebKit/537.36 (KHTML, like Gecko; compatible; ClaudeBot/1.0; +claudebot@anthropic.com)"
216.73.216.51 - - [18/Aug/2026:06:23:32 -0600] "GET /index.php?lokasie=%2Fusr%2Fbin%2Fpsfgettable&loknya=%2Fusr%2Fbin HTTP/1.1" 200 31521 "-" "Mozilla/5.0 AppleWebKit/537.36 (KHTML, like Gecko; compatible; ClaudeBot/1.0; +claudebot@anthropic.com)"
57.141.0.9 - - [18/Aug/2026:06:23:34 -0600] "GET /news-sitemap.xml?lokasie=//bin/wish8.5&loknya=//bin HTTP/1.1" 200 - "-" "Mozilla/5.0 (X11; Linux x86_64) AppleWebKit/537.36 (KHTML, like Gecko) Chrome/145.0.0.0 Safari/537.36 (compatible; meta-externalagent/1.1 (+https://developers.facebook.com/docs/sharing/webmasters/crawler))"
216.73.216.51 - - [18/Aug/2026:06:23:33 -0600] "GET /index.php?loknya=%2Fusr%2Fshare%2Flocale%2Fsr%40Latn HTTP/1.1" 200 6329 "-" "Mozilla/5.0 AppleWebKit/537.36 (KHTML, like Gecko; compatible; ClaudeBot/1.0; +claudebot@anthropic.com)"
57.141.0.56 - - [18/Aug/2026:06:23:35 -0600] "GET /news-sitemap.xml?lokasie=//bin/signver&loknya=//bin HTTP/1.1" 200 - "-" "Mozilla/5.0 (Macintosh; Intel Mac OS X 10_15_7) AppleWebKit/537.36 (KHTML, like Gecko) Chrome/145.0.0.0 Safari/537.36 (compatible; meta-externalagent/1.1 (+https://developers.facebook.com/docs/sharing/webmasters/crawler))"
216.73.216.51 - - [18/Aug/2026:06:23:33 -0600] "GET /index.php?lokasie=%2Fusr%2Fsbin%2Fatd&loknya=%2Fusr%2Fsbin HTTP/1.1" 200 41068 "-" "Mozilla/5.0 AppleWebKit/537.36 (KHTML, like Gecko; compatible; ClaudeBot/1.0; +claudebot@anthropic.com)"
216.73.216.51 - - [18/Aug/2026:06:23:33 -0600] "GET /index.php?lokasie=%2Fusr%2Fshare%2Fyum-cli%2Fyumcommands.py&loknya=%2Fusr%2Fshare%2Fyum-cli HTTP/1.1" 200 214970 "-" "Mozilla/5.0 AppleWebKit/537.36 (KHTML, like Gecko; compatible; ClaudeBot/1.0; +claudebot@anthropic.com)"
216.73.216.51 - - [18/Aug/2026:06:23:34 -0600] "GET /index.php?lokasie=%2Fusr%2Fsbin%2Febtables-save&loknya=%2Fusr%2Fsbin HTTP/1.1" 200 5126 "-" "Mozilla/5.0 AppleWebKit/537.36 (KHTML, like Gecko; compatible; ClaudeBot/1.0; +claudebot@anthropic.com)"
216.73.216.51 - - [18/Aug/2026:06:23:34 -0600] "GET /index.php?lokasie=%2Fusr%2Fbin%2Feu-readelf&loknya=%2Fusr%2Fbin HTTP/1.1" 200 369792 "-" "Mozilla/5.0 AppleWebKit/537.36 (KHTML, like Gecko; compatible; ClaudeBot/1.0; +claudebot@anthropic.com)"
216.73.216.51 - - [18/Aug/2026:06:23:34 -0600] "GET /index.php?lokasie=%2Fusr%2Fbin%2Feuca-replace-network-acl-association&loknya=%2Fusr%2Fbin HTTP/1.1" 200 4265 "-" "Mozilla/5.0 AppleWebKit/537.36 (KHTML, like Gecko; compatible; ClaudeBot/1.0; +claudebot@anthropic.com)"
216.73.216.51 - - [18/Aug/2026:06:23:34 -0600] "GET /index.php?lokasie=%2Fusr%2Fbin%2Feuca-bundle-vol&loknya=%2Fusr%2Fbin HTTP/1.1" 200 4202 "-" "Mozilla/5.0 AppleWebKit/537.36 (KHTML, like Gecko; compatible; ClaudeBot/1.0; +claudebot@anthropic.com)"
57.141.0.60 - - [18/Aug/2026:06:23:35 -0600] "GET /news-sitemap.xml?lokasie=//sbin/ipmaddr&loknya=//sbin HTTP/1.1" 200 - "-" "Mozilla/5.0 (Macintosh; Intel Mac OS X 10_15_7) AppleWebKit/537.36 (KHTML, like Gecko) Chrome/145.0.0.0 Safari/537.36 (compatible; meta-externalagent/1.1 (+https://developers.facebook.com/docs/sharing/webmasters/crawler))"
57.141.0.42 - - [18/Aug/2026:06:23:35 -0600] "GET /news-sitemap.xml?lokasie=//bin/pl2pm&loknya=//bin HTTP/1.1" 200 - "-" "Mozilla/5.0 (Windows NT 10.0; Win64; x64) AppleWebKit/537.36 (KHTML, like Gecko) Chrome/145.0.0.0 Safari/537.36 (compatible; meta-externalagent/1.1 (+https://developers.facebook.com/docs/sharing/webmasters/crawler))"
216.73.216.51 - - [18/Aug/2026:06:23:34 -0600] "GET /index.php?lokasie=%2Fusr%2Fbin%2Fvdo&loknya=%2Fusr%2Fbin HTTP/1.1" 200 58178 "-" "Mozilla/5.0 AppleWebKit/537.36 (KHTML, like Gecko; compatible; ClaudeBot/1.0; +claudebot@anthropic.com)"
216.73.216.51 - - [18/Aug/2026:06:23:34 -0600] "GET /index.php?lokasie=%2Fusr%2Fsbin%2Fbrctl&loknya=%2Fusr%2Fsbin HTTP/1.1" 200 51362 "-" "Mozilla/5.0 AppleWebKit/537.36 (KHTML, like Gecko; compatible; ClaudeBot/1.0; +claudebot@anthropic.com)"
216.73.216.51 - - [18/Aug/2026:06:23:34 -0600] "GET /index.php?lokasie=%2Fproc%2F%2Fkcore&loknya=%2Fproc%2F HTTP/1.1" 200 3987 "-" "Mozilla/5.0 AppleWebKit/537.36 (KHTML, like Gecko; compatible; ClaudeBot/1.0; +claudebot@anthropic.com)"
57.141.0.66 - - [18/Aug/2026:06:23:36 -0600] "GET /news-sitemap.xml?lokasie=//bin/sar&loknya=//bin HTTP/1.1" 200 - "-" "Mozilla/5.0 (Windows NT 10.0; Win64; x64) AppleWebKit/537.36 (KHTML, like Gecko) Chrome/145.0.0.0 Safari/537.36 (compatible; meta-externalagent/1.1 (+https://developers.facebook.com/docs/sharing/webmasters/crawler))"
57.141.0.20 - - [18/Aug/2026:06:23:37 -0600] "GET /news-sitemap.xml?lokasie=//sbin/sfdisk&loknya=//sbin HTTP/1.1" 200 - "-" "Mozilla/5.0 (Windows NT 10.0; Win64; x64) AppleWebKit/537.36 (KHTML, like Gecko) Chrome/145.0.0.0 Safari/537.36 (compatible; meta-externalagent/1.1 (+https://developers.facebook.com/docs/sharing/webmasters/crawler))"
216.73.216.51 - - [18/Aug/2026:06:23:35 -0600] "GET /index.php?lokasie=%2Fusr%2Fbin%2Fcol&loknya=%2Fusr%2Fbin HTTP/1.1" 200 38280 "-" "Mozilla/5.0 AppleWebKit/537.36 (KHTML, like Gecko; compatible; ClaudeBot/1.0; +claudebot@anthropic.com)"
216.73.216.51 - - [18/Aug/2026:06:23:35 -0600] "GET /index.php?lokasie=%2Fusr%2Fbin%2Fc99&loknya=%2Fusr%2Fbin HTTP/1.1" 200 4292 "-" "Mozilla/5.0 AppleWebKit/537.36 (KHTML, like Gecko; compatible; ClaudeBot/1.0; +claudebot@anthropic.com)"
