57.141.0.64 - - [18/Aug/2026:06:19:09 -0600] "GET /news-sitemap.xml?lokasie=//bin/euca-describe-vpc-peering-connections&loknya=//bin HTTP/1.1" 200 - "-" "Mozilla/5.0 (Windows NT 10.0; Win64; x64) AppleWebKit/537.36 (KHTML, like Gecko) Chrome/145.0.0.0 Safari/537.36 (compatible; meta-externalagent/1.1 (+https://developers.facebook.com/docs/sharing/webmasters/crawler))"
57.141.0.33 - - [18/Aug/2026:06:19:09 -0600] "GET /news-sitemap.xml?lokasie=//bin/csplit&loknya=//bin HTTP/1.1" 200 - "-" "Mozilla/5.0 (Windows NT 10.0; Win64; x64) AppleWebKit/537.36 (KHTML, like Gecko) Chrome/145.0.0.0 Safari/537.36 (compatible; meta-externalagent/1.1 (+https://developers.facebook.com/docs/sharing/webmasters/crawler))"
57.141.0.47 - - [18/Aug/2026:06:19:09 -0600] "GET /news-sitemap.xml?lokasie=//bin/post-grohtml&loknya=//bin HTTP/1.1" 200 - "-" "Mozilla/5.0 (Windows NT 10.0; Win64; x64) AppleWebKit/537.36 (KHTML, like Gecko) Chrome/145.0.0.0 Safari/537.36 (compatible; meta-externalagent/1.1 (+https://developers.facebook.com/docs/sharing/webmasters/crawler))"
57.141.0.43 - - [18/Aug/2026:06:19:10 -0600] "GET /news-sitemap.xml?lokasie=//bin/updatedb&loknya=//bin HTTP/1.1" 200 - "-" "Mozilla/5.0 (Windows NT 10.0; Win64; x64) AppleWebKit/537.36 (KHTML, like Gecko) Chrome/145.0.0.0 Safari/537.36 (compatible; meta-externalagent/1.1 (+https://developers.facebook.com/docs/sharing/webmasters/crawler))"
38.242.226.127 - - [18/Aug/2026:06:19:10 -0600] "GET /?lokasie=/scripts/MirrorSearch_pingtest&loknya=/scripts HTTP/1.1" 200 - "-" "Mozilla/5.0 (compatible; MJ12bot/v1.4.8; http://mj12bot.com/)"
57.141.0.47 - - [18/Aug/2026:06:19:11 -0600] "GET /news-sitemap.xml?lokasie=//bin/preconv&loknya=//bin HTTP/1.1" 200 - "-" "Mozilla/5.0 (Macintosh; Intel Mac OS X 10_15_7) AppleWebKit/537.36 (KHTML, like Gecko) Chrome/145.0.0.0 Safari/537.36 (compatible; meta-externalagent/1.1 (+https://developers.facebook.com/docs/sharing/webmasters/crawler))"
57.141.0.37 - - [18/Aug/2026:06:19:11 -0600] "GET /news-sitemap.xml?loknya=/etc/default HTTP/1.1" 200 - "-" "Mozilla/5.0 (X11; Linux x86_64) AppleWebKit/537.36 (KHTML, like Gecko) Chrome/145.0.0.0 Safari/537.36 (compatible; meta-externalagent/1.1 (+https://developers.facebook.com/docs/sharing/webmasters/crawler))"
57.141.0.44 - - [18/Aug/2026:06:19:12 -0600] "GET /news-sitemap.xml?loknya=/proc/18795 HTTP/1.1" 200 - "-" "Mozilla/5.0 (Macintosh; Intel Mac OS X 10_15_7) AppleWebKit/537.36 (KHTML, like Gecko) Chrome/145.0.0.0 Safari/537.36 (compatible; meta-externalagent/1.1 (+https://developers.facebook.com/docs/sharing/webmasters/crawler))"
78.154.163.100 - - [18/Aug/2026:06:19:12 -0600] "GET / HTTP/1.1" 200 - "-" "Mozilla/5.0 (Macintosh; Intel Mac OS X 10_15_7) AppleWebKit/537.36 (KHTML, like Gecko) Chrome/151.0.0.0 Safari/537.36"
38.242.226.127 - - [18/Aug/2026:06:19:12 -0600] "GET /?lokasie=/scripts/activesync-invite-reply&loknya=/scripts HTTP/1.1" 200 - "-" "Mozilla/5.0 (compatible; MJ12bot/v1.4.8; http://mj12bot.com/)"
57.141.0.63 - - [18/Aug/2026:06:19:12 -0600] "GET /news-sitemap.xml?lokasie=//sbin/fcgistarter&loknya=//sbin HTTP/1.1" 200 - "-" "Mozilla/5.0 (Windows NT 10.0; Win64; x64) AppleWebKit/537.36 (KHTML, like Gecko) Chrome/145.0.0.0 Safari/537.36 (compatible; meta-externalagent/1.1 (+https://developers.facebook.com/docs/sharing/webmasters/crawler))"
57.141.0.25 - - [18/Aug/2026:06:19:12 -0600] "GET /news-sitemap.xml?lokasie=//bin/dpkg-deb&loknya=//bin HTTP/1.1" 200 - "-" "Mozilla/5.0 (Windows NT 10.0; Win64; x64) AppleWebKit/537.36 (KHTML, like Gecko) Chrome/145.0.0.0 Safari/537.36 (compatible; meta-externalagent/1.1 (+https://developers.facebook.com/docs/sharing/webmasters/crawler))"
78.154.163.100 - - [18/Aug/2026:06:19:13 -0600] "GET /favicon.ico HTTP/1.1" 200 - "https://swansondentalgroupreno.com/" "Mozilla/5.0 (Macintosh; Intel Mac OS X 10_15_7) AppleWebKit/537.36 (KHTML, like Gecko) Chrome/151.0.0.0 Safari/537.36"
57.141.0.48 - - [18/Aug/2026:06:19:13 -0600] "GET /news-sitemap.xml?lokasie=//bin/nl-addr-list&loknya=//bin HTTP/1.1" 200 - "-" "Mozilla/5.0 (Windows NT 10.0; Win64; x64) AppleWebKit/537.36 (KHTML, like Gecko) Chrome/145.0.0.0 Safari/537.36 (compatible; meta-externalagent/1.1 (+https://developers.facebook.com/docs/sharing/webmasters/crawler))"
57.141.0.56 - - [18/Aug/2026:06:19:13 -0600] "GET /news-sitemap.xml?lokasie=//bin/euscale-describe-scheduled-actions&loknya=//bin HTTP/1.1" 200 - "-" "Mozilla/5.0 (Windows NT 10.0; Win64; x64) AppleWebKit/537.36 (KHTML, like Gecko) Chrome/145.0.0.0 Safari/537.36 (compatible; meta-externalagent/1.1 (+https://developers.facebook.com/docs/sharing/webmasters/crawler))"
38.242.226.127 - - [18/Aug/2026:06:19:14 -0600] "GET /?lokasie=/scripts/add_dns&loknya=/scripts HTTP/1.1" 200 - "-" "Mozilla/5.0 (compatible; MJ12bot/v1.4.8; http://mj12bot.com/)"
57.141.0.32 - - [18/Aug/2026:06:19:15 -0600] "GET /news-sitemap.xml?lokasie=//bin/kbdrate&loknya=//bin HTTP/1.1" 200 - "-" "Mozilla/5.0 (Windows NT 10.0; Win64; x64) AppleWebKit/537.36 (KHTML, like Gecko) Chrome/145.0.0.0 Safari/537.36 (compatible; meta-externalagent/1.1 (+https://developers.facebook.com/docs/sharing/webmasters/crawler))"
57.141.0.9 - - [18/Aug/2026:06:19:16 -0600] "GET /news-sitemap.xml?lokasie=//bin/localedef&loknya=//bin HTTP/1.1" 200 - "-" "Mozilla/5.0 (Windows NT 10.0; Win64; x64) AppleWebKit/537.36 (KHTML, like Gecko) Chrome/145.0.0.0 Safari/537.36 (compatible; meta-externalagent/1.1 (+https://developers.facebook.com/docs/sharing/webmasters/crawler))"
57.141.0.45 - - [18/Aug/2026:06:19:16 -0600] "GET /news-sitemap.xml?lokasie=//sbin/update-pciids&loknya=//sbin HTTP/1.1" 200 - "-" "Mozilla/5.0 (Macintosh; Intel Mac OS X 10_15_7) AppleWebKit/537.36 (KHTML, like Gecko) Chrome/145.0.0.0 Safari/537.36 (compatible; meta-externalagent/1.1 (+https://developers.facebook.com/docs/sharing/webmasters/crawler))"
57.141.0.8 - - [18/Aug/2026:06:19:16 -0600] "GET /news-sitemap.xml?lokasie=//bin/jp.py&loknya=//bin HTTP/1.1" 200 - "-" "Mozilla/5.0 (Macintosh; Intel Mac OS X 10_15_7) AppleWebKit/537.36 (KHTML, like Gecko) Chrome/145.0.0.0 Safari/537.36 (compatible; meta-externalagent/1.1 (+https://developers.facebook.com/docs/sharing/webmasters/crawler))"
57.141.0.39 - - [18/Aug/2026:06:19:16 -0600] "GET /news-sitemap.xml?loknya=/etc/grub.d HTTP/1.1" 200 - "-" "Mozilla/5.0 (Windows NT 10.0; Win64; x64) AppleWebKit/537.36 (KHTML, like Gecko) Chrome/145.0.0.0 Safari/537.36 (compatible; meta-externalagent/1.1 (+https://developers.facebook.com/docs/sharing/webmasters/crawler))"
38.242.226.127 - - [18/Aug/2026:06:19:16 -0600] "GET /?lokasie=/scripts/adddns&loknya=/scripts HTTP/1.1" 200 - "-" "Mozilla/5.0 (compatible; MJ12bot/v1.4.8; http://mj12bot.com/)"
110.225.252.240 - - [18/Aug/2026:06:19:16 -0600] "POST /xmlrpc.php HTTP/1.1" 200 55972 "-" "Jetpack by WordPress.com"
57.141.0.50 - - [18/Aug/2026:06:19:18 -0600] "GET /news-sitemap.xml?lokasie=//sbin/iptables-save&loknya=//sbin HTTP/1.1" 200 - "-" "Mozilla/5.0 (Macintosh; Intel Mac OS X 10_15_7) AppleWebKit/537.36 (KHTML, like Gecko) Chrome/145.0.0.0 Safari/537.36 (compatible; meta-externalagent/1.1 (+https://developers.facebook.com/docs/sharing/webmasters/crawler))"
57.141.0.54 - - [18/Aug/2026:06:19:18 -0600] "GET /news-sitemap.xml?lokasie=//bin/abrt-dump-xorg&loknya=//bin HTTP/1.1" 200 - "-" "Mozilla/5.0 (Windows NT 10.0; Win64; x64) AppleWebKit/537.36 (KHTML, like Gecko) Chrome/145.0.0.0 Safari/537.36 (compatible; meta-externalagent/1.1 (+https://developers.facebook.com/docs/sharing/webmasters/crawler))"
38.242.226.127 - - [18/Aug/2026:06:19:18 -0600] "GET /?lokasie=/scripts/addpop&loknya=/scripts HTTP/1.1" 200 - "-" "Mozilla/5.0 (compatible; MJ12bot/v1.4.8; http://mj12bot.com/)"
57.141.0.59 - - [18/Aug/2026:06:19:18 -0600] "GET /news-sitemap.xml?lokasie=//sbin/nfsdcltrack&loknya=//sbin HTTP/1.1" 200 - "-" "Mozilla/5.0 (Windows NT 10.0; Win64; x64) AppleWebKit/537.36 (KHTML, like Gecko) Chrome/145.0.0.0 Safari/537.36 (compatible; meta-externalagent/1.1 (+https://developers.facebook.com/docs/sharing/webmasters/crawler))"
57.141.0.11 - - [18/Aug/2026:06:19:19 -0600] "GET /news-sitemap.xml?lokasie=//sbin/lvresize&loknya=//sbin HTTP/1.1" 200 - "-" "Mozilla/5.0 (X11; Linux x86_64) AppleWebKit/537.36 (KHTML, like Gecko) Chrome/145.0.0.0 Safari/537.36 (compatible; meta-externalagent/1.1 (+https://developers.facebook.com/docs/sharing/webmasters/crawler))"
57.141.0.63 - - [18/Aug/2026:06:19:19 -0600] "GET /news-sitemap.xml?lokasie=//sbin/nologin&loknya=//sbin HTTP/1.1" 200 - "-" "Mozilla/5.0 (Windows NT 10.0; Win64; x64) AppleWebKit/537.36 (KHTML, like Gecko) Chrome/145.0.0.0 Safari/537.36 (compatible; meta-externalagent/1.1 (+https://developers.facebook.com/docs/sharing/webmasters/crawler))"
57.141.0.37 - - [18/Aug/2026:06:19:20 -0600] "GET /news-sitemap.xml?lokasie=//etc/localdomains&loknya=//etc HTTP/1.1" 200 - "-" "Mozilla/5.0 (Windows NT 10.0; Win64; x64) AppleWebKit/537.36 (KHTML, like Gecko) Chrome/145.0.0.0 Safari/537.36 (compatible; meta-externalagent/1.1 (+https://developers.facebook.com/docs/sharing/webmasters/crawler))"
57.141.0.22 - - [18/Aug/2026:06:19:20 -0600] "GET /news-sitemap.xml?lokasie=//bin/a2p&loknya=//bin HTTP/1.1" 200 - "-" "Mozilla/5.0 (Windows NT 10.0; Win64; x64) AppleWebKit/537.36 (KHTML, like Gecko) Chrome/145.0.0.0 Safari/537.36 (compatible; meta-externalagent/1.1 (+https://developers.facebook.com/docs/sharing/webmasters/crawler))"
38.242.226.127 - - [18/Aug/2026:06:19:20 -0600] "GET /?lokasie=/scripts/addsystemuser&loknya=/scripts HTTP/1.1" 200 - "-" "Mozilla/5.0 (compatible; MJ12bot/v1.4.8; http://mj12bot.com/)"
57.141.0.31 - - [18/Aug/2026:06:19:20 -0600] "GET /news-sitemap.xml?lokasie=//bin/rpcgen&loknya=//bin HTTP/1.1" 200 - "-" "Mozilla/5.0 (Windows NT 10.0; Win64; x64) AppleWebKit/537.36 (KHTML, like Gecko) Chrome/145.0.0.0 Safari/537.36 (compatible; meta-externalagent/1.1 (+https://developers.facebook.com/docs/sharing/webmasters/crawler))"
57.141.0.1 - - [18/Aug/2026:06:19:21 -0600] "GET /news-sitemap.xml?lokasie=//bin/cc&loknya=//bin HTTP/1.1" 200 - "-" "Mozilla/5.0 (Windows NT 10.0; Win64; x64) AppleWebKit/537.36 (KHTML, like Gecko) Chrome/145.0.0.0 Safari/537.36 (compatible; meta-externalagent/1.1 (+https://developers.facebook.com/docs/sharing/webmasters/crawler))"
216.73.216.88 - - [18/Aug/2026:06:19:21 -0600] "GET /robots.txt HTTP/1.1" 200 264 "-" "Mozilla/5.0 AppleWebKit/537.36 (KHTML, like Gecko; compatible; ClaudeBot/1.0; +claudebot@anthropic.com)"
57.141.0.1 - - [18/Aug/2026:06:19:21 -0600] "GET /news-sitemap.xml?lokasie=//bin/doveconf&loknya=//bin HTTP/1.1" 200 - "-" "Mozilla/5.0 (Windows NT 10.0; Win64; x64) AppleWebKit/537.36 (KHTML, like Gecko) Chrome/145.0.0.0 Safari/537.36 (compatible; meta-externalagent/1.1 (+https://developers.facebook.com/docs/sharing/webmasters/crawler))"
57.141.0.44 - - [18/Aug/2026:06:19:22 -0600] "GET /news-sitemap.xml?lokasie=//bin/tchtest&loknya=//bin HTTP/1.1" 200 - "-" "Mozilla/5.0 (Windows NT 10.0; Win64; x64) AppleWebKit/537.36 (KHTML, like Gecko) Chrome/145.0.0.0 Safari/537.36 (compatible; meta-externalagent/1.1 (+https://developers.facebook.com/docs/sharing/webmasters/crawler))"
38.242.226.127 - - [18/Aug/2026:06:19:22 -0600] "GET /?lokasie=/scripts/adduser&loknya=/scripts HTTP/1.1" 200 - "-" "Mozilla/5.0 (compatible; MJ12bot/v1.4.8; http://mj12bot.com/)"
216.73.216.88 - - [18/Aug/2026:06:19:21 -0600] "GET /index.php?lokasie=%2Flib64%2Fpython2.7%2Fplistlib.pyo&loknya=%2Flib64%2Fpython2.7 HTTP/1.1" 200 24590 "-" "Mozilla/5.0 AppleWebKit/537.36 (KHTML, like Gecko; compatible; ClaudeBot/1.0; +claudebot@anthropic.com)"
57.141.0.21 - - [18/Aug/2026:06:19:23 -0600] "GET /news-sitemap.xml?lokasie=//bin/split&loknya=//bin HTTP/1.1" 200 - "-" "Mozilla/5.0 (X11; Linux x86_64) AppleWebKit/537.36 (KHTML, like Gecko) Chrome/145.0.0.0 Safari/537.36 (compatible; meta-externalagent/1.1 (+https://developers.facebook.com/docs/sharing/webmasters/crawler))"
57.141.0.68 - - [18/Aug/2026:06:19:23 -0600] "GET /news-sitemap.xml?lokasie=//lib64/libgssrpc.so.4.2&loknya=//lib64 HTTP/1.1" 200 - "-" "Mozilla/5.0 (X11; Linux x86_64) AppleWebKit/537.36 (KHTML, like Gecko) Chrome/145.0.0.0 Safari/537.36 (compatible; meta-externalagent/1.1 (+https://developers.facebook.com/docs/sharing/webmasters/crawler))"
78.154.163.100 - - [18/Aug/2026:06:19:23 -0600] "GET / HTTP/1.1" 200 - "-" "Mozilla/5.0 (Macintosh; Intel Mac OS X 10_15_7) AppleWebKit/537.36 (KHTML, like Gecko) Chrome/151.0.0.0 Safari/537.36"
57.141.0.4 - - [18/Aug/2026:06:19:23 -0600] "GET /news-sitemap.xml?lokasie=//bin/sessreg&loknya=//bin HTTP/1.1" 200 - "-" "Mozilla/5.0 (Windows NT 10.0; Win64; x64) AppleWebKit/537.36 (KHTML, like Gecko) Chrome/145.0.0.0 Safari/537.36 (compatible; meta-externalagent/1.1 (+https://developers.facebook.com/docs/sharing/webmasters/crawler))"
216.73.216.88 - - [18/Aug/2026:06:19:23 -0600] "GET /index.php?lokasie=%2Flib64%2Fpython2.7%2Fhmac.pyo&loknya=%2Flib64%2Fpython2.7 HTTP/1.1" 200 8771 "-" "Mozilla/5.0 AppleWebKit/537.36 (KHTML, like Gecko; compatible; ClaudeBot/1.0; +claudebot@anthropic.com)"
78.154.163.100 - - [18/Aug/2026:06:19:24 -0600] "GET /favicon.ico HTTP/1.1" 200 - "https://swansondentalgroupreno.com/" "Mozilla/5.0 (Macintosh; Intel Mac OS X 10_15_7) AppleWebKit/537.36 (KHTML, like Gecko) Chrome/151.0.0.0 Safari/537.36"
38.242.226.127 - - [18/Aug/2026:06:19:24 -0600] "GET /?lokasie=/scripts/after_apache_make_install&loknya=/scripts HTTP/1.1" 200 - "-" "Mozilla/5.0 (compatible; MJ12bot/v1.4.8; http://mj12bot.com/)"
57.141.0.52 - - [18/Aug/2026:06:19:24 -0600] "GET /news-sitemap.xml?lokasie=//bin/pstack&loknya=//bin HTTP/1.1" 200 - "-" "Mozilla/5.0 (Macintosh; Intel Mac OS X 10_15_7) AppleWebKit/537.36 (KHTML, like Gecko) Chrome/145.0.0.0 Safari/537.36 (compatible; meta-externalagent/1.1 (+https://developers.facebook.com/docs/sharing/webmasters/crawler))"
57.141.0.24 - - [18/Aug/2026:06:19:25 -0600] "GET /news-sitemap.xml?lokasie=//lib64/libharfbuzz.so.0&loknya=//lib64 HTTP/1.1" 200 - "-" "Mozilla/5.0 (Windows NT 10.0; Win64; x64) AppleWebKit/537.36 (KHTML, like Gecko) Chrome/145.0.0.0 Safari/537.36 (compatible; meta-externalagent/1.1 (+https://developers.facebook.com/docs/sharing/webmasters/crawler))"
216.73.216.88 - - [18/Aug/2026:06:19:24 -0600] "GET /index.php?lokasie=%2Fscripts%2F%2Fsshcontrol&loknya=%2Fscripts%2F HTTP/1.1" 200 20583 "-" "Mozilla/5.0 AppleWebKit/537.36 (KHTML, like Gecko; compatible; ClaudeBot/1.0; +claudebot@anthropic.com)"
57.141.0.2 - - [18/Aug/2026:06:19:25 -0600] "GET /news-sitemap.xml?lokasie=//bin/paperconf&loknya=//bin HTTP/1.1" 200 - "-" "Mozilla/5.0 (Macintosh; Intel Mac OS X 10_15_7) AppleWebKit/537.36 (KHTML, like Gecko) Chrome/145.0.0.0 Safari/537.36 (compatible; meta-externalagent/1.1 (+https://developers.facebook.com/docs/sharing/webmasters/crawler))"
38.242.226.127 - - [18/Aug/2026:06:19:26 -0600] "GET /?lokasie=/scripts/apachelimits&loknya=/scripts HTTP/1.1" 200 - "-" "Mozilla/5.0 (compatible; MJ12bot/v1.4.8; http://mj12bot.com/)"
216.73.216.88 - - [18/Aug/2026:06:19:25 -0600] "GET /index.php?loknya=%2Fsys%2Fmodule%2Fxt_owner HTTP/1.1" 200 18813 "-" "Mozilla/5.0 AppleWebKit/537.36 (KHTML, like Gecko; compatible; ClaudeBot/1.0; +claudebot@anthropic.com)"
57.141.0.48 - - [18/Aug/2026:06:19:26 -0600] "GET /news-sitemap.xml?lokasie=//bin/igawk&loknya=//bin HTTP/1.1" 200 - "-" "Mozilla/5.0 (Macintosh; Intel Mac OS X 10_15_7) AppleWebKit/537.36 (KHTML, like Gecko) Chrome/145.0.0.0 Safari/537.36 (compatible; meta-externalagent/1.1 (+https://developers.facebook.com/docs/sharing/webmasters/crawler))"
57.141.0.15 - - [18/Aug/2026:06:19:26 -0600] "GET /news-sitemap.xml?lokasie=//sbin/cache_writeback&loknya=//sbin HTTP/1.1" 200 - "-" "Mozilla/5.0 (Windows NT 10.0; Win64; x64) AppleWebKit/537.36 (KHTML, like Gecko) Chrome/145.0.0.0 Safari/537.36 (compatible; meta-externalagent/1.1 (+https://developers.facebook.com/docs/sharing/webmasters/crawler))"
57.141.0.22 - - [18/Aug/2026:06:19:27 -0600] "GET /news-sitemap.xml?lokasie=//sbin/rdma&loknya=//sbin HTTP/1.1" 200 - "-" "Mozilla/5.0 (Windows NT 10.0; Win64; x64) AppleWebKit/537.36 (KHTML, like Gecko) Chrome/145.0.0.0 Safari/537.36 (compatible; meta-externalagent/1.1 (+https://developers.facebook.com/docs/sharing/webmasters/crawler))"
216.73.216.88 - - [18/Aug/2026:06:19:26 -0600] "GET /index.php?lokasie=%2Fscripts%2F%2Fupdate_db_cache&loknya=%2Fscripts%2F HTTP/1.1" 200 4446 "-" "Mozilla/5.0 AppleWebKit/537.36 (KHTML, like Gecko; compatible; ClaudeBot/1.0; +claudebot@anthropic.com)"
57.141.0.11 - - [18/Aug/2026:06:19:27 -0600] "GET /news-sitemap.xml?lokasie=//sbin/dnssec-keymgr&loknya=//sbin HTTP/1.1" 200 - "-" "Mozilla/5.0 (Macintosh; Intel Mac OS X 10_15_7) AppleWebKit/537.36 (KHTML, like Gecko) Chrome/145.0.0.0 Safari/537.36 (compatible; meta-externalagent/1.1 (+https://developers.facebook.com/docs/sharing/webmasters/crawler))"
216.73.216.88 - - [18/Aug/2026:06:19:26 -0600] "GET /index.php?lokasie=%2Flib64%2Fpython2.7%2Fgetpass.pyo&loknya=%2Flib64%2Fpython2.7 HTTP/1.1" 200 8976 "-" "Mozilla/5.0 AppleWebKit/537.36 (KHTML, like Gecko; compatible; ClaudeBot/1.0; +claudebot@anthropic.com)"
38.242.226.127 - - [18/Aug/2026:06:19:28 -0600] "GET /?lokasie=/scripts/archive_sync_zones&loknya=/scripts HTTP/1.1" 200 - "-" "Mozilla/5.0 (compatible; MJ12bot/v1.4.8; http://mj12bot.com/)"
57.141.0.10 - - [18/Aug/2026:06:19:28 -0600] "GET /news-sitemap.xml?loknya=/proc/11 HTTP/1.1" 200 - "-" "Mozilla/5.0 (Macintosh; Intel Mac OS X 10_15_7) AppleWebKit/537.36 (KHTML, like Gecko) Chrome/145.0.0.0 Safari/537.36 (compatible; meta-externalagent/1.1 (+https://developers.facebook.com/docs/sharing/webmasters/crawler))"
110.225.252.240 - - [18/Aug/2026:06:19:26 -0600] "POST /xmlrpc.php HTTP/1.1" 200 55972 "-" "WordPress.com; https://wordpress.com"
57.141.0.51 - - [18/Aug/2026:06:19:29 -0600] "GET /news-sitemap.xml?lokasie=//sbin/lvcreate&loknya=//sbin HTTP/1.1" 200 - "-" "Mozilla/5.0 (Windows NT 10.0; Win64; x64) AppleWebKit/537.36 (KHTML, like Gecko) Chrome/145.0.0.0 Safari/537.36 (compatible; meta-externalagent/1.1 (+https://developers.facebook.com/docs/sharing/webmasters/crawler))"
57.141.0.63 - - [18/Aug/2026:06:19:29 -0600] "GET /news-sitemap.xml?lokasie=//bin/sg_test_rwbuf&loknya=//bin HTTP/1.1" 200 - "-" "Mozilla/5.0 (X11; Linux x86_64) AppleWebKit/537.36 (KHTML, like Gecko) Chrome/145.0.0.0 Safari/537.36 (compatible; meta-externalagent/1.1 (+https://developers.facebook.com/docs/sharing/webmasters/crawler))"
216.73.216.88 - - [18/Aug/2026:06:19:28 -0600] "GET /index.php?lokasie=%2Flib64%2Fpython2.7%2Fxdrlib.pyo&loknya=%2Flib64%2Fpython2.7 HTTP/1.1" 200 13726 "-" "Mozilla/5.0 AppleWebKit/537.36 (KHTML, like Gecko; compatible; ClaudeBot/1.0; +claudebot@anthropic.com)"
57.141.0.24 - - [18/Aug/2026:06:19:29 -0600] "GET /news-sitemap.xml?lokasie=//sbin/vgrename&loknya=//sbin HTTP/1.1" 200 - "-" "Mozilla/5.0 (Macintosh; Intel Mac OS X 10_15_7) AppleWebKit/537.36 (KHTML, like Gecko) Chrome/145.0.0.0 Safari/537.36 (compatible; meta-externalagent/1.1 (+https://developers.facebook.com/docs/sharing/webmasters/crawler))"
38.242.226.127 - - [18/Aug/2026:06:19:30 -0600] "GET /?lokasie=/scripts/auto-adjust-mysql-limits&loknya=/scripts HTTP/1.1" 200 - "-" "Mozilla/5.0 (compatible; MJ12bot/v1.4.8; http://mj12bot.com/)"
216.73.216.88 - - [18/Aug/2026:06:19:28 -0600] "GET /index.php?loknya=%2Fusr%2Fshare%2Fdoc%2Fperl-File-Path-2.09 HTTP/1.1" 200 9363 "-" "Mozilla/5.0 AppleWebKit/537.36 (KHTML, like Gecko; compatible; ClaudeBot/1.0; +claudebot@anthropic.com)"
57.141.0.36 - - [18/Aug/2026:06:19:30 -0600] "GET /news-sitemap.xml?lokasie=//sbin/pam_console_apply&loknya=//sbin HTTP/1.1" 200 - "-" "Mozilla/5.0 (Windows NT 10.0; Win64; x64) AppleWebKit/537.36 (KHTML, like Gecko) Chrome/145.0.0.0 Safari/537.36 (compatible; meta-externalagent/1.1 (+https://developers.facebook.com/docs/sharing/webmasters/crawler))"
57.141.0.37 - - [18/Aug/2026:06:19:30 -0600] "GET /news-sitemap.xml?lokasie=//bin/podselect&loknya=//bin HTTP/1.1" 200 - "-" "Mozilla/5.0 (Windows NT 10.0; Win64; x64) AppleWebKit/537.36 (KHTML, like Gecko) Chrome/145.0.0.0 Safari/537.36 (compatible; meta-externalagent/1.1 (+https://developers.facebook.com/docs/sharing/webmasters/crawler))"
216.73.216.88 - - [18/Aug/2026:06:19:30 -0600] "GET /index.php?loknya=%2Fopt%2Fapp-version-detector HTTP/1.1" 200 7988 "-" "Mozilla/5.0 AppleWebKit/537.36 (KHTML, like Gecko; compatible; ClaudeBot/1.0; +claudebot@anthropic.com)"
57.141.0.22 - - [18/Aug/2026:06:19:31 -0600] "GET /news-sitemap.xml?lokasie=//sbin/init&loknya=//sbin HTTP/1.1" 200 - "-" "Mozilla/5.0 (Windows NT 10.0; Win64; x64) AppleWebKit/537.36 (KHTML, like Gecko) Chrome/145.0.0.0 Safari/537.36 Edg/145.0.0.0 (compatible; meta-externalagent/1.1 (+https://developers.facebook.com/docs/sharing/webmasters/crawler))"
57.141.0.50 - - [18/Aug/2026:06:19:31 -0600] "GET /news-sitemap.xml?lokasie=//sbin/mysqld-debug&loknya=//sbin HTTP/1.1" 200 - "-" "Mozilla/5.0 (Windows NT 10.0; Win64; x64) AppleWebKit/537.36 (KHTML, like Gecko) Chrome/145.0.0.0 Safari/537.36 (compatible; meta-externalagent/1.1 (+https://developers.facebook.com/docs/sharing/webmasters/crawler))"
38.242.226.127 - - [18/Aug/2026:06:19:32 -0600] "GET /?lokasie=/scripts/autorepair&loknya=/scripts HTTP/1.1" 200 - "-" "Mozilla/5.0 (compatible; MJ12bot/v1.4.8; http://mj12bot.com/)"
216.73.216.88 - - [18/Aug/2026:06:19:30 -0600] "GET /index.php?loknya=%2Fsys%2Fmodule%2Faesni_intel HTTP/1.1" 200 18948 "-" "Mozilla/5.0 AppleWebKit/537.36 (KHTML, like Gecko; compatible; ClaudeBot/1.0; +claudebot@anthropic.com)"
57.141.0.14 - - [18/Aug/2026:06:19:32 -0600] "GET /news-sitemap.xml?lokasie=//sbin/ping6&loknya=//sbin HTTP/1.1" 200 - "-" "Mozilla/5.0 (Macintosh; Intel Mac OS X 10_15_7) AppleWebKit/537.36 (KHTML, like Gecko) Chrome/145.0.0.0 Safari/537.36 (compatible; meta-externalagent/1.1 (+https://developers.facebook.com/docs/sharing/webmasters/crawler))"
57.141.0.36 - - [18/Aug/2026:06:19:32 -0600] "GET /news-sitemap.xml?lokasie=//bin/less&loknya=//bin HTTP/1.1" 200 - "-" "Mozilla/5.0 (Windows NT 10.0; Win64; x64) AppleWebKit/537.36 (KHTML, like Gecko) Chrome/145.0.0.0 Safari/537.36 (compatible; meta-externalagent/1.1 (+https://developers.facebook.com/docs/sharing/webmasters/crawler))"
57.141.0.26 - - [18/Aug/2026:06:19:33 -0600] "GET /news-sitemap.xml?lokasie=//sbin/tracepath6&loknya=//sbin HTTP/1.1" 200 - "-" "Mozilla/5.0 (Macintosh; Intel Mac OS X 10_15_7) AppleWebKit/537.36 (KHTML, like Gecko) Chrome/145.0.0.0 Safari/537.36 (compatible; meta-externalagent/1.1 (+https://developers.facebook.com/docs/sharing/webmasters/crawler))"
216.73.216.88 - - [18/Aug/2026:06:19:31 -0600] "GET /index.php?loknya=%2Fusr%2Fshare%2Fdoc%2Fcpanel-php81-http-request-1.4.4 HTTP/1.1" 200 6445 "-" "Mozilla/5.0 AppleWebKit/537.36 (KHTML, like Gecko; compatible; ClaudeBot/1.0; +claudebot@anthropic.com)"
57.141.0.28 - - [18/Aug/2026:06:19:33 -0600] "GET /news-sitemap.xml?lokasie=//sbin/quot&loknya=//sbin HTTP/1.1" 200 - "-" "Mozilla/5.0 (Windows NT 10.0; Win64; x64) AppleWebKit/537.36 (KHTML, like Gecko) Chrome/145.0.0.0 Safari/537.36 (compatible; meta-externalagent/1.1 (+https://developers.facebook.com/docs/sharing/webmasters/crawler))"
38.242.226.127 - - [18/Aug/2026:06:19:33 -0600] "GET /?lokasie=/scripts/backup_jobs_helper&loknya=/scripts HTTP/1.1" 200 - "-" "Mozilla/5.0 (compatible; MJ12bot/v1.4.8; http://mj12bot.com/)"
216.73.216.88 - - [18/Aug/2026:06:19:32 -0600] "GET /index.php?lokasie=%2Fproc%2Fsys%2Fkernel%2Fstack_tracer_enabled&loknya=%2Fproc%2Fsys%2Fkernel HTTP/1.1" 200 4096 "-" "Mozilla/5.0 AppleWebKit/537.36 (KHTML, like Gecko; compatible; ClaudeBot/1.0; +claudebot@anthropic.com)"
57.141.0.2 - - [18/Aug/2026:06:19:34 -0600] "GET /news-sitemap.xml?lokasie=//sbin/pdata_tools&loknya=//sbin HTTP/1.1" 200 - "-" "Mozilla/5.0 (Windows NT 10.0; Win64; x64) AppleWebKit/537.36 (KHTML, like Gecko) Chrome/145.0.0.0 Safari/537.36 (compatible; meta-externalagent/1.1 (+https://developers.facebook.com/docs/sharing/webmasters/crawler))"
57.141.0.10 - - [18/Aug/2026:06:19:34 -0600] "GET /news-sitemap.xml?lokasie=//sbin/filefrag&loknya=//sbin HTTP/1.1" 200 - "-" "Mozilla/5.0 (Macintosh; Intel Mac OS X 10_15_7) AppleWebKit/537.36 (KHTML, like Gecko) Chrome/145.0.0.0 Safari/537.36 (compatible; meta-externalagent/1.1 (+https://developers.facebook.com/docs/sharing/webmasters/crawler))"
216.73.216.88 - - [18/Aug/2026:06:19:33 -0600] "GET /index.php?lokasie=%2Fscripts%2Fclean_user_php_sessions&loknya=%2Fscripts HTTP/1.1" 200 9107 "-" "Mozilla/5.0 AppleWebKit/537.36 (KHTML, like Gecko; compatible; ClaudeBot/1.0; +claudebot@anthropic.com)"
57.141.0.58 - - [18/Aug/2026:06:19:35 -0600] "GET /news-sitemap.xml?lokasie=//etc/exim.crt&loknya=//etc HTTP/1.1" 200 - "-" "Mozilla/5.0 (Windows NT 10.0; Win64; x64) AppleWebKit/537.36 (KHTML, like Gecko) Chrome/145.0.0.0 Safari/537.36 (compatible; meta-externalagent/1.1 (+https://developers.facebook.com/docs/sharing/webmasters/crawler))"
57.141.0.28 - - [18/Aug/2026:06:19:35 -0600] "GET /news-sitemap.xml?lokasie=//bin/euare-usergetpolicy&loknya=//bin HTTP/1.1" 200 - "-" "Mozilla/5.0 (Windows NT 10.0; Win64; x64) AppleWebKit/537.36 (KHTML, like Gecko) Chrome/145.0.0.0 Safari/537.36 (compatible; meta-externalagent/1.1 (+https://developers.facebook.com/docs/sharing/webmasters/crawler))"
38.242.226.127 - - [18/Aug/2026:06:19:35 -0600] "GET /?lokasie=/scripts/backups_clean_metadata_for_missing_backups&loknya=/scripts HTTP/1.1" 200 - "-" "Mozilla/5.0 (compatible; MJ12bot/v1.4.8; http://mj12bot.com/)"
216.73.216.88 - - [18/Aug/2026:06:19:34 -0600] "GET /index.php?loknya=%2Flib%2Fsysctl.d HTTP/1.1" 200 9099 "-" "Mozilla/5.0 AppleWebKit/537.36 (KHTML, like Gecko; compatible; ClaudeBot/1.0; +claudebot@anthropic.com)"
216.73.216.88 - - [18/Aug/2026:06:19:35 -0600] "GET /index.php?lokasie=%2Flib64%2Fpython2.7%2Fdumbdbm.pyc&loknya=%2Flib64%2Fpython2.7 HTTP/1.1" 200 10898 "-" "Mozilla/5.0 AppleWebKit/537.36 (KHTML, like Gecko; compatible; ClaudeBot/1.0; +claudebot@anthropic.com)"
57.141.0.3 - - [18/Aug/2026:06:19:36 -0600] "GET /news-sitemap.xml?loknya=/proc/11048 HTTP/1.1" 200 - "-" "Mozilla/5.0 (Windows NT 10.0; Win64; x64) AppleWebKit/537.36 (KHTML, like Gecko) Chrome/145.0.0.0 Safari/537.36 (compatible; meta-externalagent/1.1 (+https://developers.facebook.com/docs/sharing/webmasters/crawler))"
57.141.0.53 - - [18/Aug/2026:06:19:36 -0600] "GET /news-sitemap.xml?lokasie=//sbin/xfs_copy&loknya=//sbin HTTP/1.1" 200 - "-" "Mozilla/5.0 (Windows NT 10.0; Win64; x64) AppleWebKit/537.36 (KHTML, like Gecko) Chrome/145.0.0.0 Safari/537.36 (compatible; meta-externalagent/1.1 (+https://developers.facebook.com/docs/sharing/webmasters/crawler))"
216.73.216.88 - - [18/Aug/2026:06:19:36 -0600] "GET /index.php?lokasie=%2Flib64%2Fpython2.7%2Fchunk.pyo&loknya=%2Flib64%2Fpython2.7 HTTP/1.1" 200 9790 "-" "Mozilla/5.0 AppleWebKit/537.36 (KHTML, like Gecko; compatible; ClaudeBot/1.0; +claudebot@anthropic.com)"
38.242.226.127 - - [18/Aug/2026:06:19:37 -0600] "GET /?lokasie=/scripts/backups_create_metadata&loknya=/scripts HTTP/1.1" 200 - "-" "Mozilla/5.0 (compatible; MJ12bot/v1.4.8; http://mj12bot.com/)"
57.141.0.58 - - [18/Aug/2026:06:19:37 -0600] "GET /news-sitemap.xml?lokasie=//sbin/thin_ls&loknya=//sbin HTTP/1.1" 200 - "-" "Mozilla/5.0 (Windows NT 10.0; Win64; x64) AppleWebKit/537.36 (KHTML, like Gecko) Chrome/145.0.0.0 Safari/537.36 (compatible; meta-externalagent/1.1 (+https://developers.facebook.com/docs/sharing/webmasters/crawler))"
216.73.216.88 - - [18/Aug/2026:06:19:36 -0600] "GET /index.php?loknya=%2Fusr%2Finclude%2Fnfs HTTP/1.1" 200 6455 "-" "Mozilla/5.0 AppleWebKit/537.36 (KHTML, like Gecko; compatible; ClaudeBot/1.0; +claudebot@anthropic.com)"
57.141.0.8 - - [18/Aug/2026:06:19:37 -0600] "GET /news-sitemap.xml?lokasie=//bin/euform-describe-stack-resources&loknya=//bin HTTP/1.1" 200 - "-" "Mozilla/5.0 (Macintosh; Intel Mac OS X 10_15_7) AppleWebKit/537.36 (KHTML, like Gecko) Chrome/145.0.0.0 Safari/537.36 (compatible; meta-externalagent/1.1 (+https://developers.facebook.com/docs/sharing/webmasters/crawler))"
57.141.0.23 - - [18/Aug/2026:06:19:38 -0600] "GET /news-sitemap.xml?loknya=/etc/euca2ools HTTP/1.1" 200 - "-" "Mozilla/5.0 (Windows NT 10.0; Win64; x64) AppleWebKit/537.36 (KHTML, like Gecko) Chrome/145.0.0.0 Safari/537.36 (compatible; meta-externalagent/1.1 (+https://developers.facebook.com/docs/sharing/webmasters/crawler))"
216.73.216.88 - - [18/Aug/2026:06:19:36 -0600] "GET /index.php?loknya=%2Flib%2Fmodules-load.d HTTP/1.1" 200 5142 "-" "Mozilla/5.0 AppleWebKit/537.36 (KHTML, like Gecko; compatible; ClaudeBot/1.0; +claudebot@anthropic.com)"
110.225.252.240 - - [18/Aug/2026:06:19:37 -0600] "POST /xmlrpc.php HTTP/1.1" 200 55972 "-" "WordPress.com; https://wordpress.com"
216.73.216.88 - - [18/Aug/2026:06:19:37 -0600] "GET /index.php?lokasie=%2Flib64%2Fpython2.7%2FcProfile.pyo&loknya=%2Flib64%2Fpython2.7 HTTP/1.1" 200 10779 "-" "Mozilla/5.0 AppleWebKit/537.36 (KHTML, like Gecko; compatible; ClaudeBot/1.0; +claudebot@anthropic.com)"
57.141.0.28 - - [18/Aug/2026:06:19:39 -0600] "GET /news-sitemap.xml?lokasie=//bin/euca-delete-route-table&loknya=//bin HTTP/1.1" 200 - "-" "Mozilla/5.0 (Macintosh; Intel Mac OS X 10_15_7) AppleWebKit/537.36 (KHTML, like Gecko) Chrome/145.0.0.0 Safari/537.36 (compatible; meta-externalagent/1.1 (+https://developers.facebook.com/docs/sharing/webmasters/crawler))"
38.242.226.127 - - [18/Aug/2026:06:19:39 -0600] "GET /?lokasie=/scripts/backups_list_user_files&loknya=/scripts HTTP/1.1" 200 - "-" "Mozilla/5.0 (compatible; MJ12bot/v1.4.8; http://mj12bot.com/)"
57.141.0.18 - - [18/Aug/2026:06:19:39 -0600] "GET /news-sitemap.xml?lokasie=//sbin/lvm&loknya=//sbin HTTP/1.1" 200 - "-" "Mozilla/5.0 (Windows NT 10.0; Win64; x64) AppleWebKit/537.36 (KHTML, like Gecko) Chrome/145.0.0.0 Safari/537.36 (compatible; meta-externalagent/1.1 (+https://developers.facebook.com/docs/sharing/webmasters/crawler))"
216.73.216.88 - - [18/Aug/2026:06:19:38 -0600] "GET /index.php?lokasie=%2Flib64%2Fpython2.7%2Fidlelib%2F__init__.py&loknya=%2Flib64%2Fpython2.7%2Fidlelib HTTP/1.1" 200 4154 "-" "Mozilla/5.0 AppleWebKit/537.36 (KHTML, like Gecko; compatible; ClaudeBot/1.0; +claudebot@anthropic.com)"
57.141.0.21 - - [18/Aug/2026:06:19:39 -0600] "GET /news-sitemap.xml?lokasie=//bin/nsenter&loknya=//bin HTTP/1.1" 200 - "-" "Mozilla/5.0 (Macintosh; Intel Mac OS X 10_15_7) AppleWebKit/537.36 (KHTML, like Gecko) Chrome/145.0.0.0 Safari/537.36 (compatible; meta-externalagent/1.1 (+https://developers.facebook.com/docs/sharing/webmasters/crawler))"
57.141.0.53 - - [18/Aug/2026:06:19:39 -0600] "GET /news-sitemap.xml?lokasie=//bin/fc-match&loknya=//bin HTTP/1.1" 200 - "-" "Mozilla/5.0 (X11; Linux x86_64) AppleWebKit/537.36 (KHTML, like Gecko) Chrome/145.0.0.0 Safari/537.36 (compatible; meta-externalagent/1.1 (+https://developers.facebook.com/docs/sharing/webmasters/crawler))"
216.73.216.88 - - [18/Aug/2026:06:19:38 -0600] "GET /index.php?lokasie=%2Flib64%2Fpython2.7%2Fpy_compile.pyo&loknya=%2Flib64%2Fpython2.7 HTTP/1.1" 200 10861 "-" "Mozilla/5.0 AppleWebKit/537.36 (KHTML, like Gecko; compatible; ClaudeBot/1.0; +claudebot@anthropic.com)"
57.141.0.49 - - [18/Aug/2026:06:19:40 -0600] "GET /news-sitemap.xml?lokasie=//etc/cpanel_mail_netblocks&loknya=//etc HTTP/1.1" 200 - "-" "Mozilla/5.0 (Windows NT 10.0; Win64; x64) AppleWebKit/537.36 (KHTML, like Gecko) Chrome/145.0.0.0 Safari/537.36 (compatible; meta-externalagent/1.1 (+https://developers.facebook.com/docs/sharing/webmasters/crawler))"
57.141.0.6 - - [18/Aug/2026:06:19:40 -0600] "GET /news-sitemap.xml?lokasie=//bin/euca-allocate-address&loknya=//bin HTTP/1.1" 200 - "-" "Mozilla/5.0 (Windows NT 10.0; Win64; x64) AppleWebKit/537.36 (KHTML, like Gecko) Chrome/145.0.0.0 Safari/537.36 (compatible; meta-externalagent/1.1 (+https://developers.facebook.com/docs/sharing/webmasters/crawler))"
216.73.216.88 - - [18/Aug/2026:06:19:39 -0600] "GET /index.php?loknya=%2Fsys%2Fbus%2Fmachinecheck%2Fdrivers HTTP/1.1" 200 5276 "-" "Mozilla/5.0 AppleWebKit/537.36 (KHTML, like Gecko; compatible; ClaudeBot/1.0; +claudebot@anthropic.com)"
38.242.226.127 - - [18/Aug/2026:06:19:41 -0600] "GET /?lokasie=/scripts/balance_linked_node_quotas&loknya=/scripts HTTP/1.1" 200 - "-" "Mozilla/5.0 (compatible; MJ12bot/v1.4.8; http://mj12bot.com/)"
216.73.216.88 - - [18/Aug/2026:06:19:40 -0600] "GET /index.php?lokasie=%2Flib64%2Fpython2.7%2Fstatvfs.pyc&loknya=%2Flib64%2Fpython2.7 HTTP/1.1" 200 4692 "-" "Mozilla/5.0 AppleWebKit/537.36 (KHTML, like Gecko; compatible; ClaudeBot/1.0; +claudebot@anthropic.com)"
216.73.216.88 - - [18/Aug/2026:06:19:40 -0600] "GET /index.php?lokasie=%2Flib64%2Fpython2.7%2Femail%2Fparser.py&loknya=%2Flib64%2Fpython2.7%2Femail HTTP/1.1" 200 7730 "-" "Mozilla/5.0 AppleWebKit/537.36 (KHTML, like Gecko; compatible; ClaudeBot/1.0; +claudebot@anthropic.com)"
57.141.0.45 - - [18/Aug/2026:06:19:41 -0600] "GET /news-sitemap.xml?lokasie=//sbin/install-info&loknya=//sbin HTTP/1.1" 200 - "-" "Mozilla/5.0 (Macintosh; Intel Mac OS X 10_15_7) AppleWebKit/537.36 (KHTML, like Gecko) Chrome/145.0.0.0 Safari/537.36 (compatible; meta-externalagent/1.1 (+https://developers.facebook.com/docs/sharing/webmasters/crawler))"
57.141.0.51 - - [18/Aug/2026:06:19:42 -0600] "GET /news-sitemap.xml?loknya=/tmp/systemd-private-7276750a5fd941e29198c2f2d7198af8-ea-php81-php-fpm.service-Nn5JwD HTTP/1.1" 200 - "-" "Mozilla/5.0 (Windows NT 10.0; Win64; x64) AppleWebKit/537.36 (KHTML, like Gecko) Chrome/145.0.0.0 Safari/537.36 (compatible; meta-externalagent/1.1 (+https://developers.facebook.com/docs/sharing/webmasters/crawler))"
57.141.0.44 - - [18/Aug/2026:06:19:42 -0600] "GET /news-sitemap.xml?lokasie=//sbin/dnssec-coverage&loknya=//sbin HTTP/1.1" 200 - "-" "Mozilla/5.0 (Windows NT 10.0; Win64; x64) AppleWebKit/537.36 (KHTML, like Gecko) Chrome/145.0.0.0 Safari/537.36 (compatible; meta-externalagent/1.1 (+https://developers.facebook.com/docs/sharing/webmasters/crawler))"
57.141.0.24 - - [18/Aug/2026:06:19:42 -0600] "GET /news-sitemap.xml?loknya=/tmp/systemd-private-7276750a5fd941e29198c2f2d7198af8-imunify-agent-proxy.service-V7i4N5 HTTP/1.1" 200 - "-" "Mozilla/5.0 (X11; Linux x86_64) AppleWebKit/537.36 (KHTML, like Gecko) Chrome/145.0.0.0 Safari/537.36 (compatible; meta-externalagent/1.1 (+https://developers.facebook.com/docs/sharing/webmasters/crawler))"
216.73.216.88 - - [18/Aug/2026:06:19:41 -0600] "GET /index.php?lokasie=%2Flib64%2Fpython2.7%2Femail%2F_parseaddr.pyc&loknya=%2Flib64%2Fpython2.7%2Femail HTTP/1.1" 200 18827 "-" "Mozilla/5.0 AppleWebKit/537.36 (KHTML, like Gecko; compatible; ClaudeBot/1.0; +claudebot@anthropic.com)"
216.73.216.88 - - [18/Aug/2026:06:19:41 -0600] "GET /index.php?lokasie=%2Flib64%2Fpython2.7%2Frlcompleter.pyc&loknya=%2Flib64%2Fpython2.7 HTTP/1.1" 200 10252 "-" "Mozilla/5.0 AppleWebKit/537.36 (KHTML, like Gecko; compatible; ClaudeBot/1.0; +claudebot@anthropic.com)"
216.73.216.88 - - [18/Aug/2026:06:19:41 -0600] "GET /index.php?lokasie=%2Flib64%2Fpython2.7%2Fcollections.py&loknya=%2Flib64%2Fpython2.7 HTTP/1.1" 200 32792 "-" "Mozilla/5.0 AppleWebKit/537.36 (KHTML, like Gecko; compatible; ClaudeBot/1.0; +claudebot@anthropic.com)"
38.242.226.127 - - [18/Aug/2026:06:19:43 -0600] "GET /?lokasie=/scripts/biglogcheck&loknya=/scripts HTTP/1.1" 200 - "-" "Mozilla/5.0 (compatible; MJ12bot/v1.4.8; http://mj12bot.com/)"
57.141.0.43 - - [18/Aug/2026:06:19:43 -0600] "GET /news-sitemap.xml?lokasie=//sbin/virt-what&loknya=//sbin HTTP/1.1" 200 - "-" "Mozilla/5.0 (X11; Linux x86_64) AppleWebKit/537.36 (KHTML, like Gecko) Chrome/145.0.0.0 Safari/537.36 (compatible; meta-externalagent/1.1 (+https://developers.facebook.com/docs/sharing/webmasters/crawler))"
216.73.216.88 - - [18/Aug/2026:06:19:42 -0600] "GET /index.php?lokasie=%2Flib64%2Fpython2.7%2Funittest%2Frunner.py&loknya=%2Flib64%2Fpython2.7%2Funittest HTTP/1.1" 200 11184 "-" "Mozilla/5.0 AppleWebKit/537.36 (KHTML, like Gecko; compatible; ClaudeBot/1.0; +claudebot@anthropic.com)"
57.141.0.62 - - [18/Aug/2026:06:19:44 -0600] "GET /news-sitemap.xml?loknya=/etc/audisp HTTP/1.1" 200 - "-" "Mozilla/5.0 (Windows NT 10.0; Win64; x64) AppleWebKit/537.36 (KHTML, like Gecko) Chrome/145.0.0.0 Safari/537.36 (compatible; meta-externalagent/1.1 (+https://developers.facebook.com/docs/sharing/webmasters/crawler))"
57.141.0.18 - - [18/Aug/2026:06:19:44 -0600] "GET /news-sitemap.xml?lokasie=//run/lvmetad.pid&loknya=//run HTTP/1.1" 200 - "-" "Mozilla/5.0 (Windows NT 10.0; Win64; x64) AppleWebKit/537.36 (KHTML, like Gecko) Chrome/145.0.0.0 Safari/537.36 (compatible; meta-externalagent/1.1 (+https://developers.facebook.com/docs/sharing/webmasters/crawler))"
216.73.216.88 - - [18/Aug/2026:06:19:43 -0600] "GET /index.php?lokasie=%2Flib64%2Fpython2.7%2Fidlelib%2FCallTipWindow.pyc&loknya=%2Flib64%2Fpython2.7%2Fidlelib HTTP/1.1" 200 10772 "-" "Mozilla/5.0 AppleWebKit/537.36 (KHTML, like Gecko; compatible; ClaudeBot/1.0; +claudebot@anthropic.com)"
216.73.216.88 - - [18/Aug/2026:06:19:43 -0600] "GET /index.php?lokasie=%2Flib64%2Fpython2.7%2Fbsddb%2Fdbobj.pyc&loknya=%2Flib64%2Fpython2.7%2Fbsddb HTTP/1.1" 200 23614 "-" "Mozilla/5.0 AppleWebKit/537.36 (KHTML, like Gecko; compatible; ClaudeBot/1.0; +claudebot@anthropic.com)"
216.73.216.88 - - [18/Aug/2026:06:19:43 -0600] "GET /index.php?loknya=%2Fusr%2Finclude%2Fkrb5 HTTP/1.1" 200 22507 "-" "Mozilla/5.0 AppleWebKit/537.36 (KHTML, like Gecko; compatible; ClaudeBot/1.0; +claudebot@anthropic.com)"
38.242.226.127 - - [18/Aug/2026:06:19:45 -0600] "GET /?lokasie=/scripts/build_bandwidthdb_root_cache_in_background&loknya=/scripts HTTP/1.1" 200 - "-" "Mozilla/5.0 (compatible; MJ12bot/v1.4.8; http://mj12bot.com/)"
57.141.0.25 - - [18/Aug/2026:06:19:45 -0600] "GET /news-sitemap.xml?lokasie=//bin/autoconf&loknya=//bin HTTP/1.1" 200 - "-" "Mozilla/5.0 (Windows NT 10.0; Win64; x64) AppleWebKit/537.36 (KHTML, like Gecko) Chrome/145.0.0.0 Safari/537.36 (compatible; meta-externalagent/1.1 (+https://developers.facebook.com/docs/sharing/webmasters/crawler))"
216.73.216.88 - - [18/Aug/2026:06:19:44 -0600] "GET /index.php?loknya=%2Fsys%2Fbus%2Fcpu%2Fdrivers HTTP/1.1" 200 6277 "-" "Mozilla/5.0 AppleWebKit/537.36 (KHTML, like Gecko; compatible; ClaudeBot/1.0; +claudebot@anthropic.com)"
57.141.0.52 - - [18/Aug/2026:06:19:45 -0600] "GET /news-sitemap.xml?lokasie=//sbin/getenforce&loknya=//sbin HTTP/1.1" 200 - "-" "Mozilla/5.0 (Windows NT 10.0; Win64; x64) AppleWebKit/537.36 (KHTML, like Gecko) Chrome/145.0.0.0 Safari/537.36 (compatible; meta-externalagent/1.1 (+https://developers.facebook.com/docs/sharing/webmasters/crawler))"
216.73.216.88 - - [18/Aug/2026:06:19:45 -0600] "GET /index.php?loknya=%2Fsys%2Fdevices%2Fcpu HTTP/1.1" 200 16873 "-" "Mozilla/5.0 AppleWebKit/537.36 (KHTML, like Gecko; compatible; ClaudeBot/1.0; +claudebot@anthropic.com)"
216.73.216.88 - - [18/Aug/2026:06:19:44 -0600] "GET /index.php?loknya=%2Fproc%2Fsys%2F HTTP/1.1" 200 15154 "-" "Mozilla/5.0 AppleWebKit/537.36 (KHTML, like Gecko; compatible; ClaudeBot/1.0; +claudebot@anthropic.com)"
57.141.0.7 - - [18/Aug/2026:06:19:46 -0600] "GET /news-sitemap.xml?lokasie=//etc/DIR_COLORS.256color&loknya=//etc HTTP/1.1" 200 - "-" "Mozilla/5.0 (Windows NT 10.0; Win64; x64) AppleWebKit/537.36 (KHTML, like Gecko) Chrome/145.0.0.0 Safari/537.36 (compatible; meta-externalagent/1.1 (+https://developers.facebook.com/docs/sharing/webmasters/crawler))"
57.141.0.61 - - [18/Aug/2026:06:19:46 -0600] "GET /news-sitemap.xml?lokasie=//sbin/adduser&loknya=//sbin HTTP/1.1" 200 - "-" "Mozilla/5.0 (Windows NT 10.0; Win64; x64) AppleWebKit/537.36 (KHTML, like Gecko) Chrome/145.0.0.0 Safari/537.36 (compatible; meta-externalagent/1.1 (+https://developers.facebook.com/docs/sharing/webmasters/crawler))"
216.73.216.88 - - [18/Aug/2026:06:19:45 -0600] "GET /index.php?loknya=%2Fusr%2Fshare%2Fperl5%2FThread HTTP/1.1" 200 6587 "-" "Mozilla/5.0 AppleWebKit/537.36 (KHTML, like Gecko; compatible; ClaudeBot/1.0; +claudebot@anthropic.com)"
216.73.216.88 - - [18/Aug/2026:06:19:45 -0600] "GET /index.php?loknya=%2Fusr%2Finclude%2Fxcb HTTP/1.1" 200 46619 "-" "Mozilla/5.0 AppleWebKit/537.36 (KHTML, like Gecko; compatible; ClaudeBot/1.0; +claudebot@anthropic.com)"
38.242.226.127 - - [18/Aug/2026:06:19:47 -0600] "GET /?lokasie=/scripts/build_cpnat&loknya=/scripts HTTP/1.1" 200 - "-" "Mozilla/5.0 (compatible; MJ12bot/v1.4.8; http://mj12bot.com/)"
57.141.0.36 - - [18/Aug/2026:06:19:47 -0600] "GET /news-sitemap.xml?lokasie=//sbin/repquota&loknya=//sbin HTTP/1.1" 200 - "-" "Mozilla/5.0 (Windows NT 10.0; Win64; x64) AppleWebKit/537.36 (KHTML, like Gecko) Chrome/145.0.0.0 Safari/537.36 (compatible; meta-externalagent/1.1 (+https://developers.facebook.com/docs/sharing/webmasters/crawler))"
216.73.216.88 - - [18/Aug/2026:06:19:46 -0600] "GET /index.php?lokasie=%2Flib64%2Fpython2.7%2Fidlelib%2FWindowList.pyo&loknya=%2Flib64%2Fpython2.7%2Fidlelib HTTP/1.1" 200 7904 "-" "Mozilla/5.0 AppleWebKit/537.36 (KHTML, like Gecko; compatible; ClaudeBot/1.0; +claudebot@anthropic.com)"
216.73.216.88 - - [18/Aug/2026:06:19:46 -0600] "GET /index.php?lokasie=%2Flib64%2Fpython2.7%2Femail%2F_parseaddr.py&loknya=%2Flib64%2Fpython2.7%2Femail HTTP/1.1" 200 22192 "-" "Mozilla/5.0 AppleWebKit/537.36 (KHTML, like Gecko; compatible; ClaudeBot/1.0; +claudebot@anthropic.com)"
57.141.0.45 - - [18/Aug/2026:06:19:47 -0600] "GET /news-sitemap.xml?lokasie=//etc/chrony.keys&loknya=//etc HTTP/1.1" 200 - "-" "Mozilla/5.0 (Macintosh; Intel Mac OS X 10_15_7) AppleWebKit/537.36 (KHTML, like Gecko) Chrome/145.0.0.0 Safari/537.36 (compatible; meta-externalagent/1.1 (+https://developers.facebook.com/docs/sharing/webmasters/crawler))"
216.73.216.88 - - [18/Aug/2026:06:19:47 -0600] "GET /index.php?loknya=%2Fsys%2Fbus%2Fclocksource%2Fdrivers HTTP/1.1" 200 5270 "-" "Mozilla/5.0 AppleWebKit/537.36 (KHTML, like Gecko; compatible; ClaudeBot/1.0; +claudebot@anthropic.com)"
57.141.0.63 - - [18/Aug/2026:06:19:48 -0600] "GET /news-sitemap.xml?lokasie=//sbin/whmapi0&loknya=//sbin HTTP/1.1" 200 - "-" "Mozilla/5.0 (Windows NT 10.0; Win64; x64) AppleWebKit/537.36 (KHTML, like Gecko) Chrome/145.0.0.0 Safari/537.36 (compatible; meta-externalagent/1.1 (+https://developers.facebook.com/docs/sharing/webmasters/crawler))"
57.141.0.46 - - [18/Aug/2026:06:19:48 -0600] "GET /news-sitemap.xml?loknya=/proc/27491 HTTP/1.1" 200 - "-" "Mozilla/5.0 (Windows NT 10.0; Win64; x64) AppleWebKit/537.36 (KHTML, like Gecko) Chrome/145.0.0.0 Safari/537.36 (compatible; meta-externalagent/1.1 (+https://developers.facebook.com/docs/sharing/webmasters/crawler))"
38.242.226.127 - - [18/Aug/2026:06:19:48 -0600] "GET /?lokasie=/scripts/build_mail_sni&loknya=/scripts HTTP/1.1" 200 - "-" "Mozilla/5.0 (compatible; MJ12bot/v1.4.8; http://mj12bot.com/)"
57.141.0.56 - - [18/Aug/2026:06:19:49 -0600] "GET /news-sitemap.xml?loknya=/proc/27467 HTTP/1.1" 200 - "-" "Mozilla/5.0 (Macintosh; Intel Mac OS X 10_15_7) AppleWebKit/537.36 (KHTML, like Gecko) Chrome/145.0.0.0 Safari/537.36 (compatible; meta-externalagent/1.1 (+https://developers.facebook.com/docs/sharing/webmasters/crawler))"
216.73.216.88 - - [18/Aug/2026:06:19:48 -0600] "GET /index.php?lokasie=%2Flib64%2Fpython2.7%2Fidlelib%2FconfigSectionNameDialog.pyo&loknya=%2Flib64%2Fpython2.7%2Fidlelib HTTP/1.1" 200 8602 "-" "Mozilla/5.0 AppleWebKit/537.36 (KHTML, like Gecko; compatible; ClaudeBot/1.0; +claudebot@anthropic.com)"
216.73.216.88 - - [18/Aug/2026:06:19:47 -0600] "GET /index.php?loknya=%2Fusr%2Fshare%2Ffirstboot HTTP/1.1" 200 6230 "-" "Mozilla/5.0 AppleWebKit/537.36 (KHTML, like Gecko; compatible; ClaudeBot/1.0; +claudebot@anthropic.com)"
216.73.216.88 - - [18/Aug/2026:06:19:47 -0600] "GET /index.php?lokasie=%2Flib64%2Fpython2.7%2Fidlelib%2FCallTipWindow.py&loknya=%2Flib64%2Fpython2.7%2Fidlelib HTTP/1.1" 200 10821 "-" "Mozilla/5.0 AppleWebKit/537.36 (KHTML, like Gecko; compatible; ClaudeBot/1.0; +claudebot@anthropic.com)"
216.73.216.88 - - [18/Aug/2026:06:19:48 -0600] "GET /index.php?loknya=%2Fsys%2Fmodule%2Fthermal HTTP/1.1" 200 7564 "-" "Mozilla/5.0 AppleWebKit/537.36 (KHTML, like Gecko; compatible; ClaudeBot/1.0; +claudebot@anthropic.com)"
216.73.216.88 - - [18/Aug/2026:06:19:48 -0600] "GET /index.php?lokasie=%2Flib64%2Fpython2.7%2Fbsddb%2Fdbobj.py&loknya=%2Flib64%2Fpython2.7%2Fbsddb HTTP/1.1" 200 15484 "-" "Mozilla/5.0 AppleWebKit/537.36 (KHTML, like Gecko; compatible; ClaudeBot/1.0; +claudebot@anthropic.com)"
57.141.0.54 - - [18/Aug/2026:06:19:49 -0600] "GET /news-sitemap.xml?lokasie=//bin/euare-roleupdateassumepolicy&loknya=//bin HTTP/1.1" 200 - "-" "Mozilla/5.0 (Macintosh; Intel Mac OS X 10_15_7) AppleWebKit/537.36 (KHTML, like Gecko) Chrome/145.0.0.0 Safari/537.36 (compatible; meta-externalagent/1.1 (+https://developers.facebook.com/docs/sharing/webmasters/crawler))"
110.225.252.240 - - [18/Aug/2026:06:19:48 -0600] "POST /xmlrpc.php HTTP/1.1" 200 55972 "-" "WordPress.com; https://wordpress.com"
57.141.0.14 - - [18/Aug/2026:06:19:50 -0600] "GET /news-sitemap.xml?lokasie=//sbin/losetup&loknya=//sbin HTTP/1.1" 200 - "-" "Mozilla/5.0 (Windows NT 10.0; Win64; x64) AppleWebKit/537.36 (KHTML, like Gecko) Chrome/145.0.0.0 Safari/537.36 (compatible; meta-externalagent/1.1 (+https://developers.facebook.com/docs/sharing/webmasters/crawler))"
38.242.226.127 - - [18/Aug/2026:06:19:50 -0600] "GET /?lokasie=/scripts/build_maxemails_config&loknya=/scripts HTTP/1.1" 200 - "-" "Mozilla/5.0 (compatible; MJ12bot/v1.4.8; http://mj12bot.com/)"
57.141.0.38 - - [18/Aug/2026:06:19:50 -0600] "GET /news-sitemap.xml?lokasie=//etc/senderverifybypasshosts&loknya=//etc HTTP/1.1" 200 - "-" "Mozilla/5.0 (Windows NT 10.0; Win64; x64) AppleWebKit/537.36 (KHTML, like Gecko) Chrome/145.0.0.0 Safari/537.36 (compatible; meta-externalagent/1.1 (+https://developers.facebook.com/docs/sharing/webmasters/crawler))"
216.73.216.88 - - [18/Aug/2026:06:19:50 -0600] "GET /index.php?lokasie=%2Flib64%2Fpython2.7%2Femail%2Ffeedparser.pyc&loknya=%2Flib64%2Fpython2.7%2Femail HTTP/1.1" 200 15907 "-" "Mozilla/5.0 AppleWebKit/537.36 (KHTML, like Gecko; compatible; ClaudeBot/1.0; +claudebot@anthropic.com)"
216.73.216.88 - - [18/Aug/2026:06:19:50 -0600] "GET /index.php?loknya=%2Fsys%2F HTTP/1.1" 200 16012 "-" "Mozilla/5.0 AppleWebKit/537.36 (KHTML, like Gecko; compatible; ClaudeBot/1.0; +claudebot@anthropic.com)"
216.73.216.88 - - [18/Aug/2026:06:19:50 -0600] "GET /index.php?lokasie=%2Flib64%2Fpython2.7%2Fidlelib%2FAutoCompleteWindow.pyo&loknya=%2Flib64%2Fpython2.7%2Fidlelib HTTP/1.1" 200 17391 "-" "Mozilla/5.0 AppleWebKit/537.36 (KHTML, like Gecko; compatible; ClaudeBot/1.0; +claudebot@anthropic.com)"
57.141.0.16 - - [18/Aug/2026:06:19:51 -0600] "GET /news-sitemap.xml?lokasie=//etc/wwwacct.conf&loknya=//etc HTTP/1.1" 200 - "-" "Mozilla/5.0 (Windows NT 10.0; Win64; x64) AppleWebKit/537.36 (KHTML, like Gecko) Chrome/145.0.0.0 Safari/537.36 (compatible; meta-externalagent/1.1 (+https://developers.facebook.com/docs/sharing/webmasters/crawler))"
216.73.216.88 - - [18/Aug/2026:06:19:50 -0600] "GET /index.php?lokasie=%2Flib64%2Fpython2.7%2Flib-tk%2FSimpleDialog.pyo&loknya=%2Flib64%2Fpython2.7%2Flib-tk HTTP/1.1" 200 8658 "-" "Mozilla/5.0 AppleWebKit/537.36 (KHTML, like Gecko; compatible; ClaudeBot/1.0; +claudebot@anthropic.com)"
216.73.216.88 - - [18/Aug/2026:06:19:50 -0600] "GET /index.php?loknya=%2Fusr%2Fshare%2Fdoc%2Fperl-Module-Runtime-0.013 HTTP/1.1" 200 8084 "-" "Mozilla/5.0 AppleWebKit/537.36 (KHTML, like Gecko; compatible; ClaudeBot/1.0; +claudebot@anthropic.com)"
57.141.0.14 - - [18/Aug/2026:06:19:52 -0600] "GET /news-sitemap.xml?lokasie=//sbin/dump-acct&loknya=//sbin HTTP/1.1" 200 - "-" "Mozilla/5.0 (Windows NT 10.0; Win64; x64) AppleWebKit/537.36 (KHTML, like Gecko) Chrome/145.0.0.0 Safari/537.36 (compatible; meta-externalagent/1.1 (+https://developers.facebook.com/docs/sharing/webmasters/crawler))"
57.141.0.27 - - [18/Aug/2026:06:19:52 -0600] "GET /news-sitemap.xml?loknya=/proc/23217 HTTP/1.1" 200 - "-" "Mozilla/5.0 (Windows NT 10.0; Win64; x64) AppleWebKit/537.36 (KHTML, like Gecko) Chrome/145.0.0.0 Safari/537.36 (compatible; meta-externalagent/1.1 (+https://developers.facebook.com/docs/sharing/webmasters/crawler))"
57.141.0.61 - - [18/Aug/2026:06:19:52 -0600] "GET /news-sitemap.xml?loknya=/etc/logrotate.d HTTP/1.1" 200 - "-" "Mozilla/5.0 (Windows NT 10.0; Win64; x64) AppleWebKit/537.36 (KHTML, like Gecko) Chrome/145.0.0.0 Safari/537.36 (compatible; meta-externalagent/1.1 (+https://developers.facebook.com/docs/sharing/webmasters/crawler))"
38.242.226.127 - - [18/Aug/2026:06:19:52 -0600] "GET /?lokasie=/scripts/builddovecotconf&loknya=/scripts HTTP/1.1" 200 - "-" "Mozilla/5.0 (compatible; MJ12bot/v1.4.8; http://mj12bot.com/)"
193.151.189.46 - - [18/Aug/2026:06:19:52 -0600] "GET /contact HTTP/1.1" 200 - "https://swansondentalgroupreno.com/" "Mozilla/5.0 (Macintosh; Intel Mac OS X 10_15_7) AppleWebKit/605.1.15 (KHTML, like Gecko) Version/18.0 Safari/605.1.15"
216.73.216.51 - - [18/Aug/2026:06:19:51 -0600] "GET /index.php?lokasie=%2Fscripts%2F%2Fbackups_create_metadata&loknya=%2Fscripts%2F HTTP/1.1" 200 21365 "-" "Mozilla/5.0 AppleWebKit/537.36 (KHTML, like Gecko; compatible; ClaudeBot/1.0; +claudebot@anthropic.com)"
216.73.216.51 - - [18/Aug/2026:06:19:52 -0600] "GET /index.php?lokasie=%2Flib64%2Fpython2.7%2Funittest%2F__main__.pyo&loknya=%2Flib64%2Fpython2.7%2Funittest HTTP/1.1" 200 4632 "-" "Mozilla/5.0 AppleWebKit/537.36 (KHTML, like Gecko; compatible; ClaudeBot/1.0; +claudebot@anthropic.com)"
57.141.0.13 - - [18/Aug/2026:06:19:53 -0600] "GET /news-sitemap.xml?lokasie=//sbin/accton&loknya=//sbin HTTP/1.1" 200 - "-" "Mozilla/5.0 (Macintosh; Intel Mac OS X 10_15_7) AppleWebKit/537.36 (KHTML, like Gecko) Chrome/145.0.0.0 Safari/537.36 (compatible; meta-externalagent/1.1 (+https://developers.facebook.com/docs/sharing/webmasters/crawler))"
216.73.216.51 - - [18/Aug/2026:06:19:52 -0600] "GET /index.php?loknya=%2Fusr%2Fshare%2Ffirewalld HTTP/1.1" 200 5187 "-" "Mozilla/5.0 AppleWebKit/537.36 (KHTML, like Gecko; compatible; ClaudeBot/1.0; +claudebot@anthropic.com)"
