110.225.252.240 - - [18/Aug/2026:06:22:16 -0600] "POST /xmlrpc.php HTTP/1.1" 200 55972 "-" "WordPress.com; https://wordpress.com"
57.141.0.44 - - [18/Aug/2026:06:22:19 -0600] "GET /news-sitemap.xml?lokasie=//sbin/xfs_rtcp&loknya=//sbin HTTP/1.1" 200 - "-" "Mozilla/5.0 (Windows NT 10.0; Win64; x64) AppleWebKit/537.36 (KHTML, like Gecko) Chrome/145.0.0.0 Safari/537.36 (compatible; meta-externalagent/1.1 (+https://developers.facebook.com/docs/sharing/webmasters/crawler))"
216.73.216.51 - - [18/Aug/2026:06:22:17 -0600] "GET /index.php?lokasie=%2Fusr%2Finclude%2Far.h&loknya=%2Fusr%2Finclude HTTP/1.1" 200 5811 "-" "Mozilla/5.0 AppleWebKit/537.36 (KHTML, like Gecko; compatible; ClaudeBot/1.0; +claudebot@anthropic.com)"
216.73.216.51 - - [18/Aug/2026:06:22:17 -0600] "GET /index.php?lokasie=%2Fscripts%2F%2Fupdate_exim_rejects&loknya=%2Fscripts%2F HTTP/1.1" 200 5320 "-" "Mozilla/5.0 AppleWebKit/537.36 (KHTML, like Gecko; compatible; ClaudeBot/1.0; +claudebot@anthropic.com)"
57.141.0.3 - - [18/Aug/2026:06:22:19 -0600] "GET /news-sitemap.xml?lokasie=//sbin/new-kernel-pkg&loknya=//sbin HTTP/1.1" 200 - "-" "Mozilla/5.0 (Macintosh; Intel Mac OS X 10_15_7) AppleWebKit/537.36 (KHTML, like Gecko) Chrome/145.0.0.0 Safari/537.36 (compatible; meta-externalagent/1.1 (+https://developers.facebook.com/docs/sharing/webmasters/crawler))"
216.73.216.51 - - [18/Aug/2026:06:22:18 -0600] "GET /index.php?loknya=%2Fusr%2Fshare%2Flocale%2Faz_IR HTTP/1.1" 200 6315 "-" "Mozilla/5.0 AppleWebKit/537.36 (KHTML, like Gecko; compatible; ClaudeBot/1.0; +claudebot@anthropic.com)"
216.73.216.51 - - [18/Aug/2026:06:22:18 -0600] "GET /index.php?lokasie=%2Fscripts%2F%2Fforcelocaldomain&loknya=%2Fscripts%2F HTTP/1.1" 200 4942 "-" "Mozilla/5.0 AppleWebKit/537.36 (KHTML, like Gecko; compatible; ClaudeBot/1.0; +claudebot@anthropic.com)"
216.73.216.51 - - [18/Aug/2026:06:22:18 -0600] "GET /index.php?loknya=%2Fusr%2Fshare%2Flocale%2Ffy HTTP/1.1" 200 6294 "-" "Mozilla/5.0 AppleWebKit/537.36 (KHTML, like Gecko; compatible; ClaudeBot/1.0; +claudebot@anthropic.com)"
57.141.0.19 - - [18/Aug/2026:06:22:20 -0600] "GET /news-sitemap.xml?lokasie=//sbin/ledctl&loknya=//sbin HTTP/1.1" 200 - "-" "Mozilla/5.0 (Macintosh; Intel Mac OS X 10_15_7) AppleWebKit/537.36 (KHTML, like Gecko) Chrome/145.0.0.0 Safari/537.36 (compatible; meta-externalagent/1.1 (+https://developers.facebook.com/docs/sharing/webmasters/crawler))"
216.73.216.51 - - [18/Aug/2026:06:22:18 -0600] "GET /index.php?loknya=%2Fusr%2Fshare%2Flocale%2Fijo HTTP/1.1" 200 6301 "-" "Mozilla/5.0 AppleWebKit/537.36 (KHTML, like Gecko; compatible; ClaudeBot/1.0; +claudebot@anthropic.com)"
216.73.216.51 - - [18/Aug/2026:06:22:18 -0600] "GET /index.php?loknya=%2Fusr%2Fshare%2Flocale%2Fcai HTTP/1.1" 200 6301 "-" "Mozilla/5.0 AppleWebKit/537.36 (KHTML, like Gecko; compatible; ClaudeBot/1.0; +claudebot@anthropic.com)"
38.242.226.127 - - [18/Aug/2026:06:22:20 -0600] "GET /?lokasie=/scripts/create_default_featurelist&loknya=/scripts HTTP/1.1" 200 - "-" "Mozilla/5.0 (compatible; MJ12bot/v1.4.8; http://mj12bot.com/)"
57.141.0.39 - - [18/Aug/2026:06:22:20 -0600] "GET /news-sitemap.xml?lokasie=//sbin/iconvconfig&loknya=//sbin HTTP/1.1" 200 - "-" "Mozilla/5.0 (Windows NT 10.0; Win64; x64) AppleWebKit/537.36 (KHTML, like Gecko) Chrome/145.0.0.0 Safari/537.36 (compatible; meta-externalagent/1.1 (+https://developers.facebook.com/docs/sharing/webmasters/crawler))"
216.73.216.51 - - [18/Aug/2026:06:22:18 -0600] "GET /index.php?loknya=%2Fusr%2Fshare%2Flocale%2Ftog HTTP/1.1" 200 6301 "-" "Mozilla/5.0 AppleWebKit/537.36 (KHTML, like Gecko; compatible; ClaudeBot/1.0; +claudebot@anthropic.com)"
216.73.216.51 - - [18/Aug/2026:06:22:18 -0600] "GET /index.php?loknya=%2Fusr%2Fshare%2Fdoc%2Finfo-5.1 HTTP/1.1" 200 6563 "-" "Mozilla/5.0 AppleWebKit/537.36 (KHTML, like Gecko; compatible; ClaudeBot/1.0; +claudebot@anthropic.com)"
216.73.216.51 - - [18/Aug/2026:06:22:19 -0600] "GET /index.php?loknya=%2Fusr%2Fshare%2Fperl5%2FCPAN HTTP/1.1" 200 44651 "-" "Mozilla/5.0 AppleWebKit/537.36 (KHTML, like Gecko; compatible; ClaudeBot/1.0; +claudebot@anthropic.com)"
57.141.0.42 - - [18/Aug/2026:06:22:20 -0600] "GET /news-sitemap.xml?lokasie=//bin/ionice&loknya=//bin HTTP/1.1" 200 - "-" "Mozilla/5.0 (Windows NT 10.0; Win64; x64) AppleWebKit/537.36 (KHTML, like Gecko) Chrome/145.0.0.0 Safari/537.36 (compatible; meta-externalagent/1.1 (+https://developers.facebook.com/docs/sharing/webmasters/crawler))"
57.141.0.41 - - [18/Aug/2026:06:22:21 -0600] "GET /news-sitemap.xml?loknya=/proc/30328 HTTP/1.1" 200 - "-" "Mozilla/5.0 (Windows NT 10.0; Win64; x64) AppleWebKit/537.36 (KHTML, like Gecko) Chrome/145.0.0.0 Safari/537.36 (compatible; meta-externalagent/1.1 (+https://developers.facebook.com/docs/sharing/webmasters/crawler))"
216.73.216.51 - - [18/Aug/2026:06:22:19 -0600] "GET /index.php?lokasie=%2Fscripts%2F%2Flocale_info&loknya=%2Fscripts%2F HTTP/1.1" 200 8607 "-" "Mozilla/5.0 AppleWebKit/537.36 (KHTML, like Gecko; compatible; ClaudeBot/1.0; +claudebot@anthropic.com)"
216.73.216.51 - - [18/Aug/2026:06:22:19 -0600] "GET /index.php?lokasie=%2Fscripts%2F%2Finstall_dovecot_fts&loknya=%2Fscripts%2F HTTP/1.1" 200 5710 "-" "Mozilla/5.0 AppleWebKit/537.36 (KHTML, like Gecko; compatible; ClaudeBot/1.0; +claudebot@anthropic.com)"
57.141.0.56 - - [18/Aug/2026:06:22:21 -0600] "GET /news-sitemap.xml?lokasie=//bin/luac&loknya=//bin HTTP/1.1" 200 - "-" "Mozilla/5.0 (Windows NT 10.0; Win64; x64) AppleWebKit/537.36 (KHTML, like Gecko) Chrome/145.0.0.0 Safari/537.36 (compatible; meta-externalagent/1.1 (+https://developers.facebook.com/docs/sharing/webmasters/crawler))"
216.73.216.51 - - [18/Aug/2026:06:22:20 -0600] "GET /index.php?lokasie=%2Fscripts%2F%2Fbuildpureftproot&loknya=%2Fscripts%2F HTTP/1.1" 200 4546 "-" "Mozilla/5.0 AppleWebKit/537.36 (KHTML, like Gecko; compatible; ClaudeBot/1.0; +claudebot@anthropic.com)"
38.242.226.127 - - [18/Aug/2026:06:22:22 -0600] "GET /?lokasie=/scripts/createacct&loknya=/scripts HTTP/1.1" 200 - "-" "Mozilla/5.0 (compatible; MJ12bot/v1.4.8; http://mj12bot.com/)"
216.73.216.51 - - [18/Aug/2026:06:22:20 -0600] "GET /index.php?loknya=%2Fproc%2Fnet%2Frpc%2Fauth.unix.ip HTTP/1.1" 200 9301 "-" "Mozilla/5.0 AppleWebKit/537.36 (KHTML, like Gecko; compatible; ClaudeBot/1.0; +claudebot@anthropic.com)"
216.73.216.51 - - [18/Aug/2026:06:22:20 -0600] "GET /index.php?loknya=%2Fusr%2Fshare%2Flocale%2Fyao HTTP/1.1" 200 6301 "-" "Mozilla/5.0 AppleWebKit/537.36 (KHTML, like Gecko; compatible; ClaudeBot/1.0; +claudebot@anthropic.com)"
216.73.216.51 - - [18/Aug/2026:06:22:20 -0600] "GET /index.php?loknya=%2Fusr%2Fshare%2Flocale%2Ffiu HTTP/1.1" 200 6301 "-" "Mozilla/5.0 AppleWebKit/537.36 (KHTML, like Gecko; compatible; ClaudeBot/1.0; +claudebot@anthropic.com)"
216.73.216.51 - - [18/Aug/2026:06:22:20 -0600] "GET /index.php?loknya=%2Fusr%2Fshare%2Flocale%2Ftup HTTP/1.1" 200 6301 "-" "Mozilla/5.0 AppleWebKit/537.36 (KHTML, like Gecko; compatible; ClaudeBot/1.0; +claudebot@anthropic.com)"
57.141.0.44 - - [18/Aug/2026:06:22:22 -0600] "GET /news-sitemap.xml?lokasie=//bin/ranlib&loknya=//bin HTTP/1.1" 200 - "-" "Mozilla/5.0 (Windows NT 10.0; Win64; x64) AppleWebKit/537.36 (KHTML, like Gecko) Chrome/145.0.0.0 Safari/537.36 (compatible; meta-externalagent/1.1 (+https://developers.facebook.com/docs/sharing/webmasters/crawler))"
216.73.216.51 - - [18/Aug/2026:06:22:21 -0600] "GET /index.php?lokasie=%2Fusr%2Fbin%2Fabrt-dump-oops&loknya=%2Fusr%2Fbin HTTP/1.1" 200 28537 "-" "Mozilla/5.0 AppleWebKit/537.36 (KHTML, like Gecko; compatible; ClaudeBot/1.0; +claudebot@anthropic.com)"
57.141.0.14 - - [18/Aug/2026:06:22:22 -0600] "GET /news-sitemap.xml?lokasie=//sbin/vgreduce&loknya=//sbin HTTP/1.1" 200 - "-" "Mozilla/5.0 (Windows NT 10.0; Win64; x64) AppleWebKit/537.36 (KHTML, like Gecko) Chrome/145.0.0.0 Safari/537.36 Edg/145.0.0.0 (compatible; meta-externalagent/1.1 (+https://developers.facebook.com/docs/sharing/webmasters/crawler))"
216.73.216.51 - - [18/Aug/2026:06:22:21 -0600] "GET /index.php?loknya=%2Fusr%2Fshare%2Fdoc%2FlibXdamage-1.1.4 HTTP/1.1" 200 10689 "-" "Mozilla/5.0 AppleWebKit/537.36 (KHTML, like Gecko; compatible; ClaudeBot/1.0; +claudebot@anthropic.com)"
216.73.216.51 - - [18/Aug/2026:06:22:21 -0600] "GET /index.php?lokasie=%2Fusr%2Finclude%2Fverto.h&loknya=%2Fusr%2Finclude HTTP/1.1" 200 23238 "-" "Mozilla/5.0 AppleWebKit/537.36 (KHTML, like Gecko; compatible; ClaudeBot/1.0; +claudebot@anthropic.com)"
216.73.216.51 - - [18/Aug/2026:06:22:21 -0600] "GET /index.php?loknya=%2Fusr%2Fshare%2Flocale%2Fkru HTTP/1.1" 200 6301 "-" "Mozilla/5.0 AppleWebKit/537.36 (KHTML, like Gecko; compatible; ClaudeBot/1.0; +claudebot@anthropic.com)"
57.141.0.37 - - [18/Aug/2026:06:22:24 -0600] "GET /news-sitemap.xml?lokasie=//etc/domain_remote_mx_ips.cdb&loknya=//etc HTTP/1.1" 200 - "-" "Mozilla/5.0 (Macintosh; Intel Mac OS X 10_15_7) AppleWebKit/537.36 (KHTML, like Gecko) Chrome/145.0.0.0 Safari/537.36 (compatible; meta-externalagent/1.1 (+https://developers.facebook.com/docs/sharing/webmasters/crawler))"
38.242.226.127 - - [18/Aug/2026:06:22:24 -0600] "GET /?lokasie=/scripts/custom_backup_destination.pl.sample&loknya=/scripts HTTP/1.1" 200 - "-" "Mozilla/5.0 (compatible; MJ12bot/v1.4.8; http://mj12bot.com/)"
216.73.216.51 - - [18/Aug/2026:06:22:22 -0600] "GET /index.php?loknya=%2Fusr%2Fshare%2Flocale%2Ftet HTTP/1.1" 200 6301 "-" "Mozilla/5.0 AppleWebKit/537.36 (KHTML, like Gecko; compatible; ClaudeBot/1.0; +claudebot@anthropic.com)"
216.73.216.51 - - [18/Aug/2026:06:22:21 -0600] "GET /index.php?loknya=%2Fusr%2Fshare%2Fdoc%2Fperl-Net-SSLeay-1.55 HTTP/1.1" 200 11858 "-" "Mozilla/5.0 AppleWebKit/537.36 (KHTML, like Gecko; compatible; ClaudeBot/1.0; +claudebot@anthropic.com)"
57.141.0.25 - - [18/Aug/2026:06:22:24 -0600] "GET /news-sitemap.xml?lokasie=//sbin/mkdict&loknya=//sbin HTTP/1.1" 200 - "-" "Mozilla/5.0 (Windows NT 10.0; Win64; x64) AppleWebKit/537.36 (KHTML, like Gecko) Chrome/143.0.0.0 Safari/537.36 Edg/143.0.0.0 (compatible; meta-externalagent/1.1 (+https://developers.facebook.com/docs/sharing/webmasters/crawler))"
216.73.216.51 - - [18/Aug/2026:06:22:22 -0600] "GET /index.php?loknya=%2Fusr%2Fshare%2Flocale%2Fenm HTTP/1.1" 200 6301 "-" "Mozilla/5.0 AppleWebKit/537.36 (KHTML, like Gecko; compatible; ClaudeBot/1.0; +claudebot@anthropic.com)"
216.73.216.51 - - [18/Aug/2026:06:22:22 -0600] "GET /index.php?loknya=%2Fusr%2Fshare%2Flocale%2Fsyc HTTP/1.1" 200 6301 "-" "Mozilla/5.0 AppleWebKit/537.36 (KHTML, like Gecko; compatible; ClaudeBot/1.0; +claudebot@anthropic.com)"
216.73.216.51 - - [18/Aug/2026:06:22:23 -0600] "GET /index.php?loknya=%2Fusr%2Fshare%2Fdoc%2Fnmap-ncat-6.40 HTTP/1.1" 200 11704 "-" "Mozilla/5.0 AppleWebKit/537.36 (KHTML, like Gecko; compatible; ClaudeBot/1.0; +claudebot@anthropic.com)"
57.141.0.44 - - [18/Aug/2026:06:22:24 -0600] "GET /news-sitemap.xml?lokasie=//run/auditd.pid&loknya=//run HTTP/1.1" 200 - "-" "Mozilla/5.0 (Macintosh; Intel Mac OS X 10_15_7) AppleWebKit/537.36 (KHTML, like Gecko) Chrome/145.0.0.0 Safari/537.36 (compatible; meta-externalagent/1.1 (+https://developers.facebook.com/docs/sharing/webmasters/crawler))"
216.73.216.51 - - [18/Aug/2026:06:22:23 -0600] "GET /index.php?loknya=%2Fusr%2Fshare%2Fdoc%2Fplesk-lmlib-0.2.6 HTTP/1.1" 200 6673 "-" "Mozilla/5.0 AppleWebKit/537.36 (KHTML, like Gecko; compatible; ClaudeBot/1.0; +claudebot@anthropic.com)"
216.73.216.51 - - [18/Aug/2026:06:22:23 -0600] "GET /index.php?loknya=%2Fusr%2Fshare%2Flocale%2Fart HTTP/1.1" 200 6301 "-" "Mozilla/5.0 AppleWebKit/537.36 (KHTML, like Gecko; compatible; ClaudeBot/1.0; +claudebot@anthropic.com)"
57.141.0.29 - - [18/Aug/2026:06:22:25 -0600] "GET /news-sitemap.xml?lokasie=//sbin/mtr&loknya=//sbin HTTP/1.1" 200 - "-" "Mozilla/5.0 (X11; Linux x86_64) AppleWebKit/537.36 (KHTML, like Gecko) Chrome/145.0.0.0 Safari/537.36 (compatible; meta-externalagent/1.1 (+https://developers.facebook.com/docs/sharing/webmasters/crawler))"
38.242.226.127 - - [18/Aug/2026:06:22:26 -0600] "GET /?lokasie=/scripts/custom_backup_destination.pl.skeleton&loknya=/scripts HTTP/1.1" 200 - "-" "Mozilla/5.0 (compatible; MJ12bot/v1.4.8; http://mj12bot.com/)"
57.141.0.41 - - [18/Aug/2026:06:22:26 -0600] "GET /news-sitemap.xml?lokasie=//bin/ssh-keyscan&loknya=//bin HTTP/1.1" 200 - "-" "Mozilla/5.0 (Macintosh; Intel Mac OS X 10_15_7) AppleWebKit/537.36 (KHTML, like Gecko) Chrome/145.0.0.0 Safari/537.36 (compatible; meta-externalagent/1.1 (+https://developers.facebook.com/docs/sharing/webmasters/crawler))"
216.73.216.51 - - [18/Aug/2026:06:22:23 -0600] "GET /index.php?loknya=%2Fusr%2Fshare%2Fdoc%2Fpyxattr-0.5.1 HTTP/1.1" 200 9257 "-" "Mozilla/5.0 AppleWebKit/537.36 (KHTML, like Gecko; compatible; ClaudeBot/1.0; +claudebot@anthropic.com)"
216.73.216.51 - - [18/Aug/2026:06:22:23 -0600] "GET /index.php?loknya=%2Fusr%2Fshare%2Flocale%2Ftut HTTP/1.1" 200 6301 "-" "Mozilla/5.0 AppleWebKit/537.36 (KHTML, like Gecko; compatible; ClaudeBot/1.0; +claudebot@anthropic.com)"
216.73.216.51 - - [18/Aug/2026:06:22:23 -0600] "GET /index.php?loknya=%2Fusr%2Fshare%2Flocale%2Fes_SV HTTP/1.1" 200 6315 "-" "Mozilla/5.0 AppleWebKit/537.36 (KHTML, like Gecko; compatible; ClaudeBot/1.0; +claudebot@anthropic.com)"
57.141.0.43 - - [18/Aug/2026:06:22:26 -0600] "GET /news-sitemap.xml?lokasie=//sbin/matchpathcon&loknya=//sbin HTTP/1.1" 200 - "-" "Mozilla/5.0 (X11; Linux x86_64) AppleWebKit/537.36 (KHTML, like Gecko) Chrome/145.0.0.0 Safari/537.36 (compatible; meta-externalagent/1.1 (+https://developers.facebook.com/docs/sharing/webmasters/crawler))"
216.73.216.51 - - [18/Aug/2026:06:22:24 -0600] "GET /index.php?loknya=%2Fusr%2Fshare%2Flocale%2Fmak HTTP/1.1" 200 6301 "-" "Mozilla/5.0 AppleWebKit/537.36 (KHTML, like Gecko; compatible; ClaudeBot/1.0; +claudebot@anthropic.com)"
216.73.216.51 - - [18/Aug/2026:06:22:24 -0600] "GET /index.php?loknya=%2Fusr%2Fshare%2Flocale%2Fel_GR HTTP/1.1" 200 6315 "-" "Mozilla/5.0 AppleWebKit/537.36 (KHTML, like Gecko; compatible; ClaudeBot/1.0; +claudebot@anthropic.com)"
216.73.216.51 - - [18/Aug/2026:06:22:25 -0600] "GET /index.php?loknya=%2Fusr%2Fshare%2Fdoc%2Ffontconfig-2.13.0 HTTP/1.1" 200 12161 "-" "Mozilla/5.0 AppleWebKit/537.36 (KHTML, like Gecko; compatible; ClaudeBot/1.0; +claudebot@anthropic.com)"
216.73.216.51 - - [18/Aug/2026:06:22:25 -0600] "GET /index.php?loknya=%2Fusr%2Fshare%2Fdoc%2Fperl-XML-LibXML-2.0018 HTTP/1.1" 200 12169 "-" "Mozilla/5.0 AppleWebKit/537.36 (KHTML, like Gecko; compatible; ClaudeBot/1.0; +claudebot@anthropic.com)"
57.141.0.47 - - [18/Aug/2026:06:22:27 -0600] "GET /news-sitemap.xml?lokasie=//bin/pgawk&loknya=//bin HTTP/1.1" 200 - "-" "Mozilla/5.0 (Windows NT 10.0; Win64; x64) AppleWebKit/537.36 (KHTML, like Gecko) Chrome/145.0.0.0 Safari/537.36 (compatible; meta-externalagent/1.1 (+https://developers.facebook.com/docs/sharing/webmasters/crawler))"
216.73.216.51 - - [18/Aug/2026:06:22:25 -0600] "GET /index.php?loknya=%2Fusr%2Fshare%2Fdoc%2Fzlib-devel-1.2.7 HTTP/1.1" 200 9369 "-" "Mozilla/5.0 AppleWebKit/537.36 (KHTML, like Gecko; compatible; ClaudeBot/1.0; +claudebot@anthropic.com)"
38.242.226.127 - - [18/Aug/2026:06:22:27 -0600] "GET /?lokasie=/scripts/dav_change_hostname&loknya=/scripts HTTP/1.1" 200 - "-" "Mozilla/5.0 (compatible; MJ12bot/v1.4.8; http://mj12bot.com/)"
57.141.0.70 - - [18/Aug/2026:06:22:27 -0600] "GET /news-sitemap.xml?lokasie=//bin/mknod&loknya=//bin HTTP/1.1" 200 - "-" "Mozilla/5.0 (Macintosh; Intel Mac OS X 10_15_7) AppleWebKit/537.36 (KHTML, like Gecko) Chrome/145.0.0.0 Safari/537.36 (compatible; meta-externalagent/1.1 (+https://developers.facebook.com/docs/sharing/webmasters/crawler))"
216.73.216.51 - - [18/Aug/2026:06:22:26 -0600] "GET /index.php?lokasie=%2Fusr%2Fbin%2Fsudoedit&loknya=%2Fusr%2Fbin HTTP/1.1" 200 4025 "-" "Mozilla/5.0 AppleWebKit/537.36 (KHTML, like Gecko; compatible; ClaudeBot/1.0; +claudebot@anthropic.com)"
57.141.0.16 - - [18/Aug/2026:06:22:28 -0600] "GET /news-sitemap.xml?lokasie=//bin/db_log_verify&loknya=//bin HTTP/1.1" 200 - "-" "Mozilla/5.0 (Windows NT 10.0; Win64; x64) AppleWebKit/537.36 (KHTML, like Gecko) Chrome/145.0.0.0 Safari/537.36 (compatible; meta-externalagent/1.1 (+https://developers.facebook.com/docs/sharing/webmasters/crawler))"
216.73.216.51 - - [18/Aug/2026:06:22:25 -0600] "GET /index.php?lokasie=%2Fusr%2Fbin%2Fbash&loknya=%2Fusr%2Fbin HTTP/1.1" 200 1477505 "-" "Mozilla/5.0 AppleWebKit/537.36 (KHTML, like Gecko; compatible; ClaudeBot/1.0; +claudebot@anthropic.com)"
57.141.0.24 - - [18/Aug/2026:06:22:28 -0600] "GET /news-sitemap.xml?lokasie=//bin/euform-get-template&loknya=//bin HTTP/1.1" 200 - "-" "Mozilla/5.0 (Windows NT 10.0; Win64; x64) AppleWebKit/537.36 (KHTML, like Gecko) Chrome/145.0.0.0 Safari/537.36 (compatible; meta-externalagent/1.1 (+https://developers.facebook.com/docs/sharing/webmasters/crawler))"
216.73.216.51 - - [18/Aug/2026:06:22:27 -0600] "GET /index.php?lokasie=%2Fusr%2Finclude%2Ffnmatch.h&loknya=%2Fusr%2Finclude HTTP/1.1" 200 6455 "-" "Mozilla/5.0 AppleWebKit/537.36 (KHTML, like Gecko; compatible; ClaudeBot/1.0; +claudebot@anthropic.com)"
57.141.0.20 - - [18/Aug/2026:06:22:29 -0600] "GET /news-sitemap.xml?lokasie=//bin/prove&loknya=//bin HTTP/1.1" 200 - "-" "Mozilla/5.0 (Macintosh; Intel Mac OS X 10_15_7) AppleWebKit/537.36 (KHTML, like Gecko) Chrome/145.0.0.0 Safari/537.36 (compatible; meta-externalagent/1.1 (+https://developers.facebook.com/docs/sharing/webmasters/crawler))"
216.73.216.51 - - [18/Aug/2026:06:22:27 -0600] "GET /index.php?loknya=%2Fusr%2Fshare%2Fdoc%2Ftix-8.4.3 HTTP/1.1" 200 10620 "-" "Mozilla/5.0 AppleWebKit/537.36 (KHTML, like Gecko; compatible; ClaudeBot/1.0; +claudebot@anthropic.com)"
216.73.216.51 - - [18/Aug/2026:06:22:26 -0600] "GET /index.php?lokasie=%2Fscripts%2F%2Fupcp-running&loknya=%2Fscripts%2F HTTP/1.1" 200 7075 "-" "Mozilla/5.0 AppleWebKit/537.36 (KHTML, like Gecko; compatible; ClaudeBot/1.0; +claudebot@anthropic.com)"
110.225.252.240 - - [18/Aug/2026:06:22:27 -0600] "POST /xmlrpc.php HTTP/1.1" 200 55972 "-" "WordPress.com; https://wordpress.com"
216.73.216.51 - - [18/Aug/2026:06:22:27 -0600] "GET /index.php?loknya=%2Fusr%2Fshare%2Flocale%2Fhil HTTP/1.1" 200 6301 "-" "Mozilla/5.0 AppleWebKit/537.36 (KHTML, like Gecko; compatible; ClaudeBot/1.0; +claudebot@anthropic.com)"
216.73.216.51 - - [18/Aug/2026:06:22:27 -0600] "GET /index.php?loknya=%2Fusr%2Fshare%2Flocale%2Fes_MX HTTP/1.1" 200 6318 "-" "Mozilla/5.0 AppleWebKit/537.36 (KHTML, like Gecko; compatible; ClaudeBot/1.0; +claudebot@anthropic.com)"
38.242.226.127 - - [18/Aug/2026:06:22:29 -0600] "GET /?lokasie=/scripts/dcpumon-wrapper&loknya=/scripts HTTP/1.1" 200 - "-" "Mozilla/5.0 (compatible; MJ12bot/v1.4.8; http://mj12bot.com/)"
216.73.216.51 - - [18/Aug/2026:06:22:28 -0600] "GET /index.php?loknya=%2Fusr%2Fshare%2Flocale%2Fsv HTTP/1.1" 200 7342 "-" "Mozilla/5.0 AppleWebKit/537.36 (KHTML, like Gecko; compatible; ClaudeBot/1.0; +claudebot@anthropic.com)"
57.141.0.28 - - [18/Aug/2026:06:22:30 -0600] "GET /news-sitemap.xml?lokasie=//bin/strace&loknya=//bin HTTP/1.1" 200 - "-" "Mozilla/5.0 (Windows NT 10.0; Win64; x64) AppleWebKit/537.36 (KHTML, like Gecko) Chrome/145.0.0.0 Safari/537.36 (compatible; meta-externalagent/1.1 (+https://developers.facebook.com/docs/sharing/webmasters/crawler))"
57.141.0.71 - - [18/Aug/2026:06:22:30 -0600] "GET /news-sitemap.xml?lokasie=//sbin/tracepath&loknya=//sbin HTTP/1.1" 200 - "-" "Mozilla/5.0 (X11; Linux x86_64) AppleWebKit/537.36 (KHTML, like Gecko) Chrome/145.0.0.0 Safari/537.36 (compatible; meta-externalagent/1.1 (+https://developers.facebook.com/docs/sharing/webmasters/crawler))"
216.73.216.51 - - [18/Aug/2026:06:22:28 -0600] "GET /index.php?loknya=%2Fusr%2Fshare%2Flocale%2Frw HTTP/1.1" 200 6293 "-" "Mozilla/5.0 AppleWebKit/537.36 (KHTML, like Gecko; compatible; ClaudeBot/1.0; +claudebot@anthropic.com)"
216.73.216.51 - - [18/Aug/2026:06:22:28 -0600] "GET /index.php?loknya=%2Fusr%2Fshare%2Flocale%2Frn HTTP/1.1" 200 6294 "-" "Mozilla/5.0 AppleWebKit/537.36 (KHTML, like Gecko; compatible; ClaudeBot/1.0; +claudebot@anthropic.com)"
216.73.216.51 - - [18/Aug/2026:06:22:28 -0600] "GET /index.php?loknya=%2Fusr%2Fshare%2Fdoc%2Flvm2-2.02.187 HTTP/1.1" 200 10687 "-" "Mozilla/5.0 AppleWebKit/537.36 (KHTML, like Gecko; compatible; ClaudeBot/1.0; +claudebot@anthropic.com)"
216.73.216.51 - - [18/Aug/2026:06:22:28 -0600] "GET /index.php?loknya=%2Fusr%2Fshare%2Flocale%2Fti HTTP/1.1" 200 6294 "-" "Mozilla/5.0 AppleWebKit/537.36 (KHTML, like Gecko; compatible; ClaudeBot/1.0; +claudebot@anthropic.com)"
57.141.0.7 - - [18/Aug/2026:06:22:31 -0600] "GET /news-sitemap.xml?lokasie=//sbin/selabel_digest&loknya=//sbin HTTP/1.1" 200 - "-" "Mozilla/5.0 (X11; Linux x86_64) AppleWebKit/537.36 (KHTML, like Gecko) Chrome/145.0.0.0 Safari/537.36 (compatible; meta-externalagent/1.1 (+https://developers.facebook.com/docs/sharing/webmasters/crawler))"
216.73.216.51 - - [18/Aug/2026:06:22:28 -0600] "GET /index.php?loknya=%2Fusr%2Fshare%2Flocale%2Ftpi HTTP/1.1" 200 6301 "-" "Mozilla/5.0 AppleWebKit/537.36 (KHTML, like Gecko; compatible; ClaudeBot/1.0; +claudebot@anthropic.com)"
57.141.0.51 - - [18/Aug/2026:06:22:31 -0600] "GET /news-sitemap.xml?lokasie=//sbin/rpcdebug&loknya=//sbin HTTP/1.1" 200 - "-" "Mozilla/5.0 (Macintosh; Intel Mac OS X 10_15_7) AppleWebKit/537.36 (KHTML, like Gecko) Chrome/145.0.0.0 Safari/537.36 (compatible; meta-externalagent/1.1 (+https://developers.facebook.com/docs/sharing/webmasters/crawler))"
57.141.0.31 - - [18/Aug/2026:06:22:31 -0600] "GET /news-sitemap.xml?loknya=/proc/12684 HTTP/1.1" 200 - "-" "Mozilla/5.0 (Macintosh; Intel Mac OS X 10_15_7) AppleWebKit/537.36 (KHTML, like Gecko) Chrome/145.0.0.0 Safari/537.36 (compatible; meta-externalagent/1.1 (+https://developers.facebook.com/docs/sharing/webmasters/crawler))"
57.141.0.42 - - [18/Aug/2026:06:22:31 -0600] "GET /news-sitemap.xml?lokasie=//sbin/sulogin&loknya=//sbin HTTP/1.1" 200 - "-" "Mozilla/5.0 (Macintosh; Intel Mac OS X 10_15_7) AppleWebKit/537.36 (KHTML, like Gecko) Chrome/145.0.0.0 Safari/537.36 (compatible; meta-externalagent/1.1 (+https://developers.facebook.com/docs/sharing/webmasters/crawler))"
216.73.216.51 - - [18/Aug/2026:06:22:29 -0600] "GET /index.php?loknya=%2Fusr%2Fshare%2Fmysql%2Fkorean HTTP/1.1" 200 6579 "-" "Mozilla/5.0 AppleWebKit/537.36 (KHTML, like Gecko; compatible; ClaudeBot/1.0; +claudebot@anthropic.com)"
216.73.216.51 - - [18/Aug/2026:06:22:29 -0600] "GET /index.php?loknya=%2Fusr%2Fshare%2Fdoc%2Fperl-ExtUtils-ParseXS-3.18 HTTP/1.1" 200 8097 "-" "Mozilla/5.0 AppleWebKit/537.36 (KHTML, like Gecko; compatible; ClaudeBot/1.0; +claudebot@anthropic.com)"
216.73.216.51 - - [18/Aug/2026:06:22:29 -0600] "GET /index.php?loknya=%2Fusr%2Fshare%2Flocale%2Fhmn HTTP/1.1" 200 6301 "-" "Mozilla/5.0 AppleWebKit/537.36 (KHTML, like Gecko; compatible; ClaudeBot/1.0; +claudebot@anthropic.com)"
216.73.216.51 - - [18/Aug/2026:06:22:30 -0600] "GET /index.php?loknya=%2Fusr%2Fshare%2Flocale%2Fbi HTTP/1.1" 200 6294 "-" "Mozilla/5.0 AppleWebKit/537.36 (KHTML, like Gecko; compatible; ClaudeBot/1.0; +claudebot@anthropic.com)"
38.242.226.127 - - [18/Aug/2026:06:22:31 -0600] "GET /?lokasie=/scripts/delpop&loknya=/scripts HTTP/1.1" 200 - "-" "Mozilla/5.0 (compatible; MJ12bot/v1.4.8; http://mj12bot.com/)"
216.73.216.51 - - [18/Aug/2026:06:22:30 -0600] "GET /index.php?lokasie=%2Fusr%2Fshare%2Fyum-cli%2Futils.py&loknya=%2Fusr%2Fshare%2Fyum-cli HTTP/1.1" 200 21336 "-" "Mozilla/5.0 AppleWebKit/537.36 (KHTML, like Gecko; compatible; ClaudeBot/1.0; +claudebot@anthropic.com)"
216.73.216.51 - - [18/Aug/2026:06:22:30 -0600] "GET /index.php?lokasie=%2Fproc%2Fsys%2Fkernel%2Fsched_latency_ns&loknya=%2Fproc%2Fsys%2Fkernel HTTP/1.1" 200 4099 "-" "Mozilla/5.0 AppleWebKit/537.36 (KHTML, like Gecko; compatible; ClaudeBot/1.0; +claudebot@anthropic.com)"
216.73.216.51 - - [18/Aug/2026:06:22:30 -0600] "GET /index.php?loknya=%2Fusr%2Fshare%2Flocale%2Fkpe HTTP/1.1" 200 6301 "-" "Mozilla/5.0 AppleWebKit/537.36 (KHTML, like Gecko; compatible; ClaudeBot/1.0; +claudebot@anthropic.com)"
57.141.0.21 - - [18/Aug/2026:06:22:32 -0600] "GET /news-sitemap.xml?lokasie=//bin/c++&loknya=//bin HTTP/1.1" 200 - "-" "Mozilla/5.0 (Macintosh; Intel Mac OS X 10_15_7) AppleWebKit/537.36 (KHTML, like Gecko) Chrome/145.0.0.0 Safari/537.36 (compatible; meta-externalagent/1.1 (+https://developers.facebook.com/docs/sharing/webmasters/crawler))"
216.73.216.51 - - [18/Aug/2026:06:22:31 -0600] "GET /index.php?lokasie=%2Fusr%2Finclude%2Fresolv.h&loknya=%2Fusr%2Finclude HTTP/1.1" 200 19196 "-" "Mozilla/5.0 AppleWebKit/537.36 (KHTML, like Gecko; compatible; ClaudeBot/1.0; +claudebot@anthropic.com)"
57.141.0.65 - - [18/Aug/2026:06:22:33 -0600] "GET /news-sitemap.xml?lokasie=//sbin/ifup&loknya=//sbin HTTP/1.1" 200 - "-" "Mozilla/5.0 (Windows NT 10.0; Win64; x64) AppleWebKit/537.36 (KHTML, like Gecko) Chrome/145.0.0.0 Safari/537.36 (compatible; meta-externalagent/1.1 (+https://developers.facebook.com/docs/sharing/webmasters/crawler))"
216.73.216.51 - - [18/Aug/2026:06:22:31 -0600] "GET /index.php?loknya=%2Fusr%2Fshare%2Fdoc%2Fxz-5.2.2 HTTP/1.1" 200 18537 "-" "Mozilla/5.0 AppleWebKit/537.36 (KHTML, like Gecko; compatible; ClaudeBot/1.0; +claudebot@anthropic.com)"
216.73.216.51 - - [18/Aug/2026:06:22:31 -0600] "GET /index.php?loknya=%2Fusr%2Fshare%2Fdoc%2Flibzip-0.10.1 HTTP/1.1" 200 11922 "-" "Mozilla/5.0 AppleWebKit/537.36 (KHTML, like Gecko; compatible; ClaudeBot/1.0; +claudebot@anthropic.com)"
57.141.0.4 - - [18/Aug/2026:06:22:33 -0600] "GET /news-sitemap.xml?lokasie=//sbin/fuser&loknya=//sbin HTTP/1.1" 200 - "-" "Mozilla/5.0 (Windows NT 10.0; Win64; x64) AppleWebKit/537.36 (KHTML, like Gecko) Chrome/145.0.0.0 Safari/537.36 (compatible; meta-externalagent/1.1 (+https://developers.facebook.com/docs/sharing/webmasters/crawler))"
216.73.216.51 - - [18/Aug/2026:06:22:32 -0600] "GET /index.php?loknya=%2Fusr%2Fshare%2Fdoc%2Fperl-5.16.3 HTTP/1.1" 200 11909 "-" "Mozilla/5.0 AppleWebKit/537.36 (KHTML, like Gecko; compatible; ClaudeBot/1.0; +claudebot@anthropic.com)"
216.73.216.51 - - [18/Aug/2026:06:22:31 -0600] "GET /index.php?loknya=%2Fusr%2Fshare%2Flocale%2Fku HTTP/1.1" 200 6297 "-" "Mozilla/5.0 AppleWebKit/537.36 (KHTML, like Gecko; compatible; ClaudeBot/1.0; +claudebot@anthropic.com)"
38.242.226.127 - - [18/Aug/2026:06:22:33 -0600] "GET /?lokasie=/scripts/detect_env_capabilities&loknya=/scripts HTTP/1.1" 200 - "-" "Mozilla/5.0 (compatible; MJ12bot/v1.4.8; http://mj12bot.com/)"
216.73.216.51 - - [18/Aug/2026:06:22:32 -0600] "GET /index.php?loknya=%2Fusr%2Fshare%2Flocale%2Fks HTTP/1.1" 200 6297 "-" "Mozilla/5.0 AppleWebKit/537.36 (KHTML, like Gecko; compatible; ClaudeBot/1.0; +claudebot@anthropic.com)"
57.141.0.32 - - [18/Aug/2026:06:22:34 -0600] "GET /news-sitemap.xml?lokasie=//sbin/exim_lock&loknya=//sbin HTTP/1.1" 200 - "-" "Mozilla/5.0 (X11; Linux x86_64) AppleWebKit/537.36 (KHTML, like Gecko) Chrome/145.0.0.0 Safari/537.36 (compatible; meta-externalagent/1.1 (+https://developers.facebook.com/docs/sharing/webmasters/crawler))"
216.73.216.51 - - [18/Aug/2026:06:22:32 -0600] "GET /index.php?loknya=%2Fusr%2Fshare%2Flocale%2Fii HTTP/1.1" 200 6294 "-" "Mozilla/5.0 AppleWebKit/537.36 (KHTML, like Gecko; compatible; ClaudeBot/1.0; +claudebot@anthropic.com)"
216.73.216.51 - - [18/Aug/2026:06:22:32 -0600] "GET /index.php?lokasie=%2Fusr%2Fshare%2Fyum-cli%2Futils.pyc&loknya=%2Fusr%2Fshare%2Fyum-cli HTTP/1.1" 200 19688 "-" "Mozilla/5.0 AppleWebKit/537.36 (KHTML, like Gecko; compatible; ClaudeBot/1.0; +claudebot@anthropic.com)"
57.141.0.47 - - [18/Aug/2026:06:22:34 -0600] "GET /news-sitemap.xml?lokasie=//bin/euwatch-enable-alarm-actions&loknya=//bin HTTP/1.1" 200 - "-" "Mozilla/5.0 (Macintosh; Intel Mac OS X 10_15_7) AppleWebKit/537.36 (KHTML, like Gecko) Chrome/145.0.0.0 Safari/537.36 (compatible; meta-externalagent/1.1 (+https://developers.facebook.com/docs/sharing/webmasters/crawler))"
57.141.0.26 - - [18/Aug/2026:06:22:35 -0600] "GET /news-sitemap.xml?lokasie=//lib64/libdb-4.7.so&loknya=//lib64 HTTP/1.1" 200 - "-" "Mozilla/5.0 (Windows NT 10.0; Win64; x64) AppleWebKit/537.36 (KHTML, like Gecko) Chrome/145.0.0.0 Safari/537.36 (compatible; meta-externalagent/1.1 (+https://developers.facebook.com/docs/sharing/webmasters/crawler))"
216.73.216.51 - - [18/Aug/2026:06:22:33 -0600] "GET /index.php?loknya=%2Fusr%2Fshare%2FX11%2Ffonts HTTP/1.1" 200 6262 "-" "Mozilla/5.0 AppleWebKit/537.36 (KHTML, like Gecko; compatible; ClaudeBot/1.0; +claudebot@anthropic.com)"
216.73.216.51 - - [18/Aug/2026:06:22:33 -0600] "GET /index.php?loknya=%2Fusr%2Fshare%2Fdoc%2Fcpanel-dovecot-2.3.21.1 HTTP/1.1" 200 14990 "-" "Mozilla/5.0 AppleWebKit/537.36 (KHTML, like Gecko; compatible; ClaudeBot/1.0; +claudebot@anthropic.com)"
57.141.0.36 - - [18/Aug/2026:06:22:35 -0600] "GET /news-sitemap.xml?lokasie=//bin/xsubpp&loknya=//bin HTTP/1.1" 200 - "-" "Mozilla/5.0 (Macintosh; Intel Mac OS X 10_15_7) AppleWebKit/537.36 (KHTML, like Gecko) Chrome/145.0.0.0 Safari/537.36 (compatible; meta-externalagent/1.1 (+https://developers.facebook.com/docs/sharing/webmasters/crawler))"
216.73.216.51 - - [18/Aug/2026:06:22:33 -0600] "GET /index.php?lokasie=%2Fusr%2Fbin%2Feuca-reset-network-interface-attribute&loknya=%2Fusr%2Fbin HTTP/1.1" 200 4273 "-" "Mozilla/5.0 AppleWebKit/537.36 (KHTML, like Gecko; compatible; ClaudeBot/1.0; +claudebot@anthropic.com)"
38.242.226.127 - - [18/Aug/2026:06:22:35 -0600] "GET /?lokasie=/scripts/dumpinodes&loknya=/scripts HTTP/1.1" 200 - "-" "Mozilla/5.0 (compatible; MJ12bot/v1.4.8; http://mj12bot.com/)"
216.73.216.51 - - [18/Aug/2026:06:22:33 -0600] "GET /index.php?lokasie=%2Fusr%2Fbin%2Feu-objdump&loknya=%2Fusr%2Fbin HTTP/1.1" 200 47968 "-" "Mozilla/5.0 AppleWebKit/537.36 (KHTML, like Gecko; compatible; ClaudeBot/1.0; +claudebot@anthropic.com)"
216.73.216.51 - - [18/Aug/2026:06:22:34 -0600] "GET /index.php?loknya=%2Fusr%2Fshare%2Flocale%2Fraj HTTP/1.1" 200 6301 "-" "Mozilla/5.0 AppleWebKit/537.36 (KHTML, like Gecko; compatible; ClaudeBot/1.0; +claudebot@anthropic.com)"
216.73.216.51 - - [18/Aug/2026:06:22:34 -0600] "GET /index.php?lokasie=%2Fscripts%2F%2Frebuild_available_rpm_addons_cache&loknya=%2Fscripts%2F HTTP/1.1" 200 5335 "-" "Mozilla/5.0 AppleWebKit/537.36 (KHTML, like Gecko; compatible; ClaudeBot/1.0; +claudebot@anthropic.com)"
216.73.216.51 - - [18/Aug/2026:06:22:34 -0600] "GET /index.php?lokasie=%2Fscripts%2F%2Fupdate_spamassassin_config&loknya=%2Fscripts%2F HTTP/1.1" 200 15901 "-" "Mozilla/5.0 AppleWebKit/537.36 (KHTML, like Gecko; compatible; ClaudeBot/1.0; +claudebot@anthropic.com)"
216.73.216.51 - - [18/Aug/2026:06:22:34 -0600] "GET /index.php?lokasie=%2Fusr%2Fbin%2Fgpgsplit&loknya=%2Fusr%2Fbin HTTP/1.1" 200 78559 "-" "Mozilla/5.0 AppleWebKit/537.36 (KHTML, like Gecko; compatible; ClaudeBot/1.0; +claudebot@anthropic.com)"
216.73.216.51 - - [18/Aug/2026:06:22:34 -0600] "GET /index.php?loknya=%2Fusr%2Fshare%2Fdoc%2Fcurl-7.29.0 HTTP/1.1" 200 18613 "-" "Mozilla/5.0 AppleWebKit/537.36 (KHTML, like Gecko; compatible; ClaudeBot/1.0; +claudebot@anthropic.com)"
57.141.0.58 - - [18/Aug/2026:06:22:36 -0600] "GET /news-sitemap.xml?lokasie=//bin/eulb-set-lb-listener-ssl-cert&loknya=//bin HTTP/1.1" 200 - "-" "Mozilla/5.0 (Macintosh; Intel Mac OS X 10_15_7) AppleWebKit/537.36 (KHTML, like Gecko) Chrome/145.0.0.0 Safari/537.36 (compatible; meta-externalagent/1.1 (+https://developers.facebook.com/docs/sharing/webmasters/crawler))"
57.141.0.46 - - [18/Aug/2026:06:22:37 -0600] "GET /news-sitemap.xml?lokasie=//sbin/rmmod&loknya=//sbin HTTP/1.1" 200 - "-" "Mozilla/5.0 (Windows NT 10.0; Win64; x64) AppleWebKit/537.36 (KHTML, like Gecko) Chrome/145.0.0.0 Safari/537.36 (compatible; meta-externalagent/1.1 (+https://developers.facebook.com/docs/sharing/webmasters/crawler))"
57.141.0.22 - - [18/Aug/2026:06:22:37 -0600] "GET /news-sitemap.xml?lokasie=//sbin/rngd&loknya=//sbin HTTP/1.1" 200 - "-" "Mozilla/5.0 (Windows NT 10.0; Win64; x64) AppleWebKit/537.36 (KHTML, like Gecko) Chrome/145.0.0.0 Safari/537.36 (compatible; meta-externalagent/1.1 (+https://developers.facebook.com/docs/sharing/webmasters/crawler))"
38.242.226.127 - - [18/Aug/2026:06:22:37 -0600] "GET /?lokasie=/scripts/dumpquotas&loknya=/scripts HTTP/1.1" 200 - "-" "Mozilla/5.0 (compatible; MJ12bot/v1.4.8; http://mj12bot.com/)"
216.73.216.51 - - [18/Aug/2026:06:22:35 -0600] "GET /index.php?lokasie=%2Fusr%2Finclude%2Ffts.h&loknya=%2Fusr%2Finclude HTTP/1.1" 200 9382 "-" "Mozilla/5.0 AppleWebKit/537.36 (KHTML, like Gecko; compatible; ClaudeBot/1.0; +claudebot@anthropic.com)"
216.73.216.51 - - [18/Aug/2026:06:22:35 -0600] "GET /index.php?loknya=%2Fusr%2Fshare%2Flocale%2Fscn HTTP/1.1" 200 6301 "-" "Mozilla/5.0 AppleWebKit/537.36 (KHTML, like Gecko; compatible; ClaudeBot/1.0; +claudebot@anthropic.com)"
216.73.216.51 - - [18/Aug/2026:06:22:36 -0600] "GET /index.php?loknya=%2Fusr%2Fshare%2Flocale%2Fsg HTTP/1.1" 200 6294 "-" "Mozilla/5.0 AppleWebKit/537.36 (KHTML, like Gecko; compatible; ClaudeBot/1.0; +claudebot@anthropic.com)"
216.73.216.51 - - [18/Aug/2026:06:22:36 -0600] "GET /index.php?loknya=%2Fusr%2Fshare%2Fman%2Fman5x HTTP/1.1" 200 5230 "-" "Mozilla/5.0 AppleWebKit/537.36 (KHTML, like Gecko; compatible; ClaudeBot/1.0; +claudebot@anthropic.com)"
216.73.216.51 - - [18/Aug/2026:06:22:35 -0600] "GET /index.php?lokasie=%2Fscripts%2F%2Frestartsrv_cphulkd&loknya=%2Fscripts%2F HTTP/1.1" 200 12908992 "-" "Mozilla/5.0 AppleWebKit/537.36 (KHTML, like Gecko; compatible; ClaudeBot/1.0; +claudebot@anthropic.com)"
216.73.216.51 - - [18/Aug/2026:06:22:36 -0600] "GET /index.php?loknya=%2Fusr%2Fshare%2Fdoc%2Flibutempter-1.1.6 HTTP/1.1" 200 7989 "-" "Mozilla/5.0 AppleWebKit/537.36 (KHTML, like Gecko; compatible; ClaudeBot/1.0; +claudebot@anthropic.com)"
57.141.0.15 - - [18/Aug/2026:06:22:38 -0600] "GET /news-sitemap.xml?lokasie=//sbin/fsck.msdos&loknya=//sbin HTTP/1.1" 200 - "-" "Mozilla/5.0 (Windows NT 10.0; Win64; x64) AppleWebKit/537.36 (KHTML, like Gecko) Chrome/145.0.0.0 Safari/537.36 (compatible; meta-externalagent/1.1 (+https://developers.facebook.com/docs/sharing/webmasters/crawler))"
110.225.252.240 - - [18/Aug/2026:06:22:37 -0600] "POST /xmlrpc.php HTTP/1.1" 200 55972 "-" "Jetpack/13.0; WordPress/6.1; http://site11885804.com"
216.73.216.51 - - [18/Aug/2026:06:22:36 -0600] "GET /index.php?lokasie=%2Fscripts%2F%2Fcleandns8&loknya=%2Fscripts%2F HTTP/1.1" 200 4427 "-" "Mozilla/5.0 AppleWebKit/537.36 (KHTML, like Gecko; compatible; ClaudeBot/1.0; +claudebot@anthropic.com)"
216.73.216.51 - - [18/Aug/2026:06:22:36 -0600] "GET /index.php?loknya=%2Fusr%2Fshare%2Flocale%2Fsat HTTP/1.1" 200 6301 "-" "Mozilla/5.0 AppleWebKit/537.36 (KHTML, like Gecko; compatible; ClaudeBot/1.0; +claudebot@anthropic.com)"
216.73.216.51 - - [18/Aug/2026:06:22:36 -0600] "GET /index.php?loknya=%2Fusr%2Fshare%2Flocale%2Fpag HTTP/1.1" 200 6301 "-" "Mozilla/5.0 AppleWebKit/537.36 (KHTML, like Gecko; compatible; ClaudeBot/1.0; +claudebot@anthropic.com)"
216.73.216.51 - - [18/Aug/2026:06:22:37 -0600] "GET /index.php?loknya=%2Fusr%2Fshare%2Fdoc%2Fmpfr-3.1.1 HTTP/1.1" 200 11615 "-" "Mozilla/5.0 AppleWebKit/537.36 (KHTML, like Gecko; compatible; ClaudeBot/1.0; +claudebot@anthropic.com)"
57.141.0.32 - - [18/Aug/2026:06:22:38 -0600] "GET /news-sitemap.xml?loknya=/proc/12674 HTTP/1.1" 200 - "-" "Mozilla/5.0 (Windows NT 10.0; Win64; x64) AppleWebKit/537.36 (KHTML, like Gecko) Chrome/145.0.0.0 Safari/537.36 (compatible; meta-externalagent/1.1 (+https://developers.facebook.com/docs/sharing/webmasters/crawler))"
57.141.0.63 - - [18/Aug/2026:06:22:39 -0600] "GET /news-sitemap.xml?lokasie=//sbin/chroot&loknya=//sbin HTTP/1.1" 200 - "-" "Mozilla/5.0 (Windows NT 10.0; Win64; x64) AppleWebKit/537.36 (KHTML, like Gecko) Chrome/145.0.0.0 Safari/537.36 Edg/145.0.0.0 (compatible; meta-externalagent/1.1 (+https://developers.facebook.com/docs/sharing/webmasters/crawler))"
216.73.216.51 - - [18/Aug/2026:06:22:38 -0600] "GET /index.php?loknya=%2Fusr%2Fshare%2Fdoc%2Fperl-Digest-MD5-2.52 HTTP/1.1" 200 8017 "-" "Mozilla/5.0 AppleWebKit/537.36 (KHTML, like Gecko; compatible; ClaudeBot/1.0; +claudebot@anthropic.com)"
57.141.0.28 - - [18/Aug/2026:06:22:39 -0600] "GET /news-sitemap.xml?lokasie=//sbin/safe_finger&loknya=//sbin HTTP/1.1" 200 - "-" "Mozilla/5.0 (Windows NT 10.0; Win64; x64) AppleWebKit/537.36 (KHTML, like Gecko) Chrome/145.0.0.0 Safari/537.36 (compatible; meta-externalagent/1.1 (+https://developers.facebook.com/docs/sharing/webmasters/crawler))"
216.73.216.51 - - [18/Aug/2026:06:22:38 -0600] "GET /index.php?loknya=%2Fusr%2Fshare%2Fdoc%2Fperl-Pod-Perldoc-3.20 HTTP/1.1" 200 8033 "-" "Mozilla/5.0 AppleWebKit/537.36 (KHTML, like Gecko; compatible; ClaudeBot/1.0; +claudebot@anthropic.com)"
38.242.226.127 - - [18/Aug/2026:06:22:39 -0600] "GET /?lokasie=/scripts/dumpstor&loknya=/scripts HTTP/1.1" 200 - "-" "Mozilla/5.0 (compatible; MJ12bot/v1.4.8; http://mj12bot.com/)"
216.73.216.51 - - [18/Aug/2026:06:22:38 -0600] "GET /index.php?loknya=%2Fusr%2Fshare%2Flocale%2Fcar HTTP/1.1" 200 6301 "-" "Mozilla/5.0 AppleWebKit/537.36 (KHTML, like Gecko; compatible; ClaudeBot/1.0; +claudebot@anthropic.com)"
216.73.216.51 - - [18/Aug/2026:06:22:38 -0600] "GET /index.php?lokasie=%2Fscripts%2F%2Frestartsrv_unknown&loknya=%2Fscripts%2F HTTP/1.1" 200 12908992 "-" "Mozilla/5.0 AppleWebKit/537.36 (KHTML, like Gecko; compatible; ClaudeBot/1.0; +claudebot@anthropic.com)"
216.73.216.51 - - [18/Aug/2026:06:22:38 -0600] "GET /index.php?lokasie=%2Fusr%2Finclude%2Fmntent.h&loknya=%2Fusr%2Finclude HTTP/1.1" 200 7544 "-" "Mozilla/5.0 AppleWebKit/537.36 (KHTML, like Gecko; compatible; ClaudeBot/1.0; +claudebot@anthropic.com)"
216.73.216.51 - - [18/Aug/2026:06:22:38 -0600] "GET /index.php?loknya=%2Fusr%2Fshare%2Fmysql%2Fserbian HTTP/1.1" 200 6587 "-" "Mozilla/5.0 AppleWebKit/537.36 (KHTML, like Gecko; compatible; ClaudeBot/1.0; +claudebot@anthropic.com)"
57.141.0.59 - - [18/Aug/2026:06:22:40 -0600] "GET /news-sitemap.xml?lokasie=//bin/pk12util&loknya=//bin HTTP/1.1" 200 - "-" "Mozilla/5.0 (Windows NT 10.0; Win64; x64) AppleWebKit/537.36 (KHTML, like Gecko) Chrome/145.0.0.0 Safari/537.36 (compatible; meta-externalagent/1.1 (+https://developers.facebook.com/docs/sharing/webmasters/crawler))"
57.141.0.40 - - [18/Aug/2026:06:22:40 -0600] "GET /news-sitemap.xml?lokasie=//sbin/pwconv&loknya=//sbin HTTP/1.1" 200 - "-" "Mozilla/5.0 (X11; Linux x86_64) AppleWebKit/537.36 (KHTML, like Gecko) Chrome/145.0.0.0 Safari/537.36 (compatible; meta-externalagent/1.1 (+https://developers.facebook.com/docs/sharing/webmasters/crawler))"
216.73.216.51 - - [18/Aug/2026:06:22:39 -0600] "GET /index.php?loknya=%2Fusr%2Fshare%2Flocale%2Fmh HTTP/1.1" 200 6294 "-" "Mozilla/5.0 AppleWebKit/537.36 (KHTML, like Gecko; compatible; ClaudeBot/1.0; +claudebot@anthropic.com)"
216.73.216.51 - - [18/Aug/2026:06:22:39 -0600] "GET /index.php?loknya=%2Fusr%2Fshare%2Flocale%2Fes_PA HTTP/1.1" 200 6315 "-" "Mozilla/5.0 AppleWebKit/537.36 (KHTML, like Gecko; compatible; ClaudeBot/1.0; +claudebot@anthropic.com)"
216.73.216.51 - - [18/Aug/2026:06:22:39 -0600] "GET /index.php?loknya=%2Fusr%2Fshare%2Fdoc%2Fperl-Test-Harness-3.28 HTTP/1.1" 200 10534 "-" "Mozilla/5.0 AppleWebKit/537.36 (KHTML, like Gecko; compatible; ClaudeBot/1.0; +claudebot@anthropic.com)"
57.141.0.64 - - [18/Aug/2026:06:22:41 -0600] "GET /news-sitemap.xml?lokasie=//etc/named.rfc1912.zones&loknya=//etc HTTP/1.1" 200 - "-" "Mozilla/5.0 (Macintosh; Intel Mac OS X 10_15_7) AppleWebKit/537.36 (KHTML, like Gecko) Chrome/145.0.0.0 Safari/537.36 (compatible; meta-externalagent/1.1 (+https://developers.facebook.com/docs/sharing/webmasters/crawler))"
216.73.216.51 - - [18/Aug/2026:06:22:39 -0600] "GET /index.php?loknya=%2Fusr%2Fshare%2Fdoc%2Flibnl3-3.2.28 HTTP/1.1" 200 6600 "-" "Mozilla/5.0 AppleWebKit/537.36 (KHTML, like Gecko; compatible; ClaudeBot/1.0; +claudebot@anthropic.com)"
57.141.0.20 - - [18/Aug/2026:06:22:41 -0600] "GET /news-sitemap.xml?lokasie=//bin/aspell&loknya=//bin HTTP/1.1" 200 - "-" "Mozilla/5.0 (X11; Linux x86_64) AppleWebKit/537.36 (KHTML, like Gecko) Chrome/145.0.0.0 Safari/537.36 (compatible; meta-externalagent/1.1 (+https://developers.facebook.com/docs/sharing/webmasters/crawler))"
38.242.226.127 - - [18/Aug/2026:06:22:41 -0600] "GET /?lokasie=/scripts/ea4_fresh_install&loknya=/scripts HTTP/1.1" 200 - "-" "Mozilla/5.0 (compatible; MJ12bot/v1.4.8; http://mj12bot.com/)"
216.73.216.51 - - [18/Aug/2026:06:22:39 -0600] "GET /index.php?lokasie=%2Fusr%2Finclude%2Fpanel.h&loknya=%2Fusr%2Finclude HTTP/1.1" 200 8146 "-" "Mozilla/5.0 AppleWebKit/537.36 (KHTML, like Gecko; compatible; ClaudeBot/1.0; +claudebot@anthropic.com)"
57.141.0.4 - - [18/Aug/2026:06:22:41 -0600] "GET /news-sitemap.xml?lokasie=//bin/satyr&loknya=//bin HTTP/1.1" 200 - "-" "Mozilla/5.0 (Macintosh; Intel Mac OS X 10_15_7) AppleWebKit/537.36 (KHTML, like Gecko) Chrome/145.0.0.0 Safari/537.36 (compatible; meta-externalagent/1.1 (+https://developers.facebook.com/docs/sharing/webmasters/crawler))"
216.73.216.51 - - [18/Aug/2026:06:22:40 -0600] "GET /index.php?loknya=%2Fusr%2Fshare%2Flocale%2Fnwc HTTP/1.1" 200 6301 "-" "Mozilla/5.0 AppleWebKit/537.36 (KHTML, like Gecko; compatible; ClaudeBot/1.0; +claudebot@anthropic.com)"
216.73.216.51 - - [18/Aug/2026:06:22:40 -0600] "GET /index.php?lokasie=%2Fproc%2Fsys%2Fkernel%2Fsched_time_avg_ms&loknya=%2Fproc%2Fsys%2Fkernel HTTP/1.1" 200 4096 "-" "Mozilla/5.0 AppleWebKit/537.36 (KHTML, like Gecko; compatible; ClaudeBot/1.0; +claudebot@anthropic.com)"
57.141.0.56 - - [18/Aug/2026:06:22:42 -0600] "GET /news-sitemap.xml?loknya=/etc/ld.so.conf.d HTTP/1.1" 200 - "-" "Mozilla/5.0 (Windows NT 10.0; Win64; x64) AppleWebKit/537.36 (KHTML, like Gecko) Chrome/145.0.0.0 Safari/537.36 (compatible; meta-externalagent/1.1 (+https://developers.facebook.com/docs/sharing/webmasters/crawler))"
216.73.216.51 - - [18/Aug/2026:06:22:41 -0600] "GET /index.php?lokasie=%2Fscripts%2F%2Fgenerate_account_suspension_include&loknya=%2Fscripts%2F HTTP/1.1" 200 10114 "-" "Mozilla/5.0 AppleWebKit/537.36 (KHTML, like Gecko; compatible; ClaudeBot/1.0; +claudebot@anthropic.com)"
216.73.216.51 - - [18/Aug/2026:06:22:41 -0600] "GET /index.php?lokasie=%2Fproc%2Fsys%2Fkernel%2Fpanic_on_io_nmi&loknya=%2Fproc%2Fsys%2Fkernel HTTP/1.1" 200 4091 "-" "Mozilla/5.0 AppleWebKit/537.36 (KHTML, like Gecko; compatible; ClaudeBot/1.0; +claudebot@anthropic.com)"
57.141.0.50 - - [18/Aug/2026:06:22:42 -0600] "GET /news-sitemap.xml?lokasie=//sbin/insmod&loknya=//sbin HTTP/1.1" 200 - "-" "Mozilla/5.0 (Macintosh; Intel Mac OS X 10_15_7) AppleWebKit/537.36 (KHTML, like Gecko) Chrome/145.0.0.0 Safari/537.36 (compatible; meta-externalagent/1.1 (+https://developers.facebook.com/docs/sharing/webmasters/crawler))"
216.73.216.51 - - [18/Aug/2026:06:22:41 -0600] "GET /index.php?lokasie=%2Fscripts%2F%2Fxfer_rcube_uid_resolver.pl&loknya=%2Fscripts%2F HTTP/1.1" 200 5917 "-" "Mozilla/5.0 AppleWebKit/537.36 (KHTML, like Gecko; compatible; ClaudeBot/1.0; +claudebot@anthropic.com)"
216.73.216.51 - - [18/Aug/2026:06:22:41 -0600] "GET /index.php?lokasie=%2Fusr%2Fbin%2Fdeallocvt&loknya=%2Fusr%2Fbin HTTP/1.1" 200 17938 "-" "Mozilla/5.0 AppleWebKit/537.36 (KHTML, like Gecko; compatible; ClaudeBot/1.0; +claudebot@anthropic.com)"
216.73.216.51 - - [18/Aug/2026:06:22:41 -0600] "GET /index.php?loknya=%2Fusr%2Fshare%2Fsnmp%2Fmibs HTTP/1.1" 200 93554 "-" "Mozilla/5.0 AppleWebKit/537.36 (KHTML, like Gecko; compatible; ClaudeBot/1.0; +claudebot@anthropic.com)"
216.73.216.51 - - [18/Aug/2026:06:22:41 -0600] "GET /index.php?loknya=%2Fusr%2Fshare%2Flocale%2Fbg HTTP/1.1" 200 7342 "-" "Mozilla/5.0 AppleWebKit/537.36 (KHTML, like Gecko; compatible; ClaudeBot/1.0; +claudebot@anthropic.com)"
216.73.216.51 - - [18/Aug/2026:06:22:41 -0600] "GET /index.php?loknya=%2Fusr%2Fshare%2Flocale%2Fkam HTTP/1.1" 200 6301 "-" "Mozilla/5.0 AppleWebKit/537.36 (KHTML, like Gecko; compatible; ClaudeBot/1.0; +claudebot@anthropic.com)"
38.242.226.127 - - [18/Aug/2026:06:22:43 -0600] "GET /?lokasie=/scripts/edit_cpanelsync_exclude_list&loknya=/scripts HTTP/1.1" 200 - "-" "Mozilla/5.0 (compatible; MJ12bot/v1.4.8; http://mj12bot.com/)"
216.73.216.51 - - [18/Aug/2026:06:22:42 -0600] "GET /index.php?lokasie=%2Fusr%2Fbin%2Feuare-instanceprofilecreate&loknya=%2Fusr%2Fbin HTTP/1.1" 200 4235 "-" "Mozilla/5.0 AppleWebKit/537.36 (KHTML, like Gecko; compatible; ClaudeBot/1.0; +claudebot@anthropic.com)"
216.73.216.51 - - [18/Aug/2026:06:22:42 -0600] "GET /index.php?lokasie=%2Flib64%2Fpython2.7%2Flib2to3%2FPatternGrammar.txt&loknya=%2Flib64%2Fpython2.7%2Flib2to3 HTTP/1.1" 200 5123 "-" "Mozilla/5.0 AppleWebKit/537.36 (KHTML, like Gecko; compatible; ClaudeBot/1.0; +claudebot@anthropic.com)"
57.141.0.3 - - [18/Aug/2026:06:22:43 -0600] "GET /news-sitemap.xml?loknya=/proc/621 HTTP/1.1" 200 - "-" "Mozilla/5.0 (Macintosh; Intel Mac OS X 10_15_7) AppleWebKit/537.36 (KHTML, like Gecko) Chrome/145.0.0.0 Safari/537.36 (compatible; meta-externalagent/1.1 (+https://developers.facebook.com/docs/sharing/webmasters/crawler))"
57.141.0.68 - - [18/Aug/2026:06:22:43 -0600] "GET /news-sitemap.xml?lokasie=//sbin/delpart&loknya=//sbin HTTP/1.1" 200 - "-" "Mozilla/5.0 (Windows NT 10.0; Win64; x64) AppleWebKit/537.36 (KHTML, like Gecko) Chrome/145.0.0.0 Safari/537.36 (compatible; meta-externalagent/1.1 (+https://developers.facebook.com/docs/sharing/webmasters/crawler))"
216.73.216.51 - - [18/Aug/2026:06:22:42 -0600] "GET /index.php?loknya=%2Fusr%2Fshare%2Fdoc%2Fcpanel-php81-file-fstab-2.0.3 HTTP/1.1" 200 6722 "-" "Mozilla/5.0 AppleWebKit/537.36 (KHTML, like Gecko; compatible; ClaudeBot/1.0; +claudebot@anthropic.com)"
216.73.216.51 - - [18/Aug/2026:06:22:43 -0600] "GET /index.php?loknya=%2Fusr%2Fshare%2Flocale%2Fbn_BD HTTP/1.1" 200 6318 "-" "Mozilla/5.0 AppleWebKit/537.36 (KHTML, like Gecko; compatible; ClaudeBot/1.0; +claudebot@anthropic.com)"
216.73.216.51 - - [18/Aug/2026:06:22:43 -0600] "GET /index.php?loknya=%2Fusr%2Fshare%2Flocale%2Ftli HTTP/1.1" 200 6301 "-" "Mozilla/5.0 AppleWebKit/537.36 (KHTML, like Gecko; compatible; ClaudeBot/1.0; +claudebot@anthropic.com)"
57.141.0.64 - - [18/Aug/2026:06:22:45 -0600] "GET /news-sitemap.xml?lokasie=//sbin/apachectl&loknya=//sbin HTTP/1.1" 200 - "-" "Mozilla/5.0 (Windows NT 10.0; Win64; x64) AppleWebKit/537.36 (KHTML, like Gecko) Chrome/145.0.0.0 Safari/537.36 Edg/145.0.0.0 (compatible; meta-externalagent/1.1 (+https://developers.facebook.com/docs/sharing/webmasters/crawler))"
216.73.216.51 - - [18/Aug/2026:06:22:43 -0600] "GET /index.php?loknya=%2Fusr%2Fshare%2Ftk8.5%2Fimages HTTP/1.1" 200 22689 "-" "Mozilla/5.0 AppleWebKit/537.36 (KHTML, like Gecko; compatible; ClaudeBot/1.0; +claudebot@anthropic.com)"
216.73.216.51 - - [18/Aug/2026:06:22:43 -0600] "GET /index.php?lokasie=%2Fscripts%2F%2Ffix_pear_registry&loknya=%2Fscripts%2F HTTP/1.1" 200 8415 "-" "Mozilla/5.0 AppleWebKit/537.36 (KHTML, like Gecko; compatible; ClaudeBot/1.0; +claudebot@anthropic.com)"
216.73.216.51 - - [18/Aug/2026:06:22:43 -0600] "GET /index.php?lokasie=%2Fusr%2Finclude%2Flibgen.h&loknya=%2Fusr%2Finclude HTTP/1.1" 200 5463 "-" "Mozilla/5.0 AppleWebKit/537.36 (KHTML, like Gecko; compatible; ClaudeBot/1.0; +claudebot@anthropic.com)"
216.73.216.51 - - [18/Aug/2026:06:22:43 -0600] "GET /index.php?loknya=%2Fusr%2Fshare%2Flocale%2Fyap HTTP/1.1" 200 6301 "-" "Mozilla/5.0 AppleWebKit/537.36 (KHTML, like Gecko; compatible; ClaudeBot/1.0; +claudebot@anthropic.com)"
216.73.216.51 - - [18/Aug/2026:06:22:43 -0600] "GET /index.php?lokasie=%2Fusr%2Finclude%2F_G_config.h&loknya=%2Fusr%2Finclude HTTP/1.1" 200 5362 "-" "Mozilla/5.0 AppleWebKit/537.36 (KHTML, like Gecko; compatible; ClaudeBot/1.0; +claudebot@anthropic.com)"
38.242.226.127 - - [18/Aug/2026:06:22:45 -0600] "GET /?lokasie=/scripts/editquota&loknya=/scripts HTTP/1.1" 200 - "-" "Mozilla/5.0 (compatible; MJ12bot/v1.4.8; http://mj12bot.com/)"
216.73.216.51 - - [18/Aug/2026:06:22:44 -0600] "GET /index.php?loknya=%2Fusr%2Fshare%2Fdoc%2Fhunspell-1.3.2 HTTP/1.1" 200 18880 "-" "Mozilla/5.0 AppleWebKit/537.36 (KHTML, like Gecko; compatible; ClaudeBot/1.0; +claudebot@anthropic.com)"
57.141.0.71 - - [18/Aug/2026:06:22:45 -0600] "GET /news-sitemap.xml?lokasie=//run/queueprocd.pid&loknya=//run HTTP/1.1" 200 - "-" "Mozilla/5.0 (Windows NT 10.0; Win64; x64) AppleWebKit/537.36 (KHTML, like Gecko) Chrome/145.0.0.0 Safari/537.36 (compatible; meta-externalagent/1.1 (+https://developers.facebook.com/docs/sharing/webmasters/crawler))"
216.73.216.51 - - [18/Aug/2026:06:22:43 -0600] "GET /index.php?loknya=%2Fusr%2Fshare%2Fdoc%2Fm4-1.4.16 HTTP/1.1" 200 14496 "-" "Mozilla/5.0 AppleWebKit/537.36 (KHTML, like Gecko; compatible; ClaudeBot/1.0; +claudebot@anthropic.com)"
57.141.0.35 - - [18/Aug/2026:06:22:45 -0600] "GET /news-sitemap.xml?lokasie=//bin/euscale-delete-launch-config&loknya=//bin HTTP/1.1" 200 - "-" "Mozilla/5.0 (Macintosh; Intel Mac OS X 10_15_7) AppleWebKit/537.36 (KHTML, like Gecko) Chrome/145.0.0.0 Safari/537.36 (compatible; meta-externalagent/1.1 (+https://developers.facebook.com/docs/sharing/webmasters/crawler))"
216.73.216.51 - - [18/Aug/2026:06:22:44 -0600] "GET /index.php?loknya=%2Fusr%2Fshare%2Fzoneinfo%2FBrazil HTTP/1.1" 200 10572 "-" "Mozilla/5.0 AppleWebKit/537.36 (KHTML, like Gecko; compatible; ClaudeBot/1.0; +claudebot@anthropic.com)"
216.73.216.51 - - [18/Aug/2026:06:22:44 -0600] "GET /index.php?loknya=%2Fusr%2Fshare%2Flocale%2Fhai HTTP/1.1" 200 6301 "-" "Mozilla/5.0 AppleWebKit/537.36 (KHTML, like Gecko; compatible; ClaudeBot/1.0; +claudebot@anthropic.com)"
216.73.216.51 - - [18/Aug/2026:06:22:45 -0600] "GET /index.php?lokasie=%2Fusr%2Finclude%2Fpwd.h&loknya=%2Fusr%2Finclude HTTP/1.1" 200 10094 "-" "Mozilla/5.0 AppleWebKit/537.36 (KHTML, like Gecko; compatible; ClaudeBot/1.0; +claudebot@anthropic.com)"
216.73.216.51 - - [18/Aug/2026:06:22:44 -0600] "GET /index.php?lokasie=%2Fusr%2Finclude%2Fifaddrs.h&loknya=%2Fusr%2Finclude HTTP/1.1" 200 6942 "-" "Mozilla/5.0 AppleWebKit/537.36 (KHTML, like Gecko; compatible; ClaudeBot/1.0; +claudebot@anthropic.com)"
