216.73.216.88 - - [18/Aug/2026:06:20:40 -0600] "GET /index.php?loknya=%2Fusr%2Fshare%2Fdoc%2Fdmidecode-3.2 HTTP/1.1" 200 9273 "-" "Mozilla/5.0 AppleWebKit/537.36 (KHTML, like Gecko; compatible; ClaudeBot/1.0; +claudebot@anthropic.com)"
216.73.216.88 - - [18/Aug/2026:06:20:40 -0600] "GET /index.php?loknya=%2Fusr%2Finclude%2Fnetrom HTTP/1.1" 200 6491 "-" "Mozilla/5.0 AppleWebKit/537.36 (KHTML, like Gecko; compatible; ClaudeBot/1.0; +claudebot@anthropic.com)"
110.225.252.240 - - [18/Aug/2026:06:20:41 -0600] "POST /xmlrpc.php HTTP/1.1" 200 55972 "-" "Jetpack/12.1; WordPress/6.4; http://site16806618.com"
216.73.216.88 - - [18/Aug/2026:06:20:40 -0600] "GET /index.php?loknya=%2Fusr%2Finclude%2Fet HTTP/1.1" 200 6463 "-" "Mozilla/5.0 AppleWebKit/537.36 (KHTML, like Gecko; compatible; ClaudeBot/1.0; +claudebot@anthropic.com)"
216.73.216.88 - - [18/Aug/2026:06:20:40 -0600] "GET /index.php?loknya=%2Fusr%2Fshare%2Fdoc%2Fpython-ply-3.4 HTTP/1.1" 200 9029 "-" "Mozilla/5.0 AppleWebKit/537.36 (KHTML, like Gecko; compatible; ClaudeBot/1.0; +claudebot@anthropic.com)"
216.73.216.88 - - [18/Aug/2026:06:20:41 -0600] "GET /index.php?loknya=%2Fsys%2Fmodule%2Fhid HTTP/1.1" 200 7520 "-" "Mozilla/5.0 AppleWebKit/537.36 (KHTML, like Gecko; compatible; ClaudeBot/1.0; +claudebot@anthropic.com)"
38.242.226.127 - - [18/Aug/2026:06:20:42 -0600] "GET /?lokasie=/scripts/checknsddirs&loknya=/scripts HTTP/1.1" 200 - "-" "Mozilla/5.0 (compatible; MJ12bot/v1.4.8; http://mj12bot.com/)"
216.73.216.88 - - [18/Aug/2026:06:20:41 -0600] "GET /index.php?lokasie=%2Fscripts%2F%2Fprimary_virtual_host_migration&loknya=%2Fscripts%2F HTTP/1.1" 200 6581 "-" "Mozilla/5.0 AppleWebKit/537.36 (KHTML, like Gecko; compatible; ClaudeBot/1.0; +claudebot@anthropic.com)"
57.141.0.61 - - [18/Aug/2026:06:20:42 -0600] "GET /news-sitemap.xml?loknya=/etc/lvm HTTP/1.1" 200 - "-" "Mozilla/5.0 (Windows NT 10.0; Win64; x64) AppleWebKit/537.36 (KHTML, like Gecko) Chrome/145.0.0.0 Safari/537.36 (compatible; meta-externalagent/1.1 (+https://developers.facebook.com/docs/sharing/webmasters/crawler))"
57.141.0.4 - - [18/Aug/2026:06:20:43 -0600] "GET /news-sitemap.xml?lokasie=//bin/euscale-put-scaling-policy&loknya=//bin HTTP/1.1" 200 - "-" "Mozilla/5.0 (Windows NT 10.0; Win64; x64) AppleWebKit/537.36 (KHTML, like Gecko) Chrome/145.0.0.0 Safari/537.36 (compatible; meta-externalagent/1.1 (+https://developers.facebook.com/docs/sharing/webmasters/crawler))"
216.73.216.88 - - [18/Aug/2026:06:20:41 -0600] "GET /index.php?lokasie=%2Flib64%2Fpython2.7%2Fidlelib%2FMultiCall.py&loknya=%2Flib64%2Fpython2.7%2Fidlelib HTTP/1.1" 200 22738 "-" "Mozilla/5.0 AppleWebKit/537.36 (KHTML, like Gecko; compatible; ClaudeBot/1.0; +claudebot@anthropic.com)"
216.73.216.88 - - [18/Aug/2026:06:20:41 -0600] "GET /index.php?lokasie=%2Fscripts%2F%2Fcpanelsync_postprocessor&loknya=%2Fscripts%2F HTTP/1.1" 200 5846 "-" "Mozilla/5.0 AppleWebKit/537.36 (KHTML, like Gecko; compatible; ClaudeBot/1.0; +claudebot@anthropic.com)"
57.141.0.8 - - [18/Aug/2026:06:20:43 -0600] "GET /news-sitemap.xml?lokasie=//sbin/vgimportclone&loknya=//sbin HTTP/1.1" 200 - "-" "Mozilla/5.0 (Windows NT 10.0; Win64; x64) AppleWebKit/537.36 (KHTML, like Gecko) Chrome/145.0.0.0 Safari/537.36 (compatible; meta-externalagent/1.1 (+https://developers.facebook.com/docs/sharing/webmasters/crawler))"
216.73.216.88 - - [18/Aug/2026:06:20:42 -0600] "GET /index.php?loknya=%2Fproc%2F2%2Ftask HTTP/1.1" 200 6147 "-" "Mozilla/5.0 AppleWebKit/537.36 (KHTML, like Gecko; compatible; ClaudeBot/1.0; +claudebot@anthropic.com)"
216.73.216.88 - - [18/Aug/2026:06:20:42 -0600] "GET /index.php?lokasie=%2Fscripts%2F%2Fset_php_memory_limits&loknya=%2Fscripts%2F HTTP/1.1" 200 8073 "-" "Mozilla/5.0 AppleWebKit/537.36 (KHTML, like Gecko; compatible; ClaudeBot/1.0; +claudebot@anthropic.com)"
216.73.216.88 - - [18/Aug/2026:06:20:42 -0600] "GET /index.php?loknya=%2Fusr%2Finclude%2Farpa HTTP/1.1" 200 12975 "-" "Mozilla/5.0 AppleWebKit/537.36 (KHTML, like Gecko; compatible; ClaudeBot/1.0; +claudebot@anthropic.com)"
57.141.0.45 - - [18/Aug/2026:06:20:43 -0600] "GET /news-sitemap.xml?lokasie=//sbin/fsck.fat&loknya=//sbin HTTP/1.1" 200 - "-" "Mozilla/5.0 (Windows NT 10.0; Win64; x64) AppleWebKit/537.36 (KHTML, like Gecko) Chrome/145.0.0.0 Safari/537.36 (compatible; meta-externalagent/1.1 (+https://developers.facebook.com/docs/sharing/webmasters/crawler))"
216.73.216.88 - - [18/Aug/2026:06:20:42 -0600] "GET /index.php?loknya=%2Fdev%2Fcpu%2F3 HTTP/1.1" 200 5145 "-" "Mozilla/5.0 AppleWebKit/537.36 (KHTML, like Gecko; compatible; ClaudeBot/1.0; +claudebot@anthropic.com)"
216.73.216.88 - - [18/Aug/2026:06:20:43 -0600] "GET /index.php?loknya=%2Fusr%2Finclude%2Flibdb HTTP/1.1" 200 7775 "-" "Mozilla/5.0 AppleWebKit/537.36 (KHTML, like Gecko; compatible; ClaudeBot/1.0; +claudebot@anthropic.com)"
216.73.216.88 - - [18/Aug/2026:06:20:42 -0600] "GET /index.php?loknya=%2Fsys%2Fmodule%2Fpcspkr HTTP/1.1" 200 19764 "-" "Mozilla/5.0 AppleWebKit/537.36 (KHTML, like Gecko; compatible; ClaudeBot/1.0; +claudebot@anthropic.com)"
216.73.216.88 - - [18/Aug/2026:06:20:43 -0600] "GET /index.php?loknya=%2Flib64%2Fpython2.7%2FDemo%2Fpysvr HTTP/1.1" 200 13305 "-" "Mozilla/5.0 AppleWebKit/537.36 (KHTML, like Gecko; compatible; ClaudeBot/1.0; +claudebot@anthropic.com)"
57.141.0.66 - - [18/Aug/2026:06:20:44 -0600] "GET /news-sitemap.xml?loknya=/proc/27443 HTTP/1.1" 200 - "-" "Mozilla/5.0 (Windows NT 10.0; Win64; x64) AppleWebKit/537.36 (KHTML, like Gecko) Chrome/145.0.0.0 Safari/537.36 (compatible; meta-externalagent/1.1 (+https://developers.facebook.com/docs/sharing/webmasters/crawler))"
216.73.216.88 - - [18/Aug/2026:06:20:42 -0600] "GET /index.php?lokasie=%2Flib64%2Fpython2.7%2Fidlelib%2FSearchDialogBase.pyo&loknya=%2Flib64%2Fpython2.7%2Fidlelib HTTP/1.1" 200 9902 "-" "Mozilla/5.0 AppleWebKit/537.36 (KHTML, like Gecko; compatible; ClaudeBot/1.0; +claudebot@anthropic.com)"
216.73.216.88 - - [18/Aug/2026:06:20:42 -0600] "GET /index.php?lokasie=%2Flib64%2Fpython2.7%2Fidlelib%2FRemoteDebugger.pyo&loknya=%2Flib64%2Fpython2.7%2Fidlelib HTTP/1.1" 200 20789 "-" "Mozilla/5.0 AppleWebKit/537.36 (KHTML, like Gecko; compatible; ClaudeBot/1.0; +claudebot@anthropic.com)"
216.73.216.88 - - [18/Aug/2026:06:20:43 -0600] "GET /index.php?loknya=%2Fusr%2Finclude%2Fnetash HTTP/1.1" 200 6479 "-" "Mozilla/5.0 AppleWebKit/537.36 (KHTML, like Gecko; compatible; ClaudeBot/1.0; +claudebot@anthropic.com)"
57.141.0.18 - - [18/Aug/2026:06:20:44 -0600] "GET /news-sitemap.xml?lokasie=//sbin/consoletype&loknya=//sbin HTTP/1.1" 200 - "-" "Mozilla/5.0 (X11; Linux x86_64) AppleWebKit/537.36 (KHTML, like Gecko) Chrome/145.0.0.0 Safari/537.36 (compatible; meta-externalagent/1.1 (+https://developers.facebook.com/docs/sharing/webmasters/crawler))"
38.242.226.127 - - [18/Aug/2026:06:20:44 -0600] "GET /?lokasie=/scripts/checkusers&loknya=/scripts HTTP/1.1" 200 - "-" "Mozilla/5.0 (compatible; MJ12bot/v1.4.8; http://mj12bot.com/)"
216.73.216.88 - - [18/Aug/2026:06:20:43 -0600] "GET /index.php?loknya=%2Fusr%2Finclude%2Fe2p HTTP/1.1" 200 6455 "-" "Mozilla/5.0 AppleWebKit/537.36 (KHTML, like Gecko; compatible; ClaudeBot/1.0; +claudebot@anthropic.com)"
216.73.216.88 - - [18/Aug/2026:06:20:43 -0600] "GET /index.php?lokasie=%2Fusr%2Finclude%2Fstring.h&loknya=%2Fusr%2Finclude HTTP/1.1" 200 26979 "-" "Mozilla/5.0 AppleWebKit/537.36 (KHTML, like Gecko; compatible; ClaudeBot/1.0; +claudebot@anthropic.com)"
216.73.216.88 - - [18/Aug/2026:06:20:44 -0600] "GET /index.php?loknya=%2Flib64%2Fpython2.7%2FDemo%2Fpdist HTTP/1.1" 200 75384 "-" "Mozilla/5.0 AppleWebKit/537.36 (KHTML, like Gecko; compatible; ClaudeBot/1.0; +claudebot@anthropic.com)"
57.141.0.32 - - [18/Aug/2026:06:20:45 -0600] "GET /news-sitemap.xml?lokasie=//sbin/alternatives&loknya=//sbin HTTP/1.1" 200 - "-" "Mozilla/5.0 (Macintosh; Intel Mac OS X 10_15_7) AppleWebKit/537.36 (KHTML, like Gecko) Chrome/145.0.0.0 Safari/537.36 (compatible; meta-externalagent/1.1 (+https://developers.facebook.com/docs/sharing/webmasters/crawler))"
216.73.216.88 - - [18/Aug/2026:06:20:44 -0600] "GET /index.php?loknya=%2Fsys%2Fmodule%2Fvirtio HTTP/1.1" 200 18723 "-" "Mozilla/5.0 AppleWebKit/537.36 (KHTML, like Gecko; compatible; ClaudeBot/1.0; +claudebot@anthropic.com)"
216.73.216.88 - - [18/Aug/2026:06:20:44 -0600] "GET /index.php?loknya=%2Frun%2Fsystemd%2Finitctl HTTP/1.1" 200 5191 "-" "Mozilla/5.0 AppleWebKit/537.36 (KHTML, like Gecko; compatible; ClaudeBot/1.0; +claudebot@anthropic.com)"
216.73.216.88 - - [18/Aug/2026:06:20:44 -0600] "GET /index.php?loknya=%2Fusr%2Finclude%2Freadline HTTP/1.1" 200 15757 "-" "Mozilla/5.0 AppleWebKit/537.36 (KHTML, like Gecko; compatible; ClaudeBot/1.0; +claudebot@anthropic.com)"
57.141.0.17 - - [18/Aug/2026:06:20:45 -0600] "GET /news-sitemap.xml?lokasie=//bin/logger&loknya=//bin HTTP/1.1" 200 - "-" "Mozilla/5.0 (Macintosh; Intel Mac OS X 10_15_7) AppleWebKit/537.36 (KHTML, like Gecko) Chrome/145.0.0.0 Safari/537.36 (compatible; meta-externalagent/1.1 (+https://developers.facebook.com/docs/sharing/webmasters/crawler))"
216.73.216.88 - - [18/Aug/2026:06:20:44 -0600] "GET /index.php?loknya=%2Fusr%2Fshare%2Fdoc%2Fpython-devel-2.7.5 HTTP/1.1" 200 9435 "-" "Mozilla/5.0 AppleWebKit/537.36 (KHTML, like Gecko; compatible; ClaudeBot/1.0; +claudebot@anthropic.com)"
216.73.216.88 - - [18/Aug/2026:06:20:45 -0600] "GET /index.php?loknya=%2Flib64%2Fpython2.7%2FDemo%2Ftix HTTP/1.1" 200 18144 "-" "Mozilla/5.0 AppleWebKit/537.36 (KHTML, like Gecko; compatible; ClaudeBot/1.0; +claudebot@anthropic.com)"
216.73.216.88 - - [18/Aug/2026:06:20:44 -0600] "GET /index.php?lokasie=%2Flib64%2Fpython2.7%2Fidlelib%2FdynOptionMenuWidget.pyc&loknya=%2Flib64%2Fpython2.7%2Fidlelib HTTP/1.1" 200 5881 "-" "Mozilla/5.0 AppleWebKit/537.36 (KHTML, like Gecko; compatible; ClaudeBot/1.0; +claudebot@anthropic.com)"
216.73.216.88 - - [18/Aug/2026:06:20:44 -0600] "GET /index.php?loknya=%2Fusr%2Fshare%2Fdoc%2Fpython-chardet-2.2.1 HTTP/1.1" 200 8041 "-" "Mozilla/5.0 AppleWebKit/537.36 (KHTML, like Gecko; compatible; ClaudeBot/1.0; +claudebot@anthropic.com)"
216.73.216.88 - - [18/Aug/2026:06:20:44 -0600] "GET /index.php?loknya=%2Fsys%2Fmodule%2Fnet_failover HTTP/1.1" 200 18993 "-" "Mozilla/5.0 AppleWebKit/537.36 (KHTML, like Gecko; compatible; ClaudeBot/1.0; +claudebot@anthropic.com)"
38.242.226.127 - - [18/Aug/2026:06:20:46 -0600] "GET /?lokasie=/scripts/chkmydns&loknya=/scripts HTTP/1.1" 200 - "-" "Mozilla/5.0 (compatible; MJ12bot/v1.4.8; http://mj12bot.com/)"
216.73.216.88 - - [18/Aug/2026:06:20:45 -0600] "GET /index.php?lokasie=%2Flib64%2Fpython2.7%2Fidlelib%2FSearchDialog.pyc&loknya=%2Flib64%2Fpython2.7%2Fidlelib HTTP/1.1" 200 7235 "-" "Mozilla/5.0 AppleWebKit/537.36 (KHTML, like Gecko; compatible; ClaudeBot/1.0; +claudebot@anthropic.com)"
57.141.0.24 - - [18/Aug/2026:06:20:46 -0600] "GET /news-sitemap.xml?loknya=/var/opt HTTP/1.1" 200 - "-" "Mozilla/5.0 (X11; Linux x86_64; rv:147.0) Gecko/20100101 Firefox/147.0 (compatible; meta-externalagent/1.1 (+https://developers.facebook.com/docs/sharing/webmasters/crawler))"
216.73.216.88 - - [18/Aug/2026:06:20:45 -0600] "GET /index.php?loknya=%2Fusr%2Fshare%2Fdoc%2Fpython-slip-0.4.0 HTTP/1.1" 200 7705 "-" "Mozilla/5.0 AppleWebKit/537.36 (KHTML, like Gecko; compatible; ClaudeBot/1.0; +claudebot@anthropic.com)"
216.73.216.88 - - [18/Aug/2026:06:20:46 -0600] "GET /index.php?loknya=%2Fscripts%2Fcpan_sandbox%2FExtUtils%2FMakeMaker HTTP/1.1" 200 6763 "-" "Mozilla/5.0 AppleWebKit/537.36 (KHTML, like Gecko; compatible; ClaudeBot/1.0; +claudebot@anthropic.com)"
216.73.216.88 - - [18/Aug/2026:06:20:46 -0600] "GET /index.php?loknya=%2Fusr%2Fshare%2Fdoc%2Fpython-pycurl-7.19.0 HTTP/1.1" 200 15386 "-" "Mozilla/5.0 AppleWebKit/537.36 (KHTML, like Gecko; compatible; ClaudeBot/1.0; +claudebot@anthropic.com)"
57.141.0.42 - - [18/Aug/2026:06:20:47 -0600] "GET /news-sitemap.xml?lokasie=//sbin/nl-qdisc-add&loknya=//sbin HTTP/1.1" 200 - "-" "Mozilla/5.0 (Windows NT 10.0; Win64; x64) AppleWebKit/537.36 (KHTML, like Gecko) Chrome/145.0.0.0 Safari/537.36 (compatible; meta-externalagent/1.1 (+https://developers.facebook.com/docs/sharing/webmasters/crawler))"
57.141.0.48 - - [18/Aug/2026:06:20:47 -0600] "GET /news-sitemap.xml?lokasie=//sbin/netreport&loknya=//sbin HTTP/1.1" 200 - "-" "Mozilla/5.0 (Macintosh; Intel Mac OS X 10_15_7) AppleWebKit/537.36 (KHTML, like Gecko) Chrome/145.0.0.0 Safari/537.36 (compatible; meta-externalagent/1.1 (+https://developers.facebook.com/docs/sharing/webmasters/crawler))"
216.73.216.88 - - [18/Aug/2026:06:20:46 -0600] "GET /index.php?lokasie=%2Flib64%2Fpython2.7%2Fidlelib%2FdynOptionMenuWidget.py&loknya=%2Flib64%2Fpython2.7%2Fidlelib HTTP/1.1" 200 5605 "-" "Mozilla/5.0 AppleWebKit/537.36 (KHTML, like Gecko; compatible; ClaudeBot/1.0; +claudebot@anthropic.com)"
216.73.216.88 - - [18/Aug/2026:06:20:46 -0600] "GET /index.php?loknya=%2Fusr%2Finclude%2Fdrm HTTP/1.1" 200 29964 "-" "Mozilla/5.0 AppleWebKit/537.36 (KHTML, like Gecko; compatible; ClaudeBot/1.0; +claudebot@anthropic.com)"
57.141.0.18 - - [18/Aug/2026:06:20:47 -0600] "GET /news-sitemap.xml?lokasie=//sbin/killall5&loknya=//sbin HTTP/1.1" 200 - "-" "Mozilla/5.0 (Windows NT 10.0; Win64; x64) AppleWebKit/537.36 (KHTML, like Gecko) Chrome/145.0.0.0 Safari/537.36 (compatible; meta-externalagent/1.1 (+https://developers.facebook.com/docs/sharing/webmasters/crawler))"
216.73.216.88 - - [18/Aug/2026:06:20:46 -0600] "GET /index.php?lokasie=%2Flib64%2Fpython2.7%2Fidlelib%2FSearchDialog.py&loknya=%2Flib64%2Fpython2.7%2Fidlelib HTTP/1.1" 200 6321 "-" "Mozilla/5.0 AppleWebKit/537.36 (KHTML, like Gecko; compatible; ClaudeBot/1.0; +claudebot@anthropic.com)"
216.73.216.88 - - [18/Aug/2026:06:20:47 -0600] "GET /index.php?loknya=%2Fproc%2Fsys%2Fkernel%2Fkeys HTTP/1.1" 200 13210 "-" "Mozilla/5.0 AppleWebKit/537.36 (KHTML, like Gecko; compatible; ClaudeBot/1.0; +claudebot@anthropic.com)"
216.73.216.88 - - [18/Aug/2026:06:20:46 -0600] "GET /index.php?lokasie=%2Flib64%2Fpython2.7%2Fidlelib%2FRemoteObjectBrowser.pyo&loknya=%2Flib64%2Fpython2.7%2Fidlelib HTTP/1.1" 200 6341 "-" "Mozilla/5.0 AppleWebKit/537.36 (KHTML, like Gecko; compatible; ClaudeBot/1.0; +claudebot@anthropic.com)"
38.242.226.127 - - [18/Aug/2026:06:20:48 -0600] "GET /?lokasie=/scripts/chkpaths&loknya=/scripts HTTP/1.1" 200 - "-" "Mozilla/5.0 (compatible; MJ12bot/v1.4.8; http://mj12bot.com/)"
216.73.216.88 - - [18/Aug/2026:06:20:46 -0600] "GET /index.php?loknya=%2Fproc%2Fself%2Ftask HTTP/1.1" 200 6240 "-" "Mozilla/5.0 AppleWebKit/537.36 (KHTML, like Gecko; compatible; ClaudeBot/1.0; +claudebot@anthropic.com)"
216.73.216.88 - - [18/Aug/2026:06:20:46 -0600] "GET /index.php?loknya=%2Fusr%2Fshare%2Fdoc%2Fpython-cffi-1.6.0 HTTP/1.1" 200 6635 "-" "Mozilla/5.0 AppleWebKit/537.36 (KHTML, like Gecko; compatible; ClaudeBot/1.0; +claudebot@anthropic.com)"
216.73.216.88 - - [18/Aug/2026:06:20:47 -0600] "GET /index.php?loknya=%2Flib64%2Fpython2.7%2Fidlelib%2FIcons HTTP/1.1" 200 14848 "-" "Mozilla/5.0 AppleWebKit/537.36 (KHTML, like Gecko; compatible; ClaudeBot/1.0; +claudebot@anthropic.com)"
216.73.216.88 - - [18/Aug/2026:06:20:47 -0600] "GET /index.php?loknya=%2Fusr%2Fshare%2Fdoc%2Fdbus-python-1.1.1 HTTP/1.1" 200 10693 "-" "Mozilla/5.0 AppleWebKit/537.36 (KHTML, like Gecko; compatible; ClaudeBot/1.0; +claudebot@anthropic.com)"
216.73.216.88 - - [18/Aug/2026:06:20:47 -0600] "GET /index.php?loknya=%2Fusr%2Fshare%2Fdoc%2Fpython-iniparse-0.4 HTTP/1.1" 200 13514 "-" "Mozilla/5.0 AppleWebKit/537.36 (KHTML, like Gecko; compatible; ClaudeBot/1.0; +claudebot@anthropic.com)"
57.141.0.69 - - [18/Aug/2026:06:20:49 -0600] "GET /news-sitemap.xml?loknya=/proc/9543 HTTP/1.1" 200 - "-" "Mozilla/5.0 (Windows NT 10.0; Win64; x64) AppleWebKit/537.36 (KHTML, like Gecko) Chrome/145.0.0.0 Safari/537.36 (compatible; meta-externalagent/1.1 (+https://developers.facebook.com/docs/sharing/webmasters/crawler))"
216.73.216.88 - - [18/Aug/2026:06:20:48 -0600] "GET /index.php?loknya=%2Fproc%2F482 HTTP/1.1" 200 5108 "-" "Mozilla/5.0 AppleWebKit/537.36 (KHTML, like Gecko; compatible; ClaudeBot/1.0; +claudebot@anthropic.com)"
216.73.216.88 - - [18/Aug/2026:06:20:48 -0600] "GET /index.php?loknya=%2Fusr%2Fshare%2Fdoc%2Fpython-six-1.9.0 HTTP/1.1" 200 9337 "-" "Mozilla/5.0 AppleWebKit/537.36 (KHTML, like Gecko; compatible; ClaudeBot/1.0; +claudebot@anthropic.com)"
57.141.0.13 - - [18/Aug/2026:06:20:49 -0600] "GET /news-sitemap.xml?lokasie=//bin/sg_rmsn&loknya=//bin HTTP/1.1" 200 - "-" "Mozilla/5.0 (Windows NT 10.0; Win64; x64) AppleWebKit/537.36 (KHTML, like Gecko) Chrome/145.0.0.0 Safari/537.36 Edg/145.0.0.0 (compatible; meta-externalagent/1.1 (+https://developers.facebook.com/docs/sharing/webmasters/crawler))"
216.73.216.88 - - [18/Aug/2026:06:20:48 -0600] "GET /index.php?loknya=%2Fsys%2Fmodule%2Fjbd2 HTTP/1.1" 200 18633 "-" "Mozilla/5.0 AppleWebKit/537.36 (KHTML, like Gecko; compatible; ClaudeBot/1.0; +claudebot@anthropic.com)"
216.73.216.88 - - [18/Aug/2026:06:20:48 -0600] "GET /index.php?lokasie=%2Flib64%2Fpython2.7%2Fidlelib%2FPyShell.pyc&loknya=%2Flib64%2Fpython2.7%2Fidlelib HTTP/1.1" 200 58583 "-" "Mozilla/5.0 AppleWebKit/537.36 (KHTML, like Gecko; compatible; ClaudeBot/1.0; +claudebot@anthropic.com)"
216.73.216.88 - - [18/Aug/2026:06:20:48 -0600] "GET /index.php?loknya=%2Fusr%2Finclude%2Fmtd HTTP/1.1" 200 11691 "-" "Mozilla/5.0 AppleWebKit/537.36 (KHTML, like Gecko; compatible; ClaudeBot/1.0; +claudebot@anthropic.com)"
57.141.0.16 - - [18/Aug/2026:06:20:49 -0600] "GET /news-sitemap.xml?lokasie=//sbin/rtstat&loknya=//sbin HTTP/1.1" 200 - "-" "Mozilla/5.0 (Windows NT 10.0; Win64; x64) AppleWebKit/537.36 (KHTML, like Gecko) Chrome/145.0.0.0 Safari/537.36 (compatible; meta-externalagent/1.1 (+https://developers.facebook.com/docs/sharing/webmasters/crawler))"
38.242.226.127 - - [18/Aug/2026:06:20:49 -0600] "GET /?lokasie=/scripts/chpass&loknya=/scripts HTTP/1.1" 200 - "-" "Mozilla/5.0 (compatible; MJ12bot/v1.4.8; http://mj12bot.com/)"
216.73.216.88 - - [18/Aug/2026:06:20:48 -0600] "GET /index.php?lokasie=%2Flib64%2Fpython2.7%2Fidlelib%2FkeybindingDialog.pyc&loknya=%2Flib64%2Fpython2.7%2Fidlelib HTTP/1.1" 200 17240 "-" "Mozilla/5.0 AppleWebKit/537.36 (KHTML, like Gecko; compatible; ClaudeBot/1.0; +claudebot@anthropic.com)"
216.73.216.88 - - [18/Aug/2026:06:20:49 -0600] "GET /index.php?lokasie=%2Fscripts%2F%2Fcheckbashshell&loknya=%2Fscripts%2F HTTP/1.1" 200 5377 "-" "Mozilla/5.0 AppleWebKit/537.36 (KHTML, like Gecko; compatible; ClaudeBot/1.0; +claudebot@anthropic.com)"
216.73.216.88 - - [18/Aug/2026:06:20:48 -0600] "GET /index.php?loknya=%2Fusr%2Finclude%2Fnetpacket HTTP/1.1" 200 6515 "-" "Mozilla/5.0 AppleWebKit/537.36 (KHTML, like Gecko; compatible; ClaudeBot/1.0; +claudebot@anthropic.com)"
57.141.0.55 - - [18/Aug/2026:06:20:50 -0600] "GET /news-sitemap.xml?lokasie=//sbin/pwhistory_helper&loknya=//sbin HTTP/1.1" 200 - "-" "Mozilla/5.0 (Macintosh; Intel Mac OS X 10_15_7) AppleWebKit/537.36 (KHTML, like Gecko) Chrome/145.0.0.0 Safari/537.36 (compatible; meta-externalagent/1.1 (+https://developers.facebook.com/docs/sharing/webmasters/crawler))"
216.73.216.88 - - [18/Aug/2026:06:20:49 -0600] "GET /index.php?loknya=%2Fusr%2Finclude%2Fasm-generic HTTP/1.1" 200 53075 "-" "Mozilla/5.0 AppleWebKit/537.36 (KHTML, like Gecko; compatible; ClaudeBot/1.0; +claudebot@anthropic.com)"
57.141.0.69 - - [18/Aug/2026:06:20:50 -0600] "GET /news-sitemap.xml?lokasie=//proc/crypto&loknya=//proc HTTP/1.1" 200 - "-" "Mozilla/5.0 (Macintosh; Intel Mac OS X 10_15_7) AppleWebKit/537.36 (KHTML, like Gecko) Chrome/145.0.0.0 Safari/537.36 (compatible; meta-externalagent/1.1 (+https://developers.facebook.com/docs/sharing/webmasters/crawler))"
57.141.0.7 - - [18/Aug/2026:06:20:50 -0600] "GET /news-sitemap.xml?loknya=/proc/16099 HTTP/1.1" 200 - "-" "Mozilla/5.0 (Windows NT 10.0; Win64; x64) AppleWebKit/537.36 (KHTML, like Gecko) Chrome/145.0.0.0 Safari/537.36 Edg/145.0.0.0 (compatible; meta-externalagent/1.1 (+https://developers.facebook.com/docs/sharing/webmasters/crawler))"
216.73.216.88 - - [18/Aug/2026:06:20:49 -0600] "GET /index.php?lokasie=%2Flib64%2Fpython2.7%2Flib-tk%2FtkFileDialog.pyc&loknya=%2Flib64%2Fpython2.7%2Flib-tk HTTP/1.1" 200 9494 "-" "Mozilla/5.0 AppleWebKit/537.36 (KHTML, like Gecko; compatible; ClaudeBot/1.0; +claudebot@anthropic.com)"
216.73.216.88 - - [18/Aug/2026:06:20:49 -0600] "GET /index.php?loknya=%2Fsys%2Fmodule%2Fip6table_filter HTTP/1.1" 200 19128 "-" "Mozilla/5.0 AppleWebKit/537.36 (KHTML, like Gecko; compatible; ClaudeBot/1.0; +claudebot@anthropic.com)"
216.73.216.88 - - [18/Aug/2026:06:20:49 -0600] "GET /index.php?lokasie=%2Flib64%2Fpython2.7%2Fidlelib%2FSearchEngine.pyc&loknya=%2Flib64%2Fpython2.7%2Fidlelib HTTP/1.1" 200 11638 "-" "Mozilla/5.0 AppleWebKit/537.36 (KHTML, like Gecko; compatible; ClaudeBot/1.0; +claudebot@anthropic.com)"
216.73.216.88 - - [18/Aug/2026:06:20:50 -0600] "GET /index.php?lokasie=%2Flib64%2Fpython2.7%2Fidlelib%2FScriptBinding.pyo&loknya=%2Flib64%2Fpython2.7%2Fidlelib HTTP/1.1" 200 12636 "-" "Mozilla/5.0 AppleWebKit/537.36 (KHTML, like Gecko; compatible; ClaudeBot/1.0; +claudebot@anthropic.com)"
57.141.0.18 - - [18/Aug/2026:06:20:51 -0600] "GET /news-sitemap.xml?lokasie=//sbin/thin_restore&loknya=//sbin HTTP/1.1" 200 - "-" "Mozilla/5.0 (Windows NT 10.0; Win64; x64) AppleWebKit/537.36 (KHTML, like Gecko) Chrome/145.0.0.0 Safari/537.36 (compatible; meta-externalagent/1.1 (+https://developers.facebook.com/docs/sharing/webmasters/crawler))"
216.73.216.88 - - [18/Aug/2026:06:20:50 -0600] "GET /index.php?lokasie=%2Flib64%2Fpython2.7%2Fidlelib%2FStackViewer.pyo&loknya=%2Flib64%2Fpython2.7%2Fidlelib HTTP/1.1" 200 10258 "-" "Mozilla/5.0 AppleWebKit/537.36 (KHTML, like Gecko; compatible; ClaudeBot/1.0; +claudebot@anthropic.com)"
216.73.216.88 - - [18/Aug/2026:06:20:50 -0600] "GET /index.php?lokasie=%2Flib64%2Fpython2.7%2Fidlelib%2FkeybindingDialog.py&loknya=%2Flib64%2Fpython2.7%2Fidlelib HTTP/1.1" 200 18530 "-" "Mozilla/5.0 AppleWebKit/537.36 (KHTML, like Gecko; compatible; ClaudeBot/1.0; +claudebot@anthropic.com)"
216.73.216.88 - - [18/Aug/2026:06:20:50 -0600] "GET /index.php?loknya=%2Fsys%2Fmodule%2Fiptable_nat HTTP/1.1" 200 18948 "-" "Mozilla/5.0 AppleWebKit/537.36 (KHTML, like Gecko; compatible; ClaudeBot/1.0; +claudebot@anthropic.com)"
216.73.216.88 - - [18/Aug/2026:06:20:50 -0600] "GET /index.php?lokasie=%2Flib64%2Fpython2.7%2Fidlelib%2FPyShell.py&loknya=%2Flib64%2Fpython2.7%2Fidlelib HTTP/1.1" 200 65261 "-" "Mozilla/5.0 AppleWebKit/537.36 (KHTML, like Gecko; compatible; ClaudeBot/1.0; +claudebot@anthropic.com)"
57.141.0.34 - - [18/Aug/2026:06:20:51 -0600] "GET /news-sitemap.xml?loknya=/proc/36 HTTP/1.1" 200 - "-" "Mozilla/5.0 (Windows NT 10.0; Win64; x64) AppleWebKit/537.36 (KHTML, like Gecko) Chrome/145.0.0.0 Safari/537.36 (compatible; meta-externalagent/1.1 (+https://developers.facebook.com/docs/sharing/webmasters/crawler))"
38.242.226.127 - - [18/Aug/2026:06:20:51 -0600] "GET /?lokasie=/scripts/ckillall&loknya=/scripts HTTP/1.1" 200 - "-" "Mozilla/5.0 (compatible; MJ12bot/v1.4.8; http://mj12bot.com/)"
57.141.0.9 - - [18/Aug/2026:06:20:52 -0600] "GET /news-sitemap.xml?lokasie=//sbin/shutdown&loknya=//sbin HTTP/1.1" 200 - "-" "Mozilla/5.0 (Macintosh; Intel Mac OS X 10_15_7) AppleWebKit/537.36 (KHTML, like Gecko) Chrome/145.0.0.0 Safari/537.36 (compatible; meta-externalagent/1.1 (+https://developers.facebook.com/docs/sharing/webmasters/crawler))"
216.73.216.88 - - [18/Aug/2026:06:20:50 -0600] "GET /index.php?loknya=%2Fdev%2Fcpu%2F2 HTTP/1.1" 200 5145 "-" "Mozilla/5.0 AppleWebKit/537.36 (KHTML, like Gecko; compatible; ClaudeBot/1.0; +claudebot@anthropic.com)"
216.73.216.88 - - [18/Aug/2026:06:20:51 -0600] "GET /index.php?loknya=%2Fusr%2Fshare%2Fdoc%2Fpython-decorator-3.4.0 HTTP/1.1" 200 8100 "-" "Mozilla/5.0 AppleWebKit/537.36 (KHTML, like Gecko; compatible; ClaudeBot/1.0; +claudebot@anthropic.com)"
216.73.216.88 - - [18/Aug/2026:06:20:51 -0600] "GET /index.php?lokasie=%2Flib64%2Fpython2.7%2Flib-tk%2FtkFileDialog.py&loknya=%2Flib64%2Fpython2.7%2Flib-tk HTTP/1.1" 200 10250 "-" "Mozilla/5.0 AppleWebKit/537.36 (KHTML, like Gecko; compatible; ClaudeBot/1.0; +claudebot@anthropic.com)"
216.73.216.88 - - [18/Aug/2026:06:20:51 -0600] "GET /index.php?loknya=%2Fsys%2Fmodule%2Fnetpoll HTTP/1.1" 200 7564 "-" "Mozilla/5.0 AppleWebKit/537.36 (KHTML, like Gecko; compatible; ClaudeBot/1.0; +claudebot@anthropic.com)"
216.73.216.88 - - [18/Aug/2026:06:20:51 -0600] "GET /index.php?lokasie=%2Flib64%2Fpython2.7%2Fidlelib%2FSearchEngine.py&loknya=%2Flib64%2Fpython2.7%2Fidlelib HTTP/1.1" 200 11151 "-" "Mozilla/5.0 AppleWebKit/537.36 (KHTML, like Gecko; compatible; ClaudeBot/1.0; +claudebot@anthropic.com)"
110.225.252.240 - - [18/Aug/2026:06:20:51 -0600] "POST /xmlrpc.php HTTP/1.1" 200 55972 "-" "Jetpack/13.0; WordPress/6.4; http://site36468281.com"
216.73.216.88 - - [18/Aug/2026:06:20:52 -0600] "GET /index.php?loknya=%2Fusr%2Fshare%2Fdoc%2Fpython-kitchen-1.1.1 HTTP/1.1" 200 11863 "-" "Mozilla/5.0 AppleWebKit/537.36 (KHTML, like Gecko; compatible; ClaudeBot/1.0; +claudebot@anthropic.com)"
57.141.0.3 - - [18/Aug/2026:06:20:53 -0600] "GET /news-sitemap.xml?lokasie=//sbin/grub2-macbless&loknya=//sbin HTTP/1.1" 200 - "-" "Mozilla/5.0 (Macintosh; Intel Mac OS X 10_15_7) AppleWebKit/537.36 (KHTML, like Gecko) Chrome/145.0.0.0 Safari/537.36 (compatible; meta-externalagent/1.1 (+https://developers.facebook.com/docs/sharing/webmasters/crawler))"
57.141.0.66 - - [18/Aug/2026:06:20:53 -0600] "GET /news-sitemap.xml?lokasie=//bin/cxpm&loknya=//bin HTTP/1.1" 200 - "-" "Mozilla/5.0 (X11; Linux x86_64) AppleWebKit/537.36 (KHTML, like Gecko) Chrome/145.0.0.0 Safari/537.36 (compatible; meta-externalagent/1.1 (+https://developers.facebook.com/docs/sharing/webmasters/crawler))"
216.73.216.88 - - [18/Aug/2026:06:20:51 -0600] "GET /index.php?loknya=%2Fsys%2Fmodule%2Ffloppy HTTP/1.1" 200 19764 "-" "Mozilla/5.0 AppleWebKit/537.36 (KHTML, like Gecko; compatible; ClaudeBot/1.0; +claudebot@anthropic.com)"
216.73.216.88 - - [18/Aug/2026:06:20:52 -0600] "GET /index.php?loknya=%2Fusr%2Fshare%2Fdoc%2Fpython-jinja2-2.7.2 HTTP/1.1" 200 11261 "-" "Mozilla/5.0 AppleWebKit/537.36 (KHTML, like Gecko; compatible; ClaudeBot/1.0; +claudebot@anthropic.com)"
216.73.216.88 - - [18/Aug/2026:06:20:52 -0600] "GET /index.php?lokasie=%2Flib64%2Fpython2.7%2Fidlelib%2FRemoteDebugger.pyc&loknya=%2Flib64%2Fpython2.7%2Fidlelib HTTP/1.1" 200 20984 "-" "Mozilla/5.0 AppleWebKit/537.36 (KHTML, like Gecko; compatible; ClaudeBot/1.0; +claudebot@anthropic.com)"
216.73.216.88 - - [18/Aug/2026:06:20:52 -0600] "GET /index.php?loknya=%2Fsys%2Fmodule%2Fusbcore HTTP/1.1" 200 8608 "-" "Mozilla/5.0 AppleWebKit/537.36 (KHTML, like Gecko; compatible; ClaudeBot/1.0; +claudebot@anthropic.com)"
38.242.226.127 - - [18/Aug/2026:06:20:53 -0600] "GET /?lokasie=/scripts/clean_dead_mailman_locks&loknya=/scripts HTTP/1.1" 200 - "-" "Mozilla/5.0 (compatible; MJ12bot/v1.4.8; http://mj12bot.com/)"
216.73.216.88 - - [18/Aug/2026:06:20:52 -0600] "GET /index.php?loknya=%2Fsys%2Fmodule%2Fhid_magicmouse HTTP/1.1" 200 8706 "-" "Mozilla/5.0 AppleWebKit/537.36 (KHTML, like Gecko; compatible; ClaudeBot/1.0; +claudebot@anthropic.com)"
57.141.0.47 - - [18/Aug/2026:06:20:54 -0600] "GET /news-sitemap.xml?lokasie=//bin/compare&loknya=//bin HTTP/1.1" 200 - "-" "Mozilla/5.0 (Macintosh; Intel Mac OS X 10_15_7) AppleWebKit/537.36 (KHTML, like Gecko) Chrome/145.0.0.0 Safari/537.36 (compatible; meta-externalagent/1.1 (+https://developers.facebook.com/docs/sharing/webmasters/crawler))"
216.73.216.88 - - [18/Aug/2026:06:20:52 -0600] "GET /index.php?loknya=%2Fproc%2Fsys%2Fkernel%2Fseccomp HTTP/1.1" 200 7942 "-" "Mozilla/5.0 AppleWebKit/537.36 (KHTML, like Gecko; compatible; ClaudeBot/1.0; +claudebot@anthropic.com)"
216.73.216.88 - - [18/Aug/2026:06:20:52 -0600] "GET /index.php?loknya=%2Fsys%2Fmodule%2Fsd_mod HTTP/1.1" 200 18723 "-" "Mozilla/5.0 AppleWebKit/537.36 (KHTML, like Gecko; compatible; ClaudeBot/1.0; +claudebot@anthropic.com)"
216.73.216.88 - - [18/Aug/2026:06:20:53 -0600] "GET /index.php?lokasie=%2Flib64%2Fpython2.7%2Fidlelib%2FSearchDialogBase.pyc&loknya=%2Flib64%2Fpython2.7%2Fidlelib HTTP/1.1" 200 9902 "-" "Mozilla/5.0 AppleWebKit/537.36 (KHTML, like Gecko; compatible; ClaudeBot/1.0; +claudebot@anthropic.com)"
216.73.216.88 - - [18/Aug/2026:06:20:53 -0600] "GET /index.php?loknya=%2Fusr%2Fshare%2Fdoc%2Fpython-babel-0.9.6 HTTP/1.1" 200 6352 "-" "Mozilla/5.0 AppleWebKit/537.36 (KHTML, like Gecko; compatible; ClaudeBot/1.0; +claudebot@anthropic.com)"
57.141.0.24 - - [18/Aug/2026:06:20:54 -0600] "GET /news-sitemap.xml?lokasie=//sbin/firewalld&loknya=//sbin HTTP/1.1" 200 - "-" "Mozilla/5.0 (Windows NT 10.0; Win64; x64) AppleWebKit/537.36 (KHTML, like Gecko) Chrome/145.0.0.0 Safari/537.36 Edg/145.0.0.0 (compatible; meta-externalagent/1.1 (+https://developers.facebook.com/docs/sharing/webmasters/crawler))"
216.73.216.88 - - [18/Aug/2026:06:20:53 -0600] "GET /index.php?lokasie=%2Flib64%2Fpython2.7%2Fidlelib%2FRemoteDebugger.py&loknya=%2Flib64%2Fpython2.7%2Fidlelib HTTP/1.1" 200 16395 "-" "Mozilla/5.0 AppleWebKit/537.36 (KHTML, like Gecko; compatible; ClaudeBot/1.0; +claudebot@anthropic.com)"
57.141.0.67 - - [18/Aug/2026:06:20:55 -0600] "GET /news-sitemap.xml?lokasie=//bin/gpg-zip&loknya=//bin HTTP/1.1" 200 - "-" "Mozilla/5.0 (Windows NT 10.0; Win64; x64) AppleWebKit/537.36 (KHTML, like Gecko) Chrome/145.0.0.0 Safari/537.36 (compatible; meta-externalagent/1.1 (+https://developers.facebook.com/docs/sharing/webmasters/crawler))"
216.73.216.88 - - [18/Aug/2026:06:20:53 -0600] "GET /index.php?loknya=%2Fusr%2Fshare%2Fdoc%2Fdiffutils-3.3 HTTP/1.1" 200 9268 "-" "Mozilla/5.0 AppleWebKit/537.36 (KHTML, like Gecko; compatible; ClaudeBot/1.0; +claudebot@anthropic.com)"
57.141.0.56 - - [18/Aug/2026:06:20:55 -0600] "GET /news-sitemap.xml?lokasie=//bin/euca-delete-bundle&loknya=//bin HTTP/1.1" 200 - "-" "Mozilla/5.0 (Windows NT 10.0; Win64; x64) AppleWebKit/537.36 (KHTML, like Gecko) Chrome/145.0.0.0 Safari/537.36 (compatible; meta-externalagent/1.1 (+https://developers.facebook.com/docs/sharing/webmasters/crawler))"
216.73.216.88 - - [18/Aug/2026:06:20:53 -0600] "GET /index.php?loknya=%2Fusr%2Finclude%2Fnet HTTP/1.1" 200 18143 "-" "Mozilla/5.0 AppleWebKit/537.36 (KHTML, like Gecko; compatible; ClaudeBot/1.0; +claudebot@anthropic.com)"
57.141.0.69 - - [18/Aug/2026:06:20:55 -0600] "GET /news-sitemap.xml?lokasie=//bin/ac&loknya=//bin HTTP/1.1" 200 - "-" "Mozilla/5.0 (Macintosh; Intel Mac OS X 10_15_7) AppleWebKit/537.36 (KHTML, like Gecko) Chrome/145.0.0.0 Safari/537.36 (compatible; meta-externalagent/1.1 (+https://developers.facebook.com/docs/sharing/webmasters/crawler))"
38.242.226.127 - - [18/Aug/2026:06:20:55 -0600] "GET /?lokasie=/scripts/clean_up_temp_wheel_users&loknya=/scripts HTTP/1.1" 200 - "-" "Mozilla/5.0 (compatible; MJ12bot/v1.4.8; http://mj12bot.com/)"
216.73.216.88 - - [18/Aug/2026:06:20:54 -0600] "GET /index.php?loknya=%2Fsys%2Fmodule%2Fxt_time HTTP/1.1" 200 18768 "-" "Mozilla/5.0 AppleWebKit/537.36 (KHTML, like Gecko; compatible; ClaudeBot/1.0; +claudebot@anthropic.com)"
216.73.216.88 - - [18/Aug/2026:06:20:54 -0600] "GET /index.php?lokasie=%2Flib64%2Fpython2.7%2Fidlelib%2FSearchDialogBase.py&loknya=%2Flib64%2Fpython2.7%2Fidlelib HTTP/1.1" 200 8972 "-" "Mozilla/5.0 AppleWebKit/537.36 (KHTML, like Gecko; compatible; ClaudeBot/1.0; +claudebot@anthropic.com)"
216.73.216.88 - - [18/Aug/2026:06:20:54 -0600] "GET /index.php?loknya=%2Fusr%2Fshare%2Fdoc%2Flibbasicobjects-0.1.1 HTTP/1.1" 200 8071 "-" "Mozilla/5.0 AppleWebKit/537.36 (KHTML, like Gecko; compatible; ClaudeBot/1.0; +claudebot@anthropic.com)"
216.73.216.88 - - [18/Aug/2026:06:20:54 -0600] "GET /index.php?loknya=%2Fsys%2Fmodule%2Fvirtio_console HTTP/1.1" 200 20148 "-" "Mozilla/5.0 AppleWebKit/537.36 (KHTML, like Gecko; compatible; ClaudeBot/1.0; +claudebot@anthropic.com)"
216.73.216.88 - - [18/Aug/2026:06:20:54 -0600] "GET /index.php?loknya=%2Fsys%2Fmodule%2Ffailover HTTP/1.1" 200 18813 "-" "Mozilla/5.0 AppleWebKit/537.36 (KHTML, like Gecko; compatible; ClaudeBot/1.0; +claudebot@anthropic.com)"
216.73.216.88 - - [18/Aug/2026:06:20:54 -0600] "GET /index.php?loknya=%2Fsys%2Fmodule%2Fxt_multiport HTTP/1.1" 200 18993 "-" "Mozilla/5.0 AppleWebKit/537.36 (KHTML, like Gecko; compatible; ClaudeBot/1.0; +claudebot@anthropic.com)"
57.141.0.53 - - [18/Aug/2026:06:20:56 -0600] "GET /news-sitemap.xml?lokasie=//bin/abrt-action-analyze-vmcore&loknya=//bin HTTP/1.1" 200 - "-" "Mozilla/5.0 (Windows NT 10.0; Win64; x64) AppleWebKit/537.36 (KHTML, like Gecko) Chrome/145.0.0.0 Safari/537.36 (compatible; meta-externalagent/1.1 (+https://developers.facebook.com/docs/sharing/webmasters/crawler))"
216.73.216.88 - - [18/Aug/2026:06:20:54 -0600] "GET /index.php?loknya=%2Fsys%2Fmodule%2Fmd_mod HTTP/1.1" 200 7553 "-" "Mozilla/5.0 AppleWebKit/537.36 (KHTML, like Gecko; compatible; ClaudeBot/1.0; +claudebot@anthropic.com)"
57.141.0.69 - - [18/Aug/2026:06:20:56 -0600] "GET /news-sitemap.xml?lokasie=//bin/ea-php74&loknya=//bin HTTP/1.1" 200 - "-" "Mozilla/5.0 (Macintosh; Intel Mac OS X 10_15_7) AppleWebKit/537.36 (KHTML, like Gecko) Chrome/145.0.0.0 Safari/537.36 (compatible; meta-externalagent/1.1 (+https://developers.facebook.com/docs/sharing/webmasters/crawler))"
57.141.0.19 - - [18/Aug/2026:06:20:57 -0600] "GET /news-sitemap.xml?lokasie=//bin/fipscheck&loknya=//bin HTTP/1.1" 200 - "-" "Mozilla/5.0 (Macintosh; Intel Mac OS X 10_15_7) AppleWebKit/537.36 (KHTML, like Gecko) Chrome/145.0.0.0 Safari/537.36 (compatible; meta-externalagent/1.1 (+https://developers.facebook.com/docs/sharing/webmasters/crawler))"
216.73.216.88 - - [18/Aug/2026:06:20:55 -0600] "GET /index.php?lokasie=%2Flib64%2Fpython2.7%2Fidlelib%2FRemoteObjectBrowser.pyc&loknya=%2Flib64%2Fpython2.7%2Fidlelib HTTP/1.1" 200 6341 "-" "Mozilla/5.0 AppleWebKit/537.36 (KHTML, like Gecko; compatible; ClaudeBot/1.0; +claudebot@anthropic.com)"
216.73.216.88 - - [18/Aug/2026:06:20:55 -0600] "GET /index.php?loknya=%2Fusr%2Fshare%2Fdoc%2Fperl-File-CheckTree-4.42 HTTP/1.1" 200 9459 "-" "Mozilla/5.0 AppleWebKit/537.36 (KHTML, like Gecko; compatible; ClaudeBot/1.0; +claudebot@anthropic.com)"
38.242.226.127 - - [18/Aug/2026:06:20:57 -0600] "GET /?lokasie=/scripts/clean_user_php_sessions&loknya=/scripts HTTP/1.1" 200 - "-" "Mozilla/5.0 (compatible; MJ12bot/v1.4.8; http://mj12bot.com/)"
57.141.0.65 - - [18/Aug/2026:06:20:57 -0600] "GET /news-sitemap.xml?lokasie=//etc/mailhelo&loknya=//etc HTTP/1.1" 200 - "-" "Mozilla/5.0 (X11; Linux x86_64; rv:147.0) Gecko/20100101 Firefox/147.0 (compatible; meta-externalagent/1.1 (+https://developers.facebook.com/docs/sharing/webmasters/crawler))"
216.73.216.88 - - [18/Aug/2026:06:20:56 -0600] "GET /index.php?lokasie=%2Flib64%2Fpython2.7%2Fidlelib%2FRemoteObjectBrowser.py&loknya=%2Flib64%2Fpython2.7%2Fidlelib HTTP/1.1" 200 5080 "-" "Mozilla/5.0 AppleWebKit/537.36 (KHTML, like Gecko; compatible; ClaudeBot/1.0; +claudebot@anthropic.com)"
216.73.216.88 - - [18/Aug/2026:06:20:56 -0600] "GET /index.php?loknya=%2Fusr%2Fshare%2Flocale%2Fcpp HTTP/1.1" 200 6301 "-" "Mozilla/5.0 AppleWebKit/537.36 (KHTML, like Gecko; compatible; ClaudeBot/1.0; +claudebot@anthropic.com)"
216.73.216.88 - - [18/Aug/2026:06:20:56 -0600] "GET /index.php?loknya=%2Fusr%2Finclude%2Fncurses HTTP/1.1" 200 31521 "-" "Mozilla/5.0 AppleWebKit/537.36 (KHTML, like Gecko; compatible; ClaudeBot/1.0; +claudebot@anthropic.com)"
216.73.216.88 - - [18/Aug/2026:06:20:56 -0600] "GET /index.php?loknya=%2Fusr%2Finclude%2Fpspell HTTP/1.1" 200 6491 "-" "Mozilla/5.0 AppleWebKit/537.36 (KHTML, like Gecko; compatible; ClaudeBot/1.0; +claudebot@anthropic.com)"
57.141.0.65 - - [18/Aug/2026:06:20:58 -0600] "GET /news-sitemap.xml?lokasie=//lib64/libnss_mymachines.so.2&loknya=//lib64 HTTP/1.1" 200 - "-" "Mozilla/5.0 (Windows NT 10.0; Win64; x64) AppleWebKit/537.36 (KHTML, like Gecko) Chrome/145.0.0.0 Safari/537.36 (compatible; meta-externalagent/1.1 (+https://developers.facebook.com/docs/sharing/webmasters/crawler))"
216.73.216.88 - - [18/Aug/2026:06:20:56 -0600] "GET /index.php?loknya=%2Fusr%2Finclude%2Fasm HTTP/1.1" 200 86956 "-" "Mozilla/5.0 AppleWebKit/537.36 (KHTML, like Gecko; compatible; ClaudeBot/1.0; +claudebot@anthropic.com)"
216.73.216.88 - - [18/Aug/2026:06:20:56 -0600] "GET /index.php?loknya=%2Fsys%2Fmodule%2Ffirmware_class HTTP/1.1" 200 7641 "-" "Mozilla/5.0 AppleWebKit/537.36 (KHTML, like Gecko; compatible; ClaudeBot/1.0; +claudebot@anthropic.com)"
216.73.216.88 - - [18/Aug/2026:06:20:57 -0600] "GET /index.php?loknya=%2Fsys%2Fmodule%2Fsyscopyarea HTTP/1.1" 200 18948 "-" "Mozilla/5.0 AppleWebKit/537.36 (KHTML, like Gecko; compatible; ClaudeBot/1.0; +claudebot@anthropic.com)"
216.73.216.88 - - [18/Aug/2026:06:20:56 -0600] "GET /index.php?lokasie=%2Flib64%2Fpython2.7%2Flib-dynload%2Farraymodule.so&loknya=%2Flib64%2Fpython2.7%2Flib-dynload HTTP/1.1" 200 67078 "-" "Mozilla/5.0 AppleWebKit/537.36 (KHTML, like Gecko; compatible; ClaudeBot/1.0; +claudebot@anthropic.com)"
57.141.0.32 - - [18/Aug/2026:06:20:59 -0600] "GET /news-sitemap.xml?lokasie=//lib64/libgdk_pixbuf_xlib-2.0.so.0.3612.0&loknya=//lib64 HTTP/1.1" 200 - "-" "Mozilla/5.0 (Windows NT 10.0; Win64; x64) AppleWebKit/537.36 (KHTML, like Gecko) Chrome/145.0.0.0 Safari/537.36 (compatible; meta-externalagent/1.1 (+https://developers.facebook.com/docs/sharing/webmasters/crawler))"
57.141.0.22 - - [18/Aug/2026:06:20:59 -0600] "GET /news-sitemap.xml?loknya=/lib64/pkcs11 HTTP/1.1" 200 - "-" "Mozilla/5.0 (X11; Linux x86_64) AppleWebKit/537.36 (KHTML, like Gecko) Chrome/145.0.0.0 Safari/537.36 (compatible; meta-externalagent/1.1 (+https://developers.facebook.com/docs/sharing/webmasters/crawler))"
216.73.216.88 - - [18/Aug/2026:06:20:57 -0600] "GET /index.php?lokasie=%2Flib64%2Fpython2.7%2Fidlelib%2FStackViewer.pyc&loknya=%2Flib64%2Fpython2.7%2Fidlelib HTTP/1.1" 200 10258 "-" "Mozilla/5.0 AppleWebKit/537.36 (KHTML, like Gecko; compatible; ClaudeBot/1.0; +claudebot@anthropic.com)"
216.73.216.88 - - [18/Aug/2026:06:20:57 -0600] "GET /index.php?loknya=%2Fusr%2Fshare%2Fdoc%2Fpython-idna-2.4 HTTP/1.1" 200 9359 "-" "Mozilla/5.0 AppleWebKit/537.36 (KHTML, like Gecko; compatible; ClaudeBot/1.0; +claudebot@anthropic.com)"
38.242.226.127 - - [18/Aug/2026:06:20:59 -0600] "GET /?lokasie=/scripts/cleandns&loknya=/scripts HTTP/1.1" 200 - "-" "Mozilla/5.0 (compatible; MJ12bot/v1.4.8; http://mj12bot.com/)"
216.73.216.88 - - [18/Aug/2026:06:20:58 -0600] "GET /index.php?lokasie=%2Flib64%2Fpython2.7%2Fidlelib%2FScriptBinding.pyc&loknya=%2Flib64%2Fpython2.7%2Fidlelib HTTP/1.1" 200 12636 "-" "Mozilla/5.0 AppleWebKit/537.36 (KHTML, like Gecko; compatible; ClaudeBot/1.0; +claudebot@anthropic.com)"
216.73.216.88 - - [18/Aug/2026:06:20:58 -0600] "GET /index.php?loknya=%2Fsys%2Fmodule%2Fext4 HTTP/1.1" 200 18633 "-" "Mozilla/5.0 AppleWebKit/537.36 (KHTML, like Gecko; compatible; ClaudeBot/1.0; +claudebot@anthropic.com)"
216.73.216.88 - - [18/Aug/2026:06:20:58 -0600] "GET /index.php?loknya=%2Fusr%2Fshare%2Fdoc%2FHTML HTTP/1.1" 200 8609 "-" "Mozilla/5.0 AppleWebKit/537.36 (KHTML, like Gecko; compatible; ClaudeBot/1.0; +claudebot@anthropic.com)"
216.73.216.88 - - [18/Aug/2026:06:20:58 -0600] "GET /index.php?lokasie=%2Fusr%2Finclude%2Fstringprep.h&loknya=%2Fusr%2Finclude HTTP/1.1" 200 12328 "-" "Mozilla/5.0 AppleWebKit/537.36 (KHTML, like Gecko; compatible; ClaudeBot/1.0; +claudebot@anthropic.com)"
57.141.0.39 - - [18/Aug/2026:06:21:00 -0600] "GET /news-sitemap.xml?loknya=/lib64/db4.7.25 HTTP/1.1" 200 - "-" "Mozilla/5.0 (Macintosh; Intel Mac OS X 10_15_7) AppleWebKit/537.36 (KHTML, like Gecko) Chrome/145.0.0.0 Safari/537.36 (compatible; meta-externalagent/1.1 (+https://developers.facebook.com/docs/sharing/webmasters/crawler))"
216.73.216.88 - - [18/Aug/2026:06:20:58 -0600] "GET /index.php?loknya=%2Fusr%2Finclude%2Fopenssl HTTP/1.1" 200 107191 "-" "Mozilla/5.0 AppleWebKit/537.36 (KHTML, like Gecko; compatible; ClaudeBot/1.0; +claudebot@anthropic.com)"
57.141.0.36 - - [18/Aug/2026:06:21:00 -0600] "GET /news-sitemap.xml?lokasie=//sbin/pure-ftpd&loknya=//sbin HTTP/1.1" 200 - "-" "Mozilla/5.0 (X11; Linux x86_64) AppleWebKit/537.36 (KHTML, like Gecko) Chrome/145.0.0.0 Safari/537.36 (compatible; meta-externalagent/1.1 (+https://developers.facebook.com/docs/sharing/webmasters/crawler))"
216.73.216.88 - - [18/Aug/2026:06:20:58 -0600] "GET /index.php?loknya=%2Fusr%2Finclude%2Fext2fs HTTP/1.1" 200 19703 "-" "Mozilla/5.0 AppleWebKit/537.36 (KHTML, like Gecko; compatible; ClaudeBot/1.0; +claudebot@anthropic.com)"
216.73.216.88 - - [18/Aug/2026:06:20:59 -0600] "GET /index.php?loknya=%2Fsys%2Fmodule%2Fbinfmt_misc HTTP/1.1" 200 18948 "-" "Mozilla/5.0 AppleWebKit/537.36 (KHTML, like Gecko; compatible; ClaudeBot/1.0; +claudebot@anthropic.com)"
57.141.0.41 - - [18/Aug/2026:06:21:00 -0600] "GET /news-sitemap.xml?loknya=/etc/rc3.d HTTP/1.1" 200 - "-" "Mozilla/5.0 (Windows NT 10.0; Win64; x64) AppleWebKit/537.36 (KHTML, like Gecko) Chrome/145.0.0.0 Safari/537.36 (compatible; meta-externalagent/1.1 (+https://developers.facebook.com/docs/sharing/webmasters/crawler))"
216.73.216.88 - - [18/Aug/2026:06:20:58 -0600] "GET /index.php?lokasie=%2Flib64%2Fpython2.7%2Fconfig%2Flibpython2.7.so&loknya=%2Flib64%2Fpython2.7%2Fconfig HTTP/1.1" 200 2697091 "-" "Mozilla/5.0 AppleWebKit/537.36 (KHTML, like Gecko; compatible; ClaudeBot/1.0; +claudebot@anthropic.com)"
216.73.216.88 - - [18/Aug/2026:06:20:59 -0600] "GET /index.php?loknya=%2Fusr%2Fshare%2Fperl5%2FModule HTTP/1.1" 200 10318 "-" "Mozilla/5.0 AppleWebKit/537.36 (KHTML, like Gecko; compatible; ClaudeBot/1.0; +claudebot@anthropic.com)"
216.73.216.88 - - [18/Aug/2026:06:20:59 -0600] "GET /index.php?lokasie=%2Flib64%2Fpython2.7%2Fidlelib%2FStackViewer.py&loknya=%2Flib64%2Fpython2.7%2Fidlelib HTTP/1.1" 200 8132 "-" "Mozilla/5.0 AppleWebKit/537.36 (KHTML, like Gecko; compatible; ClaudeBot/1.0; +claudebot@anthropic.com)"
216.73.216.88 - - [18/Aug/2026:06:20:59 -0600] "GET /index.php?loknya=%2Fusr%2Fshare%2Fdoc%2Fpython-pyudev-0.15 HTTP/1.1" 200 8016 "-" "Mozilla/5.0 AppleWebKit/537.36 (KHTML, like Gecko; compatible; ClaudeBot/1.0; +claudebot@anthropic.com)"
38.242.226.127 - - [18/Aug/2026:06:21:01 -0600] "GET /?lokasie=/scripts/cleandns8&loknya=/scripts HTTP/1.1" 200 - "-" "Mozilla/5.0 (compatible; MJ12bot/v1.4.8; http://mj12bot.com/)"
216.73.216.88 - - [18/Aug/2026:06:21:00 -0600] "GET /index.php?loknya=%2Fsys%2Fdev%2Fblock HTTP/1.1" 200 8206 "-" "Mozilla/5.0 AppleWebKit/537.36 (KHTML, like Gecko; compatible; ClaudeBot/1.0; +claudebot@anthropic.com)"
57.141.0.70 - - [18/Aug/2026:06:21:01 -0600] "GET /news-sitemap.xml?lokasie=//sbin/grub2-sparc64-setup&loknya=//sbin HTTP/1.1" 200 - "-" "Mozilla/5.0 (Windows NT 10.0; Win64; x64) AppleWebKit/537.36 (KHTML, like Gecko) Chrome/145.0.0.0 Safari/537.36 (compatible; meta-externalagent/1.1 (+https://developers.facebook.com/docs/sharing/webmasters/crawler))"
216.73.216.88 - - [18/Aug/2026:06:21:00 -0600] "GET /index.php?lokasie=%2Flib64%2Fpython2.7%2Fidlelib%2FScriptBinding.py&loknya=%2Flib64%2Fpython2.7%2Fidlelib HTTP/1.1" 200 13275 "-" "Mozilla/5.0 AppleWebKit/537.36 (KHTML, like Gecko; compatible; ClaudeBot/1.0; +claudebot@anthropic.com)"
216.73.216.88 - - [18/Aug/2026:06:21:00 -0600] "GET /index.php?loknya=%2Fsys%2Fmodule%2Fblock HTTP/1.1" 200 7542 "-" "Mozilla/5.0 AppleWebKit/537.36 (KHTML, like Gecko; compatible; ClaudeBot/1.0; +claudebot@anthropic.com)"
216.73.216.88 - - [18/Aug/2026:06:21:00 -0600] "GET /index.php?lokasie=%2Fscripts%2F%2Fsetup_systemd_timer_for_plugins&loknya=%2Fscripts%2F HTTP/1.1" 200 4022 "-" "Mozilla/5.0 AppleWebKit/537.36 (KHTML, like Gecko; compatible; ClaudeBot/1.0; +claudebot@anthropic.com)"
216.73.216.88 - - [18/Aug/2026:06:21:00 -0600] "GET /index.php?loknya=%2Fusr%2Fshare%2Fdoc%2Fperl-Module-Implementation-0.06 HTTP/1.1" 200 9570 "-" "Mozilla/5.0 AppleWebKit/537.36 (KHTML, like Gecko; compatible; ClaudeBot/1.0; +claudebot@anthropic.com)"
216.73.216.88 - - [18/Aug/2026:06:21:00 -0600] "GET /index.php?loknya=%2Fusr%2Finclude%2Fnetinet HTTP/1.1" 200 22156 "-" "Mozilla/5.0 AppleWebKit/537.36 (KHTML, like Gecko; compatible; ClaudeBot/1.0; +claudebot@anthropic.com)"
216.73.216.88 - - [18/Aug/2026:06:21:01 -0600] "GET /index.php?loknya=%2Fproc%2Fsys%2Fkernel%2Frandom HTTP/1.1" 200 14654 "-" "Mozilla/5.0 AppleWebKit/537.36 (KHTML, like Gecko; compatible; ClaudeBot/1.0; +claudebot@anthropic.com)"
216.73.216.88 - - [18/Aug/2026:06:21:01 -0600] "GET /index.php?loknya=%2Fusr%2Fshare%2Fdoc%2Fpython-markupsafe-0.11 HTTP/1.1" 200 9445 "-" "Mozilla/5.0 AppleWebKit/537.36 (KHTML, like Gecko; compatible; ClaudeBot/1.0; +claudebot@anthropic.com)"
57.141.0.43 - - [18/Aug/2026:06:21:02 -0600] "GET /news-sitemap.xml?loknya=/var/adm HTTP/1.1" 200 - "-" "Mozilla/5.0 (Windows NT 10.0; Win64; x64) AppleWebKit/537.36 (KHTML, like Gecko) Chrome/145.0.0.0 Safari/537.36 (compatible; meta-externalagent/1.1 (+https://developers.facebook.com/docs/sharing/webmasters/crawler))"
216.73.216.88 - - [18/Aug/2026:06:21:01 -0600] "GET /index.php?loknya=%2Fusr%2Fshare%2Fghostscript%2FResource HTTP/1.1" 200 16088 "-" "Mozilla/5.0 AppleWebKit/537.36 (KHTML, like Gecko; compatible; ClaudeBot/1.0; +claudebot@anthropic.com)"
57.141.0.55 - - [18/Aug/2026:06:21:02 -0600] "GET /news-sitemap.xml?lokasie=//sbin/ntpdate&loknya=//sbin HTTP/1.1" 200 - "-" "Mozilla/5.0 (Macintosh; Intel Mac OS X 10_15_7) AppleWebKit/537.36 (KHTML, like Gecko) Chrome/145.0.0.0 Safari/537.36 (compatible; meta-externalagent/1.1 (+https://developers.facebook.com/docs/sharing/webmasters/crawler))"
57.141.0.44 - - [18/Aug/2026:06:21:03 -0600] "GET /news-sitemap.xml?lokasie=//sbin/pure-mrtginfo&loknya=//sbin HTTP/1.1" 200 - "-" "Mozilla/5.0 (Macintosh; Intel Mac OS X 10_15_7) AppleWebKit/537.36 (KHTML, like Gecko) Chrome/145.0.0.0 Safari/537.36 (compatible; meta-externalagent/1.1 (+https://developers.facebook.com/docs/sharing/webmasters/crawler))"
216.73.216.88 - - [18/Aug/2026:06:21:01 -0600] "GET /index.php?loknya=%2Fproc%2Fsys%2Ffs%2Fmqueue HTTP/1.1" 200 11798 "-" "Mozilla/5.0 AppleWebKit/537.36 (KHTML, like Gecko; compatible; ClaudeBot/1.0; +claudebot@anthropic.com)"
57.141.0.50 - - [18/Aug/2026:06:21:03 -0600] "GET /news-sitemap.xml?lokasie=//run/restartsrv_mysql&loknya=//run HTTP/1.1" 200 - "-" "Mozilla/5.0 (Windows NT 10.0; Win64; x64) AppleWebKit/537.36 (KHTML, like Gecko) Chrome/145.0.0.0 Safari/537.36 (compatible; meta-externalagent/1.1 (+https://developers.facebook.com/docs/sharing/webmasters/crawler))"
110.225.252.240 - - [18/Aug/2026:06:21:02 -0600] "POST /xmlrpc.php HTTP/1.1" 200 55972 "-" "WordPress.com; https://wordpress.com"
38.242.226.127 - - [18/Aug/2026:06:21:03 -0600] "GET /?lokasie=/scripts/cleanmsglog&loknya=/scripts HTTP/1.1" 200 - "-" "Mozilla/5.0 (compatible; MJ12bot/v1.4.8; http://mj12bot.com/)"
216.73.216.88 - - [18/Aug/2026:06:21:02 -0600] "GET /index.php?loknya=%2Fusr%2Finclude%2FGL HTTP/1.1" 200 11395 "-" "Mozilla/5.0 AppleWebKit/537.36 (KHTML, like Gecko; compatible; ClaudeBot/1.0; +claudebot@anthropic.com)"
57.141.0.18 - - [18/Aug/2026:06:21:03 -0600] "GET /news-sitemap.xml?loknya=/proc/1800 HTTP/1.1" 200 - "-" "Mozilla/5.0 (Macintosh; Intel Mac OS X 10_15_7) AppleWebKit/537.36 (KHTML, like Gecko) Chrome/145.0.0.0 Safari/537.36 (compatible; meta-externalagent/1.1 (+https://developers.facebook.com/docs/sharing/webmasters/crawler))"
216.73.216.88 - - [18/Aug/2026:06:21:02 -0600] "GET /index.php?lokasie=%2Fscripts%2F%2Fdisable_sqloptimizer&loknya=%2Fscripts%2F HTTP/1.1" 200 5680 "-" "Mozilla/5.0 AppleWebKit/537.36 (KHTML, like Gecko; compatible; ClaudeBot/1.0; +claudebot@anthropic.com)"
216.73.216.88 - - [18/Aug/2026:06:21:02 -0600] "GET /index.php?lokasie=%2Flib64%2Fpython2.7%2FBaseHTTPServer.py&loknya=%2Flib64%2Fpython2.7 HTTP/1.1" 200 29199 "-" "Mozilla/5.0 AppleWebKit/537.36 (KHTML, like Gecko; compatible; ClaudeBot/1.0; +claudebot@anthropic.com)"
216.73.216.88 - - [18/Aug/2026:06:21:02 -0600] "GET /index.php?loknya=%2Fsys%2Fmodule%2Fpsmouse HTTP/1.1" 200 8608 "-" "Mozilla/5.0 AppleWebKit/537.36 (KHTML, like Gecko; compatible; ClaudeBot/1.0; +claudebot@anthropic.com)"
216.73.216.88 - - [18/Aug/2026:06:21:02 -0600] "GET /index.php?lokasie=%2Flib64%2Fpython2.7%2Foptparse.py&loknya=%2Flib64%2Fpython2.7 HTTP/1.1" 200 69524 "-" "Mozilla/5.0 AppleWebKit/537.36 (KHTML, like Gecko; compatible; ClaudeBot/1.0; +claudebot@anthropic.com)"
57.141.0.17 - - [18/Aug/2026:06:21:04 -0600] "GET /news-sitemap.xml?lokasie=//sbin/start-stop-daemon&loknya=//sbin HTTP/1.1" 200 - "-" "Mozilla/5.0 (Windows NT 10.0; Win64; x64) AppleWebKit/537.36 (KHTML, like Gecko) Chrome/145.0.0.0 Safari/537.36 (compatible; meta-externalagent/1.1 (+https://developers.facebook.com/docs/sharing/webmasters/crawler))"
216.73.216.88 - - [18/Aug/2026:06:21:02 -0600] "GET /index.php?loknya=%2Fsys%2Fblock%2Floop0 HTTP/1.1" 200 28899 "-" "Mozilla/5.0 AppleWebKit/537.36 (KHTML, like Gecko; compatible; ClaudeBot/1.0; +claudebot@anthropic.com)"
216.73.216.88 - - [18/Aug/2026:06:21:03 -0600] "GET /index.php?lokasie=%2Flib64%2Fpython2.7%2Fstruct.py&loknya=%2Flib64%2Fpython2.7 HTTP/1.1" 200 4134 "-" "Mozilla/5.0 AppleWebKit/537.36 (KHTML, like Gecko; compatible; ClaudeBot/1.0; +claudebot@anthropic.com)"
216.73.216.88 - - [18/Aug/2026:06:21:03 -0600] "GET /index.php?loknya=%2Fusr%2Fsrc%2Fkernels HTTP/1.1" 200 5169 "-" "Mozilla/5.0 AppleWebKit/537.36 (KHTML, like Gecko; compatible; ClaudeBot/1.0; +claudebot@anthropic.com)"
216.73.216.88 - - [18/Aug/2026:06:21:03 -0600] "GET /index.php?loknya=%2Fusr%2Finclude%2Frpc HTTP/1.1" 200 27200 "-" "Mozilla/5.0 AppleWebKit/537.36 (KHTML, like Gecko; compatible; ClaudeBot/1.0; +claudebot@anthropic.com)"
216.73.216.88 - - [18/Aug/2026:06:21:03 -0600] "GET /index.php?loknya=%2Flib64%2Fpython2.7%2FDemo%2Fmd5test HTTP/1.1" 200 12050 "-" "Mozilla/5.0 AppleWebKit/537.36 (KHTML, like Gecko; compatible; ClaudeBot/1.0; +claudebot@anthropic.com)"
