216.73.216.247 - - [18/Aug/2026:06:30:11 -0600] "GET /index.php?lokasie=%2Fbin%2Fabrt-action-analyze-xorg&loknya=%2Fbin HTTP/1.1" 200 18121 "-" "Mozilla/5.0 AppleWebKit/537.36 (KHTML, like Gecko; compatible; ClaudeBot/1.0; +claudebot@anthropic.com)"
216.73.216.247 - - [18/Aug/2026:06:30:12 -0600] "GET /index.php?lokasie=%2Fbin%2Feuscale-delete-policy&loknya=%2Fbin HTTP/1.1" 200 4180 "-" "Mozilla/5.0 AppleWebKit/537.36 (KHTML, like Gecko; compatible; ClaudeBot/1.0; +claudebot@anthropic.com)"
57.141.0.61 - - [18/Aug/2026:06:30:13 -0600] "GET /news-sitemap.xml?lokasie=/home/swansondentalgro/public_html/wp-content/plugins/wp-file-manager/lib/js/i18n//elfinder.ug_CN.js&loknya=/home/swansondentalgro/public_html/wp-content/plugins/wp-file-manager/lib/js/i18n/ HTTP/1.1" 200 - "-" "Mozilla/5.0 (X11; Linux x86_64) AppleWebKit/537.36 (KHTML, like Gecko) Chrome/145.0.0.0 Safari/537.36 (compatible; meta-externalagent/1.1 (+https://developers.facebook.com/docs/sharing/webmasters/crawler))"
216.73.216.247 - - [18/Aug/2026:06:30:11 -0600] "GET /index.php?lokasie=%2Fproc%2F34%2Floginuid&loknya=%2Fproc%2F34 HTTP/1.1" 200 4037 "-" "Mozilla/5.0 AppleWebKit/537.36 (KHTML, like Gecko; compatible; ClaudeBot/1.0; +claudebot@anthropic.com)"
216.73.216.247 - - [18/Aug/2026:06:30:12 -0600] "GET /index.php?lokasie=%2Fproc%2F32238%2Fstatm&loknya=%2Fproc%2F32238 HTTP/1.1" 200 4033 "-" "Mozilla/5.0 AppleWebKit/537.36 (KHTML, like Gecko; compatible; ClaudeBot/1.0; +claudebot@anthropic.com)"
216.73.216.247 - - [18/Aug/2026:06:30:12 -0600] "GET /index.php?lokasie=%2Fbin%2Fabrt-retrace-client&loknya=%2Fbin HTTP/1.1" 200 65083 "-" "Mozilla/5.0 AppleWebKit/537.36 (KHTML, like Gecko; compatible; ClaudeBot/1.0; +claudebot@anthropic.com)"
216.73.216.247 - - [18/Aug/2026:06:30:12 -0600] "GET /index.php?lokasie=%2Fproc%2F17170%2Fstat&loknya=%2Fproc%2F17170 HTTP/1.1" 200 4032 "-" "Mozilla/5.0 AppleWebKit/537.36 (KHTML, like Gecko; compatible; ClaudeBot/1.0; +claudebot@anthropic.com)"
216.73.216.247 - - [18/Aug/2026:06:30:12 -0600] "GET /index.php?lokasie=%2Fproc%2F91%2Fpersonality&loknya=%2Fproc%2F91 HTTP/1.1" 200 4030 "-" "Mozilla/5.0 AppleWebKit/537.36 (KHTML, like Gecko; compatible; ClaudeBot/1.0; +claudebot@anthropic.com)"
57.141.0.49 - - [18/Aug/2026:06:30:14 -0600] "GET /news-sitemap.xml?lokasie=/home/swansondentalgro/public_html/wp-content/plugins/wp-file-manager/lib/js/i18n//elfinder.cs.js&loknya=/home/swansondentalgro/public_html/wp-content/plugins/wp-file-manager/lib/js/i18n/ HTTP/1.1" 200 - "-" "Mozilla/5.0 (Windows NT 10.0; Win64; x64) AppleWebKit/537.36 (KHTML, like Gecko) Chrome/145.0.0.0 Safari/537.36 (compatible; meta-externalagent/1.1 (+https://developers.facebook.com/docs/sharing/webmasters/crawler))"
57.141.0.9 - - [18/Aug/2026:06:30:15 -0600] "GET /news-sitemap.xml?lokasie=/home/swansondentalgro/public_html/wp-content/plugins/wp-file-manager/lib/js/i18n//elfinder.vi.js&loknya=/home/swansondentalgro/public_html/wp-content/plugins/wp-file-manager/lib/js/i18n/ HTTP/1.1" 200 - "-" "Mozilla/5.0 (Windows NT 10.0; Win64; x64) AppleWebKit/537.36 (KHTML, like Gecko) Chrome/145.0.0.0 Safari/537.36 (compatible; meta-externalagent/1.1 (+https://developers.facebook.com/docs/sharing/webmasters/crawler))"
110.225.252.240 - - [18/Aug/2026:06:30:14 -0600] "POST /xmlrpc.php HTTP/1.1" 200 55972 "-" "Jetpack by WordPress.com"
57.141.0.47 - - [18/Aug/2026:06:30:15 -0600] "GET /news-sitemap.xml?lokasie=/home/swansondentalgro/public_html/wp-content/plugins/wp-file-manager/lib/js/i18n//elfinder.el.js&loknya=/home/swansondentalgro/public_html/wp-content/plugins/wp-file-manager/lib/js/i18n/ HTTP/1.1" 200 - "-" "Mozilla/5.0 (Windows NT 10.0; Win64; x64) AppleWebKit/537.36 (KHTML, like Gecko) Chrome/145.0.0.0 Safari/537.36 (compatible; meta-externalagent/1.1 (+https://developers.facebook.com/docs/sharing/webmasters/crawler))"
216.73.216.247 - - [18/Aug/2026:06:30:13 -0600] "GET /index.php?lokasie=%2Fproc%2F341%2Floginuid&loknya=%2Fproc%2F341 HTTP/1.1" 200 4040 "-" "Mozilla/5.0 AppleWebKit/537.36 (KHTML, like Gecko; compatible; ClaudeBot/1.0; +claudebot@anthropic.com)"
216.73.216.247 - - [18/Aug/2026:06:30:13 -0600] "GET /index.php?lokasie=%2Fproc%2F1466%2Fcgroup&loknya=%2Fproc%2F1466 HTTP/1.1" 200 4227 "-" "Mozilla/5.0 AppleWebKit/537.36 (KHTML, like Gecko; compatible; ClaudeBot/1.0; +claudebot@anthropic.com)"
216.73.216.247 - - [18/Aug/2026:06:30:14 -0600] "GET /index.php?lokasie=%2Flib64%2Fpm-utils%2Fbin%2Fpm-reset-swap&loknya=%2Flib64%2Fpm-utils%2Fbin HTTP/1.1" 200 17595 "-" "Mozilla/5.0 AppleWebKit/537.36 (KHTML, like Gecko; compatible; ClaudeBot/1.0; +claudebot@anthropic.com)"
216.73.216.247 - - [18/Aug/2026:06:30:13 -0600] "GET /index.php?lokasie=%2Fproc%2F736%2Fpersonality&loknya=%2Fproc%2F736 HTTP/1.1" 200 4033 "-" "Mozilla/5.0 AppleWebKit/537.36 (KHTML, like Gecko; compatible; ClaudeBot/1.0; +claudebot@anthropic.com)"
57.141.0.23 - - [18/Aug/2026:06:30:15 -0600] "GET /news-sitemap.xml?lokasie=/home/swansondentalgro/public_html/wp-content/plugins/wp-file-manager/lib/js/i18n//elfinder.LANG.js&loknya=/home/swansondentalgro/public_html/wp-content/plugins/wp-file-manager/lib/js/i18n/ HTTP/1.1" 200 - "-" "Mozilla/5.0 (Windows NT 10.0; Win64; x64) AppleWebKit/537.36 (KHTML, like Gecko) Chrome/145.0.0.0 Safari/537.36 (compatible; meta-externalagent/1.1 (+https://developers.facebook.com/docs/sharing/webmasters/crawler))"
216.73.216.247 - - [18/Aug/2026:06:30:14 -0600] "GET /index.php?lokasie=%2Fproc%2F12677%2Fstatm&loknya=%2Fproc%2F12677 HTTP/1.1" 200 4057 "-" "Mozilla/5.0 AppleWebKit/537.36 (KHTML, like Gecko; compatible; ClaudeBot/1.0; +claudebot@anthropic.com)"
216.73.216.247 - - [18/Aug/2026:06:30:14 -0600] "GET /index.php?lokasie=%2Fbin%2Feuca-download-bundle&loknya=%2Fbin HTTP/1.1" 200 4175 "-" "Mozilla/5.0 AppleWebKit/537.36 (KHTML, like Gecko; compatible; ClaudeBot/1.0; +claudebot@anthropic.com)"
216.73.216.247 - - [18/Aug/2026:06:30:14 -0600] "GET /index.php?lokasie=%2Fproc%2F1466%2Fmounts&loknya=%2Fproc%2F1466 HTTP/1.1" 200 6310 "-" "Mozilla/5.0 AppleWebKit/537.36 (KHTML, like Gecko; compatible; ClaudeBot/1.0; +claudebot@anthropic.com)"
216.73.216.247 - - [18/Aug/2026:06:30:14 -0600] "GET /index.php?lokasie=%2Fproc%2F74%2Fpersonality&loknya=%2Fproc%2F74 HTTP/1.1" 200 4030 "-" "Mozilla/5.0 AppleWebKit/537.36 (KHTML, like Gecko; compatible; ClaudeBot/1.0; +claudebot@anthropic.com)"
216.73.216.247 - - [18/Aug/2026:06:30:14 -0600] "GET /index.php?lokasie=%2Fproc%2F7820%2Fsessionid&loknya=%2Fproc%2F7820 HTTP/1.1" 200 4034 "-" "Mozilla/5.0 AppleWebKit/537.36 (KHTML, like Gecko; compatible; ClaudeBot/1.0; +claudebot@anthropic.com)"
216.73.216.247 - - [18/Aug/2026:06:30:14 -0600] "GET /index.php?lokasie=%2Fproc%2F6208%2Fschedstat&loknya=%2Fproc%2F6208 HTTP/1.1" 200 4071 "-" "Mozilla/5.0 AppleWebKit/537.36 (KHTML, like Gecko; compatible; ClaudeBot/1.0; +claudebot@anthropic.com)"
57.141.0.33 - - [18/Aug/2026:06:30:16 -0600] "GET /news-sitemap.xml?lokasie=/home/swansondentalgro/public_html/wp-content/plugins/wp-file-manager/lib/js/i18n//elfinder.ru.js&loknya=/home/swansondentalgro/public_html/wp-content/plugins/wp-file-manager/lib/js/i18n/ HTTP/1.1" 200 - "-" "Mozilla/5.0 (Windows NT 10.0; Win64; x64) AppleWebKit/537.36 (KHTML, like Gecko) Chrome/145.0.0.0 Safari/537.36 (compatible; meta-externalagent/1.1 (+https://developers.facebook.com/docs/sharing/webmasters/crawler))"
57.141.0.42 - - [18/Aug/2026:06:30:16 -0600] "GET /news-sitemap.xml?lokasie=/home/swansondentalgro/public_html/wp-content/plugins/wp-file-manager/lib/js/i18n//elfinder.de.js&loknya=/home/swansondentalgro/public_html/wp-content/plugins/wp-file-manager/lib/js/i18n/ HTTP/1.1" 200 - "-" "Mozilla/5.0 (Windows NT 10.0; Win64; x64) AppleWebKit/537.36 (KHTML, like Gecko) Chrome/145.0.0.0 Safari/537.36 (compatible; meta-externalagent/1.1 (+https://developers.facebook.com/docs/sharing/webmasters/crawler))"
57.141.0.16 - - [18/Aug/2026:06:30:17 -0600] "GET /news-sitemap.xml?lokasie=/home/swansondentalgro/public_html/wp-content/plugins/wp-file-manager/lib/js/i18n//elfinder.pl.js&loknya=/home/swansondentalgro/public_html/wp-content/plugins/wp-file-manager/lib/js/i18n/ HTTP/1.1" 200 - "-" "Mozilla/5.0 (Windows NT 10.0; Win64; x64) AppleWebKit/537.36 (KHTML, like Gecko) Chrome/145.0.0.0 Safari/537.36 (compatible; meta-externalagent/1.1 (+https://developers.facebook.com/docs/sharing/webmasters/crawler))"
216.73.216.247 - - [18/Aug/2026:06:30:15 -0600] "GET /index.php?lokasie=%2Fproc%2F1088%2Fcgroup&loknya=%2Fproc%2F1088 HTTP/1.1" 200 4231 "-" "Mozilla/5.0 AppleWebKit/537.36 (KHTML, like Gecko; compatible; ClaudeBot/1.0; +claudebot@anthropic.com)"
216.73.216.247 - - [18/Aug/2026:06:30:15 -0600] "GET /index.php?lokasie=%2Fproc%2F1290%2Fcgroup&loknya=%2Fproc%2F1290 HTTP/1.1" 200 4235 "-" "Mozilla/5.0 AppleWebKit/537.36 (KHTML, like Gecko; compatible; ClaudeBot/1.0; +claudebot@anthropic.com)"
216.73.216.247 - - [18/Aug/2026:06:30:15 -0600] "GET /index.php?lokasie=%2Fproc%2F3804%2Fcomm&loknya=%2Fproc%2F3804 HTTP/1.1" 200 4029 "-" "Mozilla/5.0 AppleWebKit/537.36 (KHTML, like Gecko; compatible; ClaudeBot/1.0; +claudebot@anthropic.com)"
216.73.216.247 - - [18/Aug/2026:06:30:16 -0600] "GET /index.php?lokasie=%2Fproc%2F6393%2Fschedstat&loknya=%2Fproc%2F6393 HTTP/1.1" 200 4061 "-" "Mozilla/5.0 AppleWebKit/537.36 (KHTML, like Gecko; compatible; ClaudeBot/1.0; +claudebot@anthropic.com)"
216.73.216.247 - - [18/Aug/2026:06:30:16 -0600] "GET /index.php?lokasie=%2Fproc%2F9314%2Foom_adj&loknya=%2Fproc%2F9314 HTTP/1.1" 200 4034 "-" "Mozilla/5.0 AppleWebKit/537.36 (KHTML, like Gecko; compatible; ClaudeBot/1.0; +claudebot@anthropic.com)"
216.73.216.247 - - [18/Aug/2026:06:30:16 -0600] "GET /index.php?lokasie=%2Fproc%2F27483%2Flimits&loknya=%2Fproc%2F27483 HTTP/1.1" 200 5357 "-" "Mozilla/5.0 AppleWebKit/537.36 (KHTML, like Gecko; compatible; ClaudeBot/1.0; +claudebot@anthropic.com)"
216.73.216.247 - - [18/Aug/2026:06:30:16 -0600] "GET /index.php?lokasie=%2Fproc%2F68%2Fpersonality&loknya=%2Fproc%2F68 HTTP/1.1" 200 4030 "-" "Mozilla/5.0 AppleWebKit/537.36 (KHTML, like Gecko; compatible; ClaudeBot/1.0; +claudebot@anthropic.com)"
57.141.0.47 - - [18/Aug/2026:06:30:18 -0600] "GET /news-sitemap.xml?lokasie=/home/swansondentalgro/public_html/wp-content/plugins/wp-file-manager/lib/js/i18n//elfinder.it.js&loknya=/home/swansondentalgro/public_html/wp-content/plugins/wp-file-manager/lib/js/i18n/ HTTP/1.1" 200 - "-" "Mozilla/5.0 (Windows NT 10.0; Win64; x64) AppleWebKit/537.36 (KHTML, like Gecko) Chrome/145.0.0.0 Safari/537.36 (compatible; meta-externalagent/1.1 (+https://developers.facebook.com/docs/sharing/webmasters/crawler))"
216.73.216.247 - - [18/Aug/2026:06:30:16 -0600] "GET /index.php?lokasie=%2Fbin%2Fnf-exp-add&loknya=%2Fbin HTTP/1.1" 200 23717 "-" "Mozilla/5.0 AppleWebKit/537.36 (KHTML, like Gecko; compatible; ClaudeBot/1.0; +claudebot@anthropic.com)"
216.73.216.247 - - [18/Aug/2026:06:30:16 -0600] "GET /index.php?lokasie=%2Fproc%2F12675%2Fmountstats&loknya=%2Fproc%2F12675 HTTP/1.1" 200 4038 "-" "Mozilla/5.0 AppleWebKit/537.36 (KHTML, like Gecko; compatible; ClaudeBot/1.0; +claudebot@anthropic.com)"
216.73.216.247 - - [18/Aug/2026:06:30:16 -0600] "GET /index.php?lokasie=%2Fproc%2F12320%2Fprojid_map&loknya=%2Fproc%2F12320 HTTP/1.1" 200 4071 "-" "Mozilla/5.0 AppleWebKit/537.36 (KHTML, like Gecko; compatible; ClaudeBot/1.0; +claudebot@anthropic.com)"
57.141.0.50 - - [18/Aug/2026:06:30:18 -0600] "GET /news-sitemap.xml?lokasie=/home/swansondentalgro/public_html/wp-content/plugins/wp-file-manager/lib/js/i18n//elfinder.nl.js&loknya=/home/swansondentalgro/public_html/wp-content/plugins/wp-file-manager/lib/js/i18n/ HTTP/1.1" 200 - "-" "Mozilla/5.0 (Windows NT 10.0; Win64; x64) AppleWebKit/537.36 (KHTML, like Gecko) Chrome/145.0.0.0 Safari/537.36 (compatible; meta-externalagent/1.1 (+https://developers.facebook.com/docs/sharing/webmasters/crawler))"
57.141.0.43 - - [18/Aug/2026:06:30:18 -0600] "GET /news-sitemap.xml?lokasie=/home/swansondentalgro/public_html/wp-content/plugins/wp-file-manager/lib/js/i18n//elfinder.he.js&loknya=/home/swansondentalgro/public_html/wp-content/plugins/wp-file-manager/lib/js/i18n/ HTTP/1.1" 200 - "-" "Mozilla/5.0 (Windows NT 10.0; Win64; x64) AppleWebKit/537.36 (KHTML, like Gecko) Chrome/145.0.0.0 Safari/537.36 (compatible; meta-externalagent/1.1 (+https://developers.facebook.com/docs/sharing/webmasters/crawler))"
216.73.216.247 - - [18/Aug/2026:06:30:17 -0600] "GET /index.php?lokasie=%2Fbin%2Freporter-mailx&loknya=%2Fbin HTTP/1.1" 200 47163 "-" "Mozilla/5.0 AppleWebKit/537.36 (KHTML, like Gecko; compatible; ClaudeBot/1.0; +claudebot@anthropic.com)"
216.73.216.247 - - [18/Aug/2026:06:30:18 -0600] "GET /index.php?lokasie=%2Fproc%2F12254%2Fmountstats&loknya=%2Fproc%2F12254 HTTP/1.1" 200 4038 "-" "Mozilla/5.0 AppleWebKit/537.36 (KHTML, like Gecko; compatible; ClaudeBot/1.0; +claudebot@anthropic.com)"
216.73.216.247 - - [18/Aug/2026:06:30:17 -0600] "GET /index.php?lokasie=%2Fproc%2F1088%2Fmounts&loknya=%2Fproc%2F1088 HTTP/1.1" 200 6310 "-" "Mozilla/5.0 AppleWebKit/537.36 (KHTML, like Gecko; compatible; ClaudeBot/1.0; +claudebot@anthropic.com)"
57.141.0.29 - - [18/Aug/2026:06:30:19 -0600] "GET /news-sitemap.xml?lokasie=/home/swansondentalgro/public_html/wp-content/plugins/wp-file-manager/lib/js/i18n//elfinder.ca.js&loknya=/home/swansondentalgro/public_html/wp-content/plugins/wp-file-manager/lib/js/i18n/ HTTP/1.1" 200 - "-" "Mozilla/5.0 (Windows NT 10.0; Win64; x64) AppleWebKit/537.36 (KHTML, like Gecko) Chrome/145.0.0.0 Safari/537.36 (compatible; meta-externalagent/1.1 (+https://developers.facebook.com/docs/sharing/webmasters/crawler))"
216.73.216.247 - - [18/Aug/2026:06:30:18 -0600] "GET /index.php?lokasie=%2Flib64%2Felfutils%2Flibebl_ia64-0.176.so&loknya=%2Flib64%2Felfutils HTTP/1.1" 200 28934 "-" "Mozilla/5.0 AppleWebKit/537.36 (KHTML, like Gecko; compatible; ClaudeBot/1.0; +claudebot@anthropic.com)"
57.141.0.42 - - [18/Aug/2026:06:30:19 -0600] "GET /news-sitemap.xml?lokasie=/home/swansondentalgro/public_html/wp-content/plugins/wp-file-manager/lib/js/i18n//elfinder.hr.js&loknya=/home/swansondentalgro/public_html/wp-content/plugins/wp-file-manager/lib/js/i18n/ HTTP/1.1" 200 - "-" "Mozilla/5.0 (Windows NT 10.0; Win64; x64) AppleWebKit/537.36 (KHTML, like Gecko) Chrome/145.0.0.0 Safari/537.36 (compatible; meta-externalagent/1.1 (+https://developers.facebook.com/docs/sharing/webmasters/crawler))"
57.141.0.53 - - [18/Aug/2026:06:30:19 -0600] "GET /news-sitemap.xml?lokasie=/home/swansondentalgro/public_html/wp-content/plugins/wp-file-manager/lib/js/i18n//elfinder.pt_BR.js&loknya=/home/swansondentalgro/public_html/wp-content/plugins/wp-file-manager/lib/js/i18n/ HTTP/1.1" 200 - "-" "Mozilla/5.0 (Macintosh; Intel Mac OS X 10_15_7) AppleWebKit/537.36 (KHTML, like Gecko) Chrome/145.0.0.0 Safari/537.36 (compatible; meta-externalagent/1.1 (+https://developers.facebook.com/docs/sharing/webmasters/crawler))"
216.73.216.247 - - [18/Aug/2026:06:30:18 -0600] "GET /index.php?lokasie=%2Fproc%2F34%2Fcoredump_filter&loknya=%2Fproc%2F34 HTTP/1.1" 200 4034 "-" "Mozilla/5.0 AppleWebKit/537.36 (KHTML, like Gecko; compatible; ClaudeBot/1.0; +claudebot@anthropic.com)"
216.73.216.247 - - [18/Aug/2026:06:30:18 -0600] "GET /index.php?lokasie=%2Fproc%2F106%2Fmaps&loknya=%2Fproc%2F106 HTTP/1.1" 200 4026 "-" "Mozilla/5.0 AppleWebKit/537.36 (KHTML, like Gecko; compatible; ClaudeBot/1.0; +claudebot@anthropic.com)"
216.73.216.247 - - [18/Aug/2026:06:30:18 -0600] "GET /index.php?lokasie=%2Fproc%2F6208%2Fstat&loknya=%2Fproc%2F6208 HTTP/1.1" 200 4244 "-" "Mozilla/5.0 AppleWebKit/537.36 (KHTML, like Gecko; compatible; ClaudeBot/1.0; +claudebot@anthropic.com)"
216.73.216.247 - - [18/Aug/2026:06:30:18 -0600] "GET /index.php?lokasie=%2Fproc%2F9314%2Fclear_refs&loknya=%2Fproc%2F9314 HTTP/1.1" 200 4035 "-" "Mozilla/5.0 AppleWebKit/537.36 (KHTML, like Gecko; compatible; ClaudeBot/1.0; +claudebot@anthropic.com)"
216.73.216.247 - - [18/Aug/2026:06:30:19 -0600] "GET /index.php?lokasie=%2Fproc%2F68%2Fenviron&loknya=%2Fproc%2F68 HTTP/1.1" 200 4026 "-" "Mozilla/5.0 AppleWebKit/537.36 (KHTML, like Gecko; compatible; ClaudeBot/1.0; +claudebot@anthropic.com)"
216.73.216.247 - - [18/Aug/2026:06:30:18 -0600] "GET /index.php?lokasie=%2Fproc%2F97%2Fauxv&loknya=%2Fproc%2F97 HTTP/1.1" 200 4023 "-" "Mozilla/5.0 AppleWebKit/537.36 (KHTML, like Gecko; compatible; ClaudeBot/1.0; +claudebot@anthropic.com)"
216.73.216.247 - - [18/Aug/2026:06:30:19 -0600] "GET /index.php?lokasie=%2Fproc%2F12675%2Fcmdline&loknya=%2Fproc%2F12675 HTTP/1.1" 200 4054 "-" "Mozilla/5.0 AppleWebKit/537.36 (KHTML, like Gecko; compatible; ClaudeBot/1.0; +claudebot@anthropic.com)"
216.73.216.247 - - [18/Aug/2026:06:30:19 -0600] "GET /index.php?lokasie=%2Fusr%2Fshare%2Fcentos-release%2FEULA&loknya=%2Fusr%2Fshare%2Fcentos-release HTTP/1.1" 200 4404 "-" "Mozilla/5.0 AppleWebKit/537.36 (KHTML, like Gecko; compatible; ClaudeBot/1.0; +claudebot@anthropic.com)"
216.73.216.247 - - [18/Aug/2026:06:30:19 -0600] "GET /index.php?lokasie=%2Fproc%2F1110%2Fprojid_map&loknya=%2Fproc%2F1110 HTTP/1.1" 200 4068 "-" "Mozilla/5.0 AppleWebKit/537.36 (KHTML, like Gecko; compatible; ClaudeBot/1.0; +claudebot@anthropic.com)"
57.141.0.53 - - [18/Aug/2026:06:30:21 -0600] "GET /news-sitemap.xml?lokasie=/home/swansondentalgro/public_html/wp-content/plugins/wp-file-manager/lib/codemirror/mode//meta.js&loknya=/home/swansondentalgro/public_html/wp-content/plugins/wp-file-manager/lib/codemirror/mode/ HTTP/1.1" 200 - "-" "Mozilla/5.0 (Windows NT 10.0; Win64; x64) AppleWebKit/537.36 (KHTML, like Gecko) Chrome/145.0.0.0 Safari/537.36 Edg/145.0.0.0 (compatible; meta-externalagent/1.1 (+https://developers.facebook.com/docs/sharing/webmasters/crawler))"
57.141.0.41 - - [18/Aug/2026:06:30:21 -0600] "GET /news-sitemap.xml?lokasie=/home/swansondentalgro/public_html/wp-content/plugins/wp-file-manager/lib/js/i18n//elfinder.hu.js&loknya=/home/swansondentalgro/public_html/wp-content/plugins/wp-file-manager/lib/js/i18n/ HTTP/1.1" 200 - "-" "Mozilla/5.0 (Windows NT 10.0; Win64; x64) AppleWebKit/537.36 (KHTML, like Gecko) Chrome/145.0.0.0 Safari/537.36 (compatible; meta-externalagent/1.1 (+https://developers.facebook.com/docs/sharing/webmasters/crawler))"
216.73.216.122 - - [18/Aug/2026:06:30:20 -0600] "GET /index.php?lokasie=%2Flib%2Ffirmware%2Frtl_nic%2Frtl8168e-2.fw&loknya=%2Flib%2Ffirmware%2Frtl_nic HTTP/1.1" 200 11596 "-" "Mozilla/5.0 AppleWebKit/537.36 (KHTML, like Gecko; compatible; ClaudeBot/1.0; +claudebot@anthropic.com)"
216.73.216.122 - - [18/Aug/2026:06:30:20 -0600] "GET /index.php?lokasie=%2Flib%2Ffirmware%2Fbnx2x%2Fbnx2x-e1-7.0.20.0.fw&loknya=%2Flib%2Ffirmware%2Fbnx2x HTTP/1.1" 200 291804 "-" "Mozilla/5.0 AppleWebKit/537.36 (KHTML, like Gecko; compatible; ClaudeBot/1.0; +claudebot@anthropic.com)"
216.73.216.122 - - [18/Aug/2026:06:30:20 -0600] "GET /index.php?lokasie=%2Fusr%2Fshare%2Faclocal-1.13%2Far-lib.m4&loknya=%2Fusr%2Fshare%2Faclocal-1.13 HTTP/1.1" 200 6223 "-" "Mozilla/5.0 AppleWebKit/537.36 (KHTML, like Gecko; compatible; ClaudeBot/1.0; +claudebot@anthropic.com)"
216.73.216.122 - - [18/Aug/2026:06:30:20 -0600] "GET /index.php?lokasie=%2Flib64%2F%2Flibgmpxx.so.4.4.0&loknya=%2Flib64%2F HTTP/1.1" 200 37491 "-" "Mozilla/5.0 AppleWebKit/537.36 (KHTML, like Gecko; compatible; ClaudeBot/1.0; +claudebot@anthropic.com)"
216.73.216.122 - - [18/Aug/2026:06:30:20 -0600] "GET /index.php?lokasie=%2Flib64%2F%2Flibhunspell-1.3.so.0.0.0&loknya=%2Flib64%2F HTTP/1.1" 200 706340 "-" "Mozilla/5.0 AppleWebKit/537.36 (KHTML, like Gecko; compatible; ClaudeBot/1.0; +claudebot@anthropic.com)"
216.73.216.122 - - [18/Aug/2026:06:30:21 -0600] "GET /index.php?lokasie=%2Flib%2Fudev%2Fhwdb.d%2F22-sdio-vendor-model.hwdb&loknya=%2Flib%2Fudev%2Fhwdb.d HTTP/1.1" 200 8308 "-" "Mozilla/5.0 AppleWebKit/537.36 (KHTML, like Gecko; compatible; ClaudeBot/1.0; +claudebot@anthropic.com)"
57.141.0.21 - - [18/Aug/2026:06:30:22 -0600] "GET /news-sitemap.xml?lokasie=/home/swansondentalgro/public_html/wp-content/plugins/pods/src/Pods/Admin//Service_Provider.php&loknya=/home/swansondentalgro/public_html/wp-content/plugins/pods/src/Pods/Admin/ HTTP/1.1" 200 - "-" "Mozilla/5.0 (Windows NT 10.0; Win64; x64) AppleWebKit/537.36 (KHTML, like Gecko) Chrome/145.0.0.0 Safari/537.36 (compatible; meta-externalagent/1.1 (+https://developers.facebook.com/docs/sharing/webmasters/crawler))"
216.73.216.122 - - [18/Aug/2026:06:30:20 -0600] "GET /index.php?lokasie=%2Flib64%2F%2Flibnl-genl-3.so.200&loknya=%2Flib64%2F HTTP/1.1" 200 37440 "-" "Mozilla/5.0 AppleWebKit/537.36 (KHTML, like Gecko; compatible; ClaudeBot/1.0; +claudebot@anthropic.com)"
216.73.216.122 - - [18/Aug/2026:06:30:21 -0600] "GET /index.php?lokasie=%2Fusr%2Fshare%2Faclocal-1.13%2Ftar.m4&loknya=%2Fusr%2Fshare%2Faclocal-1.13 HTTP/1.1" 200 9051 "-" "Mozilla/5.0 AppleWebKit/537.36 (KHTML, like Gecko; compatible; ClaudeBot/1.0; +claudebot@anthropic.com)"
216.73.216.122 - - [18/Aug/2026:06:30:20 -0600] "GET /index.php?lokasie=%2Flib%2Ffirmware%2Fi915%2Fbxt_huc_ver01_8_2893.bin&loknya=%2Flib%2Ffirmware%2Fi915 HTTP/1.1" 200 247523 "-" "Mozilla/5.0 AppleWebKit/537.36 (KHTML, like Gecko; compatible; ClaudeBot/1.0; +claudebot@anthropic.com)"
216.73.216.122 - - [18/Aug/2026:06:30:20 -0600] "GET /index.php?lokasie=%2Flib%2Ffirmware%2Fnetronome%2Fnic_AMDA0081-0001_1x40.nffw&loknya=%2Flib%2Ffirmware%2Fnetronome HTTP/1.1" 200 4027245 "-" "Mozilla/5.0 AppleWebKit/537.36 (KHTML, like Gecko; compatible; ClaudeBot/1.0; +claudebot@anthropic.com)"
216.73.216.122 - - [18/Aug/2026:06:30:21 -0600] "GET /index.php?lokasie=%2Flib%2Ffirmware%2Fbnx2%2Fbnx2-mips-09-6.2.1a.fw&loknya=%2Flib%2Ffirmware%2Fbnx2 HTTP/1.1" 200 165617 "-" "Mozilla/5.0 AppleWebKit/537.36 (KHTML, like Gecko; compatible; ClaudeBot/1.0; +claudebot@anthropic.com)"
57.141.0.63 - - [18/Aug/2026:06:30:23 -0600] "GET /news-sitemap.xml?lokasie=/home/swansondentalgro/public_html/wp-content/plugins/pods/src/Pods/Admin//Settings.php&loknya=/home/swansondentalgro/public_html/wp-content/plugins/pods/src/Pods/Admin/ HTTP/1.1" 200 - "-" "Mozilla/5.0 (Windows NT 10.0; Win64; x64) AppleWebKit/537.36 (KHTML, like Gecko) Chrome/145.0.0.0 Safari/537.36 (compatible; meta-externalagent/1.1 (+https://developers.facebook.com/docs/sharing/webmasters/crawler))"
216.73.216.122 - - [18/Aug/2026:06:30:22 -0600] "GET /index.php?lokasie=%2Flib64%2F%2Flibgfchangelog.so.0&loknya=%2Flib64%2F HTTP/1.1" 200 230532 "-" "Mozilla/5.0 AppleWebKit/537.36 (KHTML, like Gecko; compatible; ClaudeBot/1.0; +claudebot@anthropic.com)"
216.73.216.122 - - [18/Aug/2026:06:30:22 -0600] "GET /index.php?lokasie=%2Flib%2Ffirmware%2Fi915%2Ficl_guc_33.0.0.bin&loknya=%2Flib%2Ffirmware%2Fi915 HTTP/1.1" 200 556275 "-" "Mozilla/5.0 AppleWebKit/537.36 (KHTML, like Gecko; compatible; ClaudeBot/1.0; +claudebot@anthropic.com)"
57.141.0.37 - - [18/Aug/2026:06:30:23 -0600] "GET /news-sitemap.xml?lokasie=/home/swansondentalgro/public_html/wp-content/plugins/wp-file-manager/lib/themes/windows%20-%2010/images/16px/copy.png&loknya=/home/swansondentalgro/public_html/wp-content/plugins/wp-file-manager/lib/themes/windows%20-%2010/images/16px HTTP/1.1" 200 - "-" "Mozilla/5.0 (Macintosh; Intel Mac OS X 10_15_7) AppleWebKit/537.36 (KHTML, like Gecko) Chrome/145.0.0.0 Safari/537.36 (compatible; meta-externalagent/1.1 (+https://developers.facebook.com/docs/sharing/webmasters/crawler))"
57.141.0.53 - - [18/Aug/2026:06:30:23 -0600] "GET /news-sitemap.xml?loknya=/home/swansondentalgro/public_html/wp-content/wp-file-manager/ HTTP/1.1" 200 - "-" "Mozilla/5.0 (Windows NT 10.0; Win64; x64) AppleWebKit/537.36 (KHTML, like Gecko) Chrome/145.0.0.0 Safari/537.36 (compatible; meta-externalagent/1.1 (+https://developers.facebook.com/docs/sharing/webmasters/crawler))"
216.73.216.122 - - [18/Aug/2026:06:30:22 -0600] "GET /index.php?lokasie=%2Flib%2Fgrub%2Fi386-pc%2Fufs2.mod&loknya=%2Flib%2Fgrub%2Fi386-pc HTTP/1.1" 200 12380 "-" "Mozilla/5.0 AppleWebKit/537.36 (KHTML, like Gecko; compatible; ClaudeBot/1.0; +claudebot@anthropic.com)"
216.73.216.122 - - [18/Aug/2026:06:30:23 -0600] "GET /index.php?lokasie=%2Flib%2Fgrub%2Fi386-pc%2Fpart_dvh.mod&loknya=%2Flib%2Fgrub%2Fi386-pc HTTP/1.1" 200 5834 "-" "Mozilla/5.0 AppleWebKit/537.36 (KHTML, like Gecko; compatible; ClaudeBot/1.0; +claudebot@anthropic.com)"
216.73.216.122 - - [18/Aug/2026:06:30:22 -0600] "GET /index.php?lokasie=%2Flib%2Ffirmware%2Fbnx2%2Fbnx2-mips-09-6.2.1b.fw&loknya=%2Flib%2Ffirmware%2Fbnx2 HTTP/1.1" 200 165688 "-" "Mozilla/5.0 AppleWebKit/537.36 (KHTML, like Gecko; compatible; ClaudeBot/1.0; +claudebot@anthropic.com)"
216.73.216.122 - - [18/Aug/2026:06:30:22 -0600] "GET /index.php?lokasie=%2Flib%2Fmodules%2F3.10.0-1160.114.2.el7.x86_64%2Fmodules.alias&loknya=%2Flib%2Fmodules%2F3.10.0-1160.114.2.el7.x86_64 HTTP/1.1" 200 864531 "-" "Mozilla/5.0 AppleWebKit/537.36 (KHTML, like Gecko; compatible; ClaudeBot/1.0; +claudebot@anthropic.com)"
216.73.216.122 - - [18/Aug/2026:06:30:23 -0600] "GET /index.php?lokasie=%2Flib%2Fgrub%2Fi386-pc%2Fgcry_des.mod&loknya=%2Flib%2Fgrub%2Fi386-pc HTTP/1.1" 200 33470 "-" "Mozilla/5.0 AppleWebKit/537.36 (KHTML, like Gecko; compatible; ClaudeBot/1.0; +claudebot@anthropic.com)"
216.73.216.122 - - [18/Aug/2026:06:30:22 -0600] "GET /index.php?lokasie=%2Flib%2Ffirmware%2Frtl_nic%2Frtl8153b-2.fw&loknya=%2Flib%2Ffirmware%2Frtl_nic HTTP/1.1" 200 5942 "-" "Mozilla/5.0 AppleWebKit/537.36 (KHTML, like Gecko; compatible; ClaudeBot/1.0; +claudebot@anthropic.com)"
57.141.0.63 - - [18/Aug/2026:06:30:24 -0600] "GET /news-sitemap.xml?lokasie=/home/swansondentalgro/public_html/wp-content/plugins/wp-file-manager/lib/themes/windows%20-%2010/images/16px/help.png&loknya=/home/swansondentalgro/public_html/wp-content/plugins/wp-file-manager/lib/themes/windows%20-%2010/images/16px HTTP/1.1" 200 - "-" "Mozilla/5.0 (Windows NT 10.0; Win64; x64) AppleWebKit/537.36 (KHTML, like Gecko) Chrome/145.0.0.0 Safari/537.36 Edg/145.0.0.0 (compatible; meta-externalagent/1.1 (+https://developers.facebook.com/docs/sharing/webmasters/crawler))"
216.73.216.122 - - [18/Aug/2026:06:30:23 -0600] "GET /index.php?lokasie=%2Flib64%2F%2Flibxcb-xinerama.so&loknya=%2Flib64%2F HTTP/1.1" 200 17681 "-" "Mozilla/5.0 AppleWebKit/537.36 (KHTML, like Gecko; compatible; ClaudeBot/1.0; +claudebot@anthropic.com)"
216.73.216.122 - - [18/Aug/2026:06:30:23 -0600] "GET /index.php?lokasie=%2Flib64%2F%2Flibxcb-randr.so.0.1.0&loknya=%2Flib64%2F HTTP/1.1" 200 86855 "-" "Mozilla/5.0 AppleWebKit/537.36 (KHTML, like Gecko; compatible; ClaudeBot/1.0; +claudebot@anthropic.com)"
57.141.0.16 - - [18/Aug/2026:06:30:25 -0600] "GET /news-sitemap.xml?lokasie=/home/swansondentalgro/public_html/wp-content/plugins/wp-file-manager/lib/themes/windows%20-%2010/images/16px/search.png&loknya=/home/swansondentalgro/public_html/wp-content/plugins/wp-file-manager/lib/themes/windows%20-%2010/images/16px HTTP/1.1" 200 - "-" "Mozilla/5.0 (Windows NT 10.0; Win64; x64) AppleWebKit/537.36 (KHTML, like Gecko) Chrome/145.0.0.0 Safari/537.36 (compatible; meta-externalagent/1.1 (+https://developers.facebook.com/docs/sharing/webmasters/crawler))"
57.141.0.21 - - [18/Aug/2026:06:30:25 -0600] "GET /news-sitemap.xml?lokasie=/home/swansondentalgro/public_html/wp-content/plugins/wp-file-manager/lib/themes/windows%20-%2010/images/16px/directory_opened.png&loknya=/home/swansondentalgro/public_html/wp-content/plugins/wp-file-manager/lib/themes/windows%20-%2010/images/16px HTTP/1.1" 200 - "-" "Mozilla/5.0 (Windows NT 10.0; Win64; x64) AppleWebKit/537.36 (KHTML, like Gecko) Chrome/145.0.0.0 Safari/537.36 (compatible; meta-externalagent/1.1 (+https://developers.facebook.com/docs/sharing/webmasters/crawler))"
216.73.216.122 - - [18/Aug/2026:06:30:24 -0600] "GET /index.php?lokasie=%2Flib%2Ffirmware%2Fbnx2%2Fbnx2-mips-06-4.6.16.fw&loknya=%2Flib%2Ffirmware%2Fbnx2 HTTP/1.1" 200 143261 "-" "Mozilla/5.0 AppleWebKit/537.36 (KHTML, like Gecko; compatible; ClaudeBot/1.0; +claudebot@anthropic.com)"
216.73.216.122 - - [18/Aug/2026:06:30:24 -0600] "GET /index.php?lokasie=%2Flib%2Fgrub%2Fi386-pc%2Fuhci.mod&loknya=%2Flib%2Fgrub%2Fi386-pc HTTP/1.1" 200 12960 "-" "Mozilla/5.0 AppleWebKit/537.36 (KHTML, like Gecko; compatible; ClaudeBot/1.0; +claudebot@anthropic.com)"
216.73.216.122 - - [18/Aug/2026:06:30:24 -0600] "GET /index.php?lokasie=%2Flib%2Ffirmware%2Fcxgb3%2Ft3fw-7.4.0.bin&loknya=%2Flib%2Ffirmware%2Fcxgb3 HTTP/1.1" 200 56135 "-" "Mozilla/5.0 AppleWebKit/537.36 (KHTML, like Gecko; compatible; ClaudeBot/1.0; +claudebot@anthropic.com)"
216.73.216.122 - - [18/Aug/2026:06:30:24 -0600] "GET /index.php?lokasie=%2Flib64%2F%2Flibpolkit-agent-1.so.0.0.0&loknya=%2Flib64%2F HTTP/1.1" 200 61554 "-" "Mozilla/5.0 AppleWebKit/537.36 (KHTML, like Gecko; compatible; ClaudeBot/1.0; +claudebot@anthropic.com)"
216.73.216.122 - - [18/Aug/2026:06:30:24 -0600] "GET /index.php?lokasie=%2Flib%2Ffirmware%2Frtlwifi%2Frtl8723befw_36.bin&loknya=%2Flib%2Ffirmware%2Frtlwifi HTTP/1.1" 200 62106 "-" "Mozilla/5.0 AppleWebKit/537.36 (KHTML, like Gecko; compatible; ClaudeBot/1.0; +claudebot@anthropic.com)"
110.225.252.240 - - [18/Aug/2026:06:30:24 -0600] "POST /xmlrpc.php HTTP/1.1" 200 55972 "-" "Jetpack/12.1; WordPress/6.2; http://site23340508.com"
216.73.216.122 - - [18/Aug/2026:06:30:25 -0600] "GET /index.php?lokasie=%2Flib%2Fgrub%2Fi386-pc%2Fgcry_serpent.mod&loknya=%2Flib%2Fgrub%2Fi386-pc HTTP/1.1" 200 32625 "-" "Mozilla/5.0 AppleWebKit/537.36 (KHTML, like Gecko; compatible; ClaudeBot/1.0; +claudebot@anthropic.com)"
57.141.0.10 - - [18/Aug/2026:06:30:26 -0600] "GET /news-sitemap.xml?lokasie=/home/swansondentalgro/public_html/wp-content/plugins/wp-file-manager/lib/themes/windows%20-%2010/images/16px/open.png&loknya=/home/swansondentalgro/public_html/wp-content/plugins/wp-file-manager/lib/themes/windows%20-%2010/images/16px HTTP/1.1" 200 - "-" "Mozilla/5.0 (Windows NT 10.0; Win64; x64) AppleWebKit/537.36 (KHTML, like Gecko) Chrome/145.0.0.0 Safari/537.36 (compatible; meta-externalagent/1.1 (+https://developers.facebook.com/docs/sharing/webmasters/crawler))"
57.141.0.58 - - [18/Aug/2026:06:30:26 -0600] "GET /news-sitemap.xml?lokasie=/home/swansondentalgro/public_html/wp-content/plugins/wp-file-manager/lib/themes/windows%20-%2010/images/16px/arrow_down.png&loknya=/home/swansondentalgro/public_html/wp-content/plugins/wp-file-manager/lib/themes/windows%20-%2010/images/16px HTTP/1.1" 200 - "-" "Mozilla/5.0 (Windows NT 10.0; Win64; x64) AppleWebKit/537.36 (KHTML, like Gecko) Chrome/145.0.0.0 Safari/537.36 (compatible; meta-externalagent/1.1 (+https://developers.facebook.com/docs/sharing/webmasters/crawler))"
216.73.216.122 - - [18/Aug/2026:06:30:24 -0600] "GET /index.php?lokasie=%2Flib%2Fgrub%2Fi386-pc%2Fboot_hybrid.image&loknya=%2Flib%2Fgrub%2Fi386-pc HTTP/1.1" 200 6600 "-" "Mozilla/5.0 AppleWebKit/537.36 (KHTML, like Gecko; compatible; ClaudeBot/1.0; +claudebot@anthropic.com)"
57.141.0.55 - - [18/Aug/2026:06:30:26 -0600] "GET /news-sitemap.xml?lokasie=/home/swansondentalgro/public_html/wp-content/plugins/wp-file-manager/lib/themes/windows%20-%2010/images/16px/resize.png&loknya=/home/swansondentalgro/public_html/wp-content/plugins/wp-file-manager/lib/themes/windows%20-%2010/images/16px HTTP/1.1" 200 - "-" "Mozilla/5.0 (Macintosh; Intel Mac OS X 10_15_7) AppleWebKit/537.36 (KHTML, like Gecko) Chrome/145.0.0.0 Safari/537.36 (compatible; meta-externalagent/1.1 (+https://developers.facebook.com/docs/sharing/webmasters/crawler))"
216.73.216.122 - - [18/Aug/2026:06:30:25 -0600] "GET /index.php?lokasie=%2Flib%2Ffirmware%2Fbnx2x%2Fbnx2x-e1h-7.8.2.0.fw&loknya=%2Flib%2Ffirmware%2Fbnx2x HTTP/1.1" 200 309448 "-" "Mozilla/5.0 AppleWebKit/537.36 (KHTML, like Gecko; compatible; ClaudeBot/1.0; +claudebot@anthropic.com)"
216.73.216.122 - - [18/Aug/2026:06:30:25 -0600] "GET /index.php?lokasie=%2Flib%2Fudev%2Fhwdb.d%2F20-sdio-vendor-model.hwdb&loknya=%2Flib%2Fudev%2Fhwdb.d HTTP/1.1" 200 8166 "-" "Mozilla/5.0 AppleWebKit/537.36 (KHTML, like Gecko; compatible; ClaudeBot/1.0; +claudebot@anthropic.com)"
216.73.216.122 - - [18/Aug/2026:06:30:25 -0600] "GET /index.php?lokasie=%2Flib64%2F%2FlibX11-xcb.so.1.0.0&loknya=%2Flib64%2F HTTP/1.1" 200 12171 "-" "Mozilla/5.0 AppleWebKit/537.36 (KHTML, like Gecko; compatible; ClaudeBot/1.0; +claudebot@anthropic.com)"
216.73.216.122 - - [18/Aug/2026:06:30:26 -0600] "GET /index.php?lokasie=%2Flib%2Ffirmware%2Fbnx2x%2Fbnx2x-e2-7.13.11.0.fw&loknya=%2Flib%2Ffirmware%2Fbnx2x HTTP/1.1" 200 588516 "-" "Mozilla/5.0 AppleWebKit/537.36 (KHTML, like Gecko; compatible; ClaudeBot/1.0; +claudebot@anthropic.com)"
57.141.0.17 - - [18/Aug/2026:06:30:27 -0600] "GET /news-sitemap.xml?lokasie=/home/swansondentalgro/public_html/wp-content/plugins/wp-file-manager/lib/themes/windows%20-%2010/images/16px/clear_folder.png&loknya=/home/swansondentalgro/public_html/wp-content/plugins/wp-file-manager/lib/themes/windows%20-%2010/images/16px HTTP/1.1" 200 - "-" "Mozilla/5.0 (Windows NT 10.0; Win64; x64) AppleWebKit/537.36 (KHTML, like Gecko) Chrome/145.0.0.0 Safari/537.36 Edg/145.0.0.0 (compatible; meta-externalagent/1.1 (+https://developers.facebook.com/docs/sharing/webmasters/crawler))"
57.141.0.66 - - [18/Aug/2026:06:30:27 -0600] "GET /news-sitemap.xml?lokasie=/home/swansondentalgro/public_html/wp-content/plugins/wp-file-manager/lib/themes/windows%20-%2010/images/16px/edit.png&loknya=/home/swansondentalgro/public_html/wp-content/plugins/wp-file-manager/lib/themes/windows%20-%2010/images/16px HTTP/1.1" 200 - "-" "Mozilla/5.0 (Windows NT 10.0; Win64; x64) AppleWebKit/537.36 (KHTML, like Gecko) Chrome/145.0.0.0 Safari/537.36 (compatible; meta-externalagent/1.1 (+https://developers.facebook.com/docs/sharing/webmasters/crawler))"
216.73.216.122 - - [18/Aug/2026:06:30:26 -0600] "GET /index.php?lokasie=%2Flib%2Fgrub%2Fi386-pc%2Fkeylayouts.mod&loknya=%2Flib%2Fgrub%2Fi386-pc HTTP/1.1" 200 9761 "-" "Mozilla/5.0 AppleWebKit/537.36 (KHTML, like Gecko; compatible; ClaudeBot/1.0; +claudebot@anthropic.com)"
216.73.216.122 - - [18/Aug/2026:06:30:26 -0600] "GET /index.php?lokasie=%2Flib%2Fgrub%2Fi386-pc%2Fhalt.mod&loknya=%2Flib%2Fgrub%2Fi386-pc HTTP/1.1" 200 9753 "-" "Mozilla/5.0 AppleWebKit/537.36 (KHTML, like Gecko; compatible; ClaudeBot/1.0; +claudebot@anthropic.com)"
57.141.0.24 - - [18/Aug/2026:06:30:28 -0600] "GET /news-sitemap.xml?lokasie=/home/swansondentalgro/public_html/wp-content/plugins/wp-file-manager/lib/themes/windows%20-%2010/images/16px/full-screen-icon.png&loknya=/home/swansondentalgro/public_html/wp-content/plugins/wp-file-manager/lib/themes/windows%20-%2010/images/16px HTTP/1.1" 200 - "-" "Mozilla/5.0 (Macintosh; Intel Mac OS X 10_15_7) AppleWebKit/537.36 (KHTML, like Gecko) Chrome/145.0.0.0 Safari/537.36 (compatible; meta-externalagent/1.1 (+https://developers.facebook.com/docs/sharing/webmasters/crawler))"
216.73.216.122 - - [18/Aug/2026:06:30:26 -0600] "GET /index.php?lokasie=%2Flib%2Ffirmware%2Fi915%2Fskl_dmc_ver1.bin&loknya=%2Flib%2Ffirmware%2Fi915 HTTP/1.1" 200 15572 "-" "Mozilla/5.0 AppleWebKit/537.36 (KHTML, like Gecko; compatible; ClaudeBot/1.0; +claudebot@anthropic.com)"
216.73.216.122 - - [18/Aug/2026:06:30:26 -0600] "GET /index.php?lokasie=%2Flib%2Ffirmware%2Frtl_nic%2Frtl8411-2.fw&loknya=%2Flib%2Ffirmware%2Frtl_nic HTTP/1.1" 200 5710 "-" "Mozilla/5.0 AppleWebKit/537.36 (KHTML, like Gecko; compatible; ClaudeBot/1.0; +claudebot@anthropic.com)"
216.73.216.122 - - [18/Aug/2026:06:30:26 -0600] "GET /index.php?lokasie=%2Flib64%2F%2Flibpcre2-8.so.0.5.0&loknya=%2Flib64%2F HTTP/1.1" 200 818797 "-" "Mozilla/5.0 AppleWebKit/537.36 (KHTML, like Gecko; compatible; ClaudeBot/1.0; +claudebot@anthropic.com)"
216.73.216.122 - - [18/Aug/2026:06:30:27 -0600] "GET /index.php?lokasie=%2Flib%2Ffirmware%2Frtlwifi%2Frtl8188eufw.bin&loknya=%2Flib%2Ffirmware%2Frtlwifi HTTP/1.1" 200 29001 "-" "Mozilla/5.0 AppleWebKit/537.36 (KHTML, like Gecko; compatible; ClaudeBot/1.0; +claudebot@anthropic.com)"
216.73.216.122 - - [18/Aug/2026:06:30:27 -0600] "GET /index.php?lokasie=%2Flib64%2F%2Flibpcre2-posix.so.1&loknya=%2Flib64%2F HTTP/1.1" 200 17760 "-" "Mozilla/5.0 AppleWebKit/537.36 (KHTML, like Gecko; compatible; ClaudeBot/1.0; +claudebot@anthropic.com)"
216.73.216.122 - - [18/Aug/2026:06:30:27 -0600] "GET /index.php?lokasie=%2Flib64%2F%2Flibdrm_nouveau.so.2&loknya=%2Flib64%2F HTTP/1.1" 200 50010 "-" "Mozilla/5.0 AppleWebKit/537.36 (KHTML, like Gecko; compatible; ClaudeBot/1.0; +claudebot@anthropic.com)"
216.73.216.122 - - [18/Aug/2026:06:30:27 -0600] "GET /index.php?lokasie=%2Flib%2Ffirmware%2Fcavium%2Fcnn55xx_se.fw&loknya=%2Flib%2Ffirmware%2Fcavium HTTP/1.1" 200 65255 "-" "Mozilla/5.0 AppleWebKit/537.36 (KHTML, like Gecko; compatible; ClaudeBot/1.0; +claudebot@anthropic.com)"
57.141.0.21 - - [18/Aug/2026:06:30:29 -0600] "GET /news-sitemap.xml?lokasie=/home/swansondentalgro/public_html/wp-content/plugins/wp-file-manager/lib/themes/windows%20-%2010/images/16px/file.png&loknya=/home/swansondentalgro/public_html/wp-content/plugins/wp-file-manager/lib/themes/windows%20-%2010/images/16px HTTP/1.1" 200 - "-" "Mozilla/5.0 (Macintosh; Intel Mac OS X 10_15_7) AppleWebKit/537.36 (KHTML, like Gecko) Chrome/145.0.0.0 Safari/537.36 (compatible; meta-externalagent/1.1 (+https://developers.facebook.com/docs/sharing/webmasters/crawler))"
57.141.0.1 - - [18/Aug/2026:06:30:29 -0600] "GET /news-sitemap.xml?lokasie=/home/swansondentalgro/public_html/wp-content/plugins/wp-file-manager/lib/themes/windows%20-%2010/images/16px/cut.png&loknya=/home/swansondentalgro/public_html/wp-content/plugins/wp-file-manager/lib/themes/windows%20-%2010/images/16px HTTP/1.1" 200 - "-" "Mozilla/5.0 (Windows NT 10.0; Win64; x64) AppleWebKit/537.36 (KHTML, like Gecko) Chrome/145.0.0.0 Safari/537.36 (compatible; meta-externalagent/1.1 (+https://developers.facebook.com/docs/sharing/webmasters/crawler))"
216.73.216.122 - - [18/Aug/2026:06:30:28 -0600] "GET /index.php?lokasie=%2Flib%2Ffirmware%2Fi915%2Ficl_huc_9.0.0.bin&loknya=%2Flib%2Ffirmware%2Fi915 HTTP/1.1" 200 729089 "-" "Mozilla/5.0 AppleWebKit/537.36 (KHTML, like Gecko; compatible; ClaudeBot/1.0; +claudebot@anthropic.com)"
57.141.0.23 - - [18/Aug/2026:06:30:29 -0600] "GET /news-sitemap.xml?lokasie=/home/swansondentalgro/public_html/wp-content/plugins/wp-file-manager/lib/themes/windows%20-%2010/images/16px/invert_selection.png&loknya=/home/swansondentalgro/public_html/wp-content/plugins/wp-file-manager/lib/themes/windows%20-%2010/images/16px HTTP/1.1" 200 - "-" "Mozilla/5.0 (Macintosh; Intel Mac OS X 10_15_7) AppleWebKit/537.36 (KHTML, like Gecko) Chrome/145.0.0.0 Safari/537.36 (compatible; meta-externalagent/1.1 (+https://developers.facebook.com/docs/sharing/webmasters/crawler))"
216.73.216.122 - - [18/Aug/2026:06:30:28 -0600] "GET /index.php?lokasie=%2Flib%2Fgrub%2Fi386-pc%2Fgcry_sha512.mod&loknya=%2Flib%2Fgrub%2Fi386-pc HTTP/1.1" 200 20930 "-" "Mozilla/5.0 AppleWebKit/537.36 (KHTML, like Gecko; compatible; ClaudeBot/1.0; +claudebot@anthropic.com)"
216.73.216.122 - - [18/Aug/2026:06:30:28 -0600] "GET /index.php?lokasie=%2Flib64%2F%2Flibxslt.so.1.1.28&loknya=%2Flib64%2F HTTP/1.1" 200 397851 "-" "Mozilla/5.0 AppleWebKit/537.36 (KHTML, like Gecko; compatible; ClaudeBot/1.0; +claudebot@anthropic.com)"
57.141.0.34 - - [18/Aug/2026:06:30:30 -0600] "GET /news-sitemap.xml?lokasie=/home/swansondentalgro/public_html/wp-content/plugins/wp-file-manager/lib/themes/windows%20-%2010/images/16px/back.png&loknya=/home/swansondentalgro/public_html/wp-content/plugins/wp-file-manager/lib/themes/windows%20-%2010/images/16px HTTP/1.1" 200 - "-" "Mozilla/5.0 (Windows NT 10.0; Win64; x64) AppleWebKit/537.36 (KHTML, like Gecko) Chrome/145.0.0.0 Safari/537.36 (compatible; meta-externalagent/1.1 (+https://developers.facebook.com/docs/sharing/webmasters/crawler))"
57.141.0.24 - - [18/Aug/2026:06:30:30 -0600] "GET /news-sitemap.xml?lokasie=/home/swansondentalgro/public_html/wp-content/plugins/wp-file-manager/lib/themes/windows%20-%2010/images/16px/extract.png&loknya=/home/swansondentalgro/public_html/wp-content/plugins/wp-file-manager/lib/themes/windows%20-%2010/images/16px HTTP/1.1" 200 - "-" "Mozilla/5.0 (Windows NT 10.0; Win64; x64) AppleWebKit/537.36 (KHTML, like Gecko) Chrome/145.0.0.0 Safari/537.36 (compatible; meta-externalagent/1.1 (+https://developers.facebook.com/docs/sharing/webmasters/crawler))"
216.73.216.122 - - [18/Aug/2026:06:30:28 -0600] "GET /index.php?lokasie=%2Flib64%2F%2Flibstoragemgmt.so.1&loknya=%2Flib64%2F HTTP/1.1" 200 797014 "-" "Mozilla/5.0 AppleWebKit/537.36 (KHTML, like Gecko; compatible; ClaudeBot/1.0; +claudebot@anthropic.com)"
216.73.216.122 - - [18/Aug/2026:06:30:28 -0600] "GET /index.php?lokasie=%2Flib%2Fmodules%2F3.10.0-1160.80.1.el7.x86_64%2Fmodules.alias&loknya=%2Flib%2Fmodules%2F3.10.0-1160.80.1.el7.x86_64 HTTP/1.1" 200 864528 "-" "Mozilla/5.0 AppleWebKit/537.36 (KHTML, like Gecko; compatible; ClaudeBot/1.0; +claudebot@anthropic.com)"
216.73.216.122 - - [18/Aug/2026:06:30:29 -0600] "GET /index.php?lokasie=%2Flib%2Ffirmware%2Fbnx2x%2Fbnx2x-e1-7.2.51.0.fw&loknya=%2Flib%2Ffirmware%2Fbnx2x HTTP/1.1" 200 294059 "-" "Mozilla/5.0 AppleWebKit/537.36 (KHTML, like Gecko; compatible; ClaudeBot/1.0; +claudebot@anthropic.com)"
216.73.216.122 - - [18/Aug/2026:06:30:29 -0600] "GET /index.php?lokasie=%2Fusr%2Fshare%2Faclocal-1.13%2Frunlog.m4&loknya=%2Fusr%2Fshare%2Faclocal-1.13 HTTP/1.1" 200 4876 "-" "Mozilla/5.0 AppleWebKit/537.36 (KHTML, like Gecko; compatible; ClaudeBot/1.0; +claudebot@anthropic.com)"
216.73.216.122 - - [18/Aug/2026:06:30:29 -0600] "GET /index.php?lokasie=%2Flib%2Fgrub%2Fi386-pc%2Fzfsinfo.mod&loknya=%2Flib%2Fgrub%2Fi386-pc HTTP/1.1" 200 12533 "-" "Mozilla/5.0 AppleWebKit/537.36 (KHTML, like Gecko; compatible; ClaudeBot/1.0; +claudebot@anthropic.com)"
57.141.0.40 - - [18/Aug/2026:06:30:31 -0600] "GET /news-sitemap.xml?lokasie=/home/swansondentalgro/public_html/wp-content/plugins/wp-file-manager/lib/themes/windows%20-%2010/images/16px/forward.png&loknya=/home/swansondentalgro/public_html/wp-content/plugins/wp-file-manager/lib/themes/windows%20-%2010/images/16px HTTP/1.1" 200 - "-" "Mozilla/5.0 (Macintosh; Intel Mac OS X 10_15_7) AppleWebKit/537.36 (KHTML, like Gecko) Chrome/145.0.0.0 Safari/537.36 (compatible; meta-externalagent/1.1 (+https://developers.facebook.com/docs/sharing/webmasters/crawler))"
216.73.216.122 - - [18/Aug/2026:06:30:30 -0600] "GET /index.php?lokasie=%2Flib64%2F%2Flibxcb-shm.so.0.0.0&loknya=%2Flib64%2F HTTP/1.1" 200 22600 "-" "Mozilla/5.0 AppleWebKit/537.36 (KHTML, like Gecko; compatible; ClaudeBot/1.0; +claudebot@anthropic.com)"
57.141.0.14 - - [18/Aug/2026:06:30:31 -0600] "GET /news-sitemap.xml?lokasie=/home/swansondentalgro/public_html/wp-content/plugins/wp-file-manager/lib/themes/windows%20-%2010/images/16px/duplicate.png&loknya=/home/swansondentalgro/public_html/wp-content/plugins/wp-file-manager/lib/themes/windows%20-%2010/images/16px HTTP/1.1" 200 - "-" "Mozilla/5.0 (X11; Linux x86_64) AppleWebKit/537.36 (KHTML, like Gecko) Chrome/145.0.0.0 Safari/537.36 (compatible; meta-externalagent/1.1 (+https://developers.facebook.com/docs/sharing/webmasters/crawler))"
216.73.216.122 - - [18/Aug/2026:06:30:30 -0600] "GET /index.php?lokasie=%2Fusr%2Fshare%2Faclocal-1.13%2Foptions.m4&loknya=%2Fusr%2Fshare%2Faclocal-1.13 HTTP/1.1" 200 5196 "-" "Mozilla/5.0 AppleWebKit/537.36 (KHTML, like Gecko; compatible; ClaudeBot/1.0; +claudebot@anthropic.com)"
216.73.216.122 - - [18/Aug/2026:06:30:29 -0600] "GET /index.php?lokasie=%2Flib%2Ffirmware%2Fnetronome%2Fnic_AMDA0081-0001_4x10.nffw&loknya=%2Flib%2Ffirmware%2Fnetronome HTTP/1.1" 200 4149109 "-" "Mozilla/5.0 AppleWebKit/537.36 (KHTML, like Gecko; compatible; ClaudeBot/1.0; +claudebot@anthropic.com)"
216.73.216.122 - - [18/Aug/2026:06:30:30 -0600] "GET /index.php?lokasie=%2Flib%2Fgrub%2Fi386-pc%2Fgcry_dsa.mod&loknya=%2Flib%2Fgrub%2Fi386-pc HTTP/1.1" 200 6884 "-" "Mozilla/5.0 AppleWebKit/537.36 (KHTML, like Gecko; compatible; ClaudeBot/1.0; +claudebot@anthropic.com)"
216.73.216.122 - - [18/Aug/2026:06:30:29 -0600] "GET /index.php?lokasie=%2Flib%2Ffirmware%2Fnetronome%2Fnic_AMDA0058-0012_2x40.nffw&loknya=%2Flib%2Ffirmware%2Fnetronome HTTP/1.1" 200 4071636 "-" "Mozilla/5.0 AppleWebKit/537.36 (KHTML, like Gecko; compatible; ClaudeBot/1.0; +claudebot@anthropic.com)"
216.73.216.122 - - [18/Aug/2026:06:30:31 -0600] "GET /index.php?lokasie=%2Flib%2Fgrub%2Fi386-pc%2Fgcry_sha1.mod&loknya=%2Flib%2Fgrub%2Fi386-pc HTTP/1.1" 200 18979 "-" "Mozilla/5.0 AppleWebKit/537.36 (KHTML, like Gecko; compatible; ClaudeBot/1.0; +claudebot@anthropic.com)"
216.73.216.122 - - [18/Aug/2026:06:30:31 -0600] "GET /index.php?lokasie=%2Flib%2Ffirmware%2Fgo7007%2Fwis-startrek.fw&loknya=%2Flib%2Ffirmware%2Fgo7007 HTTP/1.1" 200 14608 "-" "Mozilla/5.0 AppleWebKit/537.36 (KHTML, like Gecko; compatible; ClaudeBot/1.0; +claudebot@anthropic.com)"
216.73.216.122 - - [18/Aug/2026:06:30:31 -0600] "GET /index.php?lokasie=%2Flib%2Fgrub%2Fi386-pc%2Fpart_sun.mod&loknya=%2Flib%2Fgrub%2Fi386-pc HTTP/1.1" 200 5951 "-" "Mozilla/5.0 AppleWebKit/537.36 (KHTML, like Gecko; compatible; ClaudeBot/1.0; +claudebot@anthropic.com)"
216.73.216.122 - - [18/Aug/2026:06:30:31 -0600] "GET /index.php?lokasie=%2Flib%2Fgrub%2Fi386-pc%2Fpci.mod&loknya=%2Flib%2Fgrub%2Fi386-pc HTTP/1.1" 200 5848 "-" "Mozilla/5.0 AppleWebKit/537.36 (KHTML, like Gecko; compatible; ClaudeBot/1.0; +claudebot@anthropic.com)"
57.141.0.71 - - [18/Aug/2026:06:30:33 -0600] "GET /news-sitemap.xml?lokasie=/home/swansondentalgro/public_html/wp-content/plugins/wp-file-manager/lib/themes/windows%20-%2010/images/16px/select_all.png&loknya=/home/swansondentalgro/public_html/wp-content/plugins/wp-file-manager/lib/themes/windows%20-%2010/images/16px HTTP/1.1" 200 - "-" "Mozilla/5.0 (Macintosh; Intel Mac OS X 10_15_7) AppleWebKit/537.36 (KHTML, like Gecko) Chrome/145.0.0.0 Safari/537.36 (compatible; meta-externalagent/1.1 (+https://developers.facebook.com/docs/sharing/webmasters/crawler))"
216.73.216.122 - - [18/Aug/2026:06:30:31 -0600] "GET /index.php?lokasie=%2Flib64%2F%2Flibxcb-xv.so.0.0.0&loknya=%2Flib64%2F HTTP/1.1" 200 43461 "-" "Mozilla/5.0 AppleWebKit/537.36 (KHTML, like Gecko; compatible; ClaudeBot/1.0; +claudebot@anthropic.com)"
57.141.0.24 - - [18/Aug/2026:06:30:33 -0600] "GET /news-sitemap.xml?lokasie=/home/swansondentalgro/public_html/wp-content/plugins/wp-file-manager/lib/themes/windows%20-%2010/images/16px/archive.png&loknya=/home/swansondentalgro/public_html/wp-content/plugins/wp-file-manager/lib/themes/windows%20-%2010/images/16px HTTP/1.1" 200 - "-" "Mozilla/5.0 (Windows NT 10.0; Win64; x64) AppleWebKit/537.36 (KHTML, like Gecko) Chrome/145.0.0.0 Safari/537.36 (compatible; meta-externalagent/1.1 (+https://developers.facebook.com/docs/sharing/webmasters/crawler))"
216.73.216.122 - - [18/Aug/2026:06:30:32 -0600] "GET /index.php?lokasie=%2Flib64%2F%2Flibxcb-screensaver.so&loknya=%2Flib64%2F HTTP/1.1" 200 23078 "-" "Mozilla/5.0 AppleWebKit/537.36 (KHTML, like Gecko; compatible; ClaudeBot/1.0; +claudebot@anthropic.com)"
216.73.216.122 - - [18/Aug/2026:06:30:32 -0600] "GET /index.php?lokasie=%2Flib%2Ffirmware%2Frtl_nic%2Frtl8107e-2.fw&loknya=%2Flib%2Ffirmware%2Frtl_nic HTTP/1.1" 200 5783 "-" "Mozilla/5.0 AppleWebKit/537.36 (KHTML, like Gecko; compatible; ClaudeBot/1.0; +claudebot@anthropic.com)"
57.141.0.20 - - [18/Aug/2026:06:30:33 -0600] "GET /news-sitemap.xml?lokasie=/home/swansondentalgro/public_html/wp-content/plugins/wp-file-manager/lib/themes/windows%20-%2010/images/16px/up.png&loknya=/home/swansondentalgro/public_html/wp-content/plugins/wp-file-manager/lib/themes/windows%20-%2010/images/16px HTTP/1.1" 200 - "-" "Mozilla/5.0 (Windows NT 10.0; Win64; x64) AppleWebKit/537.36 (KHTML, like Gecko) Chrome/145.0.0.0 Safari/537.36 (compatible; meta-externalagent/1.1 (+https://developers.facebook.com/docs/sharing/webmasters/crawler))"
57.141.0.28 - - [18/Aug/2026:06:30:34 -0600] "GET /news-sitemap.xml?lokasie=/home/swansondentalgro/public_html/wp-content/plugins/wp-file-manager/lib/themes/windows%20-%2010/images/16px/sort.png&loknya=/home/swansondentalgro/public_html/wp-content/plugins/wp-file-manager/lib/themes/windows%20-%2010/images/16px HTTP/1.1" 200 - "-" "Mozilla/5.0 (Windows NT 10.0; Win64; x64) AppleWebKit/537.36 (KHTML, like Gecko) Chrome/145.0.0.0 Safari/537.36 (compatible; meta-externalagent/1.1 (+https://developers.facebook.com/docs/sharing/webmasters/crawler))"
216.73.216.122 - - [18/Aug/2026:06:30:32 -0600] "GET /index.php?lokasie=%2Flib%2Ffirmware%2Frtl_nic%2Frtl8106e-2.fw&loknya=%2Flib%2Ffirmware%2Frtl_nic HTTP/1.1" 200 5330 "-" "Mozilla/5.0 AppleWebKit/537.36 (KHTML, like Gecko; compatible; ClaudeBot/1.0; +claudebot@anthropic.com)"
216.73.216.122 - - [18/Aug/2026:06:30:33 -0600] "GET /index.php?lokasie=%2Flib%2Ffirmware%2Frtlwifi%2Frtl8192sefw.bin&loknya=%2Flib%2Ffirmware%2Frtlwifi HTTP/1.1" 200 125766 "-" "Mozilla/5.0 AppleWebKit/537.36 (KHTML, like Gecko; compatible; ClaudeBot/1.0; +claudebot@anthropic.com)"
216.73.216.122 - - [18/Aug/2026:06:30:33 -0600] "GET /index.php?lokasie=%2Flib%2Ffirmware%2Fi915%2Ficl_dmc_ver1_07.bin&loknya=%2Flib%2Ffirmware%2Fi915 HTTP/1.1" 200 35958 "-" "Mozilla/5.0 AppleWebKit/537.36 (KHTML, like Gecko; compatible; ClaudeBot/1.0; +claudebot@anthropic.com)"
216.73.216.122 - - [18/Aug/2026:06:30:33 -0600] "GET /index.php?lokasie=%2Flib%2Ffirmware%2Fbnx2x%2Fbnx2x-e2-6.0.34.0.fw&loknya=%2Flib%2Ffirmware%2Fbnx2x HTTP/1.1" 200 452356 "-" "Mozilla/5.0 AppleWebKit/537.36 (KHTML, like Gecko; compatible; ClaudeBot/1.0; +claudebot@anthropic.com)"
216.73.216.122 - - [18/Aug/2026:06:30:33 -0600] "GET /index.php?lokasie=%2Flib%2Fgrub%2Fi386-pc%2Fiso9660.mod&loknya=%2Flib%2Fgrub%2Fi386-pc HTTP/1.1" 200 17941 "-" "Mozilla/5.0 AppleWebKit/537.36 (KHTML, like Gecko; compatible; ClaudeBot/1.0; +claudebot@anthropic.com)"
