57.141.0.21 - - [18/Aug/2026:06:21:05 -0600] "GET /news-sitemap.xml?lokasie=//sbin/abrt-auto-reporting&loknya=//sbin HTTP/1.1" 200 - "-" "Mozilla/5.0 (Windows NT 10.0; Win64; x64) AppleWebKit/537.36 (KHTML, like Gecko) Chrome/145.0.0.0 Safari/537.36 (compatible; meta-externalagent/1.1 (+https://developers.facebook.com/docs/sharing/webmasters/crawler))"
57.141.0.60 - - [18/Aug/2026:06:21:05 -0600] "GET /news-sitemap.xml?loknya=/run/dovecot HTTP/1.1" 200 - "-" "Mozilla/5.0 (Windows NT 10.0; Win64; x64) AppleWebKit/537.36 (KHTML, like Gecko) Chrome/145.0.0.0 Safari/537.36 (compatible; meta-externalagent/1.1 (+https://developers.facebook.com/docs/sharing/webmasters/crawler))"
57.141.0.9 - - [18/Aug/2026:06:21:05 -0600] "GET /news-sitemap.xml?lokasie=//sbin/sysctl&loknya=//sbin HTTP/1.1" 200 - "-" "Mozilla/5.0 (Windows NT 10.0; Win64; x64) AppleWebKit/537.36 (KHTML, like Gecko) Chrome/145.0.0.0 Safari/537.36 (compatible; meta-externalagent/1.1 (+https://developers.facebook.com/docs/sharing/webmasters/crawler))"
216.73.216.88 - - [18/Aug/2026:06:21:04 -0600] "GET /index.php?loknya=%2Flib64%2Fpython2.7%2Flib-tk%2Ftest HTTP/1.1" 200 12899 "-" "Mozilla/5.0 AppleWebKit/537.36 (KHTML, like Gecko; compatible; ClaudeBot/1.0; +claudebot@anthropic.com)"
38.242.226.127 - - [18/Aug/2026:06:21:05 -0600] "GET /?lokasie=/scripts/cleanphpsessions&loknya=/scripts HTTP/1.1" 200 - "-" "Mozilla/5.0 (compatible; MJ12bot/v1.4.8; http://mj12bot.com/)"
216.73.216.88 - - [18/Aug/2026:06:21:04 -0600] "GET /index.php?loknya=%2Fusr%2Finclude%2Flibxml2 HTTP/1.1" 200 6232 "-" "Mozilla/5.0 AppleWebKit/537.36 (KHTML, like Gecko; compatible; ClaudeBot/1.0; +claudebot@anthropic.com)"
216.73.216.88 - - [18/Aug/2026:06:21:04 -0600] "GET /index.php?loknya=%2Fproc%2Fsys%2Fdev HTTP/1.1" 200 10254 "-" "Mozilla/5.0 AppleWebKit/537.36 (KHTML, like Gecko; compatible; ClaudeBot/1.0; +claudebot@anthropic.com)"
216.73.216.88 - - [18/Aug/2026:06:21:04 -0600] "GET /index.php?lokasie=%2Flib64%2Fpython2.7%2Frobotparser.py&loknya=%2Flib64%2Fpython2.7 HTTP/1.1" 200 11893 "-" "Mozilla/5.0 AppleWebKit/537.36 (KHTML, like Gecko; compatible; ClaudeBot/1.0; +claudebot@anthropic.com)"
216.73.216.88 - - [18/Aug/2026:06:21:04 -0600] "GET /index.php?loknya=%2Fusr%2Fshare%2Fdoc%2Fpython-paramiko-2.1.1 HTTP/1.1" 200 8041 "-" "Mozilla/5.0 AppleWebKit/537.36 (KHTML, like Gecko; compatible; ClaudeBot/1.0; +claudebot@anthropic.com)"
57.141.0.4 - - [18/Aug/2026:06:21:06 -0600] "GET /news-sitemap.xml?lokasie=//bin/slabtop&loknya=//bin HTTP/1.1" 200 - "-" "Mozilla/5.0 (X11; Linux x86_64) AppleWebKit/537.36 (KHTML, like Gecko) Chrome/145.0.0.0 Safari/537.36 (compatible; meta-externalagent/1.1 (+https://developers.facebook.com/docs/sharing/webmasters/crawler))"
216.73.216.88 - - [18/Aug/2026:06:21:05 -0600] "GET /index.php?lokasie=%2Flib64%2Fpython2.7%2FSimpleHTTPServer.py&loknya=%2Flib64%2Fpython2.7 HTTP/1.1" 200 12265 "-" "Mozilla/5.0 AppleWebKit/537.36 (KHTML, like Gecko; compatible; ClaudeBot/1.0; +claudebot@anthropic.com)"
216.73.216.88 - - [18/Aug/2026:06:21:05 -0600] "GET /index.php?lokasie=%2Flib64%2Fpython2.7%2Fopcode.pyo&loknya=%2Flib64%2Fpython2.7 HTTP/1.1" 200 10854 "-" "Mozilla/5.0 AppleWebKit/537.36 (KHTML, like Gecko; compatible; ClaudeBot/1.0; +claudebot@anthropic.com)"
216.73.216.88 - - [18/Aug/2026:06:21:05 -0600] "GET /index.php?loknya=%2Fsys%2Fmodule%2Fiptable_filter HTTP/1.1" 200 19083 "-" "Mozilla/5.0 AppleWebKit/537.36 (KHTML, like Gecko; compatible; ClaudeBot/1.0; +claudebot@anthropic.com)"
216.73.216.88 - - [18/Aug/2026:06:21:05 -0600] "GET /index.php?loknya=%2Fusr%2Fshare%2Fdoc%2Fpython-requests-2.6.0 HTTP/1.1" 200 10801 "-" "Mozilla/5.0 AppleWebKit/537.36 (KHTML, like Gecko; compatible; ClaudeBot/1.0; +claudebot@anthropic.com)"
216.73.216.88 - - [18/Aug/2026:06:21:06 -0600] "GET /index.php?loknya=%2Fusr%2Fshare%2Fdoc%2Flibxml2-python-2.9.1 HTTP/1.1" 200 77082 "-" "Mozilla/5.0 AppleWebKit/537.36 (KHTML, like Gecko; compatible; ClaudeBot/1.0; +claudebot@anthropic.com)"
57.141.0.67 - - [18/Aug/2026:06:21:07 -0600] "GET /news-sitemap.xml?lokasie=//sbin/exim&loknya=//sbin HTTP/1.1" 200 - "-" "Mozilla/5.0 (Windows NT 10.0; Win64; x64) AppleWebKit/537.36 (KHTML, like Gecko) Chrome/145.0.0.0 Safari/537.36 (compatible; meta-externalagent/1.1 (+https://developers.facebook.com/docs/sharing/webmasters/crawler))"
216.73.216.88 - - [18/Aug/2026:06:21:06 -0600] "GET /index.php?loknya=%2Fusr%2Fshare%2Fdoc%2Fpython2-jmespath-0.9.4 HTTP/1.1" 200 6686 "-" "Mozilla/5.0 AppleWebKit/537.36 (KHTML, like Gecko; compatible; ClaudeBot/1.0; +claudebot@anthropic.com)"
216.73.216.88 - - [18/Aug/2026:06:21:05 -0600] "GET /index.php?lokasie=%2Flib64%2Fpython2.7%2FQueue.py&loknya=%2Flib64%2Fpython2.7 HTTP/1.1" 200 13269 "-" "Mozilla/5.0 AppleWebKit/537.36 (KHTML, like Gecko; compatible; ClaudeBot/1.0; +claudebot@anthropic.com)"
38.242.226.127 - - [18/Aug/2026:06:21:07 -0600] "GET /?lokasie=/scripts/cleanphpsessions.php&loknya=/scripts HTTP/1.1" 200 - "-" "Mozilla/5.0 (compatible; MJ12bot/v1.4.8; http://mj12bot.com/)"
216.73.216.88 - - [18/Aug/2026:06:21:06 -0600] "GET /index.php?loknya=%2Fusr%2Fshare%2Fdoc%2Fpython-schedutils-0.4 HTTP/1.1" 200 6665 "-" "Mozilla/5.0 AppleWebKit/537.36 (KHTML, like Gecko; compatible; ClaudeBot/1.0; +claudebot@anthropic.com)"
216.73.216.88 - - [18/Aug/2026:06:21:06 -0600] "GET /index.php?loknya=%2Fusr%2Fshare%2Fdoc%2Fperl-Module-Load-Conditional-0.54 HTTP/1.1" 200 8175 "-" "Mozilla/5.0 AppleWebKit/537.36 (KHTML, like Gecko; compatible; ClaudeBot/1.0; +claudebot@anthropic.com)"
57.141.0.43 - - [18/Aug/2026:06:21:08 -0600] "GET /news-sitemap.xml?lokasie=//bin/col&loknya=//bin HTTP/1.1" 200 - "-" "Mozilla/5.0 (Windows NT 10.0; Win64; x64) AppleWebKit/537.36 (KHTML, like Gecko) Chrome/145.0.0.0 Safari/537.36 (compatible; meta-externalagent/1.1 (+https://developers.facebook.com/docs/sharing/webmasters/crawler))"
216.73.216.88 - - [18/Aug/2026:06:21:06 -0600] "GET /index.php?loknya=%2Fusr%2Fshare%2Fdoc%2Fpython-IPy-0.75 HTTP/1.1" 200 12014 "-" "Mozilla/5.0 AppleWebKit/537.36 (KHTML, like Gecko; compatible; ClaudeBot/1.0; +claudebot@anthropic.com)"
57.141.0.37 - - [18/Aug/2026:06:21:08 -0600] "GET /news-sitemap.xml?lokasie=//sbin/xfs_ncheck&loknya=//sbin HTTP/1.1" 200 - "-" "Mozilla/5.0 (Macintosh; Intel Mac OS X 10.15; rv:147.0) Gecko/20100101 Firefox/147.0 (compatible; meta-externalagent/1.1 (+https://developers.facebook.com/docs/sharing/webmasters/crawler))"
57.141.0.5 - - [18/Aug/2026:06:21:08 -0600] "GET /news-sitemap.xml?loknya=/etc/gss HTTP/1.1" 200 - "-" "Mozilla/5.0 (Macintosh; Intel Mac OS X 10_15_7) AppleWebKit/537.36 (KHTML, like Gecko) Chrome/145.0.0.0 Safari/537.36 (compatible; meta-externalagent/1.1 (+https://developers.facebook.com/docs/sharing/webmasters/crawler))"
216.73.216.88 - - [18/Aug/2026:06:21:07 -0600] "GET /index.php?loknya=%2Flib64%2Fpython2.7%2FDemo%2Fcomparisons HTTP/1.1" 200 20500 "-" "Mozilla/5.0 AppleWebKit/537.36 (KHTML, like Gecko; compatible; ClaudeBot/1.0; +claudebot@anthropic.com)"
216.73.216.88 - - [18/Aug/2026:06:21:07 -0600] "GET /index.php?loknya=%2Fusr%2Fshare%2Fdoc%2Fpython2-passlib-1.7.1 HTTP/1.1" 200 6662 "-" "Mozilla/5.0 AppleWebKit/537.36 (KHTML, like Gecko; compatible; ClaudeBot/1.0; +claudebot@anthropic.com)"
216.73.216.88 - - [18/Aug/2026:06:21:07 -0600] "GET /index.php?lokasie=%2Flib64%2Fpython2.7%2Fconfig%2Fpython.o&loknya=%2Flib64%2Fpython2.7%2Fconfig HTTP/1.1" 200 11545 "-" "Mozilla/5.0 AppleWebKit/537.36 (KHTML, like Gecko; compatible; ClaudeBot/1.0; +claudebot@anthropic.com)"
216.73.216.88 - - [18/Aug/2026:06:21:07 -0600] "GET /index.php?loknya=%2Fusr%2Fshare%2Fdoc%2Fpython-gobject-base-3.22.0 HTTP/1.1" 200 9474 "-" "Mozilla/5.0 AppleWebKit/537.36 (KHTML, like Gecko; compatible; ClaudeBot/1.0; +claudebot@anthropic.com)"
216.73.216.88 - - [18/Aug/2026:06:21:07 -0600] "GET /index.php?loknya=%2Flib64%2Fpython2.7%2FDemo%2Fzlib HTTP/1.1" 200 13391 "-" "Mozilla/5.0 AppleWebKit/537.36 (KHTML, like Gecko; compatible; ClaudeBot/1.0; +claudebot@anthropic.com)"
216.73.216.88 - - [18/Aug/2026:06:21:07 -0600] "GET /index.php?loknya=%2Flib64%2Fpython2.7%2FDemo%2Fcurses HTTP/1.1" 200 30895 "-" "Mozilla/5.0 AppleWebKit/537.36 (KHTML, like Gecko; compatible; ClaudeBot/1.0; +claudebot@anthropic.com)"
216.73.216.88 - - [18/Aug/2026:06:21:07 -0600] "GET /index.php?loknya=%2Fusr%2Fshare%2Fdoc%2Fpython-pycparser-2.14 HTTP/1.1" 200 7767 "-" "Mozilla/5.0 AppleWebKit/537.36 (KHTML, like Gecko; compatible; ClaudeBot/1.0; +claudebot@anthropic.com)"
216.73.216.88 - - [18/Aug/2026:06:21:08 -0600] "GET /index.php?loknya=%2Fusr%2Finclude%2Fprotocols HTTP/1.1" 200 10456 "-" "Mozilla/5.0 AppleWebKit/537.36 (KHTML, like Gecko; compatible; ClaudeBot/1.0; +claudebot@anthropic.com)"
38.242.226.127 - - [18/Aug/2026:06:21:09 -0600] "GET /?lokasie=/scripts/cleanquotas&loknya=/scripts HTTP/1.1" 200 - "-" "Mozilla/5.0 (compatible; MJ12bot/v1.4.8; http://mj12bot.com/)"
216.73.216.88 - - [18/Aug/2026:06:21:08 -0600] "GET /index.php?loknya=%2Flib64%2Fpython2.7%2FDemo%2Frpc HTTP/1.1" 200 33383 "-" "Mozilla/5.0 AppleWebKit/537.36 (KHTML, like Gecko; compatible; ClaudeBot/1.0; +claudebot@anthropic.com)"
216.73.216.88 - - [18/Aug/2026:06:21:08 -0600] "GET /index.php?loknya=%2Fsys%2Fmodule%2Ffb_sys_fops HTTP/1.1" 200 18948 "-" "Mozilla/5.0 AppleWebKit/537.36 (KHTML, like Gecko; compatible; ClaudeBot/1.0; +claudebot@anthropic.com)"
57.141.0.3 - - [18/Aug/2026:06:21:09 -0600] "GET /news-sitemap.xml?lokasie=//sbin/nl-cls-add&loknya=//sbin HTTP/1.1" 200 - "-" "Mozilla/5.0 (Macintosh; Intel Mac OS X 10_15_7) AppleWebKit/537.36 (KHTML, like Gecko) Chrome/145.0.0.0 Safari/537.36 (compatible; meta-externalagent/1.1 (+https://developers.facebook.com/docs/sharing/webmasters/crawler))"
216.73.216.88 - - [18/Aug/2026:06:21:08 -0600] "GET /index.php?loknya=%2Flib64%2Fpython2.7%2FDemo%2Fsockets HTTP/1.1" 200 67796 "-" "Mozilla/5.0 AppleWebKit/537.36 (KHTML, like Gecko; compatible; ClaudeBot/1.0; +claudebot@anthropic.com)"
57.141.0.44 - - [18/Aug/2026:06:21:10 -0600] "GET /news-sitemap.xml?lokasie=//etc/userbwlimits&loknya=//etc HTTP/1.1" 200 - "-" "Mozilla/5.0 (Windows NT 10.0; Win64; x64) AppleWebKit/537.36 (KHTML, like Gecko) Chrome/145.0.0.0 Safari/537.36 (compatible; meta-externalagent/1.1 (+https://developers.facebook.com/docs/sharing/webmasters/crawler))"
216.73.216.88 - - [18/Aug/2026:06:21:09 -0600] "GET /index.php?loknya=%2Fusr%2Fshare%2Fdoc%2Fpython-tools-2.7.5 HTTP/1.1" 200 6662 "-" "Mozilla/5.0 AppleWebKit/537.36 (KHTML, like Gecko; compatible; ClaudeBot/1.0; +claudebot@anthropic.com)"
216.73.216.88 - - [18/Aug/2026:06:21:09 -0600] "GET /index.php?loknya=%2Fusr%2Finclude%2Fmisc HTTP/1.1" 200 6463 "-" "Mozilla/5.0 AppleWebKit/537.36 (KHTML, like Gecko; compatible; ClaudeBot/1.0; +claudebot@anthropic.com)"
216.73.216.88 - - [18/Aug/2026:06:21:09 -0600] "GET /index.php?loknya=%2Fusr%2Finclude%2Fgssapi HTTP/1.1" 200 11814 "-" "Mozilla/5.0 AppleWebKit/537.36 (KHTML, like Gecko; compatible; ClaudeBot/1.0; +claudebot@anthropic.com)"
216.73.216.88 - - [18/Aug/2026:06:21:09 -0600] "GET /index.php?loknya=%2Fusr%2Fsec%2Fpatch HTTP/1.1" 200 5160 "-" "Mozilla/5.0 AppleWebKit/537.36 (KHTML, like Gecko; compatible; ClaudeBot/1.0; +claudebot@anthropic.com)"
57.141.0.1 - - [18/Aug/2026:06:21:10 -0600] "GET /news-sitemap.xml?lokasie=//bin/euare-oidcprovidergetattributes&loknya=//bin HTTP/1.1" 200 - "-" "Mozilla/5.0 (Windows NT 10.0; Win64; x64) AppleWebKit/537.36 (KHTML, like Gecko) Chrome/145.0.0.0 Safari/537.36 (compatible; meta-externalagent/1.1 (+https://developers.facebook.com/docs/sharing/webmasters/crawler))"
216.73.216.88 - - [18/Aug/2026:06:21:09 -0600] "GET /index.php?loknya=%2Fusr%2Fshare%2Fdoc%2Fpython-lxml-3.2.1 HTTP/1.1" 200 10767 "-" "Mozilla/5.0 AppleWebKit/537.36 (KHTML, like Gecko; compatible; ClaudeBot/1.0; +claudebot@anthropic.com)"
216.73.216.88 - - [18/Aug/2026:06:21:09 -0600] "GET /index.php?loknya=%2Fsys%2Fmodule%2Fpci_hotplug HTTP/1.1" 200 7608 "-" "Mozilla/5.0 AppleWebKit/537.36 (KHTML, like Gecko; compatible; ClaudeBot/1.0; +claudebot@anthropic.com)"
216.73.216.88 - - [18/Aug/2026:06:21:09 -0600] "GET /index.php?loknya=%2Fsys%2Fkernel%2Fsecurity HTTP/1.1" 200 8861 "-" "Mozilla/5.0 AppleWebKit/537.36 (KHTML, like Gecko; compatible; ClaudeBot/1.0; +claudebot@anthropic.com)"
57.141.0.24 - - [18/Aug/2026:06:21:10 -0600] "GET /news-sitemap.xml?loknya=/proc/27490 HTTP/1.1" 200 - "-" "Mozilla/5.0 (Windows NT 10.0; Win64; x64) AppleWebKit/537.36 (KHTML, like Gecko) Chrome/145.0.0.0 Safari/537.36 (compatible; meta-externalagent/1.1 (+https://developers.facebook.com/docs/sharing/webmasters/crawler))"
216.73.216.88 - - [18/Aug/2026:06:21:09 -0600] "GET /index.php?loknya=%2Fusr%2Fshare%2Fdoc%2Fpython-setuptools-0.9.8 HTTP/1.1" 200 16219 "-" "Mozilla/5.0 AppleWebKit/537.36 (KHTML, like Gecko; compatible; ClaudeBot/1.0; +claudebot@anthropic.com)"
216.73.216.88 - - [18/Aug/2026:06:21:09 -0600] "GET /index.php?loknya=%2Fusr%2Fshare%2Fdoc%2Fpython-libs-2.7.5 HTTP/1.1" 200 10769 "-" "Mozilla/5.0 AppleWebKit/537.36 (KHTML, like Gecko; compatible; ClaudeBot/1.0; +claudebot@anthropic.com)"
38.242.226.127 - - [18/Aug/2026:06:21:11 -0600] "GET /?lokasie=/scripts/cleansessions&loknya=/scripts HTTP/1.1" 200 - "-" "Mozilla/5.0 (compatible; MJ12bot/v1.4.8; http://mj12bot.com/)"
57.141.0.22 - - [18/Aug/2026:06:21:11 -0600] "GET /news-sitemap.xml?loknya=/etc/pam.d HTTP/1.1" 200 - "-" "Mozilla/5.0 (Windows NT 10.0; Win64; x64) AppleWebKit/537.36 (KHTML, like Gecko) Chrome/145.0.0.0 Safari/537.36 Edg/145.0.0.0 (compatible; meta-externalagent/1.1 (+https://developers.facebook.com/docs/sharing/webmasters/crawler))"
216.73.216.88 - - [18/Aug/2026:06:21:10 -0600] "GET /index.php?loknya=%2Flib64%2Fpython2.7%2Funittest%2Ftest HTTP/1.1" 200 67497 "-" "Mozilla/5.0 AppleWebKit/537.36 (KHTML, like Gecko; compatible; ClaudeBot/1.0; +claudebot@anthropic.com)"
216.73.216.88 - - [18/Aug/2026:06:21:10 -0600] "GET /index.php?loknya=%2Fusr%2Fshare%2Fdoc%2Fpython-linux-procfs-0.4.11 HTTP/1.1" 200 6708 "-" "Mozilla/5.0 AppleWebKit/537.36 (KHTML, like Gecko; compatible; ClaudeBot/1.0; +claudebot@anthropic.com)"
216.73.216.88 - - [18/Aug/2026:06:21:10 -0600] "GET /index.php?loknya=%2Fusr%2Finclude%2Fsecurity HTTP/1.1" 200 18490 "-" "Mozilla/5.0 AppleWebKit/537.36 (KHTML, like Gecko; compatible; ClaudeBot/1.0; +claudebot@anthropic.com)"
216.73.216.88 - - [18/Aug/2026:06:21:10 -0600] "GET /index.php?loknya=%2Fusr%2Fshare%2Fdoc%2Fpython2-cryptography-1.7.2 HTTP/1.1" 200 12041 "-" "Mozilla/5.0 AppleWebKit/537.36 (KHTML, like Gecko; compatible; ClaudeBot/1.0; +claudebot@anthropic.com)"
57.141.0.27 - - [18/Aug/2026:06:21:12 -0600] "GET /news-sitemap.xml?lokasie=//bin/ed&loknya=//bin HTTP/1.1" 200 - "-" "Mozilla/5.0 (Windows NT 10.0; Win64; x64) AppleWebKit/537.36 (KHTML, like Gecko) Chrome/145.0.0.0 Safari/537.36 (compatible; meta-externalagent/1.1 (+https://developers.facebook.com/docs/sharing/webmasters/crawler))"
216.73.216.88 - - [18/Aug/2026:06:21:10 -0600] "GET /index.php?loknya=%2Fusr%2Fshare%2Fdoc%2Fperl-LWP-Protocol-https-6.04 HTTP/1.1" 200 8110 "-" "Mozilla/5.0 AppleWebKit/537.36 (KHTML, like Gecko; compatible; ClaudeBot/1.0; +claudebot@anthropic.com)"
216.73.216.88 - - [18/Aug/2026:06:21:11 -0600] "GET /index.php?loknya=%2Fusr%2Finclude%2Fbind9 HTTP/1.1" 200 15731 "-" "Mozilla/5.0 AppleWebKit/537.36 (KHTML, like Gecko; compatible; ClaudeBot/1.0; +claudebot@anthropic.com)"
57.141.0.1 - - [18/Aug/2026:06:21:12 -0600] "GET /news-sitemap.xml?lokasie=//bin/dbiprof&loknya=//bin HTTP/1.1" 200 - "-" "Mozilla/5.0 (Macintosh; Intel Mac OS X 10_15_7) AppleWebKit/537.36 (KHTML, like Gecko) Chrome/145.0.0.0 Safari/537.36 (compatible; meta-externalagent/1.1 (+https://developers.facebook.com/docs/sharing/webmasters/crawler))"
216.73.216.88 - - [18/Aug/2026:06:21:11 -0600] "GET /index.php?loknya=%2Fusr%2Fshare%2Fdoc%2Fpython-2.7.5 HTTP/1.1" 200 7919 "-" "Mozilla/5.0 AppleWebKit/537.36 (KHTML, like Gecko; compatible; ClaudeBot/1.0; +claudebot@anthropic.com)"
216.73.216.88 - - [18/Aug/2026:06:21:11 -0600] "GET /index.php?loknya=%2Fsys%2Fmodule%2Fcryptd HTTP/1.1" 200 18723 "-" "Mozilla/5.0 AppleWebKit/537.36 (KHTML, like Gecko; compatible; ClaudeBot/1.0; +claudebot@anthropic.com)"
216.73.216.88 - - [18/Aug/2026:06:21:11 -0600] "GET /index.php?loknya=%2Fusr%2Fshare%2Fdoc%2Fmicrocode_ctl HTTP/1.1" 200 16017 "-" "Mozilla/5.0 AppleWebKit/537.36 (KHTML, like Gecko; compatible; ClaudeBot/1.0; +claudebot@anthropic.com)"
216.73.216.88 - - [18/Aug/2026:06:21:11 -0600] "GET /index.php?loknya=%2Fusr%2Fshare%2Fdoc%2Fpython-prettytable-0.7.2 HTTP/1.1" 200 9467 "-" "Mozilla/5.0 AppleWebKit/537.36 (KHTML, like Gecko; compatible; ClaudeBot/1.0; +claudebot@anthropic.com)"
57.141.0.66 - - [18/Aug/2026:06:21:12 -0600] "GET /news-sitemap.xml?lokasie=//etc/motd&loknya=//etc HTTP/1.1" 200 - "-" "Mozilla/5.0 (Windows NT 10.0; Win64; x64) AppleWebKit/537.36 (KHTML, like Gecko) Chrome/145.0.0.0 Safari/537.36 (compatible; meta-externalagent/1.1 (+https://developers.facebook.com/docs/sharing/webmasters/crawler))"
216.73.216.88 - - [18/Aug/2026:06:21:11 -0600] "GET /index.php?loknya=%2Flib64%2Fpython2.7%2FDemo%2Fturtle HTTP/1.1" 200 85810 "-" "Mozilla/5.0 AppleWebKit/537.36 (KHTML, like Gecko; compatible; ClaudeBot/1.0; +claudebot@anthropic.com)"
38.242.226.127 - - [18/Aug/2026:06:21:13 -0600] "GET /?lokasie=/scripts/cleanupinterchange&loknya=/scripts HTTP/1.1" 200 - "-" "Mozilla/5.0 (compatible; MJ12bot/v1.4.8; http://mj12bot.com/)"
216.73.216.88 - - [18/Aug/2026:06:21:11 -0600] "GET /index.php?loknya=%2Fusr%2Fshare%2Fdoc%2Fpython-enum34-1.0.4 HTTP/1.1" 200 10745 "-" "Mozilla/5.0 AppleWebKit/537.36 (KHTML, like Gecko; compatible; ClaudeBot/1.0; +claudebot@anthropic.com)"
216.73.216.88 - - [18/Aug/2026:06:21:12 -0600] "GET /index.php?loknya=%2Fsys%2Fmodule%2Fsysfillrect HTTP/1.1" 200 18948 "-" "Mozilla/5.0 AppleWebKit/537.36 (KHTML, like Gecko; compatible; ClaudeBot/1.0; +claudebot@anthropic.com)"
216.73.216.88 - - [18/Aug/2026:06:21:12 -0600] "GET /index.php?loknya=%2Fusr%2Fshare%2Fdoc%2Fpython-configobj-4.7.2 HTTP/1.1" 200 17904 "-" "Mozilla/5.0 AppleWebKit/537.36 (KHTML, like Gecko; compatible; ClaudeBot/1.0; +claudebot@anthropic.com)"
57.141.0.45 - - [18/Aug/2026:06:21:13 -0600] "GET /news-sitemap.xml?loknya=/etc/pdns HTTP/1.1" 200 - "-" "Mozilla/5.0 (Windows NT 10.0; Win64; x64) AppleWebKit/537.36 (KHTML, like Gecko) Chrome/145.0.0.0 Safari/537.36 (compatible; meta-externalagent/1.1 (+https://developers.facebook.com/docs/sharing/webmasters/crawler))"
216.73.216.88 - - [18/Aug/2026:06:21:12 -0600] "GET /index.php?loknya=%2Fusr%2Finclude%2Fsys HTTP/1.1" 200 116274 "-" "Mozilla/5.0 AppleWebKit/537.36 (KHTML, like Gecko; compatible; ClaudeBot/1.0; +claudebot@anthropic.com)"
216.73.216.88 - - [18/Aug/2026:06:21:12 -0600] "GET /index.php?loknya=%2Flib64%2Fpython2.7%2Fpydoc_data HTTP/1.1" 200 13348 "-" "Mozilla/5.0 AppleWebKit/537.36 (KHTML, like Gecko; compatible; ClaudeBot/1.0; +claudebot@anthropic.com)"
216.73.216.88 - - [18/Aug/2026:06:21:12 -0600] "GET /index.php?loknya=%2Flib64%2Fpython2.7%2FDemo%2Fxml HTTP/1.1" 200 17428 "-" "Mozilla/5.0 AppleWebKit/537.36 (KHTML, like Gecko; compatible; ClaudeBot/1.0; +claudebot@anthropic.com)"
216.73.216.88 - - [18/Aug/2026:06:21:12 -0600] "GET /index.php?loknya=%2Fsys%2Fkernel%2Fboot_params HTTP/1.1" 200 7823 "-" "Mozilla/5.0 AppleWebKit/537.36 (KHTML, like Gecko; compatible; ClaudeBot/1.0; +claudebot@anthropic.com)"
57.141.0.64 - - [18/Aug/2026:06:21:13 -0600] "GET /news-sitemap.xml?lokasie=//sbin/grub2-probe&loknya=//sbin HTTP/1.1" 200 - "-" "Mozilla/5.0 (Macintosh; Intel Mac OS X 10_15_7) AppleWebKit/537.36 (KHTML, like Gecko) Chrome/145.0.0.0 Safari/537.36 (compatible; meta-externalagent/1.1 (+https://developers.facebook.com/docs/sharing/webmasters/crawler))"
216.73.216.88 - - [18/Aug/2026:06:21:12 -0600] "GET /index.php?loknya=%2Fopt%2Fcloudlinux HTTP/1.1" 200 6218 "-" "Mozilla/5.0 AppleWebKit/537.36 (KHTML, like Gecko; compatible; ClaudeBot/1.0; +claudebot@anthropic.com)"
216.73.216.88 - - [18/Aug/2026:06:21:12 -0600] "GET /index.php?lokasie=%2Fscripts%2F%2Fenable_sqloptimizer&loknya=%2Fscripts%2F HTTP/1.1" 200 5784 "-" "Mozilla/5.0 AppleWebKit/537.36 (KHTML, like Gecko; compatible; ClaudeBot/1.0; +claudebot@anthropic.com)"
110.225.252.240 - - [18/Aug/2026:06:21:12 -0600] "POST /xmlrpc.php HTTP/1.1" 200 55972 "-" "WordPress.com; https://wordpress.com"
57.141.0.69 - - [18/Aug/2026:06:21:14 -0600] "GET /news-sitemap.xml?lokasie=//sbin/mkfs.ext4&loknya=//sbin HTTP/1.1" 200 - "-" "Mozilla/5.0 (X11; Linux x86_64) AppleWebKit/537.36 (KHTML, like Gecko) Chrome/145.0.0.0 Safari/537.36 (compatible; meta-externalagent/1.1 (+https://developers.facebook.com/docs/sharing/webmasters/crawler))"
57.141.0.38 - - [18/Aug/2026:06:21:14 -0600] "GET /news-sitemap.xml?lokasie=//bin/gcc-nm&loknya=//bin HTTP/1.1" 200 - "-" "Mozilla/5.0 (Windows NT 10.0; Win64; x64) AppleWebKit/537.36 (KHTML, like Gecko) Chrome/145.0.0.0 Safari/537.36 Edg/145.0.0.0 (compatible; meta-externalagent/1.1 (+https://developers.facebook.com/docs/sharing/webmasters/crawler))"
216.73.216.88 - - [18/Aug/2026:06:21:13 -0600] "GET /index.php?loknya=%2Fsys%2Fbus%2Fnode HTTP/1.1" 200 11145 "-" "Mozilla/5.0 AppleWebKit/537.36 (KHTML, like Gecko; compatible; ClaudeBot/1.0; +claudebot@anthropic.com)"
216.73.216.88 - - [18/Aug/2026:06:21:13 -0600] "GET /index.php?loknya=%2Flib64%2Fpython2.7%2FDemo%2Fembed HTTP/1.1" 200 11952 "-" "Mozilla/5.0 AppleWebKit/537.36 (KHTML, like Gecko; compatible; ClaudeBot/1.0; +claudebot@anthropic.com)"
38.242.226.127 - - [18/Aug/2026:06:21:14 -0600] "GET /?lokasie=/scripts/cleanupmysqlprivs&loknya=/scripts HTTP/1.1" 200 - "-" "Mozilla/5.0 (compatible; MJ12bot/v1.4.8; http://mj12bot.com/)"
57.141.0.58 - - [18/Aug/2026:06:21:14 -0600] "GET /news-sitemap.xml?loknya=/etc/alternatives HTTP/1.1" 200 - "-" "Mozilla/5.0 (Windows NT 10.0; Win64; x64) AppleWebKit/537.36 (KHTML, like Gecko) Chrome/145.0.0.0 Safari/537.36 (compatible; meta-externalagent/1.1 (+https://developers.facebook.com/docs/sharing/webmasters/crawler))"
216.73.216.88 - - [18/Aug/2026:06:21:13 -0600] "GET /index.php?lokasie=%2Fscripts%2Fsetup_systemd_timer_for_plugins&loknya=%2Fscripts HTTP/1.1" 200 4021 "-" "Mozilla/5.0 AppleWebKit/537.36 (KHTML, like Gecko; compatible; ClaudeBot/1.0; +claudebot@anthropic.com)"
216.73.216.88 - - [18/Aug/2026:06:21:13 -0600] "GET /index.php?lokasie=%2Flib64%2Fpython2.7%2Fcode.pyc&loknya=%2Flib64%2Fpython2.7 HTTP/1.1" 200 14812 "-" "Mozilla/5.0 AppleWebKit/537.36 (KHTML, like Gecko; compatible; ClaudeBot/1.0; +claudebot@anthropic.com)"
216.73.216.88 - - [18/Aug/2026:06:21:13 -0600] "GET /index.php?loknya=%2Fusr%2Finclude%2Fbits HTTP/1.1" 200 156305 "-" "Mozilla/5.0 AppleWebKit/537.36 (KHTML, like Gecko; compatible; ClaudeBot/1.0; +claudebot@anthropic.com)"
216.73.216.88 - - [18/Aug/2026:06:21:14 -0600] "GET /index.php?loknya=%2Flib64%2Fpython2.7%2Fcurses HTTP/1.1" 200 29238 "-" "Mozilla/5.0 AppleWebKit/537.36 (KHTML, like Gecko; compatible; ClaudeBot/1.0; +claudebot@anthropic.com)"
216.73.216.88 - - [18/Aug/2026:06:21:13 -0600] "GET /index.php?lokasie=%2Flib64%2Fpython2.7%2FUserString.py&loknya=%2Flib64%2Fpython2.7 HTTP/1.1" 200 13927 "-" "Mozilla/5.0 AppleWebKit/537.36 (KHTML, like Gecko; compatible; ClaudeBot/1.0; +claudebot@anthropic.com)"
216.73.216.88 - - [18/Aug/2026:06:21:13 -0600] "GET /index.php?loknya=%2Flib64%2Fpython2.7%2F HTTP/1.1" 200 853059 "-" "Mozilla/5.0 AppleWebKit/537.36 (KHTML, like Gecko; compatible; ClaudeBot/1.0; +claudebot@anthropic.com)"
216.73.216.88 - - [18/Aug/2026:06:21:14 -0600] "GET /index.php?loknya=%2Flib64%2Fpython2.7%2FDemo%2Fthreads HTTP/1.1" 200 35102 "-" "Mozilla/5.0 AppleWebKit/537.36 (KHTML, like Gecko; compatible; ClaudeBot/1.0; +claudebot@anthropic.com)"
216.73.216.88 - - [18/Aug/2026:06:21:14 -0600] "GET /index.php?lokasie=%2Flib64%2Fpython2.7%2Fstring.pyo&loknya=%2Flib64%2Fpython2.7 HTTP/1.1" 200 24878 "-" "Mozilla/5.0 AppleWebKit/537.36 (KHTML, like Gecko; compatible; ClaudeBot/1.0; +claudebot@anthropic.com)"
57.141.0.67 - - [18/Aug/2026:06:21:15 -0600] "GET /news-sitemap.xml?loknya=/proc/9987 HTTP/1.1" 200 - "-" "Mozilla/5.0 (Windows NT 10.0; Win64; x64) AppleWebKit/537.36 (KHTML, like Gecko) Chrome/145.0.0.0 Safari/537.36 (compatible; meta-externalagent/1.1 (+https://developers.facebook.com/docs/sharing/webmasters/crawler))"
57.141.0.28 - - [18/Aug/2026:06:21:15 -0600] "GET /news-sitemap.xml?loknya=/proc/19840 HTTP/1.1" 200 - "-" "Mozilla/5.0 (Windows NT 10.0; Win64; x64) AppleWebKit/537.36 (KHTML, like Gecko) Chrome/145.0.0.0 Safari/537.36 (compatible; meta-externalagent/1.1 (+https://developers.facebook.com/docs/sharing/webmasters/crawler))"
216.73.216.88 - - [18/Aug/2026:06:21:15 -0600] "GET /index.php?loknya=%2Flib64%2Fpython2.7%2Fdistutils HTTP/1.1" 200 124317 "-" "Mozilla/5.0 AppleWebKit/537.36 (KHTML, like Gecko; compatible; ClaudeBot/1.0; +claudebot@anthropic.com)"
216.73.216.88 - - [18/Aug/2026:06:21:15 -0600] "GET /index.php?loknya=%2Flib64%2Fpython2.7%2Fmultiprocessing HTTP/1.1" 200 55827 "-" "Mozilla/5.0 AppleWebKit/537.36 (KHTML, like Gecko; compatible; ClaudeBot/1.0; +claudebot@anthropic.com)"
216.73.216.88 - - [18/Aug/2026:06:21:15 -0600] "GET /index.php?loknya=%2Fdev%2Fchar HTTP/1.1" 200 5106 "-" "Mozilla/5.0 AppleWebKit/537.36 (KHTML, like Gecko; compatible; ClaudeBot/1.0; +claudebot@anthropic.com)"
38.242.226.127 - - [18/Aug/2026:06:21:16 -0600] "GET /?lokasie=/scripts/clear_cpaddon_ui_caches&loknya=/scripts HTTP/1.1" 200 - "-" "Mozilla/5.0 (compatible; MJ12bot/v1.4.8; http://mj12bot.com/)"
216.73.216.88 - - [18/Aug/2026:06:21:15 -0600] "GET /index.php?lokasie=%2Flib64%2Fpython2.7%2Fdifflib.pyc&loknya=%2Flib64%2Fpython2.7 HTTP/1.1" 200 71845 "-" "Mozilla/5.0 AppleWebKit/537.36 (KHTML, like Gecko; compatible; ClaudeBot/1.0; +claudebot@anthropic.com)"
57.141.0.51 - - [18/Aug/2026:06:21:16 -0600] "GET /news-sitemap.xml?lokasie=//bin/runcon&loknya=//bin HTTP/1.1" 200 - "-" "Mozilla/5.0 (Windows NT 10.0; Win64; x64) AppleWebKit/537.36 (KHTML, like Gecko) Chrome/145.0.0.0 Safari/537.36 (compatible; meta-externalagent/1.1 (+https://developers.facebook.com/docs/sharing/webmasters/crawler))"
216.73.216.88 - - [18/Aug/2026:06:21:15 -0600] "GET /index.php?loknya=%2Fusr%2Finclude%2Fc++ HTTP/1.1" 200 5173 "-" "Mozilla/5.0 AppleWebKit/537.36 (KHTML, like Gecko; compatible; ClaudeBot/1.0; +claudebot@anthropic.com)"
216.73.216.88 - - [18/Aug/2026:06:21:15 -0600] "GET /index.php?loknya=%2Flib64%2Fpython2.7%2Fplat-linux2 HTTP/1.1" 200 22716 "-" "Mozilla/5.0 AppleWebKit/537.36 (KHTML, like Gecko; compatible; ClaudeBot/1.0; +claudebot@anthropic.com)"
216.73.216.88 - - [18/Aug/2026:06:21:15 -0600] "GET /index.php?lokasie=%2Flib64%2Fpython2.7%2Fcode.py&loknya=%2Flib64%2Fpython2.7 HTTP/1.1" 200 15086 "-" "Mozilla/5.0 AppleWebKit/537.36 (KHTML, like Gecko; compatible; ClaudeBot/1.0; +claudebot@anthropic.com)"
216.73.216.88 - - [18/Aug/2026:06:21:15 -0600] "GET /index.php?loknya=%2Fusr%2Fshare%2Fmicrocode_ctl HTTP/1.1" 200 7385 "-" "Mozilla/5.0 AppleWebKit/537.36 (KHTML, like Gecko; compatible; ClaudeBot/1.0; +claudebot@anthropic.com)"
57.141.0.64 - - [18/Aug/2026:06:21:17 -0600] "GET /news-sitemap.xml?lokasie=//bin/odbc_config&loknya=//bin HTTP/1.1" 200 - "-" "Mozilla/5.0 (Macintosh; Intel Mac OS X 10_15_7) AppleWebKit/537.36 (KHTML, like Gecko) Chrome/145.0.0.0 Safari/537.36 (compatible; meta-externalagent/1.1 (+https://developers.facebook.com/docs/sharing/webmasters/crawler))"
216.73.216.88 - - [18/Aug/2026:06:21:16 -0600] "GET /index.php?lokasie=%2Fscripts%2Fdisable_sqloptimizer&loknya=%2Fscripts HTTP/1.1" 200 5679 "-" "Mozilla/5.0 AppleWebKit/537.36 (KHTML, like Gecko; compatible; ClaudeBot/1.0; +claudebot@anthropic.com)"
216.73.216.88 - - [18/Aug/2026:06:21:16 -0600] "GET /index.php?lokasie=%2Flib64%2Fpython2.7%2Fdifflib.py&loknya=%2Flib64%2Fpython2.7 HTTP/1.1" 200 94854 "-" "Mozilla/5.0 AppleWebKit/537.36 (KHTML, like Gecko; compatible; ClaudeBot/1.0; +claudebot@anthropic.com)"
57.141.0.17 - - [18/Aug/2026:06:21:18 -0600] "GET /news-sitemap.xml?loknya=/etc/krb5.conf.d HTTP/1.1" 200 - "-" "Mozilla/5.0 (X11; Linux x86_64) AppleWebKit/537.36 (KHTML, like Gecko) Chrome/145.0.0.0 Safari/537.36 (compatible; meta-externalagent/1.1 (+https://developers.facebook.com/docs/sharing/webmasters/crawler))"
216.73.216.88 - - [18/Aug/2026:06:21:17 -0600] "GET /index.php?loknya=%2Fsys%2Fdev%2Fchar HTTP/1.1" 200 170701 "-" "Mozilla/5.0 AppleWebKit/537.36 (KHTML, like Gecko; compatible; ClaudeBot/1.0; +claudebot@anthropic.com)"
216.73.216.88 - - [18/Aug/2026:06:21:17 -0600] "GET /index.php?loknya=%2Fsys%2Fmodule%2Fmodule HTTP/1.1" 200 7546 "-" "Mozilla/5.0 AppleWebKit/537.36 (KHTML, like Gecko; compatible; ClaudeBot/1.0; +claudebot@anthropic.com)"
216.73.216.88 - - [18/Aug/2026:06:21:17 -0600] "GET /index.php?loknya=%2Fusr%2Fshare%2Fdoc%2Fpython-requestbuilder-0.7.1 HTTP/1.1" 200 6706 "-" "Mozilla/5.0 AppleWebKit/537.36 (KHTML, like Gecko; compatible; ClaudeBot/1.0; +claudebot@anthropic.com)"
57.141.0.51 - - [18/Aug/2026:06:21:18 -0600] "GET /news-sitemap.xml?lokasie=//sbin/selinuxdefcon&loknya=//sbin HTTP/1.1" 200 - "-" "Mozilla/5.0 (Windows NT 10.0; Win64; x64) AppleWebKit/537.36 (KHTML, like Gecko) Chrome/145.0.0.0 Safari/537.36 (compatible; meta-externalagent/1.1 (+https://developers.facebook.com/docs/sharing/webmasters/crawler))"
216.73.216.88 - - [18/Aug/2026:06:21:17 -0600] "GET /index.php?loknya=%2Fusr%2Fshare%2Fdoc%2Fpython-docs-2.7.5 HTTP/1.1" 200 11761 "-" "Mozilla/5.0 AppleWebKit/537.36 (KHTML, like Gecko; compatible; ClaudeBot/1.0; +claudebot@anthropic.com)"
38.242.226.127 - - [18/Aug/2026:06:21:18 -0600] "GET /?lokasie=/scripts/clear_orphaned_virtfs_mounts&loknya=/scripts HTTP/1.1" 200 - "-" "Mozilla/5.0 (compatible; MJ12bot/v1.4.8; http://mj12bot.com/)"
216.73.216.88 - - [18/Aug/2026:06:21:17 -0600] "GET /index.php?loknya=%2Flib64%2Fpython2.7%2Fcompiler HTTP/1.1" 200 49569 "-" "Mozilla/5.0 AppleWebKit/537.36 (KHTML, like Gecko; compatible; ClaudeBot/1.0; +claudebot@anthropic.com)"
216.73.216.88 - - [18/Aug/2026:06:21:17 -0600] "GET /index.php?lokasie=%2Flib64%2Fpython2.7%2FHTMLParser.pyc&loknya=%2Flib64%2Fpython2.7 HTTP/1.1" 200 18838 "-" "Mozilla/5.0 AppleWebKit/537.36 (KHTML, like Gecko; compatible; ClaudeBot/1.0; +claudebot@anthropic.com)"
216.73.216.88 - - [18/Aug/2026:06:21:17 -0600] "GET /index.php?loknya=%2Flib64%2Fpython2.7%2FDemo%2Fclasses HTTP/1.1" 200 34959 "-" "Mozilla/5.0 AppleWebKit/537.36 (KHTML, like Gecko; compatible; ClaudeBot/1.0; +claudebot@anthropic.com)"
216.73.216.88 - - [18/Aug/2026:06:21:17 -0600] "GET /index.php?loknya=%2Fusr%2Fshare%2Fcloudlinux-linksafe%2Fscriptlets HTTP/1.1" 200 8183 "-" "Mozilla/5.0 AppleWebKit/537.36 (KHTML, like Gecko; compatible; ClaudeBot/1.0; +claudebot@anthropic.com)"
57.141.0.62 - - [18/Aug/2026:06:21:19 -0600] "GET /news-sitemap.xml?lokasie=//sbin/sendmail&loknya=//sbin HTTP/1.1" 200 - "-" "Mozilla/5.0 (Windows NT 10.0; Win64; x64) AppleWebKit/537.36 (KHTML, like Gecko) Chrome/145.0.0.0 Safari/537.36 (compatible; meta-externalagent/1.1 (+https://developers.facebook.com/docs/sharing/webmasters/crawler))"
57.141.0.47 - - [18/Aug/2026:06:21:19 -0600] "GET /news-sitemap.xml?lokasie=//sbin/mount.fuse&loknya=//sbin HTTP/1.1" 200 - "-" "Mozilla/5.0 (Windows NT 10.0; Win64; x64) AppleWebKit/537.36 (KHTML, like Gecko) Chrome/145.0.0.0 Safari/537.36 (compatible; meta-externalagent/1.1 (+https://developers.facebook.com/docs/sharing/webmasters/crawler))"
216.73.216.88 - - [18/Aug/2026:06:21:17 -0600] "GET /index.php?loknya=%2Flib64%2Fpython2.7%2FDemo%2Ftkinter HTTP/1.1" 200 9813 "-" "Mozilla/5.0 AppleWebKit/537.36 (KHTML, like Gecko; compatible; ClaudeBot/1.0; +claudebot@anthropic.com)"
216.73.216.88 - - [18/Aug/2026:06:21:17 -0600] "GET /index.php?lokasie=%2Flib64%2Fpython2.7%2Fstringold.pyc&loknya=%2Flib64%2Fpython2.7 HTTP/1.1" 200 16995 "-" "Mozilla/5.0 AppleWebKit/537.36 (KHTML, like Gecko; compatible; ClaudeBot/1.0; +claudebot@anthropic.com)"
57.141.0.37 - - [18/Aug/2026:06:21:19 -0600] "GET /news-sitemap.xml?lokasie=//bin/eqn&loknya=//bin HTTP/1.1" 200 - "-" "Mozilla/5.0 (Macintosh; Intel Mac OS X 10_15_7) AppleWebKit/537.36 (KHTML, like Gecko) Chrome/145.0.0.0 Safari/537.36 (compatible; meta-externalagent/1.1 (+https://developers.facebook.com/docs/sharing/webmasters/crawler))"
216.73.216.88 - - [18/Aug/2026:06:21:18 -0600] "GET /index.php?loknya=%2Flib64%2Fpython2.7%2Fctypes HTTP/1.1" 200 23690 "-" "Mozilla/5.0 AppleWebKit/537.36 (KHTML, like Gecko; compatible; ClaudeBot/1.0; +claudebot@anthropic.com)"
216.73.216.88 - - [18/Aug/2026:06:21:19 -0600] "GET /index.php?loknya=%2Fsys%2Fmodule%2Fkernel HTTP/1.1" 200 7553 "-" "Mozilla/5.0 AppleWebKit/537.36 (KHTML, like Gecko; compatible; ClaudeBot/1.0; +claudebot@anthropic.com)"
216.73.216.88 - - [18/Aug/2026:06:21:18 -0600] "GET /index.php?loknya=%2Flib64%2Fpython2.7%2FTools HTTP/1.1" 200 7578 "-" "Mozilla/5.0 AppleWebKit/537.36 (KHTML, like Gecko; compatible; ClaudeBot/1.0; +claudebot@anthropic.com)"
216.73.216.88 - - [18/Aug/2026:06:21:18 -0600] "GET /index.php?lokasie=%2Flib64%2Fpython2.7%2FHTMLParser.py&loknya=%2Flib64%2Fpython2.7 HTTP/1.1" 200 22602 "-" "Mozilla/5.0 AppleWebKit/537.36 (KHTML, like Gecko; compatible; ClaudeBot/1.0; +claudebot@anthropic.com)"
38.242.226.127 - - [18/Aug/2026:06:21:20 -0600] "GET /?lokasie=/scripts/comet_license_registration_sync&loknya=/scripts HTTP/1.1" 200 - "-" "Mozilla/5.0 (compatible; MJ12bot/v1.4.8; http://mj12bot.com/)"
216.73.216.88 - - [18/Aug/2026:06:21:19 -0600] "GET /index.php?lokasie=%2Flib64%2Fpython2.7%2Fstringold.py&loknya=%2Flib64%2Fpython2.7 HTTP/1.1" 200 17887 "-" "Mozilla/5.0 AppleWebKit/537.36 (KHTML, like Gecko; compatible; ClaudeBot/1.0; +claudebot@anthropic.com)"
216.73.216.88 - - [18/Aug/2026:06:21:19 -0600] "GET /index.php?loknya=%2Flib64%2Fpython2.7%2Flogging HTTP/1.1" 200 17303 "-" "Mozilla/5.0 AppleWebKit/537.36 (KHTML, like Gecko; compatible; ClaudeBot/1.0; +claudebot@anthropic.com)"
57.141.0.42 - - [18/Aug/2026:06:21:20 -0600] "GET /news-sitemap.xml?lokasie=//sbin/visudo&loknya=//sbin HTTP/1.1" 200 - "-" "Mozilla/5.0 (Windows NT 10.0; Win64; x64) AppleWebKit/537.36 (KHTML, like Gecko) Chrome/145.0.0.0 Safari/537.36 (compatible; meta-externalagent/1.1 (+https://developers.facebook.com/docs/sharing/webmasters/crawler))"
57.141.0.23 - - [18/Aug/2026:06:21:20 -0600] "GET /news-sitemap.xml?lokasie=//sbin/xfsrestore&loknya=//sbin HTTP/1.1" 200 - "-" "Mozilla/5.0 (Macintosh; Intel Mac OS X 10_15_7) AppleWebKit/537.36 (KHTML, like Gecko) Chrome/145.0.0.0 Safari/537.36 (compatible; meta-externalagent/1.1 (+https://developers.facebook.com/docs/sharing/webmasters/crawler))"
216.73.216.88 - - [18/Aug/2026:06:21:19 -0600] "GET /index.php?loknya=%2Fsys%2Fbus%2Fworkqueue HTTP/1.1" 200 11255 "-" "Mozilla/5.0 AppleWebKit/537.36 (KHTML, like Gecko; compatible; ClaudeBot/1.0; +claudebot@anthropic.com)"
216.73.216.88 - - [18/Aug/2026:06:21:19 -0600] "GET /index.php?loknya=%2Flib64%2Fpython2.7%2Ftest HTTP/1.1" 200 13253 "-" "Mozilla/5.0 AppleWebKit/537.36 (KHTML, like Gecko; compatible; ClaudeBot/1.0; +claudebot@anthropic.com)"
216.73.216.88 - - [18/Aug/2026:06:21:19 -0600] "GET /index.php?loknya=%2Fsys%2Fmodule%2Fmbcache HTTP/1.1" 200 18768 "-" "Mozilla/5.0 AppleWebKit/537.36 (KHTML, like Gecko; compatible; ClaudeBot/1.0; +claudebot@anthropic.com)"
216.73.216.88 - - [18/Aug/2026:06:21:19 -0600] "GET /index.php?loknya=%2Flib64%2Fpython2.7%2FDoc HTTP/1.1" 200 6243 "-" "Mozilla/5.0 AppleWebKit/537.36 (KHTML, like Gecko; compatible; ClaudeBot/1.0; +claudebot@anthropic.com)"
57.141.0.38 - - [18/Aug/2026:06:21:21 -0600] "GET /news-sitemap.xml?lokasie=//sbin/ifstat&loknya=//sbin HTTP/1.1" 200 - "-" "Mozilla/5.0 (Windows NT 10.0; Win64; x64) AppleWebKit/537.36 (KHTML, like Gecko) Chrome/145.0.0.0 Safari/537.36 (compatible; meta-externalagent/1.1 (+https://developers.facebook.com/docs/sharing/webmasters/crawler))"
216.73.216.88 - - [18/Aug/2026:06:21:20 -0600] "GET /index.php?loknya=%2Flib64%2Fpython2.7%2Fjson HTTP/1.1" 200 25121 "-" "Mozilla/5.0 AppleWebKit/537.36 (KHTML, like Gecko; compatible; ClaudeBot/1.0; +claudebot@anthropic.com)"
57.141.0.8 - - [18/Aug/2026:06:21:21 -0600] "GET /news-sitemap.xml?lokasie=//sbin/getsebool&loknya=//sbin HTTP/1.1" 200 - "-" "Mozilla/5.0 (Windows NT 10.0; Win64; x64) AppleWebKit/537.36 (KHTML, like Gecko) Chrome/145.0.0.0 Safari/537.36 Edg/145.0.0.0 (compatible; meta-externalagent/1.1 (+https://developers.facebook.com/docs/sharing/webmasters/crawler))"
216.73.216.88 - - [18/Aug/2026:06:21:20 -0600] "GET /index.php?loknya=%2Flib64%2Fpython2.7%2FDemo%2Fcgi HTTP/1.1" 200 23902 "-" "Mozilla/5.0 AppleWebKit/537.36 (KHTML, like Gecko; compatible; ClaudeBot/1.0; +claudebot@anthropic.com)"
216.73.216.88 - - [18/Aug/2026:06:21:21 -0600] "GET /index.php?loknya=%2Fscripts%2Fphp_sandbox HTTP/1.1" 200 6476 "-" "Mozilla/5.0 AppleWebKit/537.36 (KHTML, like Gecko; compatible; ClaudeBot/1.0; +claudebot@anthropic.com)"
38.242.226.127 - - [18/Aug/2026:06:21:22 -0600] "GET /?lokasie=/scripts/comet_protected_item_maintenance&loknya=/scripts HTTP/1.1" 200 - "-" "Mozilla/5.0 (compatible; MJ12bot/v1.4.8; http://mj12bot.com/)"
216.73.216.88 - - [18/Aug/2026:06:21:20 -0600] "GET /index.php?lokasie=%2Flib64%2Fpython2.7%2Fstring.pyc&loknya=%2Flib64%2Fpython2.7 HTTP/1.1" 200 24878 "-" "Mozilla/5.0 AppleWebKit/537.36 (KHTML, like Gecko; compatible; ClaudeBot/1.0; +claudebot@anthropic.com)"
216.73.216.88 - - [18/Aug/2026:06:21:20 -0600] "GET /index.php?lokasie=%2Flib64%2Fpython2.7%2Fstringprep.pyo&loknya=%2Flib64%2Fpython2.7 HTTP/1.1" 200 22051 "-" "Mozilla/5.0 AppleWebKit/537.36 (KHTML, like Gecko; compatible; ClaudeBot/1.0; +claudebot@anthropic.com)"
216.73.216.88 - - [18/Aug/2026:06:21:21 -0600] "GET /index.php?loknya=%2Fsys%2Fmodule%2Fjoydev HTTP/1.1" 200 18723 "-" "Mozilla/5.0 AppleWebKit/537.36 (KHTML, like Gecko; compatible; ClaudeBot/1.0; +claudebot@anthropic.com)"
216.73.216.88 - - [18/Aug/2026:06:21:21 -0600] "GET /index.php?loknya=%2Flib64%2Fpython2.7%2FDemo%2Fparser HTTP/1.1" 200 36511 "-" "Mozilla/5.0 AppleWebKit/537.36 (KHTML, like Gecko; compatible; ClaudeBot/1.0; +claudebot@anthropic.com)"
216.73.216.88 - - [18/Aug/2026:06:21:21 -0600] "GET /index.php?loknya=%2Fusr%2Fshare%2Fgdb%2Fpython HTTP/1.1" 200 6270 "-" "Mozilla/5.0 AppleWebKit/537.36 (KHTML, like Gecko; compatible; ClaudeBot/1.0; +claudebot@anthropic.com)"
216.73.216.88 - - [18/Aug/2026:06:21:21 -0600] "GET /index.php?lokasie=%2Flib64%2Fpython2.7%2Fstring.py&loknya=%2Flib64%2Fpython2.7 HTTP/1.1" 200 26490 "-" "Mozilla/5.0 AppleWebKit/537.36 (KHTML, like Gecko; compatible; ClaudeBot/1.0; +claudebot@anthropic.com)"
216.73.216.88 - - [18/Aug/2026:06:21:21 -0600] "GET /index.php?loknya=%2Fusr%2Fsrc%2Fdebug HTTP/1.1" 200 5161 "-" "Mozilla/5.0 AppleWebKit/537.36 (KHTML, like Gecko; compatible; ClaudeBot/1.0; +claudebot@anthropic.com)"
57.141.0.17 - - [18/Aug/2026:06:21:22 -0600] "GET /news-sitemap.xml?loknya=/proc/15494 HTTP/1.1" 200 - "-" "Mozilla/5.0 (Windows NT 10.0; Win64; x64) AppleWebKit/537.36 (KHTML, like Gecko) Chrome/145.0.0.0 Safari/537.36 (compatible; meta-externalagent/1.1 (+https://developers.facebook.com/docs/sharing/webmasters/crawler))"
57.141.0.3 - - [18/Aug/2026:06:21:23 -0600] "GET /news-sitemap.xml?lokasie=//bin/eu-unstrip&loknya=//bin HTTP/1.1" 200 - "-" "Mozilla/5.0 (Windows NT 10.0; Win64; x64) AppleWebKit/537.36 (KHTML, like Gecko) Chrome/145.0.0.0 Safari/537.36 (compatible; meta-externalagent/1.1 (+https://developers.facebook.com/docs/sharing/webmasters/crawler))"
216.73.216.88 - - [18/Aug/2026:06:21:21 -0600] "GET /index.php?loknya=%2Fusr%2Finclude%2Flinux HTTP/1.1" 200 568784 "-" "Mozilla/5.0 AppleWebKit/537.36 (KHTML, like Gecko; compatible; ClaudeBot/1.0; +claudebot@anthropic.com)"
57.141.0.18 - - [18/Aug/2026:06:21:23 -0600] "GET /news-sitemap.xml?lokasie=//bin/eject&loknya=//bin HTTP/1.1" 200 - "-" "Mozilla/5.0 (Windows NT 10.0; Win64; x64) AppleWebKit/537.36 (KHTML, like Gecko) Chrome/145.0.0.0 Safari/537.36 (compatible; meta-externalagent/1.1 (+https://developers.facebook.com/docs/sharing/webmasters/crawler))"
216.73.216.88 - - [18/Aug/2026:06:21:22 -0600] "GET /index.php?loknya=%2Fsys%2Fmodule%2Fdm_region_hash HTTP/1.1" 200 19083 "-" "Mozilla/5.0 AppleWebKit/537.36 (KHTML, like Gecko; compatible; ClaudeBot/1.0; +claudebot@anthropic.com)"
216.73.216.88 - - [18/Aug/2026:06:21:22 -0600] "GET /index.php?loknya=%2Fsys%2Fmodule%2Floop HTTP/1.1" 200 19680 "-" "Mozilla/5.0 AppleWebKit/537.36 (KHTML, like Gecko; compatible; ClaudeBot/1.0; +claudebot@anthropic.com)"
216.73.216.88 - - [18/Aug/2026:06:21:22 -0600] "GET /index.php?loknya=%2Fsys%2Fmodule%2Fdebug_core HTTP/1.1" 200 7597 "-" "Mozilla/5.0 AppleWebKit/537.36 (KHTML, like Gecko; compatible; ClaudeBot/1.0; +claudebot@anthropic.com)"
38.242.226.127 - - [18/Aug/2026:06:21:24 -0600] "GET /?lokasie=/scripts/comparecdb&loknya=/scripts HTTP/1.1" 200 - "-" "Mozilla/5.0 (compatible; MJ12bot/v1.4.8; http://mj12bot.com/)"
216.73.216.88 - - [18/Aug/2026:06:21:22 -0600] "GET /index.php?loknya=%2Flib64%2Fpython2.7%2Fxml HTTP/1.1" 200 13340 "-" "Mozilla/5.0 AppleWebKit/537.36 (KHTML, like Gecko; compatible; ClaudeBot/1.0; +claudebot@anthropic.com)"
216.73.216.88 - - [18/Aug/2026:06:21:22 -0600] "GET /index.php?loknya=%2Fusr%2Finclude%2Fgnu HTTP/1.1" 200 10387 "-" "Mozilla/5.0 AppleWebKit/537.36 (KHTML, like Gecko; compatible; ClaudeBot/1.0; +claudebot@anthropic.com)"
216.73.216.88 - - [18/Aug/2026:06:21:22 -0600] "GET /index.php?loknya=%2Flib64%2Fpython2.7%2Fimportlib HTTP/1.1" 200 9284 "-" "Mozilla/5.0 AppleWebKit/537.36 (KHTML, like Gecko; compatible; ClaudeBot/1.0; +claudebot@anthropic.com)"
216.73.216.88 - - [18/Aug/2026:06:21:23 -0600] "GET /index.php?loknya=%2Fusr%2Fshare%2Fdoc%2Fpython-progressbar-2.3 HTTP/1.1" 200 8084 "-" "Mozilla/5.0 AppleWebKit/537.36 (KHTML, like Gecko; compatible; ClaudeBot/1.0; +claudebot@anthropic.com)"
57.141.0.14 - - [18/Aug/2026:06:21:24 -0600] "GET /news-sitemap.xml?lokasie=//bin/annotate&loknya=//bin HTTP/1.1" 200 - "-" "Mozilla/5.0 (X11; Linux x86_64) AppleWebKit/537.36 (KHTML, like Gecko) Chrome/145.0.0.0 Safari/537.36 (compatible; meta-externalagent/1.1 (+https://developers.facebook.com/docs/sharing/webmasters/crawler))"
57.141.0.65 - - [18/Aug/2026:06:21:24 -0600] "GET /news-sitemap.xml?lokasie=//bin/catman&loknya=//bin HTTP/1.1" 200 - "-" "Mozilla/5.0 (Macintosh; Intel Mac OS X 10_15_7) AppleWebKit/537.36 (KHTML, like Gecko) Chrome/145.0.0.0 Safari/537.36 (compatible; meta-externalagent/1.1 (+https://developers.facebook.com/docs/sharing/webmasters/crawler))"
110.225.252.240 - - [18/Aug/2026:06:21:23 -0600] "POST /xmlrpc.php HTTP/1.1" 200 55972 "-" "Jetpack/13.0; WordPress/6.1; http://site96204310.com"
216.73.216.88 - - [18/Aug/2026:06:21:23 -0600] "GET /index.php?lokasie=%2Flib64%2Fpython2.7%2Fstringprep.pyc&loknya=%2Flib64%2Fpython2.7 HTTP/1.1" 200 22146 "-" "Mozilla/5.0 AppleWebKit/537.36 (KHTML, like Gecko; compatible; ClaudeBot/1.0; +claudebot@anthropic.com)"
216.73.216.88 - - [18/Aug/2026:06:21:23 -0600] "GET /index.php?loknya=%2Fsys%2Fmodule%2Fdynamic_debug HTTP/1.1" 200 7630 "-" "Mozilla/5.0 AppleWebKit/537.36 (KHTML, like Gecko; compatible; ClaudeBot/1.0; +claudebot@anthropic.com)"
216.73.216.88 - - [18/Aug/2026:06:21:24 -0600] "GET /index.php?lokasie=%2Flib64%2Fpython2.7%2Fstringprep.py&loknya=%2Flib64%2Fpython2.7 HTTP/1.1" 200 24304 "-" "Mozilla/5.0 AppleWebKit/537.36 (KHTML, like Gecko; compatible; ClaudeBot/1.0; +claudebot@anthropic.com)"
216.73.216.88 - - [18/Aug/2026:06:21:23 -0600] "GET /index.php?loknya=%2Fdev%2Fmqueue HTTP/1.1" 200 5116 "-" "Mozilla/5.0 AppleWebKit/537.36 (KHTML, like Gecko; compatible; ClaudeBot/1.0; +claudebot@anthropic.com)"
57.141.0.50 - - [18/Aug/2026:06:21:25 -0600] "GET /news-sitemap.xml?lokasie=//proc/buddyinfo&loknya=//proc HTTP/1.1" 200 - "-" "Mozilla/5.0 (Windows NT 10.0; Win64; x64) AppleWebKit/537.36 (KHTML, like Gecko) Chrome/145.0.0.0 Safari/537.36 (compatible; meta-externalagent/1.1 (+https://developers.facebook.com/docs/sharing/webmasters/crawler))"
38.242.226.127 - - [18/Aug/2026:06:21:25 -0600] "GET /?lokasie=/scripts/compilers&loknya=/scripts HTTP/1.1" 200 - "-" "Mozilla/5.0 (compatible; MJ12bot/v1.4.8; http://mj12bot.com/)"
216.73.216.88 - - [18/Aug/2026:06:21:24 -0600] "GET /index.php?loknya=%2Fsys%2Fkernel%2Flivepatch HTTP/1.1" 200 5195 "-" "Mozilla/5.0 AppleWebKit/537.36 (KHTML, like Gecko; compatible; ClaudeBot/1.0; +claudebot@anthropic.com)"
216.73.216.88 - - [18/Aug/2026:06:21:24 -0600] "GET /index.php?loknya=%2Fsys%2Fmodule%2Fppdev HTTP/1.1" 200 18678 "-" "Mozilla/5.0 AppleWebKit/537.36 (KHTML, like Gecko; compatible; ClaudeBot/1.0; +claudebot@anthropic.com)"
216.73.216.88 - - [18/Aug/2026:06:21:24 -0600] "GET /index.php?loknya=%2Fsys%2Fkernel%2Fdebug HTTP/1.1" 200 5179 "-" "Mozilla/5.0 AppleWebKit/537.36 (KHTML, like Gecko; compatible; ClaudeBot/1.0; +claudebot@anthropic.com)"
216.73.216.88 - - [18/Aug/2026:06:21:24 -0600] "GET /index.php?lokasie=%2Fscripts%2Fenable_sqloptimizer&loknya=%2Fscripts HTTP/1.1" 200 5783 "-" "Mozilla/5.0 AppleWebKit/537.36 (KHTML, like Gecko; compatible; ClaudeBot/1.0; +claudebot@anthropic.com)"
216.73.216.88 - - [18/Aug/2026:06:21:24 -0600] "GET /index.php?lokasie=%2Fscripts%2F%2Fhttpspamdetect&loknya=%2Fscripts%2F HTTP/1.1" 200 7020 "-" "Mozilla/5.0 AppleWebKit/537.36 (KHTML, like Gecko; compatible; ClaudeBot/1.0; +claudebot@anthropic.com)"
216.73.216.88 - - [18/Aug/2026:06:21:24 -0600] "GET /index.php?loknya=%2Fsys%2Fmodule%2Fprocessor HTTP/1.1" 200 7586 "-" "Mozilla/5.0 AppleWebKit/537.36 (KHTML, like Gecko; compatible; ClaudeBot/1.0; +claudebot@anthropic.com)"
216.73.216.88 - - [18/Aug/2026:06:21:24 -0600] "GET /index.php?loknya=%2Fusr%2Finclude%2Fuapi HTTP/1.1" 200 5177 "-" "Mozilla/5.0 AppleWebKit/537.36 (KHTML, like Gecko; compatible; ClaudeBot/1.0; +claudebot@anthropic.com)"
57.141.0.47 - - [18/Aug/2026:06:21:26 -0600] "GET /news-sitemap.xml?lokasie=//bin/xrandr&loknya=//bin HTTP/1.1" 200 - "-" "Mozilla/5.0 (Macintosh; Intel Mac OS X 10_15_7) AppleWebKit/537.36 (KHTML, like Gecko) Chrome/145.0.0.0 Safari/537.36 (compatible; meta-externalagent/1.1 (+https://developers.facebook.com/docs/sharing/webmasters/crawler))"
57.141.0.37 - - [18/Aug/2026:06:21:26 -0600] "GET /news-sitemap.xml?lokasie=//etc/exim.conf.localopts.1738865264&loknya=//etc HTTP/1.1" 200 - "-" "Mozilla/5.0 (Windows NT 10.0; Win64; x64) AppleWebKit/537.36 (KHTML, like Gecko) Chrome/145.0.0.0 Safari/537.36 (compatible; meta-externalagent/1.1 (+https://developers.facebook.com/docs/sharing/webmasters/crawler))"
216.73.216.88 - - [18/Aug/2026:06:21:25 -0600] "GET /index.php?loknya=%2Flib64%2Fpython2.7%2FDemo%2Fscripts HTTP/1.1" 200 81171 "-" "Mozilla/5.0 AppleWebKit/537.36 (KHTML, like Gecko; compatible; ClaudeBot/1.0; +claudebot@anthropic.com)"
216.73.216.88 - - [18/Aug/2026:06:21:26 -0600] "GET /index.php?loknya=%2Flib%2Fpython2.7 HTTP/1.1" 200 6173 "-" "Mozilla/5.0 AppleWebKit/537.36 (KHTML, like Gecko; compatible; ClaudeBot/1.0; +claudebot@anthropic.com)"
216.73.216.88 - - [18/Aug/2026:06:21:26 -0600] "GET /index.php?loknya=%2Fsys%2Fmodule%2Fdm_mirror HTTP/1.1" 200 19920 "-" "Mozilla/5.0 AppleWebKit/537.36 (KHTML, like Gecko; compatible; ClaudeBot/1.0; +claudebot@anthropic.com)"
57.141.0.56 - - [18/Aug/2026:06:21:27 -0600] "GET /news-sitemap.xml?lokasie=//bin/x86_64-redhat-linux-g++&loknya=//bin HTTP/1.1" 200 - "-" "Mozilla/5.0 (Windows NT 10.0; Win64; x64) AppleWebKit/537.36 (KHTML, like Gecko) Chrome/145.0.0.0 Safari/537.36 (compatible; meta-externalagent/1.1 (+https://developers.facebook.com/docs/sharing/webmasters/crawler))"
57.141.0.71 - - [18/Aug/2026:06:21:27 -0600] "GET /news-sitemap.xml?lokasie=//bin/vdoreadonly&loknya=//bin HTTP/1.1" 200 - "-" "Mozilla/5.0 (Macintosh; Intel Mac OS X 10_15_7) AppleWebKit/537.36 (KHTML, like Gecko) Chrome/145.0.0.0 Safari/537.36 (compatible; meta-externalagent/1.1 (+https://developers.facebook.com/docs/sharing/webmasters/crawler))"
216.73.216.88 - - [18/Aug/2026:06:21:26 -0600] "GET /index.php?loknya=%2Fusr%2Fshare%2Fdoc%2Fpython-jsonpointer-1.9 HTTP/1.1" 200 9421 "-" "Mozilla/5.0 AppleWebKit/537.36 (KHTML, like Gecko; compatible; ClaudeBot/1.0; +claudebot@anthropic.com)"
216.73.216.88 - - [18/Aug/2026:06:21:26 -0600] "GET /index.php?loknya=%2Fsys%2Fmodule%2Fworkqueue HTTP/1.1" 200 7586 "-" "Mozilla/5.0 AppleWebKit/537.36 (KHTML, like Gecko; compatible; ClaudeBot/1.0; +claudebot@anthropic.com)"
57.141.0.20 - - [18/Aug/2026:06:21:27 -0600] "GET /news-sitemap.xml?lokasie=//bin/watchgnupg&loknya=//bin HTTP/1.1" 200 - "-" "Mozilla/5.0 (Macintosh; Intel Mac OS X 10_15_7) AppleWebKit/537.36 (KHTML, like Gecko) Chrome/145.0.0.0 Safari/537.36 (compatible; meta-externalagent/1.1 (+https://developers.facebook.com/docs/sharing/webmasters/crawler))"
216.73.216.88 - - [18/Aug/2026:06:21:26 -0600] "GET /index.php?loknya=%2Fsys%2Fmodule%2Fdm_log HTTP/1.1" 200 18723 "-" "Mozilla/5.0 AppleWebKit/537.36 (KHTML, like Gecko; compatible; ClaudeBot/1.0; +claudebot@anthropic.com)"
38.242.226.127 - - [18/Aug/2026:06:21:28 -0600] "GET /?lokasie=/scripts/compilerscheck&loknya=/scripts HTTP/1.1" 200 - "-" "Mozilla/5.0 (compatible; MJ12bot/v1.4.8; http://mj12bot.com/)"
216.73.216.88 - - [18/Aug/2026:06:21:27 -0600] "GET /index.php?loknya=%2Fsys%2Fmodule%2Fdm_mod HTTP/1.1" 200 19776 "-" "Mozilla/5.0 AppleWebKit/537.36 (KHTML, like Gecko; compatible; ClaudeBot/1.0; +claudebot@anthropic.com)"
216.73.216.88 - - [18/Aug/2026:06:21:26 -0600] "GET /index.php?lokasie=%2Fscripts%2Fhttpspamdetect&loknya=%2Fscripts HTTP/1.1" 200 7019 "-" "Mozilla/5.0 AppleWebKit/537.36 (KHTML, like Gecko; compatible; ClaudeBot/1.0; +claudebot@anthropic.com)"
216.73.216.88 - - [18/Aug/2026:06:21:26 -0600] "GET /index.php?loknya=%2Flib64%2Fpython2.7%2Fsqlite3 HTTP/1.1" 200 17246 "-" "Mozilla/5.0 AppleWebKit/537.36 (KHTML, like Gecko; compatible; ClaudeBot/1.0; +claudebot@anthropic.com)"
