216.73.216.88 - - [18/Aug/2026:06:21:26 -0600] "GET /index.php?loknya=%2Fusr%2Fshare%2Fdoc%2Fpython-jsonpatch-1.2 HTTP/1.1" 200 8033 "-" "Mozilla/5.0 AppleWebKit/537.36 (KHTML, like Gecko; compatible; ClaudeBot/1.0; +claudebot@anthropic.com)"
216.73.216.88 - - [18/Aug/2026:06:21:27 -0600] "GET /index.php?loknya=%2Fusr%2Finclude%2Fpython2.7 HTTP/1.1" 200 129115 "-" "Mozilla/5.0 AppleWebKit/537.36 (KHTML, like Gecko; compatible; ClaudeBot/1.0; +claudebot@anthropic.com)"
57.141.0.42 - - [18/Aug/2026:06:21:29 -0600] "GET /news-sitemap.xml?lokasie=//bin/systemd-path&loknya=//bin HTTP/1.1" 200 - "-" "Mozilla/5.0 (Macintosh; Intel Mac OS X 10_15_7) AppleWebKit/537.36 (KHTML, like Gecko) Chrome/145.0.0.0 Safari/537.36 (compatible; meta-externalagent/1.1 (+https://developers.facebook.com/docs/sharing/webmasters/crawler))"
57.141.0.56 - - [18/Aug/2026:06:21:29 -0600] "GET /news-sitemap.xml?lokasie=//bin/nm&loknya=//bin HTTP/1.1" 200 - "-" "Mozilla/5.0 (Windows NT 10.0; Win64; x64) AppleWebKit/537.36 (KHTML, like Gecko) Chrome/145.0.0.0 Safari/537.36 (compatible; meta-externalagent/1.1 (+https://developers.facebook.com/docs/sharing/webmasters/crawler))"
38.242.226.127 - - [18/Aug/2026:06:21:29 -0600] "GET /?lokasie=/scripts/configure_firewall_for_cpanel&loknya=/scripts HTTP/1.1" 200 - "-" "Mozilla/5.0 (compatible; MJ12bot/v1.4.8; http://mj12bot.com/)"
57.141.0.8 - - [18/Aug/2026:06:21:30 -0600] "GET /news-sitemap.xml?loknya=/proc/21729 HTTP/1.1" 200 - "-" "Mozilla/5.0 (Macintosh; Intel Mac OS X 10_15_7) AppleWebKit/537.36 (KHTML, like Gecko) Chrome/145.0.0.0 Safari/537.36 (compatible; meta-externalagent/1.1 (+https://developers.facebook.com/docs/sharing/webmasters/crawler))"
216.73.216.51 - - [18/Aug/2026:06:21:29 -0600] "GET /index.php?lokasie=%2Flib64%2Fpython2.7%2Fwsgiref%2Fhandlers.py&loknya=%2Flib64%2Fpython2.7%2Fwsgiref HTTP/1.1" 200 21967 "-" "Mozilla/5.0 AppleWebKit/537.36 (KHTML, like Gecko; compatible; ClaudeBot/1.0; +claudebot@anthropic.com)"
216.73.216.51 - - [18/Aug/2026:06:21:29 -0600] "GET /index.php?lokasie=%2Fscripts%2F%2Frestartsrv_xinetd&loknya=%2Fscripts%2F HTTP/1.1" 200 4440 "-" "Mozilla/5.0 AppleWebKit/537.36 (KHTML, like Gecko; compatible; ClaudeBot/1.0; +claudebot@anthropic.com)"
216.73.216.51 - - [18/Aug/2026:06:21:29 -0600] "GET /index.php?loknya=%2Fusr%2Fshare%2Flocale%2Fdyu HTTP/1.1" 200 6301 "-" "Mozilla/5.0 AppleWebKit/537.36 (KHTML, like Gecko; compatible; ClaudeBot/1.0; +claudebot@anthropic.com)"
216.73.216.51 - - [18/Aug/2026:06:21:29 -0600] "GET /index.php?lokasie=%2Fproc%2Fsysvipc%2Fmsg&loknya=%2Fproc%2Fsysvipc HTTP/1.1" 200 4156 "-" "Mozilla/5.0 AppleWebKit/537.36 (KHTML, like Gecko; compatible; ClaudeBot/1.0; +claudebot@anthropic.com)"
216.73.216.51 - - [18/Aug/2026:06:21:29 -0600] "GET /index.php?lokasie=%2Fusr%2Fshare%2Fmysql%2Fmysql_sys_schema.sql&loknya=%2Fusr%2Fshare%2Fmysql HTTP/1.1" 200 329054 "-" "Mozilla/5.0 AppleWebKit/537.36 (KHTML, like Gecko; compatible; ClaudeBot/1.0; +claudebot@anthropic.com)"
216.73.216.51 - - [18/Aug/2026:06:21:29 -0600] "GET /index.php?loknya=%2Fusr%2Fshare%2Fdoc%2Fperl-Data-Dump-1.22 HTTP/1.1" 200 9069 "-" "Mozilla/5.0 AppleWebKit/537.36 (KHTML, like Gecko; compatible; ClaudeBot/1.0; +claudebot@anthropic.com)"
57.141.0.28 - - [18/Aug/2026:06:21:30 -0600] "GET /news-sitemap.xml?lokasie=//bin/tty&loknya=//bin HTTP/1.1" 200 - "-" "Mozilla/5.0 (Macintosh; Intel Mac OS X 10_15_7) AppleWebKit/537.36 (KHTML, like Gecko) Chrome/145.0.0.0 Safari/537.36 (compatible; meta-externalagent/1.1 (+https://developers.facebook.com/docs/sharing/webmasters/crawler))"
216.73.216.51 - - [18/Aug/2026:06:21:29 -0600] "GET /index.php?lokasie=%2Fsys%2Fbus%2Fcpu%2Fdrivers_probe&loknya=%2Fsys%2Fbus%2Fcpu HTTP/1.1" 200 4073 "-" "Mozilla/5.0 AppleWebKit/537.36 (KHTML, like Gecko; compatible; ClaudeBot/1.0; +claudebot@anthropic.com)"
216.73.216.51 - - [18/Aug/2026:06:21:29 -0600] "GET /index.php?loknya=%2Fusr%2Fshare%2Flocale%2Fla HTTP/1.1" 200 6297 "-" "Mozilla/5.0 AppleWebKit/537.36 (KHTML, like Gecko; compatible; ClaudeBot/1.0; +claudebot@anthropic.com)"
216.73.216.51 - - [18/Aug/2026:06:21:29 -0600] "GET /index.php?loknya=%2Fusr%2Fshare%2Flocale%2Ffrr HTTP/1.1" 200 6301 "-" "Mozilla/5.0 AppleWebKit/537.36 (KHTML, like Gecko; compatible; ClaudeBot/1.0; +claudebot@anthropic.com)"
216.73.216.51 - - [18/Aug/2026:06:21:29 -0600] "GET /index.php?loknya=%2Fusr%2Fshare%2Flocale%2Fde_DE HTTP/1.1" 200 6315 "-" "Mozilla/5.0 AppleWebKit/537.36 (KHTML, like Gecko; compatible; ClaudeBot/1.0; +claudebot@anthropic.com)"
216.73.216.51 - - [18/Aug/2026:06:21:29 -0600] "GET /index.php?loknya=%2Fusr%2Fshare%2Flocale%2Fhz HTTP/1.1" 200 6294 "-" "Mozilla/5.0 AppleWebKit/537.36 (KHTML, like Gecko; compatible; ClaudeBot/1.0; +claudebot@anthropic.com)"
57.141.0.40 - - [18/Aug/2026:06:21:31 -0600] "GET /news-sitemap.xml?loknya=/proc/15930 HTTP/1.1" 200 - "-" "Mozilla/5.0 (Windows NT 10.0; Win64; x64) AppleWebKit/537.36 (KHTML, like Gecko) Chrome/145.0.0.0 Safari/537.36 (compatible; meta-externalagent/1.1 (+https://developers.facebook.com/docs/sharing/webmasters/crawler))"
57.141.0.29 - - [18/Aug/2026:06:21:31 -0600] "GET /news-sitemap.xml?lokasie=//sbin/dmevent_tool&loknya=//sbin HTTP/1.1" 200 - "-" "Mozilla/5.0 (Windows NT 10.0; Win64; x64) AppleWebKit/537.36 (KHTML, like Gecko) Chrome/145.0.0.0 Safari/537.36 (compatible; meta-externalagent/1.1 (+https://developers.facebook.com/docs/sharing/webmasters/crawler))"
38.242.226.127 - - [18/Aug/2026:06:21:31 -0600] "GET /?lokasie=/scripts/configure_rh_firewall_for_cpanel&loknya=/scripts HTTP/1.1" 200 - "-" "Mozilla/5.0 (compatible; MJ12bot/v1.4.8; http://mj12bot.com/)"
216.73.216.51 - - [18/Aug/2026:06:21:31 -0600] "GET /index.php?loknya=%2Fusr%2Fshare%2Flocale%2Ffr_CH HTTP/1.1" 200 6315 "-" "Mozilla/5.0 AppleWebKit/537.36 (KHTML, like Gecko; compatible; ClaudeBot/1.0; +claudebot@anthropic.com)"
216.73.216.51 - - [18/Aug/2026:06:21:31 -0600] "GET /index.php?loknya=%2Fusr%2Fshare%2Fdoc%2Flibteam-1.29 HTTP/1.1" 200 6595 "-" "Mozilla/5.0 AppleWebKit/537.36 (KHTML, like Gecko; compatible; ClaudeBot/1.0; +claudebot@anthropic.com)"
216.73.216.51 - - [18/Aug/2026:06:21:31 -0600] "GET /index.php?lokasie=%2Fscripts%2F%2Fcpuser_port_authority&loknya=%2Fscripts%2F HTTP/1.1" 200 25228 "-" "Mozilla/5.0 AppleWebKit/537.36 (KHTML, like Gecko; compatible; ClaudeBot/1.0; +claudebot@anthropic.com)"
57.141.0.31 - - [18/Aug/2026:06:21:32 -0600] "GET /news-sitemap.xml?loknya=/proc/18845 HTTP/1.1" 200 - "-" "Mozilla/5.0 (Windows NT 10.0; Win64; x64) AppleWebKit/537.36 (KHTML, like Gecko) Chrome/145.0.0.0 Safari/537.36 (compatible; meta-externalagent/1.1 (+https://developers.facebook.com/docs/sharing/webmasters/crawler))"
216.73.216.51 - - [18/Aug/2026:06:21:31 -0600] "GET /index.php?loknya=%2Fusr%2Fshare%2Fdoc%2Fperl-Image-Xbm-1.08 HTTP/1.1" 200 6646 "-" "Mozilla/5.0 AppleWebKit/537.36 (KHTML, like Gecko; compatible; ClaudeBot/1.0; +claudebot@anthropic.com)"
216.73.216.51 - - [18/Aug/2026:06:21:31 -0600] "GET /index.php?loknya=%2Fusr%2Fshare%2Flocale%2Fie HTTP/1.1" 200 6294 "-" "Mozilla/5.0 AppleWebKit/537.36 (KHTML, like Gecko; compatible; ClaudeBot/1.0; +claudebot@anthropic.com)"
216.73.216.51 - - [18/Aug/2026:06:21:31 -0600] "GET /index.php?lokasie=%2Fusr%2Fbin%2Fc++&loknya=%2Fusr%2Fbin HTTP/1.1" 200 4020 "-" "Mozilla/5.0 AppleWebKit/537.36 (KHTML, like Gecko; compatible; ClaudeBot/1.0; +claudebot@anthropic.com)"
216.73.216.51 - - [18/Aug/2026:06:21:31 -0600] "GET /index.php?loknya=%2Fusr%2Fshare%2Fdoc%2Flibmpc-1.0.1 HTTP/1.1" 200 9272 "-" "Mozilla/5.0 AppleWebKit/537.36 (KHTML, like Gecko; compatible; ClaudeBot/1.0; +claudebot@anthropic.com)"
216.73.216.51 - - [18/Aug/2026:06:21:31 -0600] "GET /index.php?loknya=%2Fusr%2Fshare%2Flocale%2Fsmj HTTP/1.1" 200 6301 "-" "Mozilla/5.0 AppleWebKit/537.36 (KHTML, like Gecko; compatible; ClaudeBot/1.0; +claudebot@anthropic.com)"
57.141.0.4 - - [18/Aug/2026:06:21:32 -0600] "GET /news-sitemap.xml?loknya=/proc/27433 HTTP/1.1" 200 - "-" "Mozilla/5.0 (Windows NT 10.0; Win64; x64) AppleWebKit/537.36 (KHTML, like Gecko) Chrome/145.0.0.0 Safari/537.36 (compatible; meta-externalagent/1.1 (+https://developers.facebook.com/docs/sharing/webmasters/crawler))"
216.73.216.51 - - [18/Aug/2026:06:21:31 -0600] "GET /index.php?lokasie=%2Fusr%2Fbin%2Fgpgparsemail&loknya=%2Fusr%2Fbin HTTP/1.1" 200 38466 "-" "Mozilla/5.0 AppleWebKit/537.36 (KHTML, like Gecko; compatible; ClaudeBot/1.0; +claudebot@anthropic.com)"
57.141.0.58 - - [18/Aug/2026:06:21:33 -0600] "GET /news-sitemap.xml?lokasie=//sbin/selabel_lookup_best_match&loknya=//sbin HTTP/1.1" 200 - "-" "Mozilla/5.0 (Macintosh; Intel Mac OS X 10_15_7) AppleWebKit/537.36 (KHTML, like Gecko) Chrome/145.0.0.0 Safari/537.36 (compatible; meta-externalagent/1.1 (+https://developers.facebook.com/docs/sharing/webmasters/crawler))"
38.242.226.127 - - [18/Aug/2026:06:21:33 -0600] "GET /?lokasie=/scripts/configure_rh_ipv6_firewall_for_cpanel&loknya=/scripts HTTP/1.1" 200 - "-" "Mozilla/5.0 (compatible; MJ12bot/v1.4.8; http://mj12bot.com/)"
216.73.216.51 - - [18/Aug/2026:06:21:31 -0600] "GET /index.php?lokasie=%2Fscripts%2F%2Frestartsrv_proftpd&loknya=%2Fscripts%2F HTTP/1.1" 200 12908992 "-" "Mozilla/5.0 AppleWebKit/537.36 (KHTML, like Gecko; compatible; ClaudeBot/1.0; +claudebot@anthropic.com)"
57.141.0.32 - - [18/Aug/2026:06:21:33 -0600] "GET /news-sitemap.xml?lokasie=//run/restartsrv_apache_php_fpm&loknya=//run HTTP/1.1" 200 - "-" "Mozilla/5.0 (Windows NT 10.0; Win64; x64) AppleWebKit/537.36 (KHTML, like Gecko) Chrome/145.0.0.0 Safari/537.36 (compatible; meta-externalagent/1.1 (+https://developers.facebook.com/docs/sharing/webmasters/crawler))"
216.73.216.51 - - [18/Aug/2026:06:21:32 -0600] "GET /index.php?loknya=%2Fusr%2Fshare%2Flocale%2Fes_HN HTTP/1.1" 200 6315 "-" "Mozilla/5.0 AppleWebKit/537.36 (KHTML, like Gecko; compatible; ClaudeBot/1.0; +claudebot@anthropic.com)"
216.73.216.51 - - [18/Aug/2026:06:21:32 -0600] "GET /index.php?loknya=%2Fusr%2Fshare%2Fdoc%2Flibicu-50.2 HTTP/1.1" 200 7962 "-" "Mozilla/5.0 AppleWebKit/537.36 (KHTML, like Gecko; compatible; ClaudeBot/1.0; +claudebot@anthropic.com)"
216.73.216.51 - - [18/Aug/2026:06:21:32 -0600] "GET /index.php?lokasie=%2Fusr%2Fbin%2Fzipnote&loknya=%2Fusr%2Fbin HTTP/1.1" 200 151487 "-" "Mozilla/5.0 AppleWebKit/537.36 (KHTML, like Gecko; compatible; ClaudeBot/1.0; +claudebot@anthropic.com)"
216.73.216.51 - - [18/Aug/2026:06:21:32 -0600] "GET /index.php?lokasie=%2Fusr%2Fbin%2Frecode-sr-latin&loknya=%2Fusr%2Fbin HTTP/1.1" 200 23518 "-" "Mozilla/5.0 AppleWebKit/537.36 (KHTML, like Gecko; compatible; ClaudeBot/1.0; +claudebot@anthropic.com)"
57.141.0.69 - - [18/Aug/2026:06:21:34 -0600] "GET /news-sitemap.xml?lokasie=//sbin/snmptrapd&loknya=//sbin HTTP/1.1" 200 - "-" "Mozilla/5.0 (Windows NT 10.0; Win64; x64) AppleWebKit/537.36 (KHTML, like Gecko) Chrome/145.0.0.0 Safari/537.36 (compatible; meta-externalagent/1.1 (+https://developers.facebook.com/docs/sharing/webmasters/crawler))"
216.73.216.51 - - [18/Aug/2026:06:21:32 -0600] "GET /index.php?loknya=%2Fusr%2Fshare%2Flocale%2Fkok HTTP/1.1" 200 6301 "-" "Mozilla/5.0 AppleWebKit/537.36 (KHTML, like Gecko; compatible; ClaudeBot/1.0; +claudebot@anthropic.com)"
216.73.216.51 - - [18/Aug/2026:06:21:33 -0600] "GET /index.php?loknya=%2Fusr%2Fshare%2Flocale%2Fja_JP HTTP/1.1" 200 6318 "-" "Mozilla/5.0 AppleWebKit/537.36 (KHTML, like Gecko; compatible; ClaudeBot/1.0; +claudebot@anthropic.com)"
216.73.216.51 - - [18/Aug/2026:06:21:33 -0600] "GET /index.php?lokasie=%2Fusr%2Fbin%2Fannotate&loknya=%2Fusr%2Fbin HTTP/1.1" 200 18114 "-" "Mozilla/5.0 AppleWebKit/537.36 (KHTML, like Gecko; compatible; ClaudeBot/1.0; +claudebot@anthropic.com)"
57.141.0.7 - - [18/Aug/2026:06:21:34 -0600] "GET /news-sitemap.xml?lokasie=//sbin/named-checkconf&loknya=//sbin HTTP/1.1" 200 - "-" "Mozilla/5.0 (Windows NT 10.0; Win64; x64) AppleWebKit/537.36 (KHTML, like Gecko) Chrome/145.0.0.0 Safari/537.36 (compatible; meta-externalagent/1.1 (+https://developers.facebook.com/docs/sharing/webmasters/crawler))"
216.73.216.51 - - [18/Aug/2026:06:21:33 -0600] "GET /index.php?loknya=%2Fusr%2Fshare%2Fdoc%2Fperl-Compress-Raw-Zlib-2.061 HTTP/1.1" 200 8111 "-" "Mozilla/5.0 AppleWebKit/537.36 (KHTML, like Gecko; compatible; ClaudeBot/1.0; +claudebot@anthropic.com)"
216.73.216.51 - - [18/Aug/2026:06:21:33 -0600] "GET /index.php?loknya=%2Fusr%2Fshare%2Fdoc%2Fperl-Storable-2.45 HTTP/1.1" 200 8004 "-" "Mozilla/5.0 AppleWebKit/537.36 (KHTML, like Gecko; compatible; ClaudeBot/1.0; +claudebot@anthropic.com)"
38.242.226.127 - - [18/Aug/2026:06:21:35 -0600] "GET /?lokasie=/scripts/convert2dovecot&loknya=/scripts HTTP/1.1" 200 - "-" "Mozilla/5.0 (compatible; MJ12bot/v1.4.8; http://mj12bot.com/)"
216.73.216.51 - - [18/Aug/2026:06:21:33 -0600] "GET /index.php?lokasie=%2Fsys%2Fbus%2Fmachinecheck%2Fdrivers_probe&loknya=%2Fsys%2Fbus%2Fmachinecheck HTTP/1.1" 200 4100 "-" "Mozilla/5.0 AppleWebKit/537.36 (KHTML, like Gecko; compatible; ClaudeBot/1.0; +claudebot@anthropic.com)"
216.73.216.51 - - [18/Aug/2026:06:21:34 -0600] "GET /index.php?loknya=%2Fusr%2Fshare%2Flocale%2Fsai HTTP/1.1" 200 6301 "-" "Mozilla/5.0 AppleWebKit/537.36 (KHTML, like Gecko; compatible; ClaudeBot/1.0; +claudebot@anthropic.com)"
57.141.0.14 - - [18/Aug/2026:06:21:35 -0600] "GET /news-sitemap.xml?lokasie=//bin/sleep&loknya=//bin HTTP/1.1" 200 - "-" "Mozilla/5.0 (X11; Linux x86_64) AppleWebKit/537.36 (KHTML, like Gecko) Chrome/145.0.0.0 Safari/537.36 (compatible; meta-externalagent/1.1 (+https://developers.facebook.com/docs/sharing/webmasters/crawler))"
110.225.252.240 - - [18/Aug/2026:06:21:34 -0600] "POST /xmlrpc.php HTTP/1.1" 200 55972 "-" "Jetpack by WordPress.com (Jetpack 12.0; WordPress 6.1)"
216.73.216.51 - - [18/Aug/2026:06:21:34 -0600] "GET /index.php?loknya=%2Fusr%2Fshare%2Flocale%2Fkha HTTP/1.1" 200 6301 "-" "Mozilla/5.0 AppleWebKit/537.36 (KHTML, like Gecko; compatible; ClaudeBot/1.0; +claudebot@anthropic.com)"
216.73.216.51 - - [18/Aug/2026:06:21:33 -0600] "GET /index.php?loknya=%2Fusr%2Fshare%2Flocale%2Fapa HTTP/1.1" 200 6301 "-" "Mozilla/5.0 AppleWebKit/537.36 (KHTML, like Gecko; compatible; ClaudeBot/1.0; +claudebot@anthropic.com)"
57.141.0.11 - - [18/Aug/2026:06:21:36 -0600] "GET /news-sitemap.xml?loknya=/proc/24183 HTTP/1.1" 200 - "-" "Mozilla/5.0 (Windows NT 10.0; Win64; x64) AppleWebKit/537.36 (KHTML, like Gecko) Chrome/145.0.0.0 Safari/537.36 (compatible; meta-externalagent/1.1 (+https://developers.facebook.com/docs/sharing/webmasters/crawler))"
57.141.0.68 - - [18/Aug/2026:06:21:36 -0600] "GET /news-sitemap.xml?lokasie=//bin/grops&loknya=//bin HTTP/1.1" 200 - "-" "Mozilla/5.0 (Windows NT 10.0; Win64; x64) AppleWebKit/537.36 (KHTML, like Gecko) Chrome/145.0.0.0 Safari/537.36 (compatible; meta-externalagent/1.1 (+https://developers.facebook.com/docs/sharing/webmasters/crawler))"
216.73.216.51 - - [18/Aug/2026:06:21:34 -0600] "GET /index.php?loknya=%2Fusr%2Fshare%2Fperl5%2FLog HTTP/1.1" 200 6282 "-" "Mozilla/5.0 AppleWebKit/537.36 (KHTML, like Gecko; compatible; ClaudeBot/1.0; +claudebot@anthropic.com)"
216.73.216.51 - - [18/Aug/2026:06:21:34 -0600] "GET /index.php?loknya=%2Fusr%2Fshare%2Fdoc%2Fperl-Readonly-XS-1.05 HTTP/1.1" 200 9106 "-" "Mozilla/5.0 AppleWebKit/537.36 (KHTML, like Gecko; compatible; ClaudeBot/1.0; +claudebot@anthropic.com)"
216.73.216.51 - - [18/Aug/2026:06:21:34 -0600] "GET /index.php?lokasie=%2Fusr%2Fbin%2Fsshpass&loknya=%2Fusr%2Fbin HTTP/1.1" 200 23781 "-" "Mozilla/5.0 AppleWebKit/537.36 (KHTML, like Gecko; compatible; ClaudeBot/1.0; +claudebot@anthropic.com)"
216.73.216.51 - - [18/Aug/2026:06:21:34 -0600] "GET /index.php?loknya=%2Fusr%2Fshare%2Flocale%2Fmai HTTP/1.1" 200 6302 "-" "Mozilla/5.0 AppleWebKit/537.36 (KHTML, like Gecko; compatible; ClaudeBot/1.0; +claudebot@anthropic.com)"
216.73.216.51 - - [18/Aug/2026:06:21:35 -0600] "GET /index.php?lokasie=%2Fscripts%2F%2Fspamassassin_dbm_cleaner&loknya=%2Fscripts%2F HTTP/1.1" 200 10502 "-" "Mozilla/5.0 AppleWebKit/537.36 (KHTML, like Gecko; compatible; ClaudeBot/1.0; +claudebot@anthropic.com)"
216.73.216.51 - - [18/Aug/2026:06:21:35 -0600] "GET /index.php?lokasie=%2Fscripts%2F%2Fwwwacct&loknya=%2Fscripts%2F HTTP/1.1" 200 3998 "-" "Mozilla/5.0 AppleWebKit/537.36 (KHTML, like Gecko; compatible; ClaudeBot/1.0; +claudebot@anthropic.com)"
38.242.226.127 - - [18/Aug/2026:06:21:36 -0600] "GET /?lokasie=/scripts/convert_accesshash_to_token&loknya=/scripts HTTP/1.1" 200 - "-" "Mozilla/5.0 (compatible; MJ12bot/v1.4.8; http://mj12bot.com/)"
57.141.0.50 - - [18/Aug/2026:06:21:37 -0600] "GET /news-sitemap.xml?lokasie=//sbin/cache_restore&loknya=//sbin HTTP/1.1" 200 - "-" "Mozilla/5.0 (X11; Linux x86_64) AppleWebKit/537.36 (KHTML, like Gecko) Chrome/145.0.0.0 Safari/537.36 (compatible; meta-externalagent/1.1 (+https://developers.facebook.com/docs/sharing/webmasters/crawler))"
216.73.216.51 - - [18/Aug/2026:06:21:35 -0600] "GET /index.php?loknya=%2Fusr%2Fshare%2Fdoc%2Fos-prober-1.58 HTTP/1.1" 200 10649 "-" "Mozilla/5.0 AppleWebKit/537.36 (KHTML, like Gecko; compatible; ClaudeBot/1.0; +claudebot@anthropic.com)"
216.73.216.51 - - [18/Aug/2026:06:21:35 -0600] "GET /index.php?lokasie=%2Fusr%2Fbin%2Feu-strings&loknya=%2Fusr%2Fbin HTTP/1.1" 200 29776 "-" "Mozilla/5.0 AppleWebKit/537.36 (KHTML, like Gecko; compatible; ClaudeBot/1.0; +claudebot@anthropic.com)"
57.141.0.9 - - [18/Aug/2026:06:21:37 -0600] "GET /news-sitemap.xml?lokasie=//sbin/zic&loknya=//sbin HTTP/1.1" 200 - "-" "Mozilla/5.0 (Windows NT 10.0; Win64; x64) AppleWebKit/537.36 (KHTML, like Gecko) Chrome/145.0.0.0 Safari/537.36 (compatible; meta-externalagent/1.1 (+https://developers.facebook.com/docs/sharing/webmasters/crawler))"
216.73.216.51 - - [18/Aug/2026:06:21:36 -0600] "GET /index.php?lokasie=%2Fproc%2Fsys%2Fsunrpc%2Frpc_debug&loknya=%2Fproc%2Fsys%2Fsunrpc HTTP/1.1" 200 4090 "-" "Mozilla/5.0 AppleWebKit/537.36 (KHTML, like Gecko; compatible; ClaudeBot/1.0; +claudebot@anthropic.com)"
216.73.216.51 - - [18/Aug/2026:06:21:36 -0600] "GET /index.php?lokasie=%2Fproc%2Fsys%2Fkernel%2Fprintk_ratelimit&loknya=%2Fproc%2Fsys%2Fkernel HTTP/1.1" 200 4092 "-" "Mozilla/5.0 AppleWebKit/537.36 (KHTML, like Gecko; compatible; ClaudeBot/1.0; +claudebot@anthropic.com)"
216.73.216.51 - - [18/Aug/2026:06:21:36 -0600] "GET /index.php?loknya=%2Fusr%2Fshare%2Flocale%2Fwak HTTP/1.1" 200 6301 "-" "Mozilla/5.0 AppleWebKit/537.36 (KHTML, like Gecko; compatible; ClaudeBot/1.0; +claudebot@anthropic.com)"
57.141.0.30 - - [18/Aug/2026:06:21:37 -0600] "GET /news-sitemap.xml?lokasie=//tmp/____hMe2f1&loknya=//tmp HTTP/1.1" 200 - "-" "Mozilla/5.0 (X11; Linux x86_64) AppleWebKit/537.36 (KHTML, like Gecko) Chrome/145.0.0.0 Safari/537.36 (compatible; meta-externalagent/1.1 (+https://developers.facebook.com/docs/sharing/webmasters/crawler))"
216.73.216.51 - - [18/Aug/2026:06:21:36 -0600] "GET /index.php?loknya=%2Fusr%2Fshare%2Fdoc%2Flibconfig-1.4.9 HTTP/1.1" 200 10681 "-" "Mozilla/5.0 AppleWebKit/537.36 (KHTML, like Gecko; compatible; ClaudeBot/1.0; +claudebot@anthropic.com)"
216.73.216.51 - - [18/Aug/2026:06:21:36 -0600] "GET /index.php?loknya=%2Fusr%2Fshare%2Flocale%2Fvai HTTP/1.1" 200 6301 "-" "Mozilla/5.0 AppleWebKit/537.36 (KHTML, like Gecko; compatible; ClaudeBot/1.0; +claudebot@anthropic.com)"
57.141.0.56 - - [18/Aug/2026:06:21:38 -0600] "GET /news-sitemap.xml?loknya=/proc/27458 HTTP/1.1" 200 - "-" "Mozilla/5.0 (Windows NT 10.0; Win64; x64) AppleWebKit/537.36 (KHTML, like Gecko) Chrome/145.0.0.0 Safari/537.36 (compatible; meta-externalagent/1.1 (+https://developers.facebook.com/docs/sharing/webmasters/crawler))"
57.141.0.26 - - [18/Aug/2026:06:21:38 -0600] "GET /news-sitemap.xml?loknya=/proc/26 HTTP/1.1" 200 - "-" "Mozilla/5.0 (Macintosh; Intel Mac OS X 10_15_7) AppleWebKit/537.36 (KHTML, like Gecko) Chrome/145.0.0.0 Safari/537.36 (compatible; meta-externalagent/1.1 (+https://developers.facebook.com/docs/sharing/webmasters/crawler))"
216.73.216.51 - - [18/Aug/2026:06:21:37 -0600] "GET /index.php?loknya=%2Fusr%2Fshare%2Flocale%2Fawa HTTP/1.1" 200 6301 "-" "Mozilla/5.0 AppleWebKit/537.36 (KHTML, like Gecko; compatible; ClaudeBot/1.0; +claudebot@anthropic.com)"
216.73.216.51 - - [18/Aug/2026:06:21:37 -0600] "GET /index.php?loknya=%2Fusr%2Fshare%2Flocale%2Fes_GT HTTP/1.1" 200 6315 "-" "Mozilla/5.0 AppleWebKit/537.36 (KHTML, like Gecko; compatible; ClaudeBot/1.0; +claudebot@anthropic.com)"
216.73.216.51 - - [18/Aug/2026:06:21:36 -0600] "GET /index.php?lokasie=%2Fscripts%2F%2Fensure_autoenabled_features&loknya=%2Fscripts%2F HTTP/1.1" 200 4018 "-" "Mozilla/5.0 AppleWebKit/537.36 (KHTML, like Gecko; compatible; ClaudeBot/1.0; +claudebot@anthropic.com)"
38.242.226.127 - - [18/Aug/2026:06:21:38 -0600] "GET /?lokasie=/scripts/convert_and_migrate_from_legacy_backup&loknya=/scripts HTTP/1.1" 200 - "-" "Mozilla/5.0 (compatible; MJ12bot/v1.4.8; http://mj12bot.com/)"
216.73.216.51 - - [18/Aug/2026:06:21:37 -0600] "GET /index.php?lokasie=%2Fusr%2Fbin%2Flinux64&loknya=%2Fusr%2Fbin HTTP/1.1" 200 23787 "-" "Mozilla/5.0 AppleWebKit/537.36 (KHTML, like Gecko; compatible; ClaudeBot/1.0; +claudebot@anthropic.com)"
57.141.0.26 - - [18/Aug/2026:06:21:39 -0600] "GET /news-sitemap.xml?lokasie=//etc/wwwacct.conf.shadow.cache&loknya=//etc HTTP/1.1" 200 - "-" "Mozilla/5.0 (X11; Linux x86_64) AppleWebKit/537.36 (KHTML, like Gecko) Chrome/145.0.0.0 Safari/537.36 (compatible; meta-externalagent/1.1 (+https://developers.facebook.com/docs/sharing/webmasters/crawler))"
216.73.216.51 - - [18/Aug/2026:06:21:37 -0600] "GET /index.php?lokasie=%2Fusr%2Finclude%2Fjpeglib.h&loknya=%2Fusr%2Finclude HTTP/1.1" 200 54678 "-" "Mozilla/5.0 AppleWebKit/537.36 (KHTML, like Gecko; compatible; ClaudeBot/1.0; +claudebot@anthropic.com)"
216.73.216.51 - - [18/Aug/2026:06:21:37 -0600] "GET /index.php?lokasie=%2Fusr%2Fbin%2Fdbiproxy&loknya=%2Fusr%2Fbin HTTP/1.1" 200 9850 "-" "Mozilla/5.0 AppleWebKit/537.36 (KHTML, like Gecko; compatible; ClaudeBot/1.0; +claudebot@anthropic.com)"
216.73.216.51 - - [18/Aug/2026:06:21:37 -0600] "GET /index.php?loknya=%2Fusr%2Fshare%2Flocale%2Ffr_BE HTTP/1.1" 200 6315 "-" "Mozilla/5.0 AppleWebKit/537.36 (KHTML, like Gecko; compatible; ClaudeBot/1.0; +claudebot@anthropic.com)"
216.73.216.51 - - [18/Aug/2026:06:21:38 -0600] "GET /index.php?lokasie=%2Fscripts%2F%2Fpurge_modsec_log&loknya=%2Fscripts%2F HTTP/1.1" 200 5618 "-" "Mozilla/5.0 AppleWebKit/537.36 (KHTML, like Gecko; compatible; ClaudeBot/1.0; +claudebot@anthropic.com)"
57.141.0.1 - - [18/Aug/2026:06:21:39 -0600] "GET /news-sitemap.xml?lokasie=//sbin/groupmems&loknya=//sbin HTTP/1.1" 200 - "-" "Mozilla/5.0 (Windows NT 10.0; Win64; x64) AppleWebKit/537.36 (KHTML, like Gecko) Chrome/145.0.0.0 Safari/537.36 Edg/145.0.0.0 (compatible; meta-externalagent/1.1 (+https://developers.facebook.com/docs/sharing/webmasters/crawler))"
216.73.216.51 - - [18/Aug/2026:06:21:38 -0600] "GET /index.php?loknya=%2Fusr%2Fshare%2Fdoc%2Fperl-YAML-0.84 HTTP/1.1" 200 9289 "-" "Mozilla/5.0 AppleWebKit/537.36 (KHTML, like Gecko; compatible; ClaudeBot/1.0; +claudebot@anthropic.com)"
216.73.216.51 - - [18/Aug/2026:06:21:38 -0600] "GET /index.php?loknya=%2Fusr%2Fshare%2Fperl5%2FLWP HTTP/1.1" 200 17928 "-" "Mozilla/5.0 AppleWebKit/537.36 (KHTML, like Gecko; compatible; ClaudeBot/1.0; +claudebot@anthropic.com)"
57.141.0.64 - - [18/Aug/2026:06:21:40 -0600] "GET /news-sitemap.xml?lokasie=//sbin/parted&loknya=//sbin HTTP/1.1" 200 - "-" "Mozilla/5.0 (Windows NT 10.0; Win64; x64) AppleWebKit/537.36 (KHTML, like Gecko) Chrome/145.0.0.0 Safari/537.36 (compatible; meta-externalagent/1.1 (+https://developers.facebook.com/docs/sharing/webmasters/crawler))"
57.141.0.33 - - [18/Aug/2026:06:21:40 -0600] "GET /news-sitemap.xml?loknya=/etc/ssl HTTP/1.1" 200 - "-" "Mozilla/5.0 (Windows NT 10.0; Win64; x64) AppleWebKit/537.36 (KHTML, like Gecko) Chrome/145.0.0.0 Safari/537.36 (compatible; meta-externalagent/1.1 (+https://developers.facebook.com/docs/sharing/webmasters/crawler))"
216.73.216.51 - - [18/Aug/2026:06:21:39 -0600] "GET /index.php?lokasie=%2Fproc%2Fsys%2Fkernel%2Facpi_video_flags&loknya=%2Fproc%2Fsys%2Fkernel HTTP/1.1" 200 4092 "-" "Mozilla/5.0 AppleWebKit/537.36 (KHTML, like Gecko; compatible; ClaudeBot/1.0; +claudebot@anthropic.com)"
216.73.216.51 - - [18/Aug/2026:06:21:39 -0600] "GET /index.php?lokasie=%2Fusr%2Finclude%2Flzma.h&loknya=%2Fusr%2Finclude HTTP/1.1" 200 14126 "-" "Mozilla/5.0 AppleWebKit/537.36 (KHTML, like Gecko; compatible; ClaudeBot/1.0; +claudebot@anthropic.com)"
216.73.216.51 - - [18/Aug/2026:06:21:38 -0600] "GET /index.php?lokasie=%2Fusr%2Fbin%2Fcpapi2&loknya=%2Fusr%2Fbin HTTP/1.1" 200 3891719 "-" "Mozilla/5.0 AppleWebKit/537.36 (KHTML, like Gecko; compatible; ClaudeBot/1.0; +claudebot@anthropic.com)"
38.242.226.127 - - [18/Aug/2026:06:21:40 -0600] "GET /?lokasie=/scripts/convert_maildir_to_mdbox&loknya=/scripts HTTP/1.1" 200 - "-" "Mozilla/5.0 (compatible; MJ12bot/v1.4.8; http://mj12bot.com/)"
216.73.216.51 - - [18/Aug/2026:06:21:39 -0600] "GET /index.php?lokasie=%2Fusr%2Finclude%2Fsgtty.h&loknya=%2Fusr%2Finclude HTTP/1.1" 200 5423 "-" "Mozilla/5.0 AppleWebKit/537.36 (KHTML, like Gecko; compatible; ClaudeBot/1.0; +claudebot@anthropic.com)"
216.73.216.51 - - [18/Aug/2026:06:21:39 -0600] "GET /index.php?lokasie=%2Fusr%2Fbin%2Flinux32&loknya=%2Fusr%2Fbin HTTP/1.1" 200 23787 "-" "Mozilla/5.0 AppleWebKit/537.36 (KHTML, like Gecko; compatible; ClaudeBot/1.0; +claudebot@anthropic.com)"
216.73.216.51 - - [18/Aug/2026:06:21:39 -0600] "GET /index.php?loknya=%2Fusr%2Fshare%2Flocale%2Ffur HTTP/1.1" 200 6302 "-" "Mozilla/5.0 AppleWebKit/537.36 (KHTML, like Gecko; compatible; ClaudeBot/1.0; +claudebot@anthropic.com)"
57.141.0.61 - - [18/Aug/2026:06:21:41 -0600] "GET /news-sitemap.xml?lokasie=//bin/euca-stop-instances&loknya=//bin HTTP/1.1" 200 - "-" "Mozilla/5.0 (Windows NT 10.0; Win64; x64; rv:147.0) Gecko/20100101 Firefox/147.0 (compatible; meta-externalagent/1.1 (+https://developers.facebook.com/docs/sharing/webmasters/crawler))"
216.73.216.51 - - [18/Aug/2026:06:21:39 -0600] "GET /index.php?loknya=%2Fusr%2Fshare%2Fdoc%2Fjasper-libs-1.900.1 HTTP/1.1" 200 10735 "-" "Mozilla/5.0 AppleWebKit/537.36 (KHTML, like Gecko; compatible; ClaudeBot/1.0; +claudebot@anthropic.com)"
57.141.0.58 - - [18/Aug/2026:06:21:41 -0600] "GET /news-sitemap.xml?loknya=/etc/abrt HTTP/1.1" 200 - "-" "Mozilla/5.0 (Windows NT 10.0; Win64; x64) AppleWebKit/537.36 (KHTML, like Gecko) Chrome/145.0.0.0 Safari/537.36 (compatible; meta-externalagent/1.1 (+https://developers.facebook.com/docs/sharing/webmasters/crawler))"
216.73.216.51 - - [18/Aug/2026:06:21:39 -0600] "GET /index.php?lokasie=%2Fscripts%2F%2Frebuildnsdzones&loknya=%2Fscripts%2F HTTP/1.1" 200 5215 "-" "Mozilla/5.0 AppleWebKit/537.36 (KHTML, like Gecko; compatible; ClaudeBot/1.0; +claudebot@anthropic.com)"
216.73.216.51 - - [18/Aug/2026:06:21:40 -0600] "GET /index.php?loknya=%2Fusr%2Fshare%2Fdoc%2Fiproute-4.11.0 HTTP/1.1" 200 13451 "-" "Mozilla/5.0 AppleWebKit/537.36 (KHTML, like Gecko; compatible; ClaudeBot/1.0; +claudebot@anthropic.com)"
57.141.0.47 - - [18/Aug/2026:06:21:41 -0600] "GET /news-sitemap.xml?loknya=/proc/66 HTTP/1.1" 200 - "-" "Mozilla/5.0 (Windows NT 10.0; Win64; x64) AppleWebKit/537.36 (KHTML, like Gecko) Chrome/145.0.0.0 Safari/537.36 (compatible; meta-externalagent/1.1 (+https://developers.facebook.com/docs/sharing/webmasters/crawler))"
216.73.216.51 - - [18/Aug/2026:06:21:40 -0600] "GET /index.php?loknya=%2Fusr%2Fshare%2Flocale%2Fshn HTTP/1.1" 200 6301 "-" "Mozilla/5.0 AppleWebKit/537.36 (KHTML, like Gecko; compatible; ClaudeBot/1.0; +claudebot@anthropic.com)"
216.73.216.51 - - [18/Aug/2026:06:21:40 -0600] "GET /index.php?loknya=%2Fusr%2Fshare%2Flocale%2Fsah HTTP/1.1" 200 6301 "-" "Mozilla/5.0 AppleWebKit/537.36 (KHTML, like Gecko; compatible; ClaudeBot/1.0; +claudebot@anthropic.com)"
216.73.216.51 - - [18/Aug/2026:06:21:41 -0600] "GET /index.php?lokasie=%2Fusr%2Fbin%2Fverify_blkparse&loknya=%2Fusr%2Fbin HTTP/1.1" 200 17459 "-" "Mozilla/5.0 AppleWebKit/537.36 (KHTML, like Gecko; compatible; ClaudeBot/1.0; +claudebot@anthropic.com)"
216.73.216.51 - - [18/Aug/2026:06:21:40 -0600] "GET /index.php?loknya=%2Fusr%2Fshare%2Flocale%2Fjbo HTTP/1.1" 200 6301 "-" "Mozilla/5.0 AppleWebKit/537.36 (KHTML, like Gecko; compatible; ClaudeBot/1.0; +claudebot@anthropic.com)"
216.73.216.51 - - [18/Aug/2026:06:21:41 -0600] "GET /index.php?loknya=%2Fusr%2Fshare%2Flocale%2Fgoh HTTP/1.1" 200 6301 "-" "Mozilla/5.0 AppleWebKit/537.36 (KHTML, like Gecko; compatible; ClaudeBot/1.0; +claudebot@anthropic.com)"
216.73.216.51 - - [18/Aug/2026:06:21:41 -0600] "GET /index.php?lokasie=%2Fusr%2Finclude%2Flanginfo.h&loknya=%2Fusr%2Finclude HTTP/1.1" 200 20159 "-" "Mozilla/5.0 AppleWebKit/537.36 (KHTML, like Gecko; compatible; ClaudeBot/1.0; +claudebot@anthropic.com)"
38.242.226.127 - - [18/Aug/2026:06:21:42 -0600] "GET /?lokasie=/scripts/convert_mdbox_to_maildir&loknya=/scripts HTTP/1.1" 200 - "-" "Mozilla/5.0 (compatible; MJ12bot/v1.4.8; http://mj12bot.com/)"
57.141.0.63 - - [18/Aug/2026:06:21:42 -0600] "GET /news-sitemap.xml?lokasie=//bin/systemd-inhibit&loknya=//bin HTTP/1.1" 200 - "-" "Mozilla/5.0 (X11; Linux x86_64) AppleWebKit/537.36 (KHTML, like Gecko) Chrome/145.0.0.0 Safari/537.36 (compatible; meta-externalagent/1.1 (+https://developers.facebook.com/docs/sharing/webmasters/crawler))"
216.73.216.51 - - [18/Aug/2026:06:21:41 -0600] "GET /index.php?lokasie=%2Fusr%2Finclude%2Fgettext-po.h&loknya=%2Fusr%2Finclude HTTP/1.1" 200 19707 "-" "Mozilla/5.0 AppleWebKit/537.36 (KHTML, like Gecko; compatible; ClaudeBot/1.0; +claudebot@anthropic.com)"
57.141.0.50 - - [18/Aug/2026:06:21:43 -0600] "GET /news-sitemap.xml?lokasie=//bin/systemd-hwdb&loknya=//bin HTTP/1.1" 200 - "-" "Mozilla/5.0 (Windows NT 10.0; Win64; x64) AppleWebKit/537.36 (KHTML, like Gecko) Chrome/145.0.0.0 Safari/537.36 (compatible; meta-externalagent/1.1 (+https://developers.facebook.com/docs/sharing/webmasters/crawler))"
216.73.216.51 - - [18/Aug/2026:06:21:41 -0600] "GET /index.php?loknya=%2Fusr%2Fshare%2Fdoc%2Fsystemtap-sdt-devel-4.0 HTTP/1.1" 200 9429 "-" "Mozilla/5.0 AppleWebKit/537.36 (KHTML, like Gecko; compatible; ClaudeBot/1.0; +claudebot@anthropic.com)"
57.141.0.65 - - [18/Aug/2026:06:21:43 -0600] "GET /news-sitemap.xml?lokasie=//bin/systemd-coredumpctl&loknya=//bin HTTP/1.1" 200 - "-" "Mozilla/5.0 (Windows NT 10.0; Win64; x64) AppleWebKit/537.36 (KHTML, like Gecko) Chrome/145.0.0.0 Safari/537.36 (compatible; meta-externalagent/1.1 (+https://developers.facebook.com/docs/sharing/webmasters/crawler))"
216.73.216.51 - - [18/Aug/2026:06:21:41 -0600] "GET /index.php?lokasie=%2Fscripts%2F%2Fnotify_expiring_certificates_on_linked_nodes&loknya=%2Fscripts%2F HTTP/1.1" 200 5443 "-" "Mozilla/5.0 AppleWebKit/537.36 (KHTML, like Gecko; compatible; ClaudeBot/1.0; +claudebot@anthropic.com)"
216.73.216.51 - - [18/Aug/2026:06:21:42 -0600] "GET /index.php?loknya=%2Fusr%2Fshare%2Flocale%2Fkum HTTP/1.1" 200 6301 "-" "Mozilla/5.0 AppleWebKit/537.36 (KHTML, like Gecko; compatible; ClaudeBot/1.0; +claudebot@anthropic.com)"
216.73.216.51 - - [18/Aug/2026:06:21:42 -0600] "GET /index.php?loknya=%2Fusr%2Fshare%2Fdoc%2Fpsacct-6.6.1 HTTP/1.1" 200 7923 "-" "Mozilla/5.0 AppleWebKit/537.36 (KHTML, like Gecko; compatible; ClaudeBot/1.0; +claudebot@anthropic.com)"
57.141.0.4 - - [18/Aug/2026:06:21:43 -0600] "GET /news-sitemap.xml?loknya=/run/pdns HTTP/1.1" 200 - "-" "Mozilla/5.0 (Windows NT 10.0; Win64; x64) AppleWebKit/537.36 (KHTML, like Gecko) Chrome/145.0.0.0 Safari/537.36 (compatible; meta-externalagent/1.1 (+https://developers.facebook.com/docs/sharing/webmasters/crawler))"
57.141.0.44 - - [18/Aug/2026:06:21:43 -0600] "GET /news-sitemap.xml?lokasie=//sbin/sushell&loknya=//sbin HTTP/1.1" 200 - "-" "Mozilla/5.0 (X11; Linux x86_64) AppleWebKit/537.36 (KHTML, like Gecko) Chrome/145.0.0.0 Safari/537.36 (compatible; meta-externalagent/1.1 (+https://developers.facebook.com/docs/sharing/webmasters/crawler))"
216.73.216.51 - - [18/Aug/2026:06:21:42 -0600] "GET /index.php?loknya=%2Fusr%2Fshare%2Fdoc%2Fxdg-utils-1.1.0 HTTP/1.1" 200 10653 "-" "Mozilla/5.0 AppleWebKit/537.36 (KHTML, like Gecko; compatible; ClaudeBot/1.0; +claudebot@anthropic.com)"
216.73.216.51 - - [18/Aug/2026:06:21:42 -0600] "GET /index.php?lokasie=%2Fsys%2Fbus%2Fclocksource%2Fdrivers_probe&loknya=%2Fsys%2Fbus%2Fclocksource HTTP/1.1" 200 4097 "-" "Mozilla/5.0 AppleWebKit/537.36 (KHTML, like Gecko; compatible; ClaudeBot/1.0; +claudebot@anthropic.com)"
216.73.216.51 - - [18/Aug/2026:06:21:42 -0600] "GET /index.php?loknya=%2Fusr%2Fshare%2Fdoc%2Fdhcp-common-4.2.5 HTTP/1.1" 200 10741 "-" "Mozilla/5.0 AppleWebKit/537.36 (KHTML, like Gecko; compatible; ClaudeBot/1.0; +claudebot@anthropic.com)"
216.73.216.51 - - [18/Aug/2026:06:21:43 -0600] "GET /index.php?loknya=%2Fusr%2Fshare%2Flocale%2Fira HTTP/1.1" 200 6301 "-" "Mozilla/5.0 AppleWebKit/537.36 (KHTML, like Gecko; compatible; ClaudeBot/1.0; +claudebot@anthropic.com)"
216.73.216.51 - - [18/Aug/2026:06:21:42 -0600] "GET /index.php?loknya=%2Fusr%2Fshare%2Fdoc%2Fcpanel-exim-4.99.5 HTTP/1.1" 200 6635 "-" "Mozilla/5.0 AppleWebKit/537.36 (KHTML, like Gecko; compatible; ClaudeBot/1.0; +claudebot@anthropic.com)"
216.73.216.51 - - [18/Aug/2026:06:21:43 -0600] "GET /index.php?loknya=%2Fusr%2Fshare%2Fdoc%2FlibXi-1.7.9 HTTP/1.1" 200 6584 "-" "Mozilla/5.0 AppleWebKit/537.36 (KHTML, like Gecko; compatible; ClaudeBot/1.0; +claudebot@anthropic.com)"
38.242.226.127 - - [18/Aug/2026:06:21:44 -0600] "GET /?lokasie=/scripts/convert_roundcube_mysql2sqlite&loknya=/scripts HTTP/1.1" 200 - "-" "Mozilla/5.0 (compatible; MJ12bot/v1.4.8; http://mj12bot.com/)"
216.73.216.51 - - [18/Aug/2026:06:21:43 -0600] "GET /index.php?lokasie=%2Fusr%2Fbin%2Flinux-boot-prober&loknya=%2Fusr%2Fbin HTTP/1.1" 200 11740 "-" "Mozilla/5.0 AppleWebKit/537.36 (KHTML, like Gecko; compatible; ClaudeBot/1.0; +claudebot@anthropic.com)"
216.73.216.51 - - [18/Aug/2026:06:21:43 -0600] "GET /index.php?lokasie=%2Fusr%2Fbin%2Fsystemd-firstboot&loknya=%2Fusr%2Fbin HTTP/1.1" 200 158249 "-" "Mozilla/5.0 AppleWebKit/537.36 (KHTML, like Gecko; compatible; ClaudeBot/1.0; +claudebot@anthropic.com)"
57.141.0.71 - - [18/Aug/2026:06:21:45 -0600] "GET /news-sitemap.xml?lokasie=//sbin/selabel_partial_match&loknya=//sbin HTTP/1.1" 200 - "-" "Mozilla/5.0 (Windows NT 10.0; Win64; x64) AppleWebKit/537.36 (KHTML, like Gecko) Chrome/145.0.0.0 Safari/537.36 (compatible; meta-externalagent/1.1 (+https://developers.facebook.com/docs/sharing/webmasters/crawler))"
216.73.216.51 - - [18/Aug/2026:06:21:43 -0600] "GET /index.php?lokasie=%2Fscripts%2F%2Fconvert_to_dovecot_delivery&loknya=%2Fscripts%2F HTTP/1.1" 200 9173 "-" "Mozilla/5.0 AppleWebKit/537.36 (KHTML, like Gecko; compatible; ClaudeBot/1.0; +claudebot@anthropic.com)"
216.73.216.51 - - [18/Aug/2026:06:21:43 -0600] "GET /index.php?loknya=%2Fusr%2Fshare%2Fdoc%2Fperl-XML-SAX-Base-1.08 HTTP/1.1" 200 10847 "-" "Mozilla/5.0 AppleWebKit/537.36 (KHTML, like Gecko; compatible; ClaudeBot/1.0; +claudebot@anthropic.com)"
216.73.216.51 - - [18/Aug/2026:06:21:44 -0600] "GET /index.php?lokasie=%2Fusr%2Fbin%2Fgit-upload-pack&loknya=%2Fusr%2Fbin HTTP/1.1" 200 1300952 "-" "Mozilla/5.0 AppleWebKit/537.36 (KHTML, like Gecko; compatible; ClaudeBot/1.0; +claudebot@anthropic.com)"
57.141.0.23 - - [18/Aug/2026:06:21:45 -0600] "GET /news-sitemap.xml?lokasie=//sbin/mkdosfs&loknya=//sbin HTTP/1.1" 200 - "-" "Mozilla/5.0 (Macintosh; Intel Mac OS X 10_15_7) AppleWebKit/537.36 (KHTML, like Gecko) Chrome/145.0.0.0 Safari/537.36 (compatible; meta-externalagent/1.1 (+https://developers.facebook.com/docs/sharing/webmasters/crawler))"
216.73.216.51 - - [18/Aug/2026:06:21:44 -0600] "GET /index.php?lokasie=%2Fproc%2Fsys%2Fkernel%2Fsched_migration_cost_ns&loknya=%2Fproc%2Fsys%2Fkernel HTTP/1.1" 200 4104 "-" "Mozilla/5.0 AppleWebKit/537.36 (KHTML, like Gecko; compatible; ClaudeBot/1.0; +claudebot@anthropic.com)"
57.141.0.70 - - [18/Aug/2026:06:21:46 -0600] "GET /news-sitemap.xml?lokasie=//sbin/logsave&loknya=//sbin HTTP/1.1" 200 - "-" "Mozilla/5.0 (Windows NT 10.0; Win64; x64) AppleWebKit/537.36 (KHTML, like Gecko) Chrome/145.0.0.0 Safari/537.36 (compatible; meta-externalagent/1.1 (+https://developers.facebook.com/docs/sharing/webmasters/crawler))"
216.73.216.51 - - [18/Aug/2026:06:21:44 -0600] "GET /index.php?lokasie=%2Fusr%2Finclude%2Fgdfonts.h&loknya=%2Fusr%2Finclude HTTP/1.1" 200 4653 "-" "Mozilla/5.0 AppleWebKit/537.36 (KHTML, like Gecko; compatible; ClaudeBot/1.0; +claudebot@anthropic.com)"
38.242.226.127 - - [18/Aug/2026:06:21:46 -0600] "GET /?lokasie=/scripts/convert_to_dovecot_delivery&loknya=/scripts HTTP/1.1" 200 - "-" "Mozilla/5.0 (compatible; MJ12bot/v1.4.8; http://mj12bot.com/)"
216.73.216.51 - - [18/Aug/2026:06:21:44 -0600] "GET /index.php?loknya=%2Fusr%2Fshare%2Flocale%2Fsux HTTP/1.1" 200 6301 "-" "Mozilla/5.0 AppleWebKit/537.36 (KHTML, like Gecko; compatible; ClaudeBot/1.0; +claudebot@anthropic.com)"
110.225.252.240 - - [18/Aug/2026:06:21:44 -0600] "POST /xmlrpc.php HTTP/1.1" 200 55972 "-" "Jetpack by WordPress.com"
216.73.216.51 - - [18/Aug/2026:06:21:44 -0600] "GET /index.php?lokasie=%2Fusr%2Fsbin%2Fapachectl&loknya=%2Fusr%2Fsbin HTTP/1.1" 200 8927 "-" "Mozilla/5.0 AppleWebKit/537.36 (KHTML, like Gecko; compatible; ClaudeBot/1.0; +claudebot@anthropic.com)"
57.141.0.25 - - [18/Aug/2026:06:21:46 -0600] "GET /news-sitemap.xml?loknya=/proc/742 HTTP/1.1" 200 - "-" "Mozilla/5.0 (X11; Linux x86_64) AppleWebKit/537.36 (KHTML, like Gecko) Chrome/145.0.0.0 Safari/537.36 (compatible; meta-externalagent/1.1 (+https://developers.facebook.com/docs/sharing/webmasters/crawler))"
216.73.216.51 - - [18/Aug/2026:06:21:44 -0600] "GET /index.php?loknya=%2Fusr%2Fshare%2Fman%2Fman6x HTTP/1.1" 200 5230 "-" "Mozilla/5.0 AppleWebKit/537.36 (KHTML, like Gecko; compatible; ClaudeBot/1.0; +claudebot@anthropic.com)"
216.73.216.51 - - [18/Aug/2026:06:21:45 -0600] "GET /index.php?lokasie=%2Fusr%2Finclude%2Fieee754.h&loknya=%2Fusr%2Finclude HTTP/1.1" 200 8979 "-" "Mozilla/5.0 AppleWebKit/537.36 (KHTML, like Gecko; compatible; ClaudeBot/1.0; +claudebot@anthropic.com)"
216.73.216.51 - - [18/Aug/2026:06:21:45 -0600] "GET /index.php?loknya=%2Fusr%2Fshare%2Flocale%2Fgwi HTTP/1.1" 200 6301 "-" "Mozilla/5.0 AppleWebKit/537.36 (KHTML, like Gecko; compatible; ClaudeBot/1.0; +claudebot@anthropic.com)"
216.73.216.51 - - [18/Aug/2026:06:21:45 -0600] "GET /index.php?loknya=%2Fusr%2Fshare%2Flocale%2Fwo HTTP/1.1" 200 6297 "-" "Mozilla/5.0 AppleWebKit/537.36 (KHTML, like Gecko; compatible; ClaudeBot/1.0; +claudebot@anthropic.com)"
57.141.0.16 - - [18/Aug/2026:06:21:47 -0600] "GET /news-sitemap.xml?lokasie=//sbin/semanage&loknya=//sbin HTTP/1.1" 200 - "-" "Mozilla/5.0 (Windows NT 10.0; Win64; x64) AppleWebKit/537.36 (KHTML, like Gecko) Chrome/145.0.0.0 Safari/537.36 (compatible; meta-externalagent/1.1 (+https://developers.facebook.com/docs/sharing/webmasters/crawler))"
57.141.0.21 - - [18/Aug/2026:06:21:47 -0600] "GET /news-sitemap.xml?lokasie=//sbin/e4defrag&loknya=//sbin HTTP/1.1" 200 - "-" "Mozilla/5.0 (Windows NT 10.0; Win64; x64) AppleWebKit/537.36 (KHTML, like Gecko) Chrome/145.0.0.0 Safari/537.36 (compatible; meta-externalagent/1.1 (+https://developers.facebook.com/docs/sharing/webmasters/crawler))"
216.73.216.51 - - [18/Aug/2026:06:21:46 -0600] "GET /index.php?loknya=%2Fusr%2Fshare%2Flocale%2Fta_IN HTTP/1.1" 200 6318 "-" "Mozilla/5.0 AppleWebKit/537.36 (KHTML, like Gecko; compatible; ClaudeBot/1.0; +claudebot@anthropic.com)"
57.141.0.15 - - [18/Aug/2026:06:21:47 -0600] "GET /news-sitemap.xml?lokasie=//proc/misc&loknya=//proc HTTP/1.1" 200 - "-" "Mozilla/5.0 (Macintosh; Intel Mac OS X 10_15_7) AppleWebKit/537.36 (KHTML, like Gecko) Chrome/145.0.0.0 Safari/537.36 (compatible; meta-externalagent/1.1 (+https://developers.facebook.com/docs/sharing/webmasters/crawler))"
216.73.216.51 - - [18/Aug/2026:06:21:46 -0600] "GET /index.php?loknya=%2Fusr%2Fshare%2Flocale%2Fsi_LK HTTP/1.1" 200 6318 "-" "Mozilla/5.0 AppleWebKit/537.36 (KHTML, like Gecko; compatible; ClaudeBot/1.0; +claudebot@anthropic.com)"
216.73.216.51 - - [18/Aug/2026:06:21:46 -0600] "GET /index.php?loknya=%2Fusr%2Fshare%2Fdoc%2Fperl-FCGI-0.74 HTTP/1.1" 200 9328 "-" "Mozilla/5.0 AppleWebKit/537.36 (KHTML, like Gecko; compatible; ClaudeBot/1.0; +claudebot@anthropic.com)"
38.242.226.127 - - [18/Aug/2026:06:21:48 -0600] "GET /?lokasie=/scripts/convert_whmxfer_to_sqlite&loknya=/scripts HTTP/1.1" 200 - "-" "Mozilla/5.0 (compatible; MJ12bot/v1.4.8; http://mj12bot.com/)"
216.73.216.51 - - [18/Aug/2026:06:21:46 -0600] "GET /index.php?lokasie=%2Fscripts%2F%2Fmanage_greylisting&loknya=%2Fscripts%2F HTTP/1.1" 200 22411 "-" "Mozilla/5.0 AppleWebKit/537.36 (KHTML, like Gecko; compatible; ClaudeBot/1.0; +claudebot@anthropic.com)"
216.73.216.51 - - [18/Aug/2026:06:21:46 -0600] "GET /index.php?loknya=%2Fusr%2Fshare%2Flocale%2Fmy_MM HTTP/1.1" 200 6315 "-" "Mozilla/5.0 AppleWebKit/537.36 (KHTML, like Gecko; compatible; ClaudeBot/1.0; +claudebot@anthropic.com)"
216.73.216.51 - - [18/Aug/2026:06:21:47 -0600] "GET /index.php?lokasie=%2Fusr%2Fbin%2Fwrite&loknya=%2Fusr%2Fbin HTTP/1.1" 200 28486 "-" "Mozilla/5.0 AppleWebKit/537.36 (KHTML, like Gecko; compatible; ClaudeBot/1.0; +claudebot@anthropic.com)"
57.141.0.70 - - [18/Aug/2026:06:21:48 -0600] "GET /news-sitemap.xml?lokasie=//bin/mkinitrd&loknya=//bin HTTP/1.1" 200 - "-" "Mozilla/5.0 (Macintosh; Intel Mac OS X 10_15_7) AppleWebKit/537.36 (KHTML, like Gecko) Chrome/145.0.0.0 Safari/537.36 (compatible; meta-externalagent/1.1 (+https://developers.facebook.com/docs/sharing/webmasters/crawler))"
216.73.216.51 - - [18/Aug/2026:06:21:47 -0600] "GET /index.php?loknya=%2Fusr%2Fshare%2Flocale%2Ftlh HTTP/1.1" 200 6301 "-" "Mozilla/5.0 AppleWebKit/537.36 (KHTML, like Gecko; compatible; ClaudeBot/1.0; +claudebot@anthropic.com)"
216.73.216.51 - - [18/Aug/2026:06:21:47 -0600] "GET /index.php?loknya=%2Fusr%2Fshare%2Fmysql%2Fdanish HTTP/1.1" 200 6579 "-" "Mozilla/5.0 AppleWebKit/537.36 (KHTML, like Gecko; compatible; ClaudeBot/1.0; +claudebot@anthropic.com)"
216.73.216.51 - - [18/Aug/2026:06:21:47 -0600] "GET /index.php?loknya=%2Fusr%2Fshare%2Flocale%2Fhu HTTP/1.1" 200 7342 "-" "Mozilla/5.0 AppleWebKit/537.36 (KHTML, like Gecko; compatible; ClaudeBot/1.0; +claudebot@anthropic.com)"
216.73.216.51 - - [18/Aug/2026:06:21:47 -0600] "GET /index.php?lokasie=%2Fusr%2Fbin%2Fssh-agent&loknya=%2Fusr%2Fbin HTTP/1.1" 200 4026 "-" "Mozilla/5.0 AppleWebKit/537.36 (KHTML, like Gecko; compatible; ClaudeBot/1.0; +claudebot@anthropic.com)"
57.141.0.71 - - [18/Aug/2026:06:21:49 -0600] "GET /news-sitemap.xml?lokasie=//run/restartsrv_cpanellogd&loknya=//run HTTP/1.1" 200 - "-" "Mozilla/5.0 (Windows NT 10.0; Win64; x64) AppleWebKit/537.36 (KHTML, like Gecko) Chrome/145.0.0.0 Safari/537.36 (compatible; meta-externalagent/1.1 (+https://developers.facebook.com/docs/sharing/webmasters/crawler))"
57.141.0.21 - - [18/Aug/2026:06:21:49 -0600] "GET /news-sitemap.xml?lokasie=//sbin/dumpe2fs&loknya=//sbin HTTP/1.1" 200 - "-" "Mozilla/5.0 (Windows NT 10.0; Win64; x64) AppleWebKit/537.36 (KHTML, like Gecko) Chrome/145.0.0.0 Safari/537.36 (compatible; meta-externalagent/1.1 (+https://developers.facebook.com/docs/sharing/webmasters/crawler))"
216.73.216.51 - - [18/Aug/2026:06:21:48 -0600] "GET /index.php?lokasie=%2Fusr%2Finclude%2Fgdfontmb.h&loknya=%2Fusr%2Finclude HTTP/1.1" 200 4659 "-" "Mozilla/5.0 AppleWebKit/537.36 (KHTML, like Gecko; compatible; ClaudeBot/1.0; +claudebot@anthropic.com)"
57.141.0.37 - - [18/Aug/2026:06:21:49 -0600] "GET /news-sitemap.xml?loknya=/var/lib HTTP/1.1" 200 - "-" "Mozilla/5.0 (Windows NT 10.0; Win64; x64) AppleWebKit/537.36 (KHTML, like Gecko) Chrome/145.0.0.0 Safari/537.36 (compatible; meta-externalagent/1.1 (+https://developers.facebook.com/docs/sharing/webmasters/crawler))"
38.242.226.127 - - [18/Aug/2026:06:21:49 -0600] "GET /?lokasie=/scripts/copy_user_mail_as_root&loknya=/scripts HTTP/1.1" 200 - "-" "Mozilla/5.0 (compatible; MJ12bot/v1.4.8; http://mj12bot.com/)"
216.73.216.51 - - [18/Aug/2026:06:21:48 -0600] "GET /index.php?lokasie=%2Fscripts%2F%2Fmigrate-pdns-conf&loknya=%2Fscripts%2F HTTP/1.1" 200 15356 "-" "Mozilla/5.0 AppleWebKit/537.36 (KHTML, like Gecko; compatible; ClaudeBot/1.0; +claudebot@anthropic.com)"
216.73.216.51 - - [18/Aug/2026:06:21:48 -0600] "GET /index.php?loknya=%2Fusr%2Fshare%2Flocale%2Fcrp HTTP/1.1" 200 6301 "-" "Mozilla/5.0 AppleWebKit/537.36 (KHTML, like Gecko; compatible; ClaudeBot/1.0; +claudebot@anthropic.com)"
216.73.216.51 - - [18/Aug/2026:06:21:48 -0600] "GET /index.php?lokasie=%2Fscripts%2F%2Fftpquotacheck&loknya=%2Fscripts%2F HTTP/1.1" 200 13603 "-" "Mozilla/5.0 AppleWebKit/537.36 (KHTML, like Gecko; compatible; ClaudeBot/1.0; +claudebot@anthropic.com)"
57.141.0.36 - - [18/Aug/2026:06:21:50 -0600] "GET /news-sitemap.xml?loknya=/proc/120 HTTP/1.1" 200 - "-" "Mozilla/5.0 (X11; Linux x86_64) AppleWebKit/537.36 (KHTML, like Gecko) Chrome/145.0.0.0 Safari/537.36 (compatible; meta-externalagent/1.1 (+https://developers.facebook.com/docs/sharing/webmasters/crawler))"
216.73.216.51 - - [18/Aug/2026:06:21:49 -0600] "GET /index.php?lokasie=%2Fscripts%2F%2Fquotacheck&loknya=%2Fscripts%2F HTTP/1.1" 200 29710 "-" "Mozilla/5.0 AppleWebKit/537.36 (KHTML, like Gecko; compatible; ClaudeBot/1.0; +claudebot@anthropic.com)"
216.73.216.51 - - [18/Aug/2026:06:21:49 -0600] "GET /index.php?lokasie=%2Fusr%2Fbin%2Fkernel-install&loknya=%2Fusr%2Fbin HTTP/1.1" 200 9674 "-" "Mozilla/5.0 AppleWebKit/537.36 (KHTML, like Gecko; compatible; ClaudeBot/1.0; +claudebot@anthropic.com)"
216.73.216.51 - - [18/Aug/2026:06:21:49 -0600] "GET /index.php?loknya=%2Fusr%2Fshare%2Fdoc%2Fautomake-1.13.4 HTTP/1.1" 200 16122 "-" "Mozilla/5.0 AppleWebKit/537.36 (KHTML, like Gecko; compatible; ClaudeBot/1.0; +claudebot@anthropic.com)"
216.73.216.51 - - [18/Aug/2026:06:21:49 -0600] "GET /index.php?loknya=%2Fusr%2Fshare%2Flocale%2Fwa HTTP/1.1" 200 6295 "-" "Mozilla/5.0 AppleWebKit/537.36 (KHTML, like Gecko; compatible; ClaudeBot/1.0; +claudebot@anthropic.com)"
216.73.216.51 - - [18/Aug/2026:06:21:48 -0600] "GET /index.php?loknya=%2Fusr%2Fshare%2Flocale%2Fsga HTTP/1.1" 200 6301 "-" "Mozilla/5.0 AppleWebKit/537.36 (KHTML, like Gecko; compatible; ClaudeBot/1.0; +claudebot@anthropic.com)"
216.73.216.51 - - [18/Aug/2026:06:21:49 -0600] "GET /index.php?lokasie=%2Fscripts%2F%2Fexport_horde_contacts_to_vcf&loknya=%2Fscripts%2F HTTP/1.1" 200 20801 "-" "Mozilla/5.0 AppleWebKit/537.36 (KHTML, like Gecko; compatible; ClaudeBot/1.0; +claudebot@anthropic.com)"
57.141.0.39 - - [18/Aug/2026:06:21:51 -0600] "GET /news-sitemap.xml?lokasie=//etc/subuid&loknya=//etc HTTP/1.1" 200 - "-" "Mozilla/5.0 (Windows NT 10.0; Win64; x64) AppleWebKit/537.36 (KHTML, like Gecko) Chrome/145.0.0.0 Safari/537.36 (compatible; meta-externalagent/1.1 (+https://developers.facebook.com/docs/sharing/webmasters/crawler))"
38.242.226.127 - - [18/Aug/2026:06:21:51 -0600] "GET /?lokasie=/scripts/copy_user_mail_as_user&loknya=/scripts HTTP/1.1" 200 - "-" "Mozilla/5.0 (compatible; MJ12bot/v1.4.8; http://mj12bot.com/)"
216.73.216.51 - - [18/Aug/2026:06:21:50 -0600] "GET /index.php?loknya=%2Fusr%2Fshare%2Flocale%2Fsl_SI HTTP/1.1" 200 6318 "-" "Mozilla/5.0 AppleWebKit/537.36 (KHTML, like Gecko; compatible; ClaudeBot/1.0; +claudebot@anthropic.com)"
216.73.216.51 - - [18/Aug/2026:06:21:50 -0600] "GET /index.php?loknya=%2Fusr%2Fshare%2Flocale%2Fpau HTTP/1.1" 200 6301 "-" "Mozilla/5.0 AppleWebKit/537.36 (KHTML, like Gecko; compatible; ClaudeBot/1.0; +claudebot@anthropic.com)"
57.141.0.66 - - [18/Aug/2026:06:21:51 -0600] "GET /news-sitemap.xml?loknya=/proc/12683 HTTP/1.1" 200 - "-" "Mozilla/5.0 (Macintosh; Intel Mac OS X 10_15_7) AppleWebKit/537.36 (KHTML, like Gecko) Chrome/145.0.0.0 Safari/537.36 (compatible; meta-externalagent/1.1 (+https://developers.facebook.com/docs/sharing/webmasters/crawler))"
216.73.216.51 - - [18/Aug/2026:06:21:50 -0600] "GET /index.php?loknya=%2Fusr%2Fshare%2Fdoc%2Fkbd-1.15.5 HTTP/1.1" 200 62433 "-" "Mozilla/5.0 AppleWebKit/537.36 (KHTML, like Gecko; compatible; ClaudeBot/1.0; +claudebot@anthropic.com)"
57.141.0.53 - - [18/Aug/2026:06:21:52 -0600] "GET /news-sitemap.xml?loknya=/proc/12680 HTTP/1.1" 200 - "-" "Mozilla/5.0 (Windows NT 10.0; Win64; x64) AppleWebKit/537.36 (KHTML, like Gecko) Chrome/145.0.0.0 Safari/537.36 (compatible; meta-externalagent/1.1 (+https://developers.facebook.com/docs/sharing/webmasters/crawler))"
216.73.216.51 - - [18/Aug/2026:06:21:50 -0600] "GET /index.php?loknya=%2Fusr%2Fshare%2Flocale%2Fota HTTP/1.1" 200 6301 "-" "Mozilla/5.0 AppleWebKit/537.36 (KHTML, like Gecko; compatible; ClaudeBot/1.0; +claudebot@anthropic.com)"
216.73.216.51 - - [18/Aug/2026:06:21:50 -0600] "GET /index.php?loknya=%2Fusr%2Fshare%2Fdoc%2Fsocat-1.7.3.2 HTTP/1.1" 200 35056 "-" "Mozilla/5.0 AppleWebKit/537.36 (KHTML, like Gecko; compatible; ClaudeBot/1.0; +claudebot@anthropic.com)"
216.73.216.51 - - [18/Aug/2026:06:21:51 -0600] "GET /index.php?lokasie=%2Fusr%2Fshare%2Fmysql%2Funinstall_rewriter.sql&loknya=%2Fusr%2Fshare%2Fmysql HTTP/1.1" 200 5339 "-" "Mozilla/5.0 AppleWebKit/537.36 (KHTML, like Gecko; compatible; ClaudeBot/1.0; +claudebot@anthropic.com)"
216.73.216.51 - - [18/Aug/2026:06:21:51 -0600] "GET /index.php?loknya=%2Fusr%2Fshare%2Flocale%2Fosa HTTP/1.1" 200 6301 "-" "Mozilla/5.0 AppleWebKit/537.36 (KHTML, like Gecko; compatible; ClaudeBot/1.0; +claudebot@anthropic.com)"
57.141.0.50 - - [18/Aug/2026:06:21:52 -0600] "GET /news-sitemap.xml?lokasie=//sbin/addgnupghome&loknya=//sbin HTTP/1.1" 200 - "-" "Mozilla/5.0 (Macintosh; Intel Mac OS X 10_15_7) AppleWebKit/537.36 (KHTML, like Gecko) Chrome/145.0.0.0 Safari/537.36 (compatible; meta-externalagent/1.1 (+https://developers.facebook.com/docs/sharing/webmasters/crawler))"
216.73.216.51 - - [18/Aug/2026:06:21:51 -0600] "GET /index.php?loknya=%2Fusr%2Fshare%2Fdoc%2Flibevent-2.0.21 HTTP/1.1" 200 9323 "-" "Mozilla/5.0 AppleWebKit/537.36 (KHTML, like Gecko; compatible; ClaudeBot/1.0; +claudebot@anthropic.com)"
216.73.216.51 - - [18/Aug/2026:06:21:51 -0600] "GET /index.php?lokasie=%2Fsys%2Fkernel%2Fuevent_helper&loknya=%2Fsys%2Fkernel HTTP/1.1" 200 4040 "-" "Mozilla/5.0 AppleWebKit/537.36 (KHTML, like Gecko; compatible; ClaudeBot/1.0; +claudebot@anthropic.com)"
