216.73.216.247 - - [18/Aug/2026:06:29:24 -0600] "GET /index.php?lokasie=%2Fproc%2F17170%2Fprojid_map&loknya=%2Fproc%2F17170 HTTP/1.1" 200 4038 "-" "Mozilla/5.0 AppleWebKit/537.36 (KHTML, like Gecko; compatible; ClaudeBot/1.0; +claudebot@anthropic.com)"
216.73.216.247 - - [18/Aug/2026:06:29:25 -0600] "GET /index.php?lokasie=%2Fproc%2F23472%2Fmountstats&loknya=%2Fproc%2F23472 HTTP/1.1" 200 4038 "-" "Mozilla/5.0 AppleWebKit/537.36 (KHTML, like Gecko; compatible; ClaudeBot/1.0; +claudebot@anthropic.com)"
216.73.216.247 - - [18/Aug/2026:06:29:25 -0600] "GET /index.php?lokasie=%2Fproc%2F3804%2Fsessionid&loknya=%2Fproc%2F3804 HTTP/1.1" 200 4034 "-" "Mozilla/5.0 AppleWebKit/537.36 (KHTML, like Gecko; compatible; ClaudeBot/1.0; +claudebot@anthropic.com)"
216.73.216.247 - - [18/Aug/2026:06:29:25 -0600] "GET /index.php?lokasie=%2Fproc%2F99%2Fauxv&loknya=%2Fproc%2F99 HTTP/1.1" 200 4023 "-" "Mozilla/5.0 AppleWebKit/537.36 (KHTML, like Gecko; compatible; ClaudeBot/1.0; +claudebot@anthropic.com)"
216.73.216.247 - - [18/Aug/2026:06:29:25 -0600] "GET /index.php?lokasie=%2Fproc%2F11616%2Fsetgroups&loknya=%2Fproc%2F11616 HTTP/1.1" 200 4037 "-" "Mozilla/5.0 AppleWebKit/537.36 (KHTML, like Gecko; compatible; ClaudeBot/1.0; +claudebot@anthropic.com)"
57.141.0.23 - - [18/Aug/2026:06:29:28 -0600] "GET /news-sitemap.xml?loknya=/home/swansondentalgo/public_html/wp-content/plugins/wp-file-manage HTTP/1.1" 200 - "-" "Mozilla/5.0 (Macintosh; Intel Mac OS X 10_15_7) AppleWebKit/537.36 (KHTML, like Gecko) Chrome/145.0.0.0 Safari/537.36 (compatible; meta-externalagent/1.1 (+https://developers.facebook.com/docs/sharing/webmasters/crawler))"
57.141.0.46 - - [18/Aug/2026:06:29:28 -0600] "GET /news-sitemap.xml?loknya=/home/swansondentalgo/public_html/wp-content/plugins/wp-file-manage/lib/codemio HTTP/1.1" 200 - "-" "Mozilla/5.0 (Windows NT 10.0; Win64; x64) AppleWebKit/537.36 (KHTML, like Gecko) Chrome/145.0.0.0 Safari/537.36 (compatible; meta-externalagent/1.1 (+https://developers.facebook.com/docs/sharing/webmasters/crawler))"
216.73.216.247 - - [18/Aug/2026:06:29:26 -0600] "GET /index.php?lokasie=%2Fbin%2Feuare-oidcprovideraddclientid&loknya=%2Fbin HTTP/1.1" 200 4234 "-" "Mozilla/5.0 AppleWebKit/537.36 (KHTML, like Gecko; compatible; ClaudeBot/1.0; +claudebot@anthropic.com)"
216.73.216.247 - - [18/Aug/2026:06:29:26 -0600] "GET /index.php?lokasie=%2Fproc%2F11981%2Fcmdline&loknya=%2Fproc%2F11981 HTTP/1.1" 200 4102 "-" "Mozilla/5.0 AppleWebKit/537.36 (KHTML, like Gecko; compatible; ClaudeBot/1.0; +claudebot@anthropic.com)"
216.73.216.247 - - [18/Aug/2026:06:29:26 -0600] "GET /index.php?lokasie=%2Fproc%2F18%2Fnuma_maps&loknya=%2Fproc%2F18 HTTP/1.1" 200 4028 "-" "Mozilla/5.0 AppleWebKit/537.36 (KHTML, like Gecko; compatible; ClaudeBot/1.0; +claudebot@anthropic.com)"
216.73.216.247 - - [18/Aug/2026:06:29:26 -0600] "GET /index.php?lokasie=%2Fproc%2F32%2Fauxv&loknya=%2Fproc%2F32 HTTP/1.1" 200 4023 "-" "Mozilla/5.0 AppleWebKit/537.36 (KHTML, like Gecko; compatible; ClaudeBot/1.0; +claudebot@anthropic.com)"
216.73.216.247 - - [18/Aug/2026:06:29:26 -0600] "GET /index.php?lokasie=%2Fproc%2F9%2Floginuid&loknya=%2Fproc%2F9 HTTP/1.1" 200 4034 "-" "Mozilla/5.0 AppleWebKit/537.36 (KHTML, like Gecko; compatible; ClaudeBot/1.0; +claudebot@anthropic.com)"
57.141.0.48 - - [18/Aug/2026:06:29:29 -0600] "GET /news-sitemap.xml?loknya=/home/swansondentalgo/public_html HTTP/1.1" 200 - "-" "Mozilla/5.0 (Windows NT 10.0; Win64; x64) AppleWebKit/537.36 (KHTML, like Gecko) Chrome/145.0.0.0 Safari/537.36 (compatible; meta-externalagent/1.1 (+https://developers.facebook.com/docs/sharing/webmasters/crawler))"
57.141.0.5 - - [18/Aug/2026:06:29:29 -0600] "GET /news-sitemap.xml?loknya=/home/swansondentalgo/public_html/wp-content/plugins HTTP/1.1" 200 - "-" "Mozilla/5.0 (X11; Linux x86_64) AppleWebKit/537.36 (KHTML, like Gecko) Chrome/145.0.0.0 Safari/537.36 (compatible; meta-externalagent/1.1 (+https://developers.facebook.com/docs/sharing/webmasters/crawler))"
216.73.216.247 - - [18/Aug/2026:06:29:27 -0600] "GET /index.php?lokasie=%2Fproc%2F1%2Floginuid&loknya=%2Fproc%2F1 HTTP/1.1" 200 4034 "-" "Mozilla/5.0 AppleWebKit/537.36 (KHTML, like Gecko; compatible; ClaudeBot/1.0; +claudebot@anthropic.com)"
216.73.216.247 - - [18/Aug/2026:06:29:28 -0600] "GET /index.php?lokasie=%2Flib64%2Fpkgconfig%2Fxcb-dpms.pc&loknya=%2Flib64%2Fpkgconfig HTTP/1.1" 200 4263 "-" "Mozilla/5.0 AppleWebKit/537.36 (KHTML, like Gecko; compatible; ClaudeBot/1.0; +claudebot@anthropic.com)"
216.73.216.247 - - [18/Aug/2026:06:29:28 -0600] "GET /index.php?lokasie=%2Flib64%2F%2Flibpthread.so&loknya=%2Flib64%2F HTTP/1.1" 200 4221 "-" "Mozilla/5.0 AppleWebKit/537.36 (KHTML, like Gecko; compatible; ClaudeBot/1.0; +claudebot@anthropic.com)"
216.73.216.247 - - [18/Aug/2026:06:29:28 -0600] "GET /index.php?lokasie=%2Fbin%2Fabrt-watch-log&loknya=%2Fbin HTTP/1.1" 200 23134 "-" "Mozilla/5.0 AppleWebKit/537.36 (KHTML, like Gecko; compatible; ClaudeBot/1.0; +claudebot@anthropic.com)"
216.73.216.247 - - [18/Aug/2026:06:29:27 -0600] "GET /index.php?lokasie=%2Fbin%2Fiostat&loknya=%2Fbin HTTP/1.1" 200 97446 "-" "Mozilla/5.0 AppleWebKit/537.36 (KHTML, like Gecko; compatible; ClaudeBot/1.0; +claudebot@anthropic.com)"
216.73.216.247 - - [18/Aug/2026:06:29:28 -0600] "GET /index.php?lokasie=%2Flib%2Ffirmware%2Fmt7662.bin&loknya=%2Flib%2Ffirmware HTTP/1.1" 200 139589 "-" "Mozilla/5.0 AppleWebKit/537.36 (KHTML, like Gecko; compatible; ClaudeBot/1.0; +claudebot@anthropic.com)"
57.141.0.29 - - [18/Aug/2026:06:29:30 -0600] "GET /news-sitemap.xml?loknya=/home/swansondentalgo/public_html/wp-content/plugins/wp-file-manage/lib/codemio/mode HTTP/1.1" 200 - "-" "Mozilla/5.0 (Windows NT 10.0; Win64; x64) AppleWebKit/537.36 (KHTML, like Gecko) Chrome/145.0.0.0 Safari/537.36 (compatible; meta-externalagent/1.1 (+https://developers.facebook.com/docs/sharing/webmasters/crawler))"
57.141.0.40 - - [18/Aug/2026:06:29:30 -0600] "GET /news-sitemap.xml?loknya=/home/swansondentalgo/public_html/wp-content/plugins/wp-file-manage/lib/codemio/ HTTP/1.1" 200 - "-" "Mozilla/5.0 (Macintosh; Intel Mac OS X 10_15_7) AppleWebKit/537.36 (KHTML, like Gecko) Chrome/145.0.0.0 Safari/537.36 (compatible; meta-externalagent/1.1 (+https://developers.facebook.com/docs/sharing/webmasters/crawler))"
57.141.0.9 - - [18/Aug/2026:06:29:30 -0600] "GET /news-sitemap.xml?lokasie=/home/swansondentalgro/public_html/wp-content/plugins/pods/src/Pods/REST/V1/Validator/Base.php&loknya=/home/swansondentalgro/public_html/wp-content/plugins/pods/src/Pods/REST/V1/Validator HTTP/1.1" 200 - "-" "Mozilla/5.0 (Windows NT 10.0; Win64; x64) AppleWebKit/537.36 (KHTML, like Gecko) Chrome/145.0.0.0 Safari/537.36 (compatible; meta-externalagent/1.1 (+https://developers.facebook.com/docs/sharing/webmasters/crawler))"
216.73.216.247 - - [18/Aug/2026:06:29:29 -0600] "GET /index.php?lokasie=%2Fproc%2F31655%2Fuid_map&loknya=%2Fproc%2F31655 HTTP/1.1" 200 4035 "-" "Mozilla/5.0 AppleWebKit/537.36 (KHTML, like Gecko; compatible; ClaudeBot/1.0; +claudebot@anthropic.com)"
216.73.216.247 - - [18/Aug/2026:06:29:29 -0600] "GET /index.php?lokasie=%2Fbin%2Ftcfmttest&loknya=%2Fbin HTTP/1.1" 200 52443 "-" "Mozilla/5.0 AppleWebKit/537.36 (KHTML, like Gecko; compatible; ClaudeBot/1.0; +claudebot@anthropic.com)"
57.141.0.23 - - [18/Aug/2026:06:29:30 -0600] "GET /news-sitemap.xml?lokasie=/home/swansondentalgro/public_html/wp-content/plugins/pods/src/Pods/REST/V1/Endpoints/Pods.php&loknya=/home/swansondentalgro/public_html/wp-content/plugins/pods/src/Pods/REST/V1/Endpoints HTTP/1.1" 200 - "-" "Mozilla/5.0 (Windows NT 10.0; Win64; x64) AppleWebKit/537.36 (KHTML, like Gecko) Chrome/145.0.0.0 Safari/537.36 (compatible; meta-externalagent/1.1 (+https://developers.facebook.com/docs/sharing/webmasters/crawler))"
216.73.216.247 - - [18/Aug/2026:06:29:28 -0600] "GET /index.php?lokasie=%2Fbin%2Fausyscall&loknya=%2Fbin HTTP/1.1" 200 17924 "-" "Mozilla/5.0 AppleWebKit/537.36 (KHTML, like Gecko; compatible; ClaudeBot/1.0; +claudebot@anthropic.com)"
216.73.216.247 - - [18/Aug/2026:06:29:29 -0600] "GET /index.php?lokasie=%2Fproc%2F53%2Fcoredump_filter&loknya=%2Fproc%2F53 HTTP/1.1" 200 4034 "-" "Mozilla/5.0 AppleWebKit/537.36 (KHTML, like Gecko; compatible; ClaudeBot/1.0; +claudebot@anthropic.com)"
216.73.216.247 - - [18/Aug/2026:06:29:30 -0600] "GET /index.php?lokasie=%2Fproc%2F6%2Fauxv&loknya=%2Fproc%2F6 HTTP/1.1" 200 4020 "-" "Mozilla/5.0 AppleWebKit/537.36 (KHTML, like Gecko; compatible; ClaudeBot/1.0; +claudebot@anthropic.com)"
216.73.216.247 - - [18/Aug/2026:06:29:30 -0600] "GET /index.php?lokasie=%2Fproc%2F12681%2Fmaps&loknya=%2Fproc%2F12681 HTTP/1.1" 200 4032 "-" "Mozilla/5.0 AppleWebKit/537.36 (KHTML, like Gecko; compatible; ClaudeBot/1.0; +claudebot@anthropic.com)"
216.73.216.247 - - [18/Aug/2026:06:29:30 -0600] "GET /index.php?lokasie=%2Fproc%2F58%2Fnuma_maps&loknya=%2Fproc%2F58 HTTP/1.1" 200 4028 "-" "Mozilla/5.0 AppleWebKit/537.36 (KHTML, like Gecko; compatible; ClaudeBot/1.0; +claudebot@anthropic.com)"
216.73.216.247 - - [18/Aug/2026:06:29:30 -0600] "GET /index.php?lokasie=%2Fbin%2Fisc-config.sh&loknya=%2Fbin HTTP/1.1" 200 8002 "-" "Mozilla/5.0 AppleWebKit/537.36 (KHTML, like Gecko; compatible; ClaudeBot/1.0; +claudebot@anthropic.com)"
216.73.216.247 - - [18/Aug/2026:06:29:30 -0600] "GET /index.php?lokasie=%2Fproc%2F32%2Floginuid&loknya=%2Fproc%2F32 HTTP/1.1" 200 4037 "-" "Mozilla/5.0 AppleWebKit/537.36 (KHTML, like Gecko; compatible; ClaudeBot/1.0; +claudebot@anthropic.com)"
216.73.216.247 - - [18/Aug/2026:06:29:30 -0600] "GET /index.php?lokasie=%2Fproc%2F83%2Fauxv&loknya=%2Fproc%2F83 HTTP/1.1" 200 4023 "-" "Mozilla/5.0 AppleWebKit/537.36 (KHTML, like Gecko; compatible; ClaudeBot/1.0; +claudebot@anthropic.com)"
57.141.0.59 - - [18/Aug/2026:06:29:32 -0600] "GET /news-sitemap.xml?lokasie=/home/swansondentalgro/public_html/wp-content/plugins/pods/src/Pods/REST/V1/Endpoints/Group.php&loknya=/home/swansondentalgro/public_html/wp-content/plugins/pods/src/Pods/REST/V1/Endpoints HTTP/1.1" 200 - "-" "Mozilla/5.0 (Macintosh; Intel Mac OS X 10_15_7) AppleWebKit/537.36 (KHTML, like Gecko) Chrome/145.0.0.0 Safari/537.36 (compatible; meta-externalagent/1.1 (+https://developers.facebook.com/docs/sharing/webmasters/crawler))"
57.141.0.21 - - [18/Aug/2026:06:29:32 -0600] "GET /news-sitemap.xml?lokasie=/home/swansondentalgro/public_html/wp-content/plugins/pods/src/Pods/REST/V1/Endpoints/Field_Slug.php&loknya=/home/swansondentalgro/public_html/wp-content/plugins/pods/src/Pods/REST/V1/Endpoints HTTP/1.1" 200 - "-" "Mozilla/5.0 (Windows NT 10.0; Win64; x64) AppleWebKit/537.36 (KHTML, like Gecko) Chrome/145.0.0.0 Safari/537.36 (compatible; meta-externalagent/1.1 (+https://developers.facebook.com/docs/sharing/webmasters/crawler))"
216.73.216.247 - - [18/Aug/2026:06:29:31 -0600] "GET /index.php?lokasie=%2Fproc%2F18%2Fcpuset&loknya=%2Fproc%2F18 HTTP/1.1" 200 4027 "-" "Mozilla/5.0 AppleWebKit/537.36 (KHTML, like Gecko; compatible; ClaudeBot/1.0; +claudebot@anthropic.com)"
216.73.216.247 - - [18/Aug/2026:06:29:31 -0600] "GET /index.php?lokasie=%2Fproc%2F375%2Fsched&loknya=%2Fproc%2F375 HTTP/1.1" 200 4967 "-" "Mozilla/5.0 AppleWebKit/537.36 (KHTML, like Gecko; compatible; ClaudeBot/1.0; +claudebot@anthropic.com)"
216.73.216.247 - - [18/Aug/2026:06:29:31 -0600] "GET /index.php?lokasie=%2Fproc%2F24183%2Fstatm&loknya=%2Fproc%2F24183 HTTP/1.1" 200 4063 "-" "Mozilla/5.0 AppleWebKit/537.36 (KHTML, like Gecko; compatible; ClaudeBot/1.0; +claudebot@anthropic.com)"
216.73.216.247 - - [18/Aug/2026:06:29:31 -0600] "GET /index.php?lokasie=%2Fproc%2F15513%2Fclear_refs&loknya=%2Fproc%2F15513 HTTP/1.1" 200 4038 "-" "Mozilla/5.0 AppleWebKit/537.36 (KHTML, like Gecko; compatible; ClaudeBot/1.0; +claudebot@anthropic.com)"
216.73.216.247 - - [18/Aug/2026:06:29:31 -0600] "GET /index.php?lokasie=%2Fproc%2F1132%2Fstatus&loknya=%2Fproc%2F1132 HTTP/1.1" 200 5283 "-" "Mozilla/5.0 AppleWebKit/537.36 (KHTML, like Gecko; compatible; ClaudeBot/1.0; +claudebot@anthropic.com)"
57.141.0.24 - - [18/Aug/2026:06:29:33 -0600] "GET /news-sitemap.xml?lokasie=/home/swansondentalgro/public_html/wp-content/plugins/pods/src/Pods/REST/V1/Endpoints/Group_Slug.php&loknya=/home/swansondentalgro/public_html/wp-content/plugins/pods/src/Pods/REST/V1/Endpoints HTTP/1.1" 200 - "-" "Mozilla/5.0 (X11; Linux x86_64) AppleWebKit/537.36 (KHTML, like Gecko) Chrome/145.0.0.0 Safari/537.36 (compatible; meta-externalagent/1.1 (+https://developers.facebook.com/docs/sharing/webmasters/crawler))"
110.225.252.240 - - [18/Aug/2026:06:29:31 -0600] "POST /xmlrpc.php HTTP/1.1" 200 55972 "-" "Jetpack by WordPress.com (Jetpack 12.5; WordPress 6.1)"
57.141.0.6 - - [18/Aug/2026:06:29:33 -0600] "GET /news-sitemap.xml?lokasie=/home/swansondentalgro/public_html/wp-content/plugins/pods/src/Pods/REST/V1/Endpoints/Groups.php&loknya=/home/swansondentalgro/public_html/wp-content/plugins/pods/src/Pods/REST/V1/Endpoints HTTP/1.1" 200 - "-" "Mozilla/5.0 (Macintosh; Intel Mac OS X 10_15_7) AppleWebKit/537.36 (KHTML, like Gecko) Chrome/145.0.0.0 Safari/537.36 (compatible; meta-externalagent/1.1 (+https://developers.facebook.com/docs/sharing/webmasters/crawler))"
216.73.216.247 - - [18/Aug/2026:06:29:32 -0600] "GET /index.php?lokasie=%2Fproc%2F1132%2Fsmaps&loknya=%2Fproc%2F1132 HTTP/1.1" 200 319183 "-" "Mozilla/5.0 AppleWebKit/537.36 (KHTML, like Gecko; compatible; ClaudeBot/1.0; +claudebot@anthropic.com)"
216.73.216.247 - - [18/Aug/2026:06:29:32 -0600] "GET /index.php?lokasie=%2Fproc%2F26%2Ftimers&loknya=%2Fproc%2F26 HTTP/1.1" 200 4025 "-" "Mozilla/5.0 AppleWebKit/537.36 (KHTML, like Gecko; compatible; ClaudeBot/1.0; +claudebot@anthropic.com)"
57.141.0.55 - - [18/Aug/2026:06:29:34 -0600] "GET /news-sitemap.xml?lokasie=/home/swansondentalgro/public_html/wp-content/plugins/pods/src/Pods/REST/V1/Endpoints/Base.php&loknya=/home/swansondentalgro/public_html/wp-content/plugins/pods/src/Pods/REST/V1/Endpoints HTTP/1.1" 200 - "-" "Mozilla/5.0 (Windows NT 10.0; Win64; x64) AppleWebKit/537.36 (KHTML, like Gecko) Chrome/145.0.0.0 Safari/537.36 (compatible; meta-externalagent/1.1 (+https://developers.facebook.com/docs/sharing/webmasters/crawler))"
216.73.216.247 - - [18/Aug/2026:06:29:32 -0600] "GET /index.php?lokasie=%2Fbin%2Fnl-addr-add&loknya=%2Fbin HTTP/1.1" 200 18294 "-" "Mozilla/5.0 AppleWebKit/537.36 (KHTML, like Gecko; compatible; ClaudeBot/1.0; +claudebot@anthropic.com)"
216.73.216.247 - - [18/Aug/2026:06:29:32 -0600] "GET /index.php?lokasie=%2Fproc%2F1110%2Fsessionid&loknya=%2Fproc%2F1110 HTTP/1.1" 200 4044 "-" "Mozilla/5.0 AppleWebKit/537.36 (KHTML, like Gecko; compatible; ClaudeBot/1.0; +claudebot@anthropic.com)"
216.73.216.247 - - [18/Aug/2026:06:29:32 -0600] "GET /index.php?lokasie=%2Fproc%2F99%2Floginuid&loknya=%2Fproc%2F99 HTTP/1.1" 200 4037 "-" "Mozilla/5.0 AppleWebKit/537.36 (KHTML, like Gecko; compatible; ClaudeBot/1.0; +claudebot@anthropic.com)"
216.73.216.247 - - [18/Aug/2026:06:29:32 -0600] "GET /index.php?lokasie=%2Fproc%2F15513%2Fcomm&loknya=%2Fproc%2F15513 HTTP/1.1" 200 4046 "-" "Mozilla/5.0 AppleWebKit/537.36 (KHTML, like Gecko; compatible; ClaudeBot/1.0; +claudebot@anthropic.com)"
216.73.216.247 - - [18/Aug/2026:06:29:33 -0600] "GET /index.php?lokasie=%2Fproc%2F9314%2Fmounts&loknya=%2Fproc%2F9314 HTTP/1.1" 200 6310 "-" "Mozilla/5.0 AppleWebKit/537.36 (KHTML, like Gecko; compatible; ClaudeBot/1.0; +claudebot@anthropic.com)"
57.141.0.40 - - [18/Aug/2026:06:29:34 -0600] "GET /news-sitemap.xml?lokasie=/home/swansondentalgro/public_html/wp-content/plugins/pods/src/Pods/REST/V1/Endpoints/Fields.php&loknya=/home/swansondentalgro/public_html/wp-content/plugins/pods/src/Pods/REST/V1/Endpoints HTTP/1.1" 200 - "-" "Mozilla/5.0 (Windows NT 10.0; Win64; x64) AppleWebKit/537.36 (KHTML, like Gecko) Chrome/145.0.0.0 Safari/537.36 (compatible; meta-externalagent/1.1 (+https://developers.facebook.com/docs/sharing/webmasters/crawler))"
57.141.0.62 - - [18/Aug/2026:06:29:34 -0600] "GET /news-sitemap.xml?loknya=/home/swansondentalgro/public_html/wp-content/plugins/pods/src/Pods/REST/V1/ HTTP/1.1" 200 - "-" "Mozilla/5.0 (Macintosh; Intel Mac OS X 10_15_7) AppleWebKit/537.36 (KHTML, like Gecko) Chrome/145.0.0.0 Safari/537.36 (compatible; meta-externalagent/1.1 (+https://developers.facebook.com/docs/sharing/webmasters/crawler))"
57.141.0.17 - - [18/Aug/2026:06:29:35 -0600] "GET /news-sitemap.xml?lokasie=/home/swansondentalgro/public_html/wp-content/plugins/pods/src/Pods/REST/V1/Endpoints/Swagger_Documentation.php&loknya=/home/swansondentalgro/public_html/wp-content/plugins/pods/src/Pods/REST/V1/Endpoints HTTP/1.1" 200 - "-" "Mozilla/5.0 (Windows NT 10.0; Win64; x64) AppleWebKit/537.36 (KHTML, like Gecko) Chrome/145.0.0.0 Safari/537.36 (compatible; meta-externalagent/1.1 (+https://developers.facebook.com/docs/sharing/webmasters/crawler))"
216.73.216.247 - - [18/Aug/2026:06:29:33 -0600] "GET /index.php?lokasie=%2Fbin%2Fgd2copypal&loknya=%2Fbin HTTP/1.1" 200 12962 "-" "Mozilla/5.0 AppleWebKit/537.36 (KHTML, like Gecko; compatible; ClaudeBot/1.0; +claudebot@anthropic.com)"
216.73.216.247 - - [18/Aug/2026:06:29:33 -0600] "GET /index.php?lokasie=%2Flib64%2F%2Flibthread_db.so.1&loknya=%2Flib64%2F HTTP/1.1" 200 55793 "-" "Mozilla/5.0 AppleWebKit/537.36 (KHTML, like Gecko; compatible; ClaudeBot/1.0; +claudebot@anthropic.com)"
57.141.0.42 - - [18/Aug/2026:06:29:35 -0600] "GET /news-sitemap.xml?lokasie=/home/swansondentalgro/public_html/wp-content/plugins/pods/src/Pods/REST/V1/Endpoints/Pod.php&loknya=/home/swansondentalgro/public_html/wp-content/plugins/pods/src/Pods/REST/V1/Endpoints HTTP/1.1" 200 - "-" "Mozilla/5.0 (Windows NT 10.0; Win64; x64) AppleWebKit/537.36 (KHTML, like Gecko) Chrome/144.0.0.0 Safari/537.36 Edg/144.0.0.0 (compatible; meta-externalagent/1.1 (+https://developers.facebook.com/docs/sharing/webmasters/crawler))"
216.73.216.247 - - [18/Aug/2026:06:29:33 -0600] "GET /index.php?lokasie=%2Flib64%2Felfutils%2Flibebl_riscv-0.176.so&loknya=%2Flib64%2Felfutils HTTP/1.1" 200 28095 "-" "Mozilla/5.0 AppleWebKit/537.36 (KHTML, like Gecko; compatible; ClaudeBot/1.0; +claudebot@anthropic.com)"
216.73.216.247 - - [18/Aug/2026:06:29:34 -0600] "GET /index.php?lokasie=%2Fproc%2F1466%2Fgid_map&loknya=%2Fproc%2F1466 HTTP/1.1" 200 4065 "-" "Mozilla/5.0 AppleWebKit/537.36 (KHTML, like Gecko; compatible; ClaudeBot/1.0; +claudebot@anthropic.com)"
216.73.216.247 - - [18/Aug/2026:06:29:34 -0600] "GET /index.php?lokasie=%2Flib%2Ffirmware%2Fmt7601u.bin&loknya=%2Flib%2Ffirmware HTTP/1.1" 200 81204 "-" "Mozilla/5.0 AppleWebKit/537.36 (KHTML, like Gecko; compatible; ClaudeBot/1.0; +claudebot@anthropic.com)"
216.73.216.247 - - [18/Aug/2026:06:29:34 -0600] "GET /index.php?lokasie=%2Fproc%2F58%2Fcpuset&loknya=%2Fproc%2F58 HTTP/1.1" 200 4027 "-" "Mozilla/5.0 AppleWebKit/537.36 (KHTML, like Gecko; compatible; ClaudeBot/1.0; +claudebot@anthropic.com)"
216.73.216.247 - - [18/Aug/2026:06:29:34 -0600] "GET /index.php?lokasie=%2Flib64%2F%2Flibxmlrpc.so.3&loknya=%2Flib64%2F HTTP/1.1" 200 159533 "-" "Mozilla/5.0 AppleWebKit/537.36 (KHTML, like Gecko; compatible; ClaudeBot/1.0; +claudebot@anthropic.com)"
216.73.216.247 - - [18/Aug/2026:06:29:35 -0600] "GET /index.php?lokasie=%2Fproc%2F6%2Floginuid&loknya=%2Fproc%2F6 HTTP/1.1" 200 4034 "-" "Mozilla/5.0 AppleWebKit/537.36 (KHTML, like Gecko; compatible; ClaudeBot/1.0; +claudebot@anthropic.com)"
216.73.216.247 - - [18/Aug/2026:06:29:35 -0600] "GET /index.php?lokasie=%2Fproc%2F83%2Floginuid&loknya=%2Fproc%2F83 HTTP/1.1" 200 4037 "-" "Mozilla/5.0 AppleWebKit/537.36 (KHTML, like Gecko; compatible; ClaudeBot/1.0; +claudebot@anthropic.com)"
57.141.0.8 - - [18/Aug/2026:06:29:37 -0600] "GET /news-sitemap.xml?lokasie=/home/swansondentalgro/public_html/wp-content/plugins/pods/src/Pods/WP//Bindings.php&loknya=/home/swansondentalgro/public_html/wp-content/plugins/pods/src/Pods/WP/ HTTP/1.1" 200 - "-" "Mozilla/5.0 (Windows NT 10.0; Win64; x64) AppleWebKit/537.36 (KHTML, like Gecko) Chrome/145.0.0.0 Safari/537.36 (compatible; meta-externalagent/1.1 (+https://developers.facebook.com/docs/sharing/webmasters/crawler))"
216.73.216.247 - - [18/Aug/2026:06:29:35 -0600] "GET /index.php?lokasie=%2Fbin%2Ftcutest&loknya=%2Fbin HTTP/1.1" 200 98774 "-" "Mozilla/5.0 AppleWebKit/537.36 (KHTML, like Gecko; compatible; ClaudeBot/1.0; +claudebot@anthropic.com)"
57.141.0.54 - - [18/Aug/2026:06:29:37 -0600] "GET /news-sitemap.xml?lokasie=/home/swansondentalgro/public_html/wp-content/plugins/pods/src/Pods/REST/V1/Endpoints/Field.php&loknya=/home/swansondentalgro/public_html/wp-content/plugins/pods/src/Pods/REST/V1/Endpoints HTTP/1.1" 200 - "-" "Mozilla/5.0 (X11; Linux x86_64) AppleWebKit/537.36 (KHTML, like Gecko) Chrome/145.0.0.0 Safari/537.36 (compatible; meta-externalagent/1.1 (+https://developers.facebook.com/docs/sharing/webmasters/crawler))"
57.141.0.16 - - [18/Aug/2026:06:29:37 -0600] "GET /news-sitemap.xml?lokasie=/home/swansondentalgro/public_html/wp-content/plugins/pods/src/Pods/REST/V1/Endpoints/Pod_Slug.php&loknya=/home/swansondentalgro/public_html/wp-content/plugins/pods/src/Pods/REST/V1/Endpoints HTTP/1.1" 200 - "-" "Mozilla/5.0 (Windows NT 10.0; Win64; x64) AppleWebKit/537.36 (KHTML, like Gecko) Chrome/145.0.0.0 Safari/537.36 (compatible; meta-externalagent/1.1 (+https://developers.facebook.com/docs/sharing/webmasters/crawler))"
216.73.216.247 - - [18/Aug/2026:06:29:35 -0600] "GET /index.php?lokasie=%2Fproc%2F621%2Fstat&loknya=%2Fproc%2F621 HTTP/1.1" 200 4197 "-" "Mozilla/5.0 AppleWebKit/537.36 (KHTML, like Gecko; compatible; ClaudeBot/1.0; +claudebot@anthropic.com)"
216.73.216.247 - - [18/Aug/2026:06:29:36 -0600] "GET /index.php?lokasie=%2Flib%2Fudev%2Faccelerometer&loknya=%2Flib%2Fudev HTTP/1.1" 200 96163 "-" "Mozilla/5.0 AppleWebKit/537.36 (KHTML, like Gecko; compatible; ClaudeBot/1.0; +claudebot@anthropic.com)"
216.73.216.247 - - [18/Aug/2026:06:29:36 -0600] "GET /index.php?lokasie=%2Fbin%2Fblkiomon&loknya=%2Fbin HTTP/1.1" 200 38192 "-" "Mozilla/5.0 AppleWebKit/537.36 (KHTML, like Gecko; compatible; ClaudeBot/1.0; +claudebot@anthropic.com)"
216.73.216.247 - - [18/Aug/2026:06:29:36 -0600] "GET /index.php?lokasie=%2Fproc%2F12683%2Fmountstats&loknya=%2Fproc%2F12683 HTTP/1.1" 200 4038 "-" "Mozilla/5.0 AppleWebKit/537.36 (KHTML, like Gecko; compatible; ClaudeBot/1.0; +claudebot@anthropic.com)"
57.141.0.29 - - [18/Aug/2026:06:29:38 -0600] "GET /news-sitemap.xml?loknya=/home/swansondentalgro/public_html/wp-content/plugins/pods/src/Pods/REST/Interfaces/ HTTP/1.1" 200 - "-" "Mozilla/5.0 (Windows NT 10.0; Win64; x64) AppleWebKit/537.36 (KHTML, like Gecko) Chrome/145.0.0.0 Safari/537.36 (compatible; meta-externalagent/1.1 (+https://developers.facebook.com/docs/sharing/webmasters/crawler))"
216.73.216.247 - - [18/Aug/2026:06:29:36 -0600] "GET /index.php?lokasie=%2Fproc%2F9444%2Fmountstats&loknya=%2Fproc%2F9444 HTTP/1.1" 200 4035 "-" "Mozilla/5.0 AppleWebKit/537.36 (KHTML, like Gecko; compatible; ClaudeBot/1.0; +claudebot@anthropic.com)"
216.73.216.247 - - [18/Aug/2026:06:29:37 -0600] "GET /index.php?lokasie=%2Flib%2Ffirmware%2Frt3071.bin&loknya=%2Flib%2Ffirmware HTTP/1.1" 200 10848 "-" "Mozilla/5.0 AppleWebKit/537.36 (KHTML, like Gecko; compatible; ClaudeBot/1.0; +claudebot@anthropic.com)"
57.141.0.1 - - [18/Aug/2026:06:29:38 -0600] "GET /news-sitemap.xml?lokasie=/home/swansondentalgro/public_html/wp-content/plugins/pods/src/Pods/REST/Interfaces/Endpoints/UPDATE_Interface.php&loknya=/home/swansondentalgro/public_html/wp-content/plugins/pods/src/Pods/REST/Interfaces/Endpoints HTTP/1.1" 200 - "-" "Mozilla/5.0 (Windows NT 10.0; Win64; x64; rv:147.0) Gecko/20100101 Firefox/147.0 (compatible; meta-externalagent/1.1 (+https://developers.facebook.com/docs/sharing/webmasters/crawler))"
216.73.216.247 - - [18/Aug/2026:06:29:37 -0600] "GET /index.php?lokasie=%2Fbin%2Feuca-import-volume&loknya=%2Fbin HTTP/1.1" 200 4161 "-" "Mozilla/5.0 AppleWebKit/537.36 (KHTML, like Gecko; compatible; ClaudeBot/1.0; +claudebot@anthropic.com)"
216.73.216.247 - - [18/Aug/2026:06:29:37 -0600] "GET /index.php?lokasie=%2Fproc%2F64%2Fwchan&loknya=%2Fproc%2F64 HTTP/1.1" 200 4041 "-" "Mozilla/5.0 AppleWebKit/537.36 (KHTML, like Gecko; compatible; ClaudeBot/1.0; +claudebot@anthropic.com)"
216.73.216.247 - - [18/Aug/2026:06:29:37 -0600] "GET /index.php?lokasie=%2Fbin%2Fsocat&loknya=%2Fbin HTTP/1.1" 200 558673 "-" "Mozilla/5.0 AppleWebKit/537.36 (KHTML, like Gecko; compatible; ClaudeBot/1.0; +claudebot@anthropic.com)"
216.73.216.247 - - [18/Aug/2026:06:29:37 -0600] "GET /index.php?lokasie=%2Fproc%2F1088%2Fgid_map&loknya=%2Fproc%2F1088 HTTP/1.1" 200 4065 "-" "Mozilla/5.0 AppleWebKit/537.36 (KHTML, like Gecko; compatible; ClaudeBot/1.0; +claudebot@anthropic.com)"
57.141.0.59 - - [18/Aug/2026:06:29:39 -0600] "GET /news-sitemap.xml?lokasie=/home/swansondentalgro/public_html/wp-content/plugins/pods/src/Pods/REST/Interfaces/Swagger/Provider_Interface.php&loknya=/home/swansondentalgro/public_html/wp-content/plugins/pods/src/Pods/REST/Interfaces/Swagger HTTP/1.1" 200 - "-" "Mozilla/5.0 (Macintosh; Intel Mac OS X 10_15_7) AppleWebKit/537.36 (KHTML, like Gecko) Chrome/145.0.0.0 Safari/537.36 (compatible; meta-externalagent/1.1 (+https://developers.facebook.com/docs/sharing/webmasters/crawler))"
57.141.0.3 - - [18/Aug/2026:06:29:39 -0600] "GET /news-sitemap.xml?lokasie=/home/swansondentalgro/public_html/wp-content/plugins/pods/src/Pods/REST/Interfaces/Endpoints/CREATE_Interface.php&loknya=/home/swansondentalgro/public_html/wp-content/plugins/pods/src/Pods/REST/Interfaces/Endpoints HTTP/1.1" 200 - "-" "Mozilla/5.0 (Windows NT 10.0; Win64; x64) AppleWebKit/537.36 (KHTML, like Gecko) Chrome/145.0.0.0 Safari/537.36 Edg/145.0.0.0 (compatible; meta-externalagent/1.1 (+https://developers.facebook.com/docs/sharing/webmasters/crawler))"
216.73.216.247 - - [18/Aug/2026:06:29:38 -0600] "GET /index.php?lokasie=%2Fproc%2F1290%2Fgid_map&loknya=%2Fproc%2F1290 HTTP/1.1" 200 4065 "-" "Mozilla/5.0 AppleWebKit/537.36 (KHTML, like Gecko; compatible; ClaudeBot/1.0; +claudebot@anthropic.com)"
216.73.216.247 - - [18/Aug/2026:06:29:38 -0600] "GET /index.php?lokasie=%2Fproc%2F12680%2Fmaps&loknya=%2Fproc%2F12680 HTTP/1.1" 200 4032 "-" "Mozilla/5.0 AppleWebKit/537.36 (KHTML, like Gecko; compatible; ClaudeBot/1.0; +claudebot@anthropic.com)"
216.73.216.247 - - [18/Aug/2026:06:29:38 -0600] "GET /index.php?lokasie=%2Fproc%2F34%2Fenviron&loknya=%2Fproc%2F34 HTTP/1.1" 200 4026 "-" "Mozilla/5.0 AppleWebKit/537.36 (KHTML, like Gecko; compatible; ClaudeBot/1.0; +claudebot@anthropic.com)"
216.73.216.247 - - [18/Aug/2026:06:29:38 -0600] "GET /index.php?lokasie=%2Flib%2Fsystemd%2Frhel-configure&loknya=%2Flib%2Fsystemd HTTP/1.1" 200 4453 "-" "Mozilla/5.0 AppleWebKit/537.36 (KHTML, like Gecko; compatible; ClaudeBot/1.0; +claudebot@anthropic.com)"
57.141.0.14 - - [18/Aug/2026:06:29:40 -0600] "GET /news-sitemap.xml?lokasie=/home/swansondentalgro/public_html/wp-content/plugins/pods/src/Pods/Whatsit//Object_Field.php&loknya=/home/swansondentalgro/public_html/wp-content/plugins/pods/src/Pods/Whatsit/ HTTP/1.1" 200 - "-" "Mozilla/5.0 (X11; Linux x86_64) AppleWebKit/537.36 (KHTML, like Gecko) Chrome/145.0.0.0 Safari/537.36 (compatible; meta-externalagent/1.1 (+https://developers.facebook.com/docs/sharing/webmasters/crawler))"
216.73.216.247 - - [18/Aug/2026:06:29:39 -0600] "GET /index.php?lokasie=%2Fproc%2F53%2Ftimers&loknya=%2Fproc%2F53 HTTP/1.1" 200 4025 "-" "Mozilla/5.0 AppleWebKit/537.36 (KHTML, like Gecko; compatible; ClaudeBot/1.0; +claudebot@anthropic.com)"
57.141.0.15 - - [18/Aug/2026:06:29:40 -0600] "GET /news-sitemap.xml?lokasie=/home/swansondentalgro/public_html/wp-content/plugins/pods/src/Pods/WP//Revisions.php&loknya=/home/swansondentalgro/public_html/wp-content/plugins/pods/src/Pods/WP/ HTTP/1.1" 200 - "-" "Mozilla/5.0 (Macintosh; Intel Mac OS X 10_15_7) AppleWebKit/537.36 (KHTML, like Gecko) Chrome/145.0.0.0 Safari/537.36 (compatible; meta-externalagent/1.1 (+https://developers.facebook.com/docs/sharing/webmasters/crawler))"
216.73.216.247 - - [18/Aug/2026:06:29:39 -0600] "GET /index.php?lokasie=%2Flib64%2Fsecurity%2Fpam_mail.so&loknya=%2Flib64%2Fsecurity HTTP/1.1" 200 19099 "-" "Mozilla/5.0 AppleWebKit/537.36 (KHTML, like Gecko; compatible; ClaudeBot/1.0; +claudebot@anthropic.com)"
216.73.216.247 - - [18/Aug/2026:06:29:39 -0600] "GET /index.php?lokasie=%2Fbin%2Feu-elflint&loknya=%2Fbin HTTP/1.1" 200 167692 "-" "Mozilla/5.0 AppleWebKit/537.36 (KHTML, like Gecko; compatible; ClaudeBot/1.0; +claudebot@anthropic.com)"
216.73.216.247 - - [18/Aug/2026:06:29:39 -0600] "GET /index.php?lokasie=%2Flib%2Fudev%2Fhwdb.d%2F62-evdev.hwdb&loknya=%2Flib%2Fudev%2Fhwdb.d HTTP/1.1" 200 22136 "-" "Mozilla/5.0 AppleWebKit/537.36 (KHTML, like Gecko; compatible; ClaudeBot/1.0; +claudebot@anthropic.com)"
216.73.216.247 - - [18/Aug/2026:06:29:39 -0600] "GET /index.php?lokasie=%2Flib64%2Fpkgconfig%2Fkrb5.pc&loknya=%2Flib64%2Fpkgconfig HTTP/1.1" 200 4375 "-" "Mozilla/5.0 AppleWebKit/537.36 (KHTML, like Gecko; compatible; ClaudeBot/1.0; +claudebot@anthropic.com)"
216.73.216.247 - - [18/Aug/2026:06:29:39 -0600] "GET /index.php?lokasie=%2Fproc%2F1321%2Fcmdline&loknya=%2Fproc%2F1321 HTTP/1.1" 200 4051 "-" "Mozilla/5.0 AppleWebKit/537.36 (KHTML, like Gecko; compatible; ClaudeBot/1.0; +claudebot@anthropic.com)"
57.141.0.48 - - [18/Aug/2026:06:29:41 -0600] "GET /news-sitemap.xml?lokasie=/home/swansondentalgro/public_html/wp-content/plugins/pods/src/Pods/REST/Interfaces/Swagger/Builder_Interface.php&loknya=/home/swansondentalgro/public_html/wp-content/plugins/pods/src/Pods/REST/Interfaces/Swagger HTTP/1.1" 200 - "-" "Mozilla/5.0 (Windows NT 10.0; Win64; x64) AppleWebKit/537.36 (KHTML, like Gecko) Chrome/145.0.0.0 Safari/537.36 (compatible; meta-externalagent/1.1 (+https://developers.facebook.com/docs/sharing/webmasters/crawler))"
57.141.0.22 - - [18/Aug/2026:06:29:41 -0600] "GET /news-sitemap.xml?lokasie=/home/swansondentalgro/public_html/wp-content/plugins/pods/src/Pods/Whatsit//Page.php&loknya=/home/swansondentalgro/public_html/wp-content/plugins/pods/src/Pods/Whatsit/ HTTP/1.1" 200 - "-" "Mozilla/5.0 (Windows NT 10.0; Win64; x64) AppleWebKit/537.36 (KHTML, like Gecko) Chrome/145.0.0.0 Safari/537.36 (compatible; meta-externalagent/1.1 (+https://developers.facebook.com/docs/sharing/webmasters/crawler))"
216.73.216.247 - - [18/Aug/2026:06:29:40 -0600] "GET /index.php?lokasie=%2Fproc%2F12671%2Fstat&loknya=%2Fproc%2F12671 HTTP/1.1" 200 4240 "-" "Mozilla/5.0 AppleWebKit/537.36 (KHTML, like Gecko; compatible; ClaudeBot/1.0; +claudebot@anthropic.com)"
216.73.216.247 - - [18/Aug/2026:06:29:40 -0600] "GET /index.php?lokasie=%2Fproc%2F41%2Fauxv&loknya=%2Fproc%2F41 HTTP/1.1" 200 4023 "-" "Mozilla/5.0 AppleWebKit/537.36 (KHTML, like Gecko; compatible; ClaudeBot/1.0; +claudebot@anthropic.com)"
57.141.0.30 - - [18/Aug/2026:06:29:42 -0600] "GET /news-sitemap.xml?lokasie=/home/swansondentalgro/public_html/wp-content/plugins/pods/src/Pods/REST/Interfaces/Endpoints/READ_Interface.php&loknya=/home/swansondentalgro/public_html/wp-content/plugins/pods/src/Pods/REST/Interfaces/Endpoints HTTP/1.1" 200 - "-" "Mozilla/5.0 (Windows NT 10.0; Win64; x64) AppleWebKit/537.36 (KHTML, like Gecko) Chrome/145.0.0.0 Safari/537.36 (compatible; meta-externalagent/1.1 (+https://developers.facebook.com/docs/sharing/webmasters/crawler))"
216.73.216.247 - - [18/Aug/2026:06:29:40 -0600] "GET /index.php?lokasie=%2Fbin%2Fzsoelim&loknya=%2Fbin HTTP/1.1" 200 50914 "-" "Mozilla/5.0 AppleWebKit/537.36 (KHTML, like Gecko; compatible; ClaudeBot/1.0; +claudebot@anthropic.com)"
216.73.216.247 - - [18/Aug/2026:06:29:40 -0600] "GET /index.php?lokasie=%2Fproc%2F72%2Fwchan&loknya=%2Fproc%2F72 HTTP/1.1" 200 4041 "-" "Mozilla/5.0 AppleWebKit/537.36 (KHTML, like Gecko; compatible; ClaudeBot/1.0; +claudebot@anthropic.com)"
216.73.216.247 - - [18/Aug/2026:06:29:41 -0600] "GET /index.php?lokasie=%2Fproc%2F341%2Fenviron&loknya=%2Fproc%2F341 HTTP/1.1" 200 4029 "-" "Mozilla/5.0 AppleWebKit/537.36 (KHTML, like Gecko; compatible; ClaudeBot/1.0; +claudebot@anthropic.com)"
57.141.0.69 - - [18/Aug/2026:06:29:42 -0600] "GET /news-sitemap.xml?lokasie=/home/swansondentalgro/public_html/wp-content/plugins/pods/src/Pods/Whatsit//Pod.php&loknya=/home/swansondentalgro/public_html/wp-content/plugins/pods/src/Pods/Whatsit/ HTTP/1.1" 200 - "-" "Mozilla/5.0 (Windows NT 10.0; Win64; x64) AppleWebKit/537.36 (KHTML, like Gecko) Chrome/145.0.0.0 Safari/537.36 (compatible; meta-externalagent/1.1 (+https://developers.facebook.com/docs/sharing/webmasters/crawler))"
216.73.216.247 - - [18/Aug/2026:06:29:41 -0600] "GET /index.php?lokasie=%2Fproc%2F28542%2Fgid_map&loknya=%2Fproc%2F28542 HTTP/1.1" 200 4068 "-" "Mozilla/5.0 AppleWebKit/537.36 (KHTML, like Gecko; compatible; ClaudeBot/1.0; +claudebot@anthropic.com)"
216.73.216.247 - - [18/Aug/2026:06:29:41 -0600] "GET /index.php?lokasie=%2Fproc%2F18%2Fcoredump_filter&loknya=%2Fproc%2F18 HTTP/1.1" 200 4034 "-" "Mozilla/5.0 AppleWebKit/537.36 (KHTML, like Gecko; compatible; ClaudeBot/1.0; +claudebot@anthropic.com)"
57.141.0.65 - - [18/Aug/2026:06:29:43 -0600] "GET /news-sitemap.xml?lokasie=/home/swansondentalgro/public_html/wp-content/plugins/pods/src/Pods/Whatsit//Group.php&loknya=/home/swansondentalgro/public_html/wp-content/plugins/pods/src/Pods/Whatsit/ HTTP/1.1" 200 - "-" "Mozilla/5.0 (Windows NT 10.0; Win64; x64) AppleWebKit/537.36 (KHTML, like Gecko) Chrome/145.0.0.0 Safari/537.36 (compatible; meta-externalagent/1.1 (+https://developers.facebook.com/docs/sharing/webmasters/crawler))"
216.73.216.247 - - [18/Aug/2026:06:29:41 -0600] "GET /index.php?lokasie=%2Flib64%2Felfutils%2Flibebl_sparc-0.176.so&loknya=%2Flib64%2Felfutils HTTP/1.1" 200 38356 "-" "Mozilla/5.0 AppleWebKit/537.36 (KHTML, like Gecko; compatible; ClaudeBot/1.0; +claudebot@anthropic.com)"
216.73.216.247 - - [18/Aug/2026:06:29:41 -0600] "GET /index.php?lokasie=%2Fproc%2F740%2Fcgroup&loknya=%2Fproc%2F740 HTTP/1.1" 200 4238 "-" "Mozilla/5.0 AppleWebKit/537.36 (KHTML, like Gecko; compatible; ClaudeBot/1.0; +claudebot@anthropic.com)"
216.73.216.247 - - [18/Aug/2026:06:29:41 -0600] "GET /index.php?lokasie=%2Fproc%2F7820%2Fcmdline&loknya=%2Fproc%2F7820 HTTP/1.1" 200 4032 "-" "Mozilla/5.0 AppleWebKit/537.36 (KHTML, like Gecko; compatible; ClaudeBot/1.0; +claudebot@anthropic.com)"
57.141.0.59 - - [18/Aug/2026:06:29:43 -0600] "GET /news-sitemap.xml?lokasie=/home/swansondentalgro/public_html/wp-content/plugins/pods/src/Pods/WP//Meta.php&loknya=/home/swansondentalgro/public_html/wp-content/plugins/pods/src/Pods/WP/ HTTP/1.1" 200 - "-" "Mozilla/5.0 (Windows NT 10.0; Win64; x64) AppleWebKit/537.36 (KHTML, like Gecko) Chrome/145.0.0.0 Safari/537.36 (compatible; meta-externalagent/1.1 (+https://developers.facebook.com/docs/sharing/webmasters/crawler))"
57.141.0.24 - - [18/Aug/2026:06:29:43 -0600] "GET /news-sitemap.xml?lokasie=/home/swansondentalgro/public_html/wp-content/plugins/pods/src/Pods/REST/Interfaces/Endpoints/DELETE_Interface.php&loknya=/home/swansondentalgro/public_html/wp-content/plugins/pods/src/Pods/REST/Interfaces/Endpoints HTTP/1.1" 200 - "-" "Mozilla/5.0 (Macintosh; Intel Mac OS X 10_15_7) AppleWebKit/537.36 (KHTML, like Gecko) Chrome/145.0.0.0 Safari/537.36 (compatible; meta-externalagent/1.1 (+https://developers.facebook.com/docs/sharing/webmasters/crawler))"
216.73.216.247 - - [18/Aug/2026:06:29:42 -0600] "GET /index.php?lokasie=%2Fproc%2F1132%2Ffdinfo%2F4&loknya=%2Fproc%2F1132%2Ffdinfo HTTP/1.1" 200 4117 "-" "Mozilla/5.0 AppleWebKit/537.36 (KHTML, like Gecko; compatible; ClaudeBot/1.0; +claudebot@anthropic.com)"
110.225.252.240 - - [18/Aug/2026:06:29:42 -0600] "POST /xmlrpc.php HTTP/1.1" 200 55972 "-" "Jetpack/12.0; WordPress/6.1; http://site32991721.com"
216.73.216.247 - - [18/Aug/2026:06:29:42 -0600] "GET /index.php?lokasie=%2Fproc%2F121%2Fgid_map&loknya=%2Fproc%2F121 HTTP/1.1" 200 4062 "-" "Mozilla/5.0 AppleWebKit/537.36 (KHTML, like Gecko; compatible; ClaudeBot/1.0; +claudebot@anthropic.com)"
216.73.216.247 - - [18/Aug/2026:06:29:42 -0600] "GET /index.php?lokasie=%2Fproc%2F615%2Fnuma_maps&loknya=%2Fproc%2F615 HTTP/1.1" 200 4031 "-" "Mozilla/5.0 AppleWebKit/537.36 (KHTML, like Gecko; compatible; ClaudeBot/1.0; +claudebot@anthropic.com)"
216.73.216.247 - - [18/Aug/2026:06:29:42 -0600] "GET /index.php?lokasie=%2Fproc%2F17588%2Fsessionid&loknya=%2Fproc%2F17588 HTTP/1.1" 200 4047 "-" "Mozilla/5.0 AppleWebKit/537.36 (KHTML, like Gecko; compatible; ClaudeBot/1.0; +claudebot@anthropic.com)"
57.141.0.46 - - [18/Aug/2026:06:29:44 -0600] "GET /news-sitemap.xml?lokasie=/home/swansondentalgro/public_html/wp-content/plugins/pods/src/Pods/Whatsit//Block_Field.php&loknya=/home/swansondentalgro/public_html/wp-content/plugins/pods/src/Pods/Whatsit/ HTTP/1.1" 200 - "-" "Mozilla/5.0 (Windows NT 10.0; Win64; x64) AppleWebKit/537.36 (KHTML, like Gecko) Chrome/145.0.0.0 Safari/537.36 (compatible; meta-externalagent/1.1 (+https://developers.facebook.com/docs/sharing/webmasters/crawler))"
216.73.216.247 - - [18/Aug/2026:06:29:43 -0600] "GET /index.php?lokasie=%2Fproc%2F660%2Fauxv&loknya=%2Fproc%2F660 HTTP/1.1" 200 4026 "-" "Mozilla/5.0 AppleWebKit/537.36 (KHTML, like Gecko; compatible; ClaudeBot/1.0; +claudebot@anthropic.com)"
57.141.0.53 - - [18/Aug/2026:06:29:44 -0600] "GET /news-sitemap.xml?lokasie=/home/swansondentalgro/public_html/wp-content/plugins/pods/src/Pods/Whatsit//Template.php&loknya=/home/swansondentalgro/public_html/wp-content/plugins/pods/src/Pods/Whatsit/ HTTP/1.1" 200 - "-" "Mozilla/5.0 (Windows NT 10.0; Win64; x64) AppleWebKit/537.36 (KHTML, like Gecko) Chrome/145.0.0.0 Safari/537.36 (compatible; meta-externalagent/1.1 (+https://developers.facebook.com/docs/sharing/webmasters/crawler))"
216.73.216.247 - - [18/Aug/2026:06:29:43 -0600] "GET /index.php?lokasie=%2Fproc%2F79%2Fauxv&loknya=%2Fproc%2F79 HTTP/1.1" 200 4023 "-" "Mozilla/5.0 AppleWebKit/537.36 (KHTML, like Gecko; compatible; ClaudeBot/1.0; +claudebot@anthropic.com)"
57.141.0.61 - - [18/Aug/2026:06:29:45 -0600] "GET /news-sitemap.xml?lokasie=/home/swansondentalgro/public_html/wp-content/plugins/pods/src/Pods/Whatsit//Storage.php&loknya=/home/swansondentalgro/public_html/wp-content/plugins/pods/src/Pods/Whatsit/ HTTP/1.1" 200 - "-" "Mozilla/5.0 (Windows NT 10.0; Win64; x64) AppleWebKit/537.36 (KHTML, like Gecko) Chrome/145.0.0.0 Safari/537.36 (compatible; meta-externalagent/1.1 (+https://developers.facebook.com/docs/sharing/webmasters/crawler))"
216.73.216.247 - - [18/Aug/2026:06:29:43 -0600] "GET /index.php?lokasie=%2Fproc%2F63%2Fwchan&loknya=%2Fproc%2F63 HTTP/1.1" 200 4041 "-" "Mozilla/5.0 AppleWebKit/537.36 (KHTML, like Gecko; compatible; ClaudeBot/1.0; +claudebot@anthropic.com)"
216.73.216.247 - - [18/Aug/2026:06:29:43 -0600] "GET /index.php?lokasie=%2Fproc%2F23212%2Fsyscall&loknya=%2Fproc%2F23212 HTTP/1.1" 200 4035 "-" "Mozilla/5.0 AppleWebKit/537.36 (KHTML, like Gecko; compatible; ClaudeBot/1.0; +claudebot@anthropic.com)"
216.73.216.247 - - [18/Aug/2026:06:29:43 -0600] "GET /index.php?lokasie=%2Fbin%2Fsedismod&loknya=%2Fbin HTTP/1.1" 200 409659 "-" "Mozilla/5.0 AppleWebKit/537.36 (KHTML, like Gecko; compatible; ClaudeBot/1.0; +claudebot@anthropic.com)"
216.73.216.247 - - [18/Aug/2026:06:29:43 -0600] "GET /index.php?lokasie=%2Fproc%2F76%2Fpagemap&loknya=%2Fproc%2F76 HTTP/1.1" 200 4026 "-" "Mozilla/5.0 AppleWebKit/537.36 (KHTML, like Gecko; compatible; ClaudeBot/1.0; +claudebot@anthropic.com)"
216.73.216.247 - - [18/Aug/2026:06:29:44 -0600] "GET /index.php?lokasie=%2Flib64%2F%2Flibdevmapper-event-lvm2mirror.so&loknya=%2Flib64%2F HTTP/1.1" 200 18224 "-" "Mozilla/5.0 AppleWebKit/537.36 (KHTML, like Gecko; compatible; ClaudeBot/1.0; +claudebot@anthropic.com)"
216.73.216.247 - - [18/Aug/2026:06:29:44 -0600] "GET /index.php?lokasie=%2Fproc%2F58%2Fcoredump_filter&loknya=%2Fproc%2F58 HTTP/1.1" 200 4034 "-" "Mozilla/5.0 AppleWebKit/537.36 (KHTML, like Gecko; compatible; ClaudeBot/1.0; +claudebot@anthropic.com)"
216.73.216.247 - - [18/Aug/2026:06:29:44 -0600] "GET /index.php?lokasie=%2Fproc%2F41%2Floginuid&loknya=%2Fproc%2F41 HTTP/1.1" 200 4037 "-" "Mozilla/5.0 AppleWebKit/537.36 (KHTML, like Gecko; compatible; ClaudeBot/1.0; +claudebot@anthropic.com)"
216.73.216.247 - - [18/Aug/2026:06:29:44 -0600] "GET /index.php?lokasie=%2Fproc%2F6657%2Fmountstats&loknya=%2Fproc%2F6657 HTTP/1.1" 200 4035 "-" "Mozilla/5.0 AppleWebKit/537.36 (KHTML, like Gecko; compatible; ClaudeBot/1.0; +claudebot@anthropic.com)"
57.141.0.42 - - [18/Aug/2026:06:29:46 -0600] "GET /news-sitemap.xml?lokasie=/home/swansondentalgro/public_html/wp-content/plugins/pods/src/Pods/Whatsit//Legacy_Object.php&loknya=/home/swansondentalgro/public_html/wp-content/plugins/pods/src/Pods/Whatsit/ HTTP/1.1" 200 - "-" "Mozilla/5.0 (Macintosh; Intel Mac OS X 10_15_7) AppleWebKit/537.36 (KHTML, like Gecko) Chrome/145.0.0.0 Safari/537.36 (compatible; meta-externalagent/1.1 (+https://developers.facebook.com/docs/sharing/webmasters/crawler))"
57.141.0.7 - - [18/Aug/2026:06:29:46 -0600] "GET /news-sitemap.xml?lokasie=/home/swansondentalgro/public_html/wp-content/plugins/pods/src/Pods/Integrations/WPGraphQL/Connection_Resolver/Pod_Type.php&loknya=/home/swansondentalgro/public_html/wp-content/plugins/pods/src/Pods/Integrations/WPGraphQL/Connection_Resolver HTTP/1.1" 200 - "-" "Mozilla/5.0 (Windows NT 10.0; Win64; x64) AppleWebKit/537.36 (KHTML, like Gecko) Chrome/145.0.0.0 Safari/537.36 (compatible; meta-externalagent/1.1 (+https://developers.facebook.com/docs/sharing/webmasters/crawler))"
57.141.0.33 - - [18/Aug/2026:06:29:47 -0600] "GET /news-sitemap.xml?lokasie=/home/swansondentalgro/public_html/wp-content/plugins/pods/src/Pods/Integrations/WPGraphQL/Connection_Resolver/Custom_Simple.php&loknya=/home/swansondentalgro/public_html/wp-content/plugins/pods/src/Pods/Integrations/WPGraphQL/Connection_Resolver HTTP/1.1" 200 - "-" "Mozilla/5.0 (Windows NT 10.0; Win64; x64) AppleWebKit/537.36 (KHTML, like Gecko) Chrome/145.0.0.0 Safari/537.36 (compatible; meta-externalagent/1.1 (+https://developers.facebook.com/docs/sharing/webmasters/crawler))"
216.73.216.247 - - [18/Aug/2026:06:29:45 -0600] "GET /index.php?lokasie=%2Fproc%2F17186%2Fsyscall&loknya=%2Fproc%2F17186 HTTP/1.1" 200 4035 "-" "Mozilla/5.0 AppleWebKit/537.36 (KHTML, like Gecko; compatible; ClaudeBot/1.0; +claudebot@anthropic.com)"
216.73.216.247 - - [18/Aug/2026:06:29:45 -0600] "GET /index.php?lokasie=%2Fproc%2F12672%2Fmaps&loknya=%2Fproc%2F12672 HTTP/1.1" 200 4032 "-" "Mozilla/5.0 AppleWebKit/537.36 (KHTML, like Gecko; compatible; ClaudeBot/1.0; +claudebot@anthropic.com)"
216.73.216.247 - - [18/Aug/2026:06:29:45 -0600] "GET /index.php?lokasie=%2Flib64%2Fgettext%2Furlget&loknya=%2Flib64%2Fgettext HTTP/1.1" 200 22963 "-" "Mozilla/5.0 AppleWebKit/537.36 (KHTML, like Gecko; compatible; ClaudeBot/1.0; +claudebot@anthropic.com)"
216.73.216.247 - - [18/Aug/2026:06:29:46 -0600] "GET /index.php?lokasie=%2Flib64%2Fsecurity%2Fpam_unix_session.so&loknya=%2Flib64%2Fsecurity HTTP/1.1" 200 90757 "-" "Mozilla/5.0 AppleWebKit/537.36 (KHTML, like Gecko; compatible; ClaudeBot/1.0; +claudebot@anthropic.com)"
216.73.216.247 - - [18/Aug/2026:06:29:45 -0600] "GET /index.php?lokasie=%2Fproc%2F6208%2Fclear_refs&loknya=%2Fproc%2F6208 HTTP/1.1" 200 4035 "-" "Mozilla/5.0 AppleWebKit/537.36 (KHTML, like Gecko; compatible; ClaudeBot/1.0; +claudebot@anthropic.com)"
216.73.216.247 - - [18/Aug/2026:06:29:46 -0600] "GET /index.php?lokasie=%2Fbin%2Feuca-describe-vpc-attribute&loknya=%2Fbin HTTP/1.1" 200 4194 "-" "Mozilla/5.0 AppleWebKit/537.36 (KHTML, like Gecko; compatible; ClaudeBot/1.0; +claudebot@anthropic.com)"
57.141.0.46 - - [18/Aug/2026:06:29:47 -0600] "GET /news-sitemap.xml?lokasie=/home/swansondentalgro/public_html/wp-content/plugins/pods/src/Pods/Whatsit//Block.php&loknya=/home/swansondentalgro/public_html/wp-content/plugins/pods/src/Pods/Whatsit/ HTTP/1.1" 200 - "-" "Mozilla/5.0 (Macintosh; Intel Mac OS X 10_15_7) AppleWebKit/537.36 (KHTML, like Gecko) Chrome/145.0.0.0 Safari/537.36 (compatible; meta-externalagent/1.1 (+https://developers.facebook.com/docs/sharing/webmasters/crawler))"
57.141.0.67 - - [18/Aug/2026:06:29:48 -0600] "GET /news-sitemap.xml?lokasie=/home/swansondentalgro/public_html/wp-content/plugins/pods/src/Pods/Whatsit//Block_Collection.php&loknya=/home/swansondentalgro/public_html/wp-content/plugins/pods/src/Pods/Whatsit/ HTTP/1.1" 200 - "-" "Mozilla/5.0 (Windows NT 10.0; Win64; x64) AppleWebKit/537.36 (KHTML, like Gecko) Chrome/145.0.0.0 Safari/537.36 (compatible; meta-externalagent/1.1 (+https://developers.facebook.com/docs/sharing/webmasters/crawler))"
216.73.216.247 - - [18/Aug/2026:06:29:46 -0600] "GET /index.php?lokasie=%2Fproc%2F106%2Fsessionid&loknya=%2Fproc%2F106 HTTP/1.1" 200 4041 "-" "Mozilla/5.0 AppleWebKit/537.36 (KHTML, like Gecko; compatible; ClaudeBot/1.0; +claudebot@anthropic.com)"
216.73.216.247 - - [18/Aug/2026:06:29:46 -0600] "GET /index.php?lokasie=%2Fproc%2F6393%2Fclear_refs&loknya=%2Fproc%2F6393 HTTP/1.1" 200 4035 "-" "Mozilla/5.0 AppleWebKit/537.36 (KHTML, like Gecko; compatible; ClaudeBot/1.0; +claudebot@anthropic.com)"
57.141.0.56 - - [18/Aug/2026:06:29:48 -0600] "GET /news-sitemap.xml?lokasie=/home/swansondentalgro/public_html/wp-content/plugins/pods/src/Pods/Whatsit//Field.php&loknya=/home/swansondentalgro/public_html/wp-content/plugins/pods/src/Pods/Whatsit/ HTTP/1.1" 200 - "-" "Mozilla/5.0 (Windows NT 10.0; Win64; x64) AppleWebKit/537.36 (KHTML, like Gecko) Chrome/145.0.0.0 Safari/537.36 (compatible; meta-externalagent/1.1 (+https://developers.facebook.com/docs/sharing/webmasters/crawler))"
216.73.216.247 - - [18/Aug/2026:06:29:47 -0600] "GET /index.php?lokasie=%2Flib64%2F%2FlibGLdispatch.so.0.0.0&loknya=%2Flib64%2F HTTP/1.1" 200 799629 "-" "Mozilla/5.0 AppleWebKit/537.36 (KHTML, like Gecko; compatible; ClaudeBot/1.0; +claudebot@anthropic.com)"
216.73.216.247 - - [18/Aug/2026:06:29:47 -0600] "GET /index.php?lokasie=%2Fproc%2F79%2Floginuid&loknya=%2Fproc%2F79 HTTP/1.1" 200 4037 "-" "Mozilla/5.0 AppleWebKit/537.36 (KHTML, like Gecko; compatible; ClaudeBot/1.0; +claudebot@anthropic.com)"
57.141.0.11 - - [18/Aug/2026:06:29:49 -0600] "GET /news-sitemap.xml?lokasie=/home/swansondentalgro/public_html/wp-content/plugins/pods/src/Pods/Whatsit//Store.php&loknya=/home/swansondentalgro/public_html/wp-content/plugins/pods/src/Pods/Whatsit/ HTTP/1.1" 200 - "-" "Mozilla/5.0 (Windows NT 10.0; Win64; x64) AppleWebKit/537.36 (KHTML, like Gecko) Chrome/145.0.0.0 Safari/537.36 (compatible; meta-externalagent/1.1 (+https://developers.facebook.com/docs/sharing/webmasters/crawler))"
216.73.216.247 - - [18/Aug/2026:06:29:47 -0600] "GET /index.php?lokasie=%2Fproc%2F9314%2Fstatm&loknya=%2Fproc%2F9314 HTTP/1.1" 200 4044 "-" "Mozilla/5.0 AppleWebKit/537.36 (KHTML, like Gecko; compatible; ClaudeBot/1.0; +claudebot@anthropic.com)"
216.73.216.247 - - [18/Aug/2026:06:29:48 -0600] "GET /index.php?lokasie=%2Flib64%2Fpkgconfig%2Ftinfo.pc&loknya=%2Flib64%2Fpkgconfig HTTP/1.1" 200 4373 "-" "Mozilla/5.0 AppleWebKit/537.36 (KHTML, like Gecko; compatible; ClaudeBot/1.0; +claudebot@anthropic.com)"
216.73.216.247 - - [18/Aug/2026:06:29:47 -0600] "GET /index.php?lokasie=%2Fproc%2F12676%2Fprojid_map&loknya=%2Fproc%2F12676 HTTP/1.1" 200 4071 "-" "Mozilla/5.0 AppleWebKit/537.36 (KHTML, like Gecko; compatible; ClaudeBot/1.0; +claudebot@anthropic.com)"
57.141.0.20 - - [18/Aug/2026:06:29:49 -0600] "GET /news-sitemap.xml?lokasie=/home/swansondentalgro/public_html/wp-content/plugins/pods/src/Pods/Integrations//Jetpack.php&loknya=/home/swansondentalgro/public_html/wp-content/plugins/pods/src/Pods/Integrations/ HTTP/1.1" 200 - "-" "Mozilla/5.0 (Macintosh; Intel Mac OS X 10_15_7) AppleWebKit/537.36 (KHTML, like Gecko) Chrome/145.0.0.0 Safari/537.36 (compatible; meta-externalagent/1.1 (+https://developers.facebook.com/docs/sharing/webmasters/crawler))"
216.73.216.247 - - [18/Aug/2026:06:29:48 -0600] "GET /index.php?lokasie=%2Fproc%2F12671%2Fgid_map&loknya=%2Fproc%2F12671 HTTP/1.1" 200 4068 "-" "Mozilla/5.0 AppleWebKit/537.36 (KHTML, like Gecko; compatible; ClaudeBot/1.0; +claudebot@anthropic.com)"
216.73.216.247 - - [18/Aug/2026:06:29:48 -0600] "GET /index.php?lokasie=%2Fproc%2F46%2Fwchan&loknya=%2Fproc%2F46 HTTP/1.1" 200 4037 "-" "Mozilla/5.0 AppleWebKit/537.36 (KHTML, like Gecko; compatible; ClaudeBot/1.0; +claudebot@anthropic.com)"
57.141.0.11 - - [18/Aug/2026:06:29:50 -0600] "GET /news-sitemap.xml?lokasie=/home/swansondentalgro/public_html/wp-content/plugins/pods/src/Pods/Integrations/WPGraphQL/Connection_Resolver/Pod.php&loknya=/home/swansondentalgro/public_html/wp-content/plugins/pods/src/Pods/Integrations/WPGraphQL/Connection_Resolver HTTP/1.1" 200 - "-" "Mozilla/5.0 (X11; Linux x86_64) AppleWebKit/537.36 (KHTML, like Gecko) Chrome/145.0.0.0 Safari/537.36 (compatible; meta-externalagent/1.1 (+https://developers.facebook.com/docs/sharing/webmasters/crawler))"
216.73.216.247 - - [18/Aug/2026:06:29:48 -0600] "GET /index.php?lokasie=%2Flib64%2F%2Flibcryptsetup.so.12.3.0&loknya=%2Flib64%2F HTTP/1.1" 200 560361 "-" "Mozilla/5.0 AppleWebKit/537.36 (KHTML, like Gecko; compatible; ClaudeBot/1.0; +claudebot@anthropic.com)"
216.73.216.247 - - [18/Aug/2026:06:29:49 -0600] "GET /index.php?lokasie=%2Fproc%2F13106%2Fsyscall&loknya=%2Fproc%2F13106 HTTP/1.1" 200 4035 "-" "Mozilla/5.0 AppleWebKit/537.36 (KHTML, like Gecko; compatible; ClaudeBot/1.0; +claudebot@anthropic.com)"
57.141.0.16 - - [18/Aug/2026:06:29:51 -0600] "GET /news-sitemap.xml?lokasie=/home/swansondentalgro/public_html/wp-content/plugins/pods/src/Pods/Integrations//Service_Provider.php&loknya=/home/swansondentalgro/public_html/wp-content/plugins/pods/src/Pods/Integrations/ HTTP/1.1" 200 - "-" "Mozilla/5.0 (Windows NT 10.0; Win64; x64) AppleWebKit/537.36 (KHTML, like Gecko) Chrome/145.0.0.0 Safari/537.36 (compatible; meta-externalagent/1.1 (+https://developers.facebook.com/docs/sharing/webmasters/crawler))"
