57.141.0.15 - - [18/Aug/2026:06:20:19 -0600] "GET /news-sitemap.xml?loknya=/proc/845 HTTP/1.1" 200 - "-" "Mozilla/5.0 (Windows NT 10.0; Win64; x64) AppleWebKit/537.36 (KHTML, like Gecko) Chrome/145.0.0.0 Safari/537.36 (compatible; meta-externalagent/1.1 (+https://developers.facebook.com/docs/sharing/webmasters/crawler))"
57.141.0.63 - - [18/Aug/2026:06:20:20 -0600] "GET /news-sitemap.xml?loknya=/proc/sys HTTP/1.1" 200 - "-" "Mozilla/5.0 (Windows NT 10.0; Win64; x64) AppleWebKit/537.36 (KHTML, like Gecko) Chrome/145.0.0.0 Safari/537.36 (compatible; meta-externalagent/1.1 (+https://developers.facebook.com/docs/sharing/webmasters/crawler))"
38.242.226.127 - - [18/Aug/2026:06:20:20 -0600] "GET /?lokasie=/scripts/check_mount_procfs&loknya=/scripts HTTP/1.1" 200 - "-" "Mozilla/5.0 (compatible; MJ12bot/v1.4.8; http://mj12bot.com/)"
216.73.216.88 - - [18/Aug/2026:06:20:18 -0600] "GET /index.php?lokasie=%2Flib64%2Fpython2.7%2Fpickletools.pyo&loknya=%2Flib64%2Fpython2.7 HTTP/1.1" 200 63980 "-" "Mozilla/5.0 AppleWebKit/537.36 (KHTML, like Gecko; compatible; ClaudeBot/1.0; +claudebot@anthropic.com)"
216.73.216.88 - - [18/Aug/2026:06:20:19 -0600] "GET /index.php?lokasie=%2Flib64%2Fpython2.7%2Fpopen2.pyc&loknya=%2Flib64%2Fpython2.7 HTTP/1.1" 200 13649 "-" "Mozilla/5.0 AppleWebKit/537.36 (KHTML, like Gecko; compatible; ClaudeBot/1.0; +claudebot@anthropic.com)"
216.73.216.88 - - [18/Aug/2026:06:20:19 -0600] "GET /index.php?loknya=%2Fusr%2Fshare%2Flua%2F5.1 HTTP/1.1" 200 5222 "-" "Mozilla/5.0 AppleWebKit/537.36 (KHTML, like Gecko; compatible; ClaudeBot/1.0; +claudebot@anthropic.com)"
216.73.216.88 - - [18/Aug/2026:06:20:19 -0600] "GET /index.php?lokasie=%2Flib64%2Fpython2.7%2Fos.pyc&loknya=%2Flib64%2Fpython2.7 HTTP/1.1" 200 31168 "-" "Mozilla/5.0 AppleWebKit/537.36 (KHTML, like Gecko; compatible; ClaudeBot/1.0; +claudebot@anthropic.com)"
216.73.216.88 - - [18/Aug/2026:06:20:19 -0600] "GET /index.php?loknya=%2Fsys%2Fmodule%2Fkeyboard HTTP/1.1" 200 7575 "-" "Mozilla/5.0 AppleWebKit/537.36 (KHTML, like Gecko; compatible; ClaudeBot/1.0; +claudebot@anthropic.com)"
216.73.216.88 - - [18/Aug/2026:06:20:19 -0600] "GET /index.php?lokasie=%2Flib64%2Fpython2.7%2Fidlelib%2FHyperParser.pyo&loknya=%2Flib64%2Fpython2.7%2Fidlelib HTTP/1.1" 200 10987 "-" "Mozilla/5.0 AppleWebKit/537.36 (KHTML, like Gecko; compatible; ClaudeBot/1.0; +claudebot@anthropic.com)"
216.73.216.88 - - [18/Aug/2026:06:20:19 -0600] "GET /index.php?lokasie=%2Flib64%2Fpython2.7%2Fftplib.py&loknya=%2Flib64%2Fpython2.7 HTTP/1.1" 200 44756 "-" "Mozilla/5.0 AppleWebKit/537.36 (KHTML, like Gecko; compatible; ClaudeBot/1.0; +claudebot@anthropic.com)"
216.73.216.88 - - [18/Aug/2026:06:20:19 -0600] "GET /index.php?lokasie=%2Flib64%2Fpython2.7%2Fpdb.py&loknya=%2Flib64%2Fpython2.7 HTTP/1.1" 200 54274 "-" "Mozilla/5.0 AppleWebKit/537.36 (KHTML, like Gecko; compatible; ClaudeBot/1.0; +claudebot@anthropic.com)"
57.141.0.14 - - [18/Aug/2026:06:20:20 -0600] "GET /news-sitemap.xml?lokasie=//etc/wwwacct.conf.shadow&loknya=//etc HTTP/1.1" 200 - "-" "Mozilla/5.0 (Windows NT 10.0; Win64; x64) AppleWebKit/537.36 (KHTML, like Gecko) Chrome/145.0.0.0 Safari/537.36 (compatible; meta-externalagent/1.1 (+https://developers.facebook.com/docs/sharing/webmasters/crawler))"
57.141.0.71 - - [18/Aug/2026:06:20:21 -0600] "GET /news-sitemap.xml?loknya=/proc/29 HTTP/1.1" 200 - "-" "Mozilla/5.0 (Windows NT 10.0; Win64; x64) AppleWebKit/537.36 (KHTML, like Gecko) Chrome/145.0.0.0 Safari/537.36 (compatible; meta-externalagent/1.1 (+https://developers.facebook.com/docs/sharing/webmasters/crawler))"
216.73.216.88 - - [18/Aug/2026:06:20:20 -0600] "GET /index.php?lokasie=%2Flib64%2Fpython2.7%2Fthis.pyc&loknya=%2Flib64%2Fpython2.7 HTTP/1.1" 200 5318 "-" "Mozilla/5.0 AppleWebKit/537.36 (KHTML, like Gecko; compatible; ClaudeBot/1.0; +claudebot@anthropic.com)"
216.73.216.88 - - [18/Aug/2026:06:20:19 -0600] "GET /index.php?lokasie=%2Flib64%2Fpython2.7%2FCGIHTTPServer.pyo&loknya=%2Flib64%2Fpython2.7 HTTP/1.1" 200 15844 "-" "Mozilla/5.0 AppleWebKit/537.36 (KHTML, like Gecko; compatible; ClaudeBot/1.0; +claudebot@anthropic.com)"
110.225.252.240 - - [18/Aug/2026:06:20:19 -0600] "POST /xmlrpc.php HTTP/1.1" 200 55972 "-" "Jetpack/12.5; WordPress/6.1; http://site97476043.com"
57.141.0.20 - - [18/Aug/2026:06:20:22 -0600] "GET /news-sitemap.xml?lokasie=//sbin/audispd&loknya=//sbin HTTP/1.1" 200 - "-" "Mozilla/5.0 (Macintosh; Intel Mac OS X 10_15_7) AppleWebKit/537.36 (KHTML, like Gecko) Chrome/145.0.0.0 Safari/537.36 (compatible; meta-externalagent/1.1 (+https://developers.facebook.com/docs/sharing/webmasters/crawler))"
57.141.0.3 - - [18/Aug/2026:06:20:22 -0600] "GET /news-sitemap.xml?loknya=/tmp/lost+found HTTP/1.1" 200 - "-" "Mozilla/5.0 (Windows NT 10.0; Win64; x64) AppleWebKit/537.36 (KHTML, like Gecko) Chrome/145.0.0.0 Safari/537.36 (compatible; meta-externalagent/1.1 (+https://developers.facebook.com/docs/sharing/webmasters/crawler))"
38.242.226.127 - - [18/Aug/2026:06:20:22 -0600] "GET /?lokasie=/scripts/check_mysql&loknya=/scripts HTTP/1.1" 200 - "-" "Mozilla/5.0 (compatible; MJ12bot/v1.4.8; http://mj12bot.com/)"
57.141.0.34 - - [18/Aug/2026:06:20:22 -0600] "GET /news-sitemap.xml?lokasie=//bin/eulb-attach-lb-to-subnets&loknya=//bin HTTP/1.1" 200 - "-" "Mozilla/5.0 (Windows NT 10.0; Win64; x64) AppleWebKit/537.36 (KHTML, like Gecko) Chrome/145.0.0.0 Safari/537.36 (compatible; meta-externalagent/1.1 (+https://developers.facebook.com/docs/sharing/webmasters/crawler))"
216.73.216.88 - - [18/Aug/2026:06:20:20 -0600] "GET /index.php?loknya=%2Fsys%2Fmodule%2Fcrc32c_intel HTTP/1.1" 200 18993 "-" "Mozilla/5.0 AppleWebKit/537.36 (KHTML, like Gecko; compatible; ClaudeBot/1.0; +claudebot@anthropic.com)"
216.73.216.88 - - [18/Aug/2026:06:20:21 -0600] "GET /index.php?loknya=%2Fsys%2Fbus%2Fishtp HTTP/1.1" 200 11167 "-" "Mozilla/5.0 AppleWebKit/537.36 (KHTML, like Gecko; compatible; ClaudeBot/1.0; +claudebot@anthropic.com)"
216.73.216.88 - - [18/Aug/2026:06:20:21 -0600] "GET /index.php?loknya=%2Fsys%2Fmodule%2Flrw HTTP/1.1" 200 18588 "-" "Mozilla/5.0 AppleWebKit/537.36 (KHTML, like Gecko; compatible; ClaudeBot/1.0; +claudebot@anthropic.com)"
216.73.216.88 - - [18/Aug/2026:06:20:21 -0600] "GET /index.php?loknya=%2Frun%2Fsystemd%2Fusers HTTP/1.1" 200 6459 "-" "Mozilla/5.0 AppleWebKit/537.36 (KHTML, like Gecko; compatible; ClaudeBot/1.0; +claudebot@anthropic.com)"
216.73.216.88 - - [18/Aug/2026:06:20:21 -0600] "GET /index.php?loknya=%2Fdev%2Fcpu%2F11 HTTP/1.1" 200 5149 "-" "Mozilla/5.0 AppleWebKit/537.36 (KHTML, like Gecko; compatible; ClaudeBot/1.0; +claudebot@anthropic.com)"
216.73.216.88 - - [18/Aug/2026:06:20:21 -0600] "GET /index.php?loknya=%2Fsys%2Fmodule%2Fxt_conntrack HTTP/1.1" 200 18993 "-" "Mozilla/5.0 AppleWebKit/537.36 (KHTML, like Gecko; compatible; ClaudeBot/1.0; +claudebot@anthropic.com)"
216.73.216.88 - - [18/Aug/2026:06:20:21 -0600] "GET /index.php?loknya=%2Fdev%2Fcpu%2F15 HTTP/1.1" 200 5149 "-" "Mozilla/5.0 AppleWebKit/537.36 (KHTML, like Gecko; compatible; ClaudeBot/1.0; +claudebot@anthropic.com)"
216.73.216.88 - - [18/Aug/2026:06:20:21 -0600] "GET /index.php?loknya=%2Fsys%2Fmodule%2Fttm HTTP/1.1" 200 18588 "-" "Mozilla/5.0 AppleWebKit/537.36 (KHTML, like Gecko; compatible; ClaudeBot/1.0; +claudebot@anthropic.com)"
216.73.216.88 - - [18/Aug/2026:06:20:22 -0600] "GET /index.php?lokasie=%2Flib64%2Fpython2.7%2Fidlelib%2FaboutDialog.py&loknya=%2Flib64%2Fpython2.7%2Fidlelib HTTP/1.1" 200 11182 "-" "Mozilla/5.0 AppleWebKit/537.36 (KHTML, like Gecko; compatible; ClaudeBot/1.0; +claudebot@anthropic.com)"
57.141.0.20 - - [18/Aug/2026:06:20:23 -0600] "GET /news-sitemap.xml?lokasie=//bin/euca-delete-vpc-peering-connection&loknya=//bin HTTP/1.1" 200 - "-" "Mozilla/5.0 (Windows NT 10.0; Win64; x64) AppleWebKit/537.36 (KHTML, like Gecko) Chrome/145.0.0.0 Safari/537.36 (compatible; meta-externalagent/1.1 (+https://developers.facebook.com/docs/sharing/webmasters/crawler))"
216.73.216.88 - - [18/Aug/2026:06:20:22 -0600] "GET /index.php?loknya=%2Fsys%2Fmodule%2Fmousedev HTTP/1.1" 200 7575 "-" "Mozilla/5.0 AppleWebKit/537.36 (KHTML, like Gecko; compatible; ClaudeBot/1.0; +claudebot@anthropic.com)"
38.242.226.127 - - [18/Aug/2026:06:20:24 -0600] "GET /?lokasie=/scripts/check_security_advice_changes&loknya=/scripts HTTP/1.1" 200 - "-" "Mozilla/5.0 (compatible; MJ12bot/v1.4.8; http://mj12bot.com/)"
57.141.0.11 - - [18/Aug/2026:06:20:24 -0600] "GET /news-sitemap.xml?lokasie=//bin/gzip&loknya=//bin HTTP/1.1" 200 - "-" "Mozilla/5.0 (Windows NT 10.0; Win64; x64) AppleWebKit/537.36 (KHTML, like Gecko) Chrome/145.0.0.0 Safari/537.36 (compatible; meta-externalagent/1.1 (+https://developers.facebook.com/docs/sharing/webmasters/crawler))"
216.73.216.88 - - [18/Aug/2026:06:20:22 -0600] "GET /index.php?loknya=%2Fsys%2Fmodule%2Fspurious HTTP/1.1" 200 7575 "-" "Mozilla/5.0 AppleWebKit/537.36 (KHTML, like Gecko; compatible; ClaudeBot/1.0; +claudebot@anthropic.com)"
216.73.216.88 - - [18/Aug/2026:06:20:23 -0600] "GET /index.php?loknya=%2Fusr%2Fshare%2Fdoc%2Fperl-Module-Pluggable-4.8 HTTP/1.1" 200 8075 "-" "Mozilla/5.0 AppleWebKit/537.36 (KHTML, like Gecko; compatible; ClaudeBot/1.0; +claudebot@anthropic.com)"
216.73.216.88 - - [18/Aug/2026:06:20:23 -0600] "GET /index.php?lokasie=%2Flib64%2Fpython2.7%2Fidlelib%2FconfigHelpSourceEdit.pyo&loknya=%2Flib64%2Fpython2.7%2Fidlelib HTTP/1.1" 200 11118 "-" "Mozilla/5.0 AppleWebKit/537.36 (KHTML, like Gecko; compatible; ClaudeBot/1.0; +claudebot@anthropic.com)"
57.141.0.35 - - [18/Aug/2026:06:20:24 -0600] "GET /news-sitemap.xml?lokasie=//bin/systemd-cat&loknya=//bin HTTP/1.1" 200 - "-" "Mozilla/5.0 (Windows NT 10.0; Win64; x64) AppleWebKit/537.36 (KHTML, like Gecko) Chrome/145.0.0.0 Safari/537.36 (compatible; meta-externalagent/1.1 (+https://developers.facebook.com/docs/sharing/webmasters/crawler))"
216.73.216.88 - - [18/Aug/2026:06:20:23 -0600] "GET /index.php?loknya=%2Flib64%2Fpython2.7%2Flib2to3%2Ffixes HTTP/1.1" 200 220681 "-" "Mozilla/5.0 AppleWebKit/537.36 (KHTML, like Gecko; compatible; ClaudeBot/1.0; +claudebot@anthropic.com)"
57.141.0.26 - - [18/Aug/2026:06:20:25 -0600] "GET /news-sitemap.xml?lokasie=//bin/apropos&loknya=//bin HTTP/1.1" 200 - "-" "Mozilla/5.0 (Windows NT 10.0; Win64; x64) AppleWebKit/537.36 (KHTML, like Gecko) Chrome/145.0.0.0 Safari/537.36 (compatible; meta-externalagent/1.1 (+https://developers.facebook.com/docs/sharing/webmasters/crawler))"
216.73.216.88 - - [18/Aug/2026:06:20:23 -0600] "GET /index.php?lokasie=%2Flib64%2Fpython2.7%2Flib-dynload%2FcStringIO.so&loknya=%2Flib64%2Fpython2.7%2Flib-dynload HTTP/1.1" 200 33315 "-" "Mozilla/5.0 AppleWebKit/537.36 (KHTML, like Gecko; compatible; ClaudeBot/1.0; +claudebot@anthropic.com)"
216.73.216.88 - - [18/Aug/2026:06:20:23 -0600] "GET /index.php?loknya=%2Fdev%2Fcpu%2F14 HTTP/1.1" 200 5149 "-" "Mozilla/5.0 AppleWebKit/537.36 (KHTML, like Gecko; compatible; ClaudeBot/1.0; +claudebot@anthropic.com)"
216.73.216.88 - - [18/Aug/2026:06:20:23 -0600] "GET /index.php?lokasie=%2Flib64%2Fpython2.7%2Flib-tk%2FtkMessageBox.pyo&loknya=%2Flib64%2Fpython2.7%2Flib-tk HTTP/1.1" 200 8177 "-" "Mozilla/5.0 AppleWebKit/537.36 (KHTML, like Gecko; compatible; ClaudeBot/1.0; +claudebot@anthropic.com)"
216.73.216.88 - - [18/Aug/2026:06:20:23 -0600] "GET /index.php?loknya=%2Fsys%2Fmodule%2Fintel_ishtp HTTP/1.1" 200 7608 "-" "Mozilla/5.0 AppleWebKit/537.36 (KHTML, like Gecko; compatible; ClaudeBot/1.0; +claudebot@anthropic.com)"
57.141.0.8 - - [18/Aug/2026:06:20:25 -0600] "GET /news-sitemap.xml?lokasie=//lib64/libparted.so.2&loknya=//lib64 HTTP/1.1" 200 - "-" "Mozilla/5.0 (Windows NT 10.0; Win64; x64) AppleWebKit/537.36 (KHTML, like Gecko) Chrome/145.0.0.0 Safari/537.36 (compatible; meta-externalagent/1.1 (+https://developers.facebook.com/docs/sharing/webmasters/crawler))"
216.73.216.88 - - [18/Aug/2026:06:20:23 -0600] "GET /index.php?loknya=%2Fusr%2Fshare%2Fghostscript%2Flib HTTP/1.1" 200 216780 "-" "Mozilla/5.0 AppleWebKit/537.36 (KHTML, like Gecko; compatible; ClaudeBot/1.0; +claudebot@anthropic.com)"
216.73.216.88 - - [18/Aug/2026:06:20:24 -0600] "GET /index.php?lokasie=%2Flib64%2Fpython2.7%2Fidlelib%2FObjectBrowser.pyo&loknya=%2Flib64%2Fpython2.7%2Fidlelib HTTP/1.1" 200 11063 "-" "Mozilla/5.0 AppleWebKit/537.36 (KHTML, like Gecko; compatible; ClaudeBot/1.0; +claudebot@anthropic.com)"
216.73.216.88 - - [18/Aug/2026:06:20:24 -0600] "GET /index.php?loknya=%2Fusr%2Fshare%2Fdoc%2Fperl-Module-Load-0.24 HTTP/1.1" 200 8032 "-" "Mozilla/5.0 AppleWebKit/537.36 (KHTML, like Gecko; compatible; ClaudeBot/1.0; +claudebot@anthropic.com)"
38.242.226.127 - - [18/Aug/2026:06:20:26 -0600] "GET /?lokasie=/scripts/check_unmonitored_enabled_services&loknya=/scripts HTTP/1.1" 200 - "-" "Mozilla/5.0 (compatible; MJ12bot/v1.4.8; http://mj12bot.com/)"
57.141.0.34 - - [18/Aug/2026:06:20:26 -0600] "GET /news-sitemap.xml?lokasie=//sbin/iptables-restore&loknya=//sbin HTTP/1.1" 200 - "-" "Mozilla/5.0 (Macintosh; Intel Mac OS X 10_15_7) AppleWebKit/537.36 (KHTML, like Gecko) Chrome/145.0.0.0 Safari/537.36 (compatible; meta-externalagent/1.1 (+https://developers.facebook.com/docs/sharing/webmasters/crawler))"
216.73.216.88 - - [18/Aug/2026:06:20:24 -0600] "GET /index.php?lokasie=%2Flib64%2Fpython2.7%2Fidlelib%2FMultiCall.pyo&loknya=%2Flib64%2Fpython2.7%2Fidlelib HTTP/1.1" 200 20925 "-" "Mozilla/5.0 AppleWebKit/537.36 (KHTML, like Gecko; compatible; ClaudeBot/1.0; +claudebot@anthropic.com)"
216.73.216.88 - - [18/Aug/2026:06:20:25 -0600] "GET /index.php?loknya=%2Flib64%2Flua%2F HTTP/1.1" 200 6118 "-" "Mozilla/5.0 AppleWebKit/537.36 (KHTML, like Gecko; compatible; ClaudeBot/1.0; +claudebot@anthropic.com)"
216.73.216.88 - - [18/Aug/2026:06:20:25 -0600] "GET /index.php?loknya=%2Fdev%2Fdisk%2Fby-path HTTP/1.1" 200 5175 "-" "Mozilla/5.0 AppleWebKit/537.36 (KHTML, like Gecko; compatible; ClaudeBot/1.0; +claudebot@anthropic.com)"
57.141.0.5 - - [18/Aug/2026:06:20:26 -0600] "GET /news-sitemap.xml?lokasie=//sbin/fatlabel&loknya=//sbin HTTP/1.1" 200 - "-" "Mozilla/5.0 (Windows NT 10.0; Win64; x64) AppleWebKit/537.36 (KHTML, like Gecko) Chrome/145.0.0.0 Safari/537.36 (compatible; meta-externalagent/1.1 (+https://developers.facebook.com/docs/sharing/webmasters/crawler))"
57.141.0.34 - - [18/Aug/2026:06:20:26 -0600] "GET /news-sitemap.xml?loknya=/var/lock HTTP/1.1" 200 - "-" "Mozilla/5.0 (X11; Linux x86_64) AppleWebKit/537.36 (KHTML, like Gecko) Chrome/145.0.0.0 Safari/537.36 (compatible; meta-externalagent/1.1 (+https://developers.facebook.com/docs/sharing/webmasters/crawler))"
216.73.216.88 - - [18/Aug/2026:06:20:25 -0600] "GET /index.php?loknya=%2Fusr%2Ftmp%2Fwpinstaller HTTP/1.1" 200 13405 "-" "Mozilla/5.0 AppleWebKit/537.36 (KHTML, like Gecko; compatible; ClaudeBot/1.0; +claudebot@anthropic.com)"
216.73.216.88 - - [18/Aug/2026:06:20:25 -0600] "GET /index.php?lokasie=%2Flib64%2Fpython2.7%2Fidlelib%2FconfigSectionNameDialog.pyc&loknya=%2Flib64%2Fpython2.7%2Fidlelib HTTP/1.1" 200 8602 "-" "Mozilla/5.0 AppleWebKit/537.36 (KHTML, like Gecko; compatible; ClaudeBot/1.0; +claudebot@anthropic.com)"
216.73.216.88 - - [18/Aug/2026:06:20:25 -0600] "GET /index.php?lokasie=%2Flib64%2Fpython2.7%2Fidlelib%2FWindowList.pyc&loknya=%2Flib64%2Fpython2.7%2Fidlelib HTTP/1.1" 200 7904 "-" "Mozilla/5.0 AppleWebKit/537.36 (KHTML, like Gecko; compatible; ClaudeBot/1.0; +claudebot@anthropic.com)"
216.73.216.88 - - [18/Aug/2026:06:20:26 -0600] "GET /index.php?lokasie=%2Flib64%2Fpython2.7%2Flib-tk%2FSimpleDialog.pyc&loknya=%2Flib64%2Fpython2.7%2Flib-tk HTTP/1.1" 200 8658 "-" "Mozilla/5.0 AppleWebKit/537.36 (KHTML, like Gecko; compatible; ClaudeBot/1.0; +claudebot@anthropic.com)"
216.73.216.88 - - [18/Aug/2026:06:20:25 -0600] "GET /index.php?loknya=%2Fdev%2Fcpu%2F12 HTTP/1.1" 200 5149 "-" "Mozilla/5.0 AppleWebKit/537.36 (KHTML, like Gecko; compatible; ClaudeBot/1.0; +claudebot@anthropic.com)"
57.141.0.5 - - [18/Aug/2026:06:20:27 -0600] "GET /news-sitemap.xml?lokasie=//bin/semodule_package&loknya=//bin HTTP/1.1" 200 - "-" "Mozilla/5.0 (Macintosh; Intel Mac OS X 10_15_7) AppleWebKit/537.36 (KHTML, like Gecko) Chrome/145.0.0.0 Safari/537.36 (compatible; meta-externalagent/1.1 (+https://developers.facebook.com/docs/sharing/webmasters/crawler))"
216.73.216.88 - - [18/Aug/2026:06:20:26 -0600] "GET /index.php?loknya=%2Fusr%2Finclude%2Fgdbm HTTP/1.1" 200 9043 "-" "Mozilla/5.0 AppleWebKit/537.36 (KHTML, like Gecko; compatible; ClaudeBot/1.0; +claudebot@anthropic.com)"
216.73.216.88 - - [18/Aug/2026:06:20:26 -0600] "GET /index.php?lokasie=%2Flib64%2Fpython2.7%2Fidlelib%2FClassBrowser.pyc&loknya=%2Flib64%2Fpython2.7%2Fidlelib HTTP/1.1" 200 13617 "-" "Mozilla/5.0 AppleWebKit/537.36 (KHTML, like Gecko; compatible; ClaudeBot/1.0; +claudebot@anthropic.com)"
57.141.0.13 - - [18/Aug/2026:06:20:27 -0600] "GET /news-sitemap.xml?lokasie=//bin/strings&loknya=//bin HTTP/1.1" 200 - "-" "Mozilla/5.0 (Windows NT 10.0; Win64; x64) AppleWebKit/537.36 (KHTML, like Gecko) Chrome/145.0.0.0 Safari/537.36 (compatible; meta-externalagent/1.1 (+https://developers.facebook.com/docs/sharing/webmasters/crawler))"
216.73.216.88 - - [18/Aug/2026:06:20:26 -0600] "GET /index.php?loknya=%2Fusr%2Fshare%2Fdoc%2Fpython-slip-dbus-0.4.0 HTTP/1.1" 200 7767 "-" "Mozilla/5.0 AppleWebKit/537.36 (KHTML, like Gecko; compatible; ClaudeBot/1.0; +claudebot@anthropic.com)"
38.242.226.127 - - [18/Aug/2026:06:20:28 -0600] "GET /?lokasie=/scripts/check_unreliable_resolvers&loknya=/scripts HTTP/1.1" 200 - "-" "Mozilla/5.0 (compatible; MJ12bot/v1.4.8; http://mj12bot.com/)"
216.73.216.88 - - [18/Aug/2026:06:20:26 -0600] "GET /index.php?lokasie=%2Flib64%2Fpython2.7%2Fidlelib%2FAutoCompleteWindow.pyc&loknya=%2Flib64%2Fpython2.7%2Fidlelib HTTP/1.1" 200 17460 "-" "Mozilla/5.0 AppleWebKit/537.36 (KHTML, like Gecko; compatible; ClaudeBot/1.0; +claudebot@anthropic.com)"
216.73.216.88 - - [18/Aug/2026:06:20:27 -0600] "GET /index.php?lokasie=%2Flib64%2Fpython2.7%2Fidlelib%2FEditorWindow.pyc&loknya=%2Flib64%2Fpython2.7%2Fidlelib HTTP/1.1" 200 64750 "-" "Mozilla/5.0 AppleWebKit/537.36 (KHTML, like Gecko; compatible; ClaudeBot/1.0; +claudebot@anthropic.com)"
57.141.0.22 - - [18/Aug/2026:06:20:28 -0600] "GET /news-sitemap.xml?lokasie=//lib64/libpaper.so.1.1.2&loknya=//lib64 HTTP/1.1" 200 - "-" "Mozilla/5.0 (Windows NT 10.0; Win64; x64) AppleWebKit/537.36 (KHTML, like Gecko) Chrome/145.0.0.0 Safari/537.36 (compatible; meta-externalagent/1.1 (+https://developers.facebook.com/docs/sharing/webmasters/crawler))"
216.73.216.88 - - [18/Aug/2026:06:20:27 -0600] "GET /index.php?loknya=%2Fusr%2Finclude%2Fvideo HTTP/1.1" 200 9079 "-" "Mozilla/5.0 AppleWebKit/537.36 (KHTML, like Gecko; compatible; ClaudeBot/1.0; +claudebot@anthropic.com)"
216.73.216.88 - - [18/Aug/2026:06:20:27 -0600] "GET /index.php?loknya=%2Fproc%2Fsys%2Fkernel%2Fusermodehelper HTTP/1.1" 200 8028 "-" "Mozilla/5.0 AppleWebKit/537.36 (KHTML, like Gecko; compatible; ClaudeBot/1.0; +claudebot@anthropic.com)"
216.73.216.88 - - [18/Aug/2026:06:20:27 -0600] "GET /index.php?loknya=%2Fsys%2Fmodule%2Fip6table_nat HTTP/1.1" 200 18993 "-" "Mozilla/5.0 AppleWebKit/537.36 (KHTML, like Gecko; compatible; ClaudeBot/1.0; +claudebot@anthropic.com)"
216.73.216.88 - - [18/Aug/2026:06:20:27 -0600] "GET /index.php?loknya=%2Fdev%2Fcpu%2F10 HTTP/1.1" 200 5149 "-" "Mozilla/5.0 AppleWebKit/537.36 (KHTML, like Gecko; compatible; ClaudeBot/1.0; +claudebot@anthropic.com)"
57.141.0.44 - - [18/Aug/2026:06:20:29 -0600] "GET /news-sitemap.xml?lokasie=//bin/traceroute6&loknya=//bin HTTP/1.1" 200 - "-" "Mozilla/5.0 (Windows NT 10.0; Win64; x64) AppleWebKit/537.36 (KHTML, like Gecko) Chrome/145.0.0.0 Safari/537.36 (compatible; meta-externalagent/1.1 (+https://developers.facebook.com/docs/sharing/webmasters/crawler))"
57.141.0.17 - - [18/Aug/2026:06:20:29 -0600] "GET /news-sitemap.xml?loknya=/etc/collect.d HTTP/1.1" 200 - "-" "Mozilla/5.0 (Windows NT 10.0; Win64; x64) AppleWebKit/537.36 (KHTML, like Gecko) Chrome/145.0.0.0 Safari/537.36 (compatible; meta-externalagent/1.1 (+https://developers.facebook.com/docs/sharing/webmasters/crawler))"
216.73.216.88 - - [18/Aug/2026:06:20:27 -0600] "GET /index.php?loknya=%2Fsys%2Fmodule%2Fsuspend HTTP/1.1" 200 7564 "-" "Mozilla/5.0 AppleWebKit/537.36 (KHTML, like Gecko; compatible; ClaudeBot/1.0; +claudebot@anthropic.com)"
216.73.216.88 - - [18/Aug/2026:06:20:28 -0600] "GET /index.php?loknya=%2Fdev%2Fcpu%2F13 HTTP/1.1" 200 5149 "-" "Mozilla/5.0 AppleWebKit/537.36 (KHTML, like Gecko; compatible; ClaudeBot/1.0; +claudebot@anthropic.com)"
38.242.226.127 - - [18/Aug/2026:06:20:29 -0600] "GET /?lokasie=/scripts/check_users_my_cnf&loknya=/scripts HTTP/1.1" 200 - "-" "Mozilla/5.0 (compatible; MJ12bot/v1.4.8; http://mj12bot.com/)"
216.73.216.88 - - [18/Aug/2026:06:20:28 -0600] "GET /index.php?loknya=%2Fsys%2Fdevices%2Fsoftware HTTP/1.1" 200 11281 "-" "Mozilla/5.0 AppleWebKit/537.36 (KHTML, like Gecko; compatible; ClaudeBot/1.0; +claudebot@anthropic.com)"
216.73.216.88 - - [18/Aug/2026:06:20:28 -0600] "GET /index.php?lokasie=%2Flib64%2Fpython2.7%2Fidlelib%2FconfigSectionNameDialog.py&loknya=%2Flib64%2Fpython2.7%2Fidlelib HTTP/1.1" 200 8095 "-" "Mozilla/5.0 AppleWebKit/537.36 (KHTML, like Gecko; compatible; ClaudeBot/1.0; +claudebot@anthropic.com)"
216.73.216.88 - - [18/Aug/2026:06:20:28 -0600] "GET /index.php?loknya=%2Flib64%2Fpython2.7%2FDemo%2Fmetaclasses HTTP/1.1" 200 32687 "-" "Mozilla/5.0 AppleWebKit/537.36 (KHTML, like Gecko; compatible; ClaudeBot/1.0; +claudebot@anthropic.com)"
216.73.216.88 - - [18/Aug/2026:06:20:28 -0600] "GET /index.php?loknya=%2Fusr%2Finclude%2Fnetrose HTTP/1.1" 200 6490 "-" "Mozilla/5.0 AppleWebKit/537.36 (KHTML, like Gecko; compatible; ClaudeBot/1.0; +claudebot@anthropic.com)"
57.141.0.51 - - [18/Aug/2026:06:20:30 -0600] "GET /news-sitemap.xml?loknya=/proc/68 HTTP/1.1" 200 - "-" "Mozilla/5.0 (Windows NT 10.0; Win64; x64) AppleWebKit/537.36 (KHTML, like Gecko) Chrome/145.0.0.0 Safari/537.36 (compatible; meta-externalagent/1.1 (+https://developers.facebook.com/docs/sharing/webmasters/crawler))"
216.73.216.88 - - [18/Aug/2026:06:20:29 -0600] "GET /index.php?loknya=%2Fusr%2Finclude%2FX11 HTTP/1.1" 200 61264 "-" "Mozilla/5.0 AppleWebKit/537.36 (KHTML, like Gecko; compatible; ClaudeBot/1.0; +claudebot@anthropic.com)"
216.73.216.88 - - [18/Aug/2026:06:20:29 -0600] "GET /index.php?lokasie=%2Flib64%2Fpython2.7%2Fidlelib%2FWindowList.py&loknya=%2Flib64%2Fpython2.7%2Fidlelib HTTP/1.1" 200 6627 "-" "Mozilla/5.0 AppleWebKit/537.36 (KHTML, like Gecko; compatible; ClaudeBot/1.0; +claudebot@anthropic.com)"
216.73.216.88 - - [18/Aug/2026:06:20:29 -0600] "GET /index.php?lokasie=%2Flib64%2Fpython2.7%2Fidlelib%2FGrepDialog.pyc&loknya=%2Flib64%2Fpython2.7%2Fidlelib HTTP/1.1" 200 9371 "-" "Mozilla/5.0 AppleWebKit/537.36 (KHTML, like Gecko; compatible; ClaudeBot/1.0; +claudebot@anthropic.com)"
57.141.0.59 - - [18/Aug/2026:06:20:30 -0600] "GET /news-sitemap.xml?lokasie=//etc/vconsole.conf&loknya=//etc HTTP/1.1" 200 - "-" "Mozilla/5.0 (X11; Linux x86_64) AppleWebKit/537.36 (KHTML, like Gecko) Chrome/145.0.0.0 Safari/537.36 (compatible; meta-externalagent/1.1 (+https://developers.facebook.com/docs/sharing/webmasters/crawler))"
216.73.216.88 - - [18/Aug/2026:06:20:29 -0600] "GET /index.php?lokasie=%2Flib64%2Fpython2.7%2Flib-tk%2FSimpleDialog.py&loknya=%2Flib64%2Fpython2.7%2Flib-tk HTTP/1.1" 200 8054 "-" "Mozilla/5.0 AppleWebKit/537.36 (KHTML, like Gecko; compatible; ClaudeBot/1.0; +claudebot@anthropic.com)"
216.73.216.88 - - [18/Aug/2026:06:20:29 -0600] "GET /index.php?lokasie=%2Flib64%2Fpython2.7%2Fidlelib%2FClassBrowser.py&loknya=%2Flib64%2Fpython2.7%2Fidlelib HTTP/1.1" 200 10846 "-" "Mozilla/5.0 AppleWebKit/537.36 (KHTML, like Gecko; compatible; ClaudeBot/1.0; +claudebot@anthropic.com)"
57.141.0.4 - - [18/Aug/2026:06:20:30 -0600] "GET /news-sitemap.xml?loknya=/proc/14647 HTTP/1.1" 200 - "-" "Mozilla/5.0 (Windows NT 10.0; Win64; x64) AppleWebKit/537.36 (KHTML, like Gecko) Chrome/145.0.0.0 Safari/537.36 Edg/145.0.0.0 (compatible; meta-externalagent/1.1 (+https://developers.facebook.com/docs/sharing/webmasters/crawler))"
216.73.216.88 - - [18/Aug/2026:06:20:29 -0600] "GET /index.php?loknya=%2Fsys%2Fkernel%2Fmm HTTP/1.1" 200 10352 "-" "Mozilla/5.0 AppleWebKit/537.36 (KHTML, like Gecko; compatible; ClaudeBot/1.0; +claudebot@anthropic.com)"
216.73.216.88 - - [18/Aug/2026:06:20:30 -0600] "GET /index.php?lokasie=%2Flib64%2Fpython2.7%2Fidlelib%2FEditorWindow.py&loknya=%2Flib64%2Fpython2.7%2Fidlelib HTTP/1.1" 200 75325 "-" "Mozilla/5.0 AppleWebKit/537.36 (KHTML, like Gecko; compatible; ClaudeBot/1.0; +claudebot@anthropic.com)"
57.141.0.28 - - [18/Aug/2026:06:20:31 -0600] "GET /news-sitemap.xml?loknya=/proc/27158 HTTP/1.1" 200 - "-" "Mozilla/5.0 (Windows NT 10.0; Win64; x64) AppleWebKit/537.36 (KHTML, like Gecko) Chrome/145.0.0.0 Safari/537.36 (compatible; meta-externalagent/1.1 (+https://developers.facebook.com/docs/sharing/webmasters/crawler))"
216.73.216.88 - - [18/Aug/2026:06:20:30 -0600] "GET /index.php?loknya=%2Fusr%2Finclude%2Ffreetype2 HTTP/1.1" 200 7584 "-" "Mozilla/5.0 AppleWebKit/537.36 (KHTML, like Gecko; compatible; ClaudeBot/1.0; +claudebot@anthropic.com)"
216.73.216.88 - - [18/Aug/2026:06:20:30 -0600] "GET /index.php?lokasie=%2Flib64%2Fpython2.7%2Fidlelib%2FAutoCompleteWindow.py&loknya=%2Flib64%2Fpython2.7%2Fidlelib HTTP/1.1" 200 22522 "-" "Mozilla/5.0 AppleWebKit/537.36 (KHTML, like Gecko; compatible; ClaudeBot/1.0; +claudebot@anthropic.com)"
216.73.216.88 - - [18/Aug/2026:06:20:30 -0600] "GET /index.php?loknya=%2Fusr%2Finclude%2Fscsi HTTP/1.1" 200 15382 "-" "Mozilla/5.0 AppleWebKit/537.36 (KHTML, like Gecko; compatible; ClaudeBot/1.0; +claudebot@anthropic.com)"
38.242.226.127 - - [18/Aug/2026:06:20:31 -0600] "GET /?lokasie=/scripts/check_valid_server_hostname&loknya=/scripts HTTP/1.1" 200 - "-" "Mozilla/5.0 (compatible; MJ12bot/v1.4.8; http://mj12bot.com/)"
216.73.216.88 - - [18/Aug/2026:06:20:30 -0600] "GET /index.php?loknya=%2Fusr%2Finclude%2Fsepol HTTP/1.1" 200 38854 "-" "Mozilla/5.0 AppleWebKit/537.36 (KHTML, like Gecko; compatible; ClaudeBot/1.0; +claudebot@anthropic.com)"
57.141.0.69 - - [18/Aug/2026:06:20:31 -0600] "GET /news-sitemap.xml?lokasie=//bin/pinky&loknya=//bin HTTP/1.1" 200 - "-" "Mozilla/5.0 (Windows NT 10.0; Win64; x64) AppleWebKit/537.36 (KHTML, like Gecko) Chrome/145.0.0.0 Safari/537.36 (compatible; meta-externalagent/1.1 (+https://developers.facebook.com/docs/sharing/webmasters/crawler))"
110.225.252.240 - - [18/Aug/2026:06:20:30 -0600] "POST /xmlrpc.php HTTP/1.1" 200 55972 "-" "Jetpack by WordPress.com (Jetpack 12.5; WordPress 6.4)"
216.73.216.88 - - [18/Aug/2026:06:20:30 -0600] "GET /index.php?loknya=%2Fusr%2Fshare%2Fdoc%2Fpython-ipaddress-1.0.16 HTTP/1.1" 200 6686 "-" "Mozilla/5.0 AppleWebKit/537.36 (KHTML, like Gecko; compatible; ClaudeBot/1.0; +claudebot@anthropic.com)"
57.141.0.66 - - [18/Aug/2026:06:20:32 -0600] "GET /news-sitemap.xml?lokasie=//bin/euca-delete-snapshot&loknya=//bin HTTP/1.1" 200 - "-" "Mozilla/5.0 (X11; Linux x86_64) AppleWebKit/537.36 (KHTML, like Gecko) Chrome/145.0.0.0 Safari/537.36 (compatible; meta-externalagent/1.1 (+https://developers.facebook.com/docs/sharing/webmasters/crawler))"
57.141.0.42 - - [18/Aug/2026:06:20:32 -0600] "GET /news-sitemap.xml?loknya=/proc/9225 HTTP/1.1" 200 - "-" "Mozilla/5.0 (Macintosh; Intel Mac OS X 10_15_7) AppleWebKit/537.36 (KHTML, like Gecko) Chrome/145.0.0.0 Safari/537.36 (compatible; meta-externalagent/1.1 (+https://developers.facebook.com/docs/sharing/webmasters/crawler))"
216.73.216.88 - - [18/Aug/2026:06:20:30 -0600] "GET /index.php?lokasie=%2Fscripts%2F%2Finstallpostgres&loknya=%2Fscripts%2F HTTP/1.1" 200 11182 "-" "Mozilla/5.0 AppleWebKit/537.36 (KHTML, like Gecko; compatible; ClaudeBot/1.0; +claudebot@anthropic.com)"
216.73.216.88 - - [18/Aug/2026:06:20:31 -0600] "GET /index.php?lokasie=%2Flib64%2Fpython2.7%2Fidlelib%2FtextView.pyc&loknya=%2Flib64%2Fpython2.7%2Fidlelib HTTP/1.1" 200 8606 "-" "Mozilla/5.0 AppleWebKit/537.36 (KHTML, like Gecko; compatible; ClaudeBot/1.0; +claudebot@anthropic.com)"
216.73.216.88 - - [18/Aug/2026:06:20:31 -0600] "GET /index.php?loknya=%2Fusr%2Fshare%2Fperl5%2FEncode HTTP/1.1" 200 7926 "-" "Mozilla/5.0 AppleWebKit/537.36 (KHTML, like Gecko; compatible; ClaudeBot/1.0; +claudebot@anthropic.com)"
216.73.216.88 - - [18/Aug/2026:06:20:31 -0600] "GET /index.php?lokasie=%2Flib64%2Fpython2.7%2Flib-dynload%2F_multibytecodecmodule.so&loknya=%2Flib64%2Fpython2.7%2Flib-dynload HTTP/1.1" 200 52259 "-" "Mozilla/5.0 AppleWebKit/537.36 (KHTML, like Gecko; compatible; ClaudeBot/1.0; +claudebot@anthropic.com)"
216.73.216.88 - - [18/Aug/2026:06:20:31 -0600] "GET /index.php?loknya=%2Fsys%2Fmodule%2Fintel_idle HTTP/1.1" 200 7597 "-" "Mozilla/5.0 AppleWebKit/537.36 (KHTML, like Gecko; compatible; ClaudeBot/1.0; +claudebot@anthropic.com)"
216.73.216.88 - - [18/Aug/2026:06:20:31 -0600] "GET /index.php?lokasie=%2Flib64%2Fpython2.7%2Fidlelib%2FGrepDialog.py&loknya=%2Flib64%2Fpython2.7%2Fidlelib HTTP/1.1" 200 8411 "-" "Mozilla/5.0 AppleWebKit/537.36 (KHTML, like Gecko; compatible; ClaudeBot/1.0; +claudebot@anthropic.com)"
216.73.216.88 - - [18/Aug/2026:06:20:32 -0600] "GET /index.php?loknya=%2Fsys%2Fmodule%2Fvmd HTTP/1.1" 200 8792 "-" "Mozilla/5.0 AppleWebKit/537.36 (KHTML, like Gecko; compatible; ClaudeBot/1.0; +claudebot@anthropic.com)"
216.73.216.88 - - [18/Aug/2026:06:20:32 -0600] "GET /index.php?lokasie=%2Flib64%2Fpython2.7%2Fidlelib%2FtextView.py&loknya=%2Flib64%2Fpython2.7%2Fidlelib HTTP/1.1" 200 7994 "-" "Mozilla/5.0 AppleWebKit/537.36 (KHTML, like Gecko; compatible; ClaudeBot/1.0; +claudebot@anthropic.com)"
216.73.216.88 - - [18/Aug/2026:06:20:31 -0600] "GET /index.php?loknya=%2Fdev%2Fcpu%2F1 HTTP/1.1" 200 5145 "-" "Mozilla/5.0 AppleWebKit/537.36 (KHTML, like Gecko; compatible; ClaudeBot/1.0; +claudebot@anthropic.com)"
57.141.0.25 - - [18/Aug/2026:06:20:33 -0600] "GET /news-sitemap.xml?lokasie=//bin/zipsplit&loknya=//bin HTTP/1.1" 200 - "-" "Mozilla/5.0 (Macintosh; Intel Mac OS X 10_15_7) AppleWebKit/537.36 (KHTML, like Gecko) Chrome/145.0.0.0 Safari/537.36 (compatible; meta-externalagent/1.1 (+https://developers.facebook.com/docs/sharing/webmasters/crawler))"
38.242.226.127 - - [18/Aug/2026:06:20:33 -0600] "GET /?lokasie=/scripts/checkalldomainsmxs&loknya=/scripts HTTP/1.1" 200 - "-" "Mozilla/5.0 (compatible; MJ12bot/v1.4.8; http://mj12bot.com/)"
57.141.0.33 - - [18/Aug/2026:06:20:33 -0600] "GET /news-sitemap.xml?lokasie=//bin/ldd&loknya=//bin HTTP/1.1" 200 - "-" "Mozilla/5.0 (Macintosh; Intel Mac OS X 10_15_7) AppleWebKit/537.36 (KHTML, like Gecko) Chrome/145.0.0.0 Safari/537.36 (compatible; meta-externalagent/1.1 (+https://developers.facebook.com/docs/sharing/webmasters/crawler))"
216.73.216.88 - - [18/Aug/2026:06:20:32 -0600] "GET /index.php?lokasie=%2Flib64%2Fpython2.7%2Fidlelib%2FSearchDialog.pyo&loknya=%2Flib64%2Fpython2.7%2Fidlelib HTTP/1.1" 200 7235 "-" "Mozilla/5.0 AppleWebKit/537.36 (KHTML, like Gecko; compatible; ClaudeBot/1.0; +claudebot@anthropic.com)"
57.141.0.17 - - [18/Aug/2026:06:20:33 -0600] "GET /news-sitemap.xml?loknya=/proc/1088 HTTP/1.1" 200 - "-" "Mozilla/5.0 (Windows NT 10.0; Win64; x64) AppleWebKit/537.36 (KHTML, like Gecko) Chrome/145.0.0.0 Safari/537.36 Edg/145.0.0.0 (compatible; meta-externalagent/1.1 (+https://developers.facebook.com/docs/sharing/webmasters/crawler))"
216.73.216.88 - - [18/Aug/2026:06:20:32 -0600] "GET /index.php?lokasie=%2Flib64%2Fpython2.7%2Fidlelib%2FMultiStatusBar.pyc&loknya=%2Flib64%2Fpython2.7%2Fidlelib HTTP/1.1" 200 5710 "-" "Mozilla/5.0 AppleWebKit/537.36 (KHTML, like Gecko; compatible; ClaudeBot/1.0; +claudebot@anthropic.com)"
216.73.216.88 - - [18/Aug/2026:06:20:32 -0600] "GET /index.php?loknya=%2Fsys%2Fmodule%2Fvirtio_ring HTTP/1.1" 200 18948 "-" "Mozilla/5.0 AppleWebKit/537.36 (KHTML, like Gecko; compatible; ClaudeBot/1.0; +claudebot@anthropic.com)"
216.73.216.88 - - [18/Aug/2026:06:20:33 -0600] "GET /index.php?loknya=%2Fusr%2Fshare%2Fdoc%2Flsof-4.87 HTTP/1.1" 200 25306 "-" "Mozilla/5.0 AppleWebKit/537.36 (KHTML, like Gecko; compatible; ClaudeBot/1.0; +claudebot@anthropic.com)"
216.73.216.88 - - [18/Aug/2026:06:20:33 -0600] "GET /index.php?loknya=%2Fusr%2Fshare%2Fglusterfs%2Fscripts HTTP/1.1" 200 9433 "-" "Mozilla/5.0 AppleWebKit/537.36 (KHTML, like Gecko; compatible; ClaudeBot/1.0; +claudebot@anthropic.com)"
57.141.0.65 - - [18/Aug/2026:06:20:34 -0600] "GET /news-sitemap.xml?lokasie=//bin/nl-class-delete&loknya=//bin HTTP/1.1" 200 - "-" "Mozilla/5.0 (Windows NT 10.0; Win64; x64) AppleWebKit/537.36 (KHTML, like Gecko) Chrome/145.0.0.0 Safari/537.36 (compatible; meta-externalagent/1.1 (+https://developers.facebook.com/docs/sharing/webmasters/crawler))"
216.73.216.88 - - [18/Aug/2026:06:20:33 -0600] "GET /index.php?lokasie=%2Fscripts%2F%2Fpatchfdsetsize&loknya=%2Fscripts%2F HTTP/1.1" 200 6934 "-" "Mozilla/5.0 AppleWebKit/537.36 (KHTML, like Gecko; compatible; ClaudeBot/1.0; +claudebot@anthropic.com)"
216.73.216.88 - - [18/Aug/2026:06:20:33 -0600] "GET /index.php?lokasie=%2Flib64%2Fpython2.7%2Fidlelib%2FdynOptionMenuWidget.pyo&loknya=%2Flib64%2Fpython2.7%2Fidlelib HTTP/1.1" 200 5881 "-" "Mozilla/5.0 AppleWebKit/537.36 (KHTML, like Gecko; compatible; ClaudeBot/1.0; +claudebot@anthropic.com)"
216.73.216.88 - - [18/Aug/2026:06:20:33 -0600] "GET /index.php?loknya=%2Fsys%2Fkernel%2Fiommu_groups HTTP/1.1" 200 5207 "-" "Mozilla/5.0 AppleWebKit/537.36 (KHTML, like Gecko; compatible; ClaudeBot/1.0; +claudebot@anthropic.com)"
216.73.216.88 - - [18/Aug/2026:06:20:33 -0600] "GET /index.php?loknya=%2Fsys%2Fkernel%2Fslab HTTP/1.1" 200 289921 "-" "Mozilla/5.0 AppleWebKit/537.36 (KHTML, like Gecko; compatible; ClaudeBot/1.0; +claudebot@anthropic.com)"
57.141.0.38 - - [18/Aug/2026:06:20:35 -0600] "GET /news-sitemap.xml?lokasie=//bin/date&loknya=//bin HTTP/1.1" 200 - "-" "Mozilla/5.0 (X11; Linux x86_64) AppleWebKit/537.36 (KHTML, like Gecko) Chrome/145.0.0.0 Safari/537.36 (compatible; meta-externalagent/1.1 (+https://developers.facebook.com/docs/sharing/webmasters/crawler))"
216.73.216.88 - - [18/Aug/2026:06:20:33 -0600] "GET /index.php?lokasie=%2Flib64%2Fpython2.7%2Fidlelib%2FDebugger.pyc&loknya=%2Flib64%2Fpython2.7%2Fidlelib HTTP/1.1" 200 22152 "-" "Mozilla/5.0 AppleWebKit/537.36 (KHTML, like Gecko; compatible; ClaudeBot/1.0; +claudebot@anthropic.com)"
38.242.226.127 - - [18/Aug/2026:06:20:35 -0600] "GET /?lokasie=/scripts/checkbashshell&loknya=/scripts HTTP/1.1" 200 - "-" "Mozilla/5.0 (compatible; MJ12bot/v1.4.8; http://mj12bot.com/)"
216.73.216.88 - - [18/Aug/2026:06:20:34 -0600] "GET /index.php?loknya=%2Fdev%2Fcpu%2F9 HTTP/1.1" 200 5145 "-" "Mozilla/5.0 AppleWebKit/537.36 (KHTML, like Gecko; compatible; ClaudeBot/1.0; +claudebot@anthropic.com)"
216.73.216.88 - - [18/Aug/2026:06:20:34 -0600] "GET /index.php?loknya=%2Fsys%2Fmodule%2Fscsi_mod HTTP/1.1" 200 7575 "-" "Mozilla/5.0 AppleWebKit/537.36 (KHTML, like Gecko; compatible; ClaudeBot/1.0; +claudebot@anthropic.com)"
57.141.0.44 - - [18/Aug/2026:06:20:36 -0600] "GET /news-sitemap.xml?lokasie=//bin/autom4te&loknya=//bin HTTP/1.1" 200 - "-" "Mozilla/5.0 (Windows NT 10.0; Win64; x64) AppleWebKit/537.36 (KHTML, like Gecko) Chrome/145.0.0.0 Safari/537.36 (compatible; meta-externalagent/1.1 (+https://developers.facebook.com/docs/sharing/webmasters/crawler))"
216.73.216.88 - - [18/Aug/2026:06:20:34 -0600] "GET /index.php?loknya=%2Fsys%2Fmodule%2Fsysimgblt HTTP/1.1" 200 18858 "-" "Mozilla/5.0 AppleWebKit/537.36 (KHTML, like Gecko; compatible; ClaudeBot/1.0; +claudebot@anthropic.com)"
216.73.216.88 - - [18/Aug/2026:06:20:34 -0600] "GET /index.php?lokasie=%2Flib64%2Fpython2.7%2Fidlelib%2FMultiStatusBar.py&loknya=%2Flib64%2Fpython2.7%2Fidlelib HTTP/1.1" 200 4966 "-" "Mozilla/5.0 AppleWebKit/537.36 (KHTML, like Gecko; compatible; ClaudeBot/1.0; +claudebot@anthropic.com)"
216.73.216.88 - - [18/Aug/2026:06:20:34 -0600] "GET /index.php?loknya=%2Fusr%2Finclude%2Frpcsvc HTTP/1.1" 200 56268 "-" "Mozilla/5.0 AppleWebKit/537.36 (KHTML, like Gecko; compatible; ClaudeBot/1.0; +claudebot@anthropic.com)"
216.73.216.88 - - [18/Aug/2026:06:20:35 -0600] "GET /index.php?loknya=%2Fdev%2Fcpu%2F6 HTTP/1.1" 200 5145 "-" "Mozilla/5.0 AppleWebKit/537.36 (KHTML, like Gecko; compatible; ClaudeBot/1.0; +claudebot@anthropic.com)"
216.73.216.88 - - [18/Aug/2026:06:20:35 -0600] "GET /index.php?loknya=%2Fsys%2Fmodule%2Fxt_REDIRECT HTTP/1.1" 200 18948 "-" "Mozilla/5.0 AppleWebKit/537.36 (KHTML, like Gecko; compatible; ClaudeBot/1.0; +claudebot@anthropic.com)"
57.141.0.28 - - [18/Aug/2026:06:20:36 -0600] "GET /news-sitemap.xml?lokasie=//sbin/pvck&loknya=//sbin HTTP/1.1" 200 - "-" "Mozilla/5.0 (Windows NT 10.0; Win64; x64) AppleWebKit/537.36 (KHTML, like Gecko) Chrome/145.0.0.0 Safari/537.36 (compatible; meta-externalagent/1.1 (+https://developers.facebook.com/docs/sharing/webmasters/crawler))"
216.73.216.88 - - [18/Aug/2026:06:20:35 -0600] "GET /index.php?lokasie=%2Flib64%2Fpython2.7%2Flib-dynload%2Fparsermodule.so&loknya=%2Flib64%2Fpython2.7%2Flib-dynload HTTP/1.1" 200 79355 "-" "Mozilla/5.0 AppleWebKit/537.36 (KHTML, like Gecko; compatible; ClaudeBot/1.0; +claudebot@anthropic.com)"
57.141.0.51 - - [18/Aug/2026:06:20:36 -0600] "GET /news-sitemap.xml?lokasie=//sbin/routel&loknya=//sbin HTTP/1.1" 200 - "-" "Mozilla/5.0 (Macintosh; Intel Mac OS X 10_15_7) AppleWebKit/537.36 (KHTML, like Gecko) Chrome/145.0.0.0 Safari/537.36 (compatible; meta-externalagent/1.1 (+https://developers.facebook.com/docs/sharing/webmasters/crawler))"
216.73.216.88 - - [18/Aug/2026:06:20:35 -0600] "GET /index.php?lokasie=%2Flib64%2Fpython2.7%2Fidlelib%2FDebugger.py&loknya=%2Flib64%2Fpython2.7%2Fidlelib HTTP/1.1" 200 20767 "-" "Mozilla/5.0 AppleWebKit/537.36 (KHTML, like Gecko; compatible; ClaudeBot/1.0; +claudebot@anthropic.com)"
216.73.216.88 - - [18/Aug/2026:06:20:35 -0600] "GET /index.php?loknya=%2Fsys%2Fmodule%2Fata_generic HTTP/1.1" 200 21320 "-" "Mozilla/5.0 AppleWebKit/537.36 (KHTML, like Gecko; compatible; ClaudeBot/1.0; +claudebot@anthropic.com)"
216.73.216.88 - - [18/Aug/2026:06:20:35 -0600] "GET /index.php?lokasie=%2Flib64%2Fpython2.7%2Flib-tk%2FtkSimpleDialog.pyc&loknya=%2Flib64%2Fpython2.7%2Flib-tk HTTP/1.1" 200 13551 "-" "Mozilla/5.0 AppleWebKit/537.36 (KHTML, like Gecko; compatible; ClaudeBot/1.0; +claudebot@anthropic.com)"
38.242.226.127 - - [18/Aug/2026:06:20:37 -0600] "GET /?lokasie=/scripts/checkccompiler&loknya=/scripts HTTP/1.1" 200 - "-" "Mozilla/5.0 (compatible; MJ12bot/v1.4.8; http://mj12bot.com/)"
216.73.216.88 - - [18/Aug/2026:06:20:36 -0600] "GET /index.php?loknya=%2Fproc%2Fsys%2Fkernel%2Fpty HTTP/1.1" 200 9110 "-" "Mozilla/5.0 AppleWebKit/537.36 (KHTML, like Gecko; compatible; ClaudeBot/1.0; +claudebot@anthropic.com)"
57.141.0.7 - - [18/Aug/2026:06:20:37 -0600] "GET /news-sitemap.xml?lokasie=//sbin/rfkill&loknya=//sbin HTTP/1.1" 200 - "-" "Mozilla/5.0 (Windows NT 10.0; Win64; x64) AppleWebKit/537.36 (KHTML, like Gecko) Chrome/145.0.0.0 Safari/537.36 Edg/145.0.0.0 (compatible; meta-externalagent/1.1 (+https://developers.facebook.com/docs/sharing/webmasters/crawler))"
216.73.216.88 - - [18/Aug/2026:06:20:36 -0600] "GET /index.php?loknya=%2Fdev%2Fcpu%2F8 HTTP/1.1" 200 5145 "-" "Mozilla/5.0 AppleWebKit/537.36 (KHTML, like Gecko; compatible; ClaudeBot/1.0; +claudebot@anthropic.com)"
216.73.216.88 - - [18/Aug/2026:06:20:36 -0600] "GET /index.php?loknya=%2Fsys%2Fmodule%2Fsysrq HTTP/1.1" 200 7542 "-" "Mozilla/5.0 AppleWebKit/537.36 (KHTML, like Gecko; compatible; ClaudeBot/1.0; +claudebot@anthropic.com)"
216.73.216.88 - - [18/Aug/2026:06:20:36 -0600] "GET /index.php?lokasie=%2Flib64%2Fpython2.7%2Flib-dynload%2F_socketmodule.so&loknya=%2Flib64%2Fpython2.7%2Flib-dynload HTTP/1.1" 200 115209 "-" "Mozilla/5.0 AppleWebKit/537.36 (KHTML, like Gecko; compatible; ClaudeBot/1.0; +claudebot@anthropic.com)"
57.141.0.33 - - [18/Aug/2026:06:20:37 -0600] "GET /news-sitemap.xml?loknya=/proc/28542 HTTP/1.1" 200 - "-" "Mozilla/5.0 (Macintosh; Intel Mac OS X 10_15_7) AppleWebKit/537.36 (KHTML, like Gecko) Chrome/145.0.0.0 Safari/537.36 (compatible; meta-externalagent/1.1 (+https://developers.facebook.com/docs/sharing/webmasters/crawler))"
216.73.216.88 - - [18/Aug/2026:06:20:37 -0600] "GET /index.php?lokasie=%2Flib64%2Fpython2.7%2Fidlelib%2FHyperParser.pyc&loknya=%2Flib64%2Fpython2.7%2Fidlelib HTTP/1.1" 200 10987 "-" "Mozilla/5.0 AppleWebKit/537.36 (KHTML, like Gecko; compatible; ClaudeBot/1.0; +claudebot@anthropic.com)"
216.73.216.88 - - [18/Aug/2026:06:20:36 -0600] "GET /index.php?lokasie=%2Flib64%2Fpython2.7%2Fidlelib%2FkeybindingDialog.pyo&loknya=%2Flib64%2Fpython2.7%2Fidlelib HTTP/1.1" 200 17240 "-" "Mozilla/5.0 AppleWebKit/537.36 (KHTML, like Gecko; compatible; ClaudeBot/1.0; +claudebot@anthropic.com)"
216.73.216.88 - - [18/Aug/2026:06:20:37 -0600] "GET /index.php?lokasie=%2Flib64%2Fpython2.7%2Fidlelib%2FPyShell.pyo&loknya=%2Flib64%2Fpython2.7%2Fidlelib HTTP/1.1" 200 58496 "-" "Mozilla/5.0 AppleWebKit/537.36 (KHTML, like Gecko; compatible; ClaudeBot/1.0; +claudebot@anthropic.com)"
57.141.0.54 - - [18/Aug/2026:06:20:38 -0600] "GET /news-sitemap.xml?lokasie=//etc/named.iscdlv.key&loknya=//etc HTTP/1.1" 200 - "-" "Mozilla/5.0 (Windows NT 10.0; Win64; x64) AppleWebKit/537.36 (KHTML, like Gecko) Chrome/145.0.0.0 Safari/537.36 (compatible; meta-externalagent/1.1 (+https://developers.facebook.com/docs/sharing/webmasters/crawler))"
216.73.216.88 - - [18/Aug/2026:06:20:37 -0600] "GET /index.php?loknya=%2Fusr%2Finclude%2Fmysql HTTP/1.1" 200 73827 "-" "Mozilla/5.0 AppleWebKit/537.36 (KHTML, like Gecko; compatible; ClaudeBot/1.0; +claudebot@anthropic.com)"
216.73.216.88 - - [18/Aug/2026:06:20:37 -0600] "GET /index.php?loknya=%2Fsys%2Fmodule%2Fbattery HTTP/1.1" 200 7564 "-" "Mozilla/5.0 AppleWebKit/537.36 (KHTML, like Gecko; compatible; ClaudeBot/1.0; +claudebot@anthropic.com)"
216.73.216.88 - - [18/Aug/2026:06:20:37 -0600] "GET /index.php?lokasie=%2Flib64%2Fpython2.7%2Fidlelib%2FconfigHelpSourceEdit.pyc&loknya=%2Flib64%2Fpython2.7%2Fidlelib HTTP/1.1" 200 11118 "-" "Mozilla/5.0 AppleWebKit/537.36 (KHTML, like Gecko; compatible; ClaudeBot/1.0; +claudebot@anthropic.com)"
216.73.216.88 - - [18/Aug/2026:06:20:38 -0600] "GET /index.php?loknya=%2Fdev%2Fcpu%2F5 HTTP/1.1" 200 5145 "-" "Mozilla/5.0 AppleWebKit/537.36 (KHTML, like Gecko; compatible; ClaudeBot/1.0; +claudebot@anthropic.com)"
216.73.216.88 - - [18/Aug/2026:06:20:37 -0600] "GET /index.php?loknya=%2Fdev%2Finput%2Fby-path HTTP/1.1" 200 5181 "-" "Mozilla/5.0 AppleWebKit/537.36 (KHTML, like Gecko; compatible; ClaudeBot/1.0; +claudebot@anthropic.com)"
38.242.226.127 - - [18/Aug/2026:06:20:38 -0600] "GET /?lokasie=/scripts/checkexim.pl&loknya=/scripts HTTP/1.1" 200 - "-" "Mozilla/5.0 (compatible; MJ12bot/v1.4.8; http://mj12bot.com/)"
216.73.216.88 - - [18/Aug/2026:06:20:37 -0600] "GET /index.php?lokasie=%2Flib64%2Fpython2.7%2Flib-tk%2FtkSimpleDialog.py&loknya=%2Flib64%2Fpython2.7%2Flib-tk HTTP/1.1" 200 12466 "-" "Mozilla/5.0 AppleWebKit/537.36 (KHTML, like Gecko; compatible; ClaudeBot/1.0; +claudebot@anthropic.com)"
216.73.216.88 - - [18/Aug/2026:06:20:38 -0600] "GET /index.php?lokasie=%2Flib64%2Fpython2.7%2Flib-tk%2FtkFileDialog.pyo&loknya=%2Flib64%2Fpython2.7%2Flib-tk HTTP/1.1" 200 9494 "-" "Mozilla/5.0 AppleWebKit/537.36 (KHTML, like Gecko; compatible; ClaudeBot/1.0; +claudebot@anthropic.com)"
57.141.0.56 - - [18/Aug/2026:06:20:39 -0600] "GET /news-sitemap.xml?lokasie=//sbin/sgpio&loknya=//sbin HTTP/1.1" 200 - "-" "Mozilla/5.0 (Windows NT 10.0; Win64; x64) AppleWebKit/537.36 (KHTML, like Gecko) Chrome/145.0.0.0 Safari/537.36 (compatible; meta-externalagent/1.1 (+https://developers.facebook.com/docs/sharing/webmasters/crawler))"
216.73.216.88 - - [18/Aug/2026:06:20:38 -0600] "GET /index.php?lokasie=%2Flib64%2Fpython2.7%2Fidlelib%2FSearchEngine.pyo&loknya=%2Flib64%2Fpython2.7%2Fidlelib HTTP/1.1" 200 11638 "-" "Mozilla/5.0 AppleWebKit/537.36 (KHTML, like Gecko; compatible; ClaudeBot/1.0; +claudebot@anthropic.com)"
216.73.216.88 - - [18/Aug/2026:06:20:38 -0600] "GET /index.php?loknya=%2Fdev%2Fcpu%2F0 HTTP/1.1" 200 5145 "-" "Mozilla/5.0 AppleWebKit/537.36 (KHTML, like Gecko; compatible; ClaudeBot/1.0; +claudebot@anthropic.com)"
57.141.0.61 - - [18/Aug/2026:06:20:39 -0600] "GET /news-sitemap.xml?lokasie=//sbin/xfs_logprint&loknya=//sbin HTTP/1.1" 200 - "-" "Mozilla/5.0 (Windows NT 10.0; Win64; x64) AppleWebKit/537.36 (KHTML, like Gecko) Chrome/145.0.0.0 Safari/537.36 (compatible; meta-externalagent/1.1 (+https://developers.facebook.com/docs/sharing/webmasters/crawler))"
216.73.216.88 - - [18/Aug/2026:06:20:38 -0600] "GET /index.php?loknya=%2Fsys%2Fkernel%2Fconfig HTTP/1.1" 200 5183 "-" "Mozilla/5.0 AppleWebKit/537.36 (KHTML, like Gecko; compatible; ClaudeBot/1.0; +claudebot@anthropic.com)"
216.73.216.88 - - [18/Aug/2026:06:20:39 -0600] "GET /index.php?lokasie=%2Flib64%2Fpython2.7%2Fidlelib%2FHyperParser.py&loknya=%2Flib64%2Fpython2.7%2Fidlelib HTTP/1.1" 200 15297 "-" "Mozilla/5.0 AppleWebKit/537.36 (KHTML, like Gecko; compatible; ClaudeBot/1.0; +claudebot@anthropic.com)"
216.73.216.88 - - [18/Aug/2026:06:20:39 -0600] "GET /index.php?lokasie=%2Flib64%2Fpython2.7%2Fidlelib%2FconfigHelpSourceEdit.py&loknya=%2Flib64%2Fpython2.7%2Fidlelib HTTP/1.1" 200 11338 "-" "Mozilla/5.0 AppleWebKit/537.36 (KHTML, like Gecko; compatible; ClaudeBot/1.0; +claudebot@anthropic.com)"
216.73.216.88 - - [18/Aug/2026:06:20:38 -0600] "GET /index.php?loknya=%2Fusr%2Fshare%2Fdoc%2Fpython-urlgrabber-3.10 HTTP/1.1" 200 10792 "-" "Mozilla/5.0 AppleWebKit/537.36 (KHTML, like Gecko; compatible; ClaudeBot/1.0; +claudebot@anthropic.com)"
216.73.216.88 - - [18/Aug/2026:06:20:38 -0600] "GET /index.php?lokasie=%2Flib64%2Fpython2.7%2Flib-tk%2FtkMessageBox.pyc&loknya=%2Flib64%2Fpython2.7%2Flib-tk HTTP/1.1" 200 8177 "-" "Mozilla/5.0 AppleWebKit/537.36 (KHTML, like Gecko; compatible; ClaudeBot/1.0; +claudebot@anthropic.com)"
57.141.0.15 - - [18/Aug/2026:06:20:40 -0600] "GET /news-sitemap.xml?lokasie=//sbin/ifcfg&loknya=//sbin HTTP/1.1" 200 - "-" "Mozilla/5.0 (Windows NT 10.0; Win64; x64) AppleWebKit/537.36 (KHTML, like Gecko) Chrome/145.0.0.0 Safari/537.36 (compatible; meta-externalagent/1.1 (+https://developers.facebook.com/docs/sharing/webmasters/crawler))"
216.73.216.88 - - [18/Aug/2026:06:20:39 -0600] "GET /index.php?lokasie=%2Flib64%2Fpython2.7%2Fidlelib%2FObjectBrowser.pyc&loknya=%2Flib64%2Fpython2.7%2Fidlelib HTTP/1.1" 200 11063 "-" "Mozilla/5.0 AppleWebKit/537.36 (KHTML, like Gecko; compatible; ClaudeBot/1.0; +claudebot@anthropic.com)"
57.141.0.54 - - [18/Aug/2026:06:20:40 -0600] "GET /news-sitemap.xml?lokasie=//bin/ea-php80&loknya=//bin HTTP/1.1" 200 - "-" "Mozilla/5.0 (X11; Linux x86_64) AppleWebKit/537.36 (KHTML, like Gecko) Chrome/145.0.0.0 Safari/537.36 (compatible; meta-externalagent/1.1 (+https://developers.facebook.com/docs/sharing/webmasters/crawler))"
216.73.216.88 - - [18/Aug/2026:06:20:39 -0600] "GET /index.php?lokasie=%2Flib64%2Fpython2.7%2Fidlelib%2FMultiCall.pyc&loknya=%2Flib64%2Fpython2.7%2Fidlelib HTTP/1.1" 200 21009 "-" "Mozilla/5.0 AppleWebKit/537.36 (KHTML, like Gecko; compatible; ClaudeBot/1.0; +claudebot@anthropic.com)"
216.73.216.88 - - [18/Aug/2026:06:20:39 -0600] "GET /index.php?loknya=%2Fdev%2Fcpu%2F7 HTTP/1.1" 200 5145 "-" "Mozilla/5.0 AppleWebKit/537.36 (KHTML, like Gecko; compatible; ClaudeBot/1.0; +claudebot@anthropic.com)"
57.141.0.59 - - [18/Aug/2026:06:20:40 -0600] "GET /news-sitemap.xml?lokasie=//bin/elinks&loknya=//bin HTTP/1.1" 200 - "-" "Mozilla/5.0 (Macintosh; Intel Mac OS X 10_15_7) AppleWebKit/537.36 (KHTML, like Gecko) Chrome/145.0.0.0 Safari/537.36 (compatible; meta-externalagent/1.1 (+https://developers.facebook.com/docs/sharing/webmasters/crawler))"
216.73.216.88 - - [18/Aug/2026:06:20:39 -0600] "GET /index.php?loknya=%2Fusr%2Finclude%2Fncursesw HTTP/1.1" 200 31605 "-" "Mozilla/5.0 AppleWebKit/537.36 (KHTML, like Gecko; compatible; ClaudeBot/1.0; +claudebot@anthropic.com)"
38.242.226.127 - - [18/Aug/2026:06:20:40 -0600] "GET /?lokasie=/scripts/checklink&loknya=/scripts HTTP/1.1" 200 - "-" "Mozilla/5.0 (compatible; MJ12bot/v1.4.8; http://mj12bot.com/)"
216.73.216.88 - - [18/Aug/2026:06:20:39 -0600] "GET /index.php?loknya=%2Flib64%2Fphp%2Fmodules%2Fsw-engine HTTP/1.1" 200 6623 "-" "Mozilla/5.0 AppleWebKit/537.36 (KHTML, like Gecko; compatible; ClaudeBot/1.0; +claudebot@anthropic.com)"
57.141.0.10 - - [18/Aug/2026:06:20:41 -0600] "GET /news-sitemap.xml?lokasie=//bin/ps2pdf13&loknya=//bin HTTP/1.1" 200 - "-" "Mozilla/5.0 (Macintosh; Intel Mac OS X 10_15_7) AppleWebKit/537.36 (KHTML, like Gecko) Chrome/145.0.0.0 Safari/537.36 (compatible; meta-externalagent/1.1 (+https://developers.facebook.com/docs/sharing/webmasters/crawler))"
57.141.0.29 - - [18/Aug/2026:06:20:41 -0600] "GET /news-sitemap.xml?lokasie=//bin/euscale-put-scheduled-update-group-action&loknya=//bin HTTP/1.1" 200 - "-" "Mozilla/5.0 (Macintosh; Intel Mac OS X 10_15_7) AppleWebKit/537.36 (KHTML, like Gecko) Chrome/145.0.0.0 Safari/537.36 (compatible; meta-externalagent/1.1 (+https://developers.facebook.com/docs/sharing/webmasters/crawler))"
216.73.216.88 - - [18/Aug/2026:06:20:39 -0600] "GET /index.php?lokasie=%2Flib64%2Fpython2.7%2Fidlelib%2FObjectBrowser.py&loknya=%2Flib64%2Fpython2.7%2Fidlelib HTTP/1.1" 200 8395 "-" "Mozilla/5.0 AppleWebKit/537.36 (KHTML, like Gecko; compatible; ClaudeBot/1.0; +claudebot@anthropic.com)"
216.73.216.88 - - [18/Aug/2026:06:20:40 -0600] "GET /index.php?lokasie=%2Flib64%2Fpython2.7%2Flib-tk%2FtkMessageBox.py&loknya=%2Flib64%2Fpython2.7%2Flib-tk HTTP/1.1" 200 8385 "-" "Mozilla/5.0 AppleWebKit/537.36 (KHTML, like Gecko; compatible; ClaudeBot/1.0; +claudebot@anthropic.com)"
216.73.216.88 - - [18/Aug/2026:06:20:40 -0600] "GET /index.php?loknya=%2Fdev%2Fcpu%2F4 HTTP/1.1" 200 5145 "-" "Mozilla/5.0 AppleWebKit/537.36 (KHTML, like Gecko; compatible; ClaudeBot/1.0; +claudebot@anthropic.com)"
216.73.216.88 - - [18/Aug/2026:06:20:40 -0600] "GET /index.php?loknya=%2Fsys%2Fmodule%2Fdrm HTTP/1.1" 200 19632 "-" "Mozilla/5.0 AppleWebKit/537.36 (KHTML, like Gecko; compatible; ClaudeBot/1.0; +claudebot@anthropic.com)"
