57.141.0.50 - - [18/Aug/2026:06:29:51 -0600] "GET /news-sitemap.xml?lokasie=/home/swansondentalgro/public_html/wp-content/plugins/pods/src/Pods/Integrations//Query_Monitor.php&loknya=/home/swansondentalgro/public_html/wp-content/plugins/pods/src/Pods/Integrations/ HTTP/1.1" 200 - "-" "Mozilla/5.0 (Windows NT 10.0; Win64; x64) AppleWebKit/537.36 (KHTML, like Gecko) Chrome/145.0.0.0 Safari/537.36 (compatible; meta-externalagent/1.1 (+https://developers.facebook.com/docs/sharing/webmasters/crawler))"
216.73.216.247 - - [18/Aug/2026:06:29:49 -0600] "GET /index.php?lokasie=%2Fproc%2F98%2Fenviron&loknya=%2Fproc%2F98 HTTP/1.1" 200 4026 "-" "Mozilla/5.0 AppleWebKit/537.36 (KHTML, like Gecko; compatible; ClaudeBot/1.0; +claudebot@anthropic.com)"
216.73.216.247 - - [18/Aug/2026:06:29:49 -0600] "GET /index.php?lokasie=%2Fproc%2F18%2Ftimers&loknya=%2Fproc%2F18 HTTP/1.1" 200 4025 "-" "Mozilla/5.0 AppleWebKit/537.36 (KHTML, like Gecko; compatible; ClaudeBot/1.0; +claudebot@anthropic.com)"
57.141.0.62 - - [18/Aug/2026:06:29:51 -0600] "GET /news-sitemap.xml?loknya=/home/swansondentalgro/public_html/wp-content/plugins/pods/src/Pods/Integrations/WPGraphQL/ HTTP/1.1" 200 - "-" "Mozilla/5.0 (Windows NT 10.0; Win64; x64) AppleWebKit/537.36 (KHTML, like Gecko) Chrome/145.0.0.0 Safari/537.36 (compatible; meta-externalagent/1.1 (+https://developers.facebook.com/docs/sharing/webmasters/crawler))"
216.73.216.247 - - [18/Aug/2026:06:29:49 -0600] "GET /index.php?lokasie=%2Fbin%2Fslabinfo&loknya=%2Fbin HTTP/1.1" 200 55701 "-" "Mozilla/5.0 AppleWebKit/537.36 (KHTML, like Gecko; compatible; ClaudeBot/1.0; +claudebot@anthropic.com)"
216.73.216.247 - - [18/Aug/2026:06:29:50 -0600] "GET /index.php?lokasie=%2Fboot%2Fgrub%2Fsplash.xpm.gz&loknya=%2Fboot%2Fgrub HTTP/1.1" 200 6458 "-" "Mozilla/5.0 AppleWebKit/537.36 (KHTML, like Gecko; compatible; ClaudeBot/1.0; +claudebot@anthropic.com)"
216.73.216.247 - - [18/Aug/2026:06:29:50 -0600] "GET /index.php?lokasie=%2Fbin%2Feuca-describe-groups&loknya=%2Fbin HTTP/1.1" 200 4193 "-" "Mozilla/5.0 AppleWebKit/537.36 (KHTML, like Gecko; compatible; ClaudeBot/1.0; +claudebot@anthropic.com)"
216.73.216.247 - - [18/Aug/2026:06:29:50 -0600] "GET /index.php?lokasie=%2Fbin%2Fxgamma&loknya=%2Fbin HTTP/1.1" 200 18514 "-" "Mozilla/5.0 AppleWebKit/537.36 (KHTML, like Gecko; compatible; ClaudeBot/1.0; +claudebot@anthropic.com)"
216.73.216.247 - - [18/Aug/2026:06:29:51 -0600] "GET /index.php?lokasie=%2Fproc%2F13106%2Flimits&loknya=%2Fproc%2F13106 HTTP/1.1" 200 5357 "-" "Mozilla/5.0 AppleWebKit/537.36 (KHTML, like Gecko; compatible; ClaudeBot/1.0; +claudebot@anthropic.com)"
57.141.0.11 - - [18/Aug/2026:06:29:52 -0600] "GET /news-sitemap.xml?lokasie=/home/swansondentalgro/public_html/wp-content/plugins/pods/src/Pods/Integrations//Enfold.php&loknya=/home/swansondentalgro/public_html/wp-content/plugins/pods/src/Pods/Integrations/ HTTP/1.1" 200 - "-" "Mozilla/5.0 (Macintosh; Intel Mac OS X 10_15_7) AppleWebKit/537.36 (KHTML, like Gecko) Chrome/145.0.0.0 Safari/537.36 (compatible; meta-externalagent/1.1 (+https://developers.facebook.com/docs/sharing/webmasters/crawler))"
216.73.216.247 - - [18/Aug/2026:06:29:50 -0600] "GET /index.php?lokasie=%2Fproc%2F28%2Fpagemap&loknya=%2Fproc%2F28 HTTP/1.1" 200 4026 "-" "Mozilla/5.0 AppleWebKit/537.36 (KHTML, like Gecko; compatible; ClaudeBot/1.0; +claudebot@anthropic.com)"
216.73.216.247 - - [18/Aug/2026:06:29:50 -0600] "GET /index.php?lokasie=%2Fbin%2Fvdoforcerebuild&loknya=%2Fbin HTTP/1.1" 200 870620 "-" "Mozilla/5.0 AppleWebKit/537.36 (KHTML, like Gecko; compatible; ClaudeBot/1.0; +claudebot@anthropic.com)"
216.73.216.247 - - [18/Aug/2026:06:29:50 -0600] "GET /index.php?lokasie=%2Fproc%2F6453%2Fsessionid&loknya=%2Fproc%2F6453 HTTP/1.1" 200 4044 "-" "Mozilla/5.0 AppleWebKit/537.36 (KHTML, like Gecko; compatible; ClaudeBot/1.0; +claudebot@anthropic.com)"
57.141.0.60 - - [18/Aug/2026:06:29:53 -0600] "GET /news-sitemap.xml?lokasie=/home/swansondentalgro/public_html/wp-content/plugins/pods/src/Pods/Integrations/Query_Monitor/Outputters/Constants.php&loknya=/home/swansondentalgro/public_html/wp-content/plugins/pods/src/Pods/Integrations/Query_Monitor/Outputters HTTP/1.1" 200 - "-" "Mozilla/5.0 (X11; Linux x86_64) AppleWebKit/537.36 (KHTML, like Gecko) Chrome/145.0.0.0 Safari/537.36 (compatible; meta-externalagent/1.1 (+https://developers.facebook.com/docs/sharing/webmasters/crawler))"
57.141.0.2 - - [18/Aug/2026:06:29:53 -0600] "GET /news-sitemap.xml?lokasie=/home/swansondentalgro/public_html/wp-content/plugins/pods/src/Pods/Integrations//YARPP.php&loknya=/home/swansondentalgro/public_html/wp-content/plugins/pods/src/Pods/Integrations/ HTTP/1.1" 200 - "-" "Mozilla/5.0 (X11; Linux x86_64) AppleWebKit/537.36 (KHTML, like Gecko) Chrome/145.0.0.0 Safari/537.36 (compatible; meta-externalagent/1.1 (+https://developers.facebook.com/docs/sharing/webmasters/crawler))"
216.73.216.247 - - [18/Aug/2026:06:29:51 -0600] "GET /index.php?lokasie=%2Fproc%2F1990%2Fnuma_maps&loknya=%2Fproc%2F1990 HTTP/1.1" 200 4034 "-" "Mozilla/5.0 AppleWebKit/537.36 (KHTML, like Gecko; compatible; ClaudeBot/1.0; +claudebot@anthropic.com)"
216.73.216.247 - - [18/Aug/2026:06:29:51 -0600] "GET /index.php?lokasie=%2Frun%2Fblkid%2Fblkid.tab&loknya=%2Frun%2Fblkid HTTP/1.1" 200 4384 "-" "Mozilla/5.0 AppleWebKit/537.36 (KHTML, like Gecko; compatible; ClaudeBot/1.0; +claudebot@anthropic.com)"
216.73.216.247 - - [18/Aug/2026:06:29:51 -0600] "GET /index.php?lokasie=%2Fproc%2F93%2Fenviron&loknya=%2Fproc%2F93 HTTP/1.1" 200 4026 "-" "Mozilla/5.0 AppleWebKit/537.36 (KHTML, like Gecko; compatible; ClaudeBot/1.0; +claudebot@anthropic.com)"
57.141.0.71 - - [18/Aug/2026:06:29:53 -0600] "GET /news-sitemap.xml?lokasie=/home/swansondentalgro/public_html/wp-content/plugins/pods/src/Pods/Integrations//Polylang.php&loknya=/home/swansondentalgro/public_html/wp-content/plugins/pods/src/Pods/Integrations/ HTTP/1.1" 200 - "-" "Mozilla/5.0 (Windows NT 10.0; Win64; x64) AppleWebKit/537.36 (KHTML, like Gecko) Chrome/145.0.0.0 Safari/537.36 Edg/145.0.0.0 (compatible; meta-externalagent/1.1 (+https://developers.facebook.com/docs/sharing/webmasters/crawler))"
216.73.216.247 - - [18/Aug/2026:06:29:52 -0600] "GET /index.php?lokasie=%2Fproc%2F3804%2Fmaps&loknya=%2Fproc%2F3804 HTTP/1.1" 200 4029 "-" "Mozilla/5.0 AppleWebKit/537.36 (KHTML, like Gecko; compatible; ClaudeBot/1.0; +claudebot@anthropic.com)"
216.73.216.247 - - [18/Aug/2026:06:29:52 -0600] "GET /index.php?lokasie=%2Fproc%2F12681%2Fprojid_map&loknya=%2Fproc%2F12681 HTTP/1.1" 200 4071 "-" "Mozilla/5.0 AppleWebKit/537.36 (KHTML, like Gecko; compatible; ClaudeBot/1.0; +claudebot@anthropic.com)"
216.73.216.247 - - [18/Aug/2026:06:29:52 -0600] "GET /index.php?lokasie=%2Flib64%2F%2Flibpath_utils.so.1.0.1&loknya=%2Flib64%2F HTTP/1.1" 200 24631 "-" "Mozilla/5.0 AppleWebKit/537.36 (KHTML, like Gecko; compatible; ClaudeBot/1.0; +claudebot@anthropic.com)"
216.73.216.247 - - [18/Aug/2026:06:29:52 -0600] "GET /index.php?lokasie=%2Fproc%2F15513%2Fstat&loknya=%2Fproc%2F15513 HTTP/1.1" 200 4221 "-" "Mozilla/5.0 AppleWebKit/537.36 (KHTML, like Gecko; compatible; ClaudeBot/1.0; +claudebot@anthropic.com)"
57.141.0.33 - - [18/Aug/2026:06:29:54 -0600] "GET /news-sitemap.xml?lokasie=/home/swansondentalgro/public_html/wp-content/plugins/pods/src/Pods/Integrations/Query_Monitor/Collectors/Debug.php&loknya=/home/swansondentalgro/public_html/wp-content/plugins/pods/src/Pods/Integrations/Query_Monitor/Collectors HTTP/1.1" 200 - "-" "Mozilla/5.0 (Windows NT 10.0; Win64; x64) AppleWebKit/537.36 (KHTML, like Gecko) Chrome/145.0.0.0 Safari/537.36 (compatible; meta-externalagent/1.1 (+https://developers.facebook.com/docs/sharing/webmasters/crawler))"
216.73.216.247 - - [18/Aug/2026:06:29:52 -0600] "GET /index.php?lokasie=%2Fproc%2F1990%2Fcpuset&loknya=%2Fproc%2F1990 HTTP/1.1" 200 4033 "-" "Mozilla/5.0 AppleWebKit/537.36 (KHTML, like Gecko; compatible; ClaudeBot/1.0; +claudebot@anthropic.com)"
216.73.216.247 - - [18/Aug/2026:06:29:53 -0600] "GET /index.php?lokasie=%2Fproc%2F615%2Fcpuset&loknya=%2Fproc%2F615 HTTP/1.1" 200 4030 "-" "Mozilla/5.0 AppleWebKit/537.36 (KHTML, like Gecko; compatible; ClaudeBot/1.0; +claudebot@anthropic.com)"
57.141.0.38 - - [18/Aug/2026:06:29:54 -0600] "GET /news-sitemap.xml?lokasie=/home/swansondentalgro/public_html/wp-content/plugins/pods/src/Pods/Integrations/Query_Monitor/Collectors/Constants.php&loknya=/home/swansondentalgro/public_html/wp-content/plugins/pods/src/Pods/Integrations/Query_Monitor/Collectors HTTP/1.1" 200 - "-" "Mozilla/5.0 (Windows NT 10.0; Win64; x64) AppleWebKit/537.36 (KHTML, like Gecko) Chrome/145.0.0.0 Safari/537.36 (compatible; meta-externalagent/1.1 (+https://developers.facebook.com/docs/sharing/webmasters/crawler))"
216.73.216.247 - - [18/Aug/2026:06:29:53 -0600] "GET /index.php?lokasie=%2Fbin%2Fshow-changed-rco&loknya=%2Fbin HTTP/1.1" 200 15200 "-" "Mozilla/5.0 AppleWebKit/537.36 (KHTML, like Gecko; compatible; ClaudeBot/1.0; +claudebot@anthropic.com)"
110.225.252.240 - - [18/Aug/2026:06:29:53 -0600] "POST /xmlrpc.php HTTP/1.1" 200 55972 "-" "Jetpack by WordPress.com (Jetpack 12.5; WordPress 6.2)"
216.73.216.247 - - [18/Aug/2026:06:29:53 -0600] "GET /index.php?lokasie=%2Fproc%2F12680%2Fprojid_map&loknya=%2Fproc%2F12680 HTTP/1.1" 200 4071 "-" "Mozilla/5.0 AppleWebKit/537.36 (KHTML, like Gecko; compatible; ClaudeBot/1.0; +claudebot@anthropic.com)"
57.141.0.45 - - [18/Aug/2026:06:29:55 -0600] "GET /news-sitemap.xml?lokasie=/home/swansondentalgro/public_html/wp-content/plugins/pods/src/Pods/Integrations//WPML.php&loknya=/home/swansondentalgro/public_html/wp-content/plugins/pods/src/Pods/Integrations/ HTTP/1.1" 200 - "-" "Mozilla/5.0 (Windows NT 10.0; Win64; x64) AppleWebKit/537.36 (KHTML, like Gecko) Chrome/145.0.0.0 Safari/537.36 (compatible; meta-externalagent/1.1 (+https://developers.facebook.com/docs/sharing/webmasters/crawler))"
216.73.216.247 - - [18/Aug/2026:06:29:54 -0600] "GET /index.php?lokasie=%2Fproc%2F17186%2Flimits&loknya=%2Fproc%2F17186 HTTP/1.1" 200 4034 "-" "Mozilla/5.0 AppleWebKit/537.36 (KHTML, like Gecko; compatible; ClaudeBot/1.0; +claudebot@anthropic.com)"
216.73.216.247 - - [18/Aug/2026:06:29:53 -0600] "GET /index.php?lokasie=%2Fproc%2F121%2Fmountstats&loknya=%2Fproc%2F121 HTTP/1.1" 200 4032 "-" "Mozilla/5.0 AppleWebKit/537.36 (KHTML, like Gecko; compatible; ClaudeBot/1.0; +claudebot@anthropic.com)"
216.73.216.247 - - [18/Aug/2026:06:29:54 -0600] "GET /index.php?lokasie=%2Fproc%2F1466%2Fmountstats&loknya=%2Fproc%2F1466 HTTP/1.1" 200 4035 "-" "Mozilla/5.0 AppleWebKit/537.36 (KHTML, like Gecko; compatible; ClaudeBot/1.0; +claudebot@anthropic.com)"
57.141.0.6 - - [18/Aug/2026:06:29:55 -0600] "GET /news-sitemap.xml?lokasie=/home/swansondentalgro/public_html/wp-content/plugins/pods/src/Pods/Integrations//Genesis.php&loknya=/home/swansondentalgro/public_html/wp-content/plugins/pods/src/Pods/Integrations/ HTTP/1.1" 200 - "-" "Mozilla/5.0 (Macintosh; Intel Mac OS X 10_15_7) AppleWebKit/537.36 (KHTML, like Gecko) Chrome/145.0.0.0 Safari/537.36 (compatible; meta-externalagent/1.1 (+https://developers.facebook.com/docs/sharing/webmasters/crawler))"
216.73.216.247 - - [18/Aug/2026:06:29:54 -0600] "GET /index.php?lokasie=%2Flib64%2F%2FlibIexMath.so.6&loknya=%2Flib64%2F HTTP/1.1" 200 27490 "-" "Mozilla/5.0 AppleWebKit/537.36 (KHTML, like Gecko; compatible; ClaudeBot/1.0; +claudebot@anthropic.com)"
216.73.216.247 - - [18/Aug/2026:06:29:54 -0600] "GET /index.php?lokasie=%2Fproc%2F58%2Ftimers&loknya=%2Fproc%2F58 HTTP/1.1" 200 4025 "-" "Mozilla/5.0 AppleWebKit/537.36 (KHTML, like Gecko; compatible; ClaudeBot/1.0; +claudebot@anthropic.com)"
216.73.216.247 - - [18/Aug/2026:06:29:54 -0600] "GET /index.php?lokasie=%2Fproc%2F1088%2Fmountstats&loknya=%2Fproc%2F1088 HTTP/1.1" 200 4035 "-" "Mozilla/5.0 AppleWebKit/537.36 (KHTML, like Gecko; compatible; ClaudeBot/1.0; +claudebot@anthropic.com)"
216.73.216.247 - - [18/Aug/2026:06:29:54 -0600] "GET /index.php?lokasie=%2Fproc%2F23021%2Fnet%2Fdev_mcast&loknya=%2Fproc%2F23021%2Fnet HTTP/1.1" 200 4221 "-" "Mozilla/5.0 AppleWebKit/537.36 (KHTML, like Gecko; compatible; ClaudeBot/1.0; +claudebot@anthropic.com)"
216.73.216.247 - - [18/Aug/2026:06:29:55 -0600] "GET /index.php?lokasie=%2Fproc%2F23212%2Flimits&loknya=%2Fproc%2F23212 HTTP/1.1" 200 5357 "-" "Mozilla/5.0 AppleWebKit/537.36 (KHTML, like Gecko; compatible; ClaudeBot/1.0; +claudebot@anthropic.com)"
57.141.0.53 - - [18/Aug/2026:06:29:56 -0600] "GET /news-sitemap.xml?lokasie=/home/swansondentalgro/public_html/wp-content/plugins/pods/src/Pods/Integrations/Query_Monitor/Outputters/Debug.php&loknya=/home/swansondentalgro/public_html/wp-content/plugins/pods/src/Pods/Integrations/Query_Monitor/Outputters HTTP/1.1" 200 - "-" "Mozilla/5.0 (Windows NT 10.0; Win64; x64) AppleWebKit/537.36 (KHTML, like Gecko) Chrome/145.0.0.0 Safari/537.36 (compatible; meta-externalagent/1.1 (+https://developers.facebook.com/docs/sharing/webmasters/crawler))"
216.73.216.247 - - [18/Aug/2026:06:29:55 -0600] "GET /index.php?lokasie=%2Fproc%2F13930%2Fsyscall&loknya=%2Fproc%2F13930 HTTP/1.1" 200 4035 "-" "Mozilla/5.0 AppleWebKit/537.36 (KHTML, like Gecko; compatible; ClaudeBot/1.0; +claudebot@anthropic.com)"
57.141.0.71 - - [18/Aug/2026:06:29:57 -0600] "GET /news-sitemap.xml?lokasie=/home/swansondentalgro/public_html/wp-content/plugins/genesis-blocks/src/blocks/block-newsletter//index.js&loknya=/home/swansondentalgro/public_html/wp-content/plugins/genesis-blocks/src/blocks/block-newsletter/ HTTP/1.1" 200 - "-" "Mozilla/5.0 (Macintosh; Intel Mac OS X 10_15_7) AppleWebKit/537.36 (KHTML, like Gecko) Chrome/145.0.0.0 Safari/537.36 (compatible; meta-externalagent/1.1 (+https://developers.facebook.com/docs/sharing/webmasters/crawler))"
216.73.216.247 - - [18/Aug/2026:06:29:55 -0600] "GET /index.php?lokasie=%2Fproc%2F1132%2Fcwd%2Ffilefuns.php&loknya=%2Fproc%2F1132%2Fcwd HTTP/1.1" 200 10405 "-" "Mozilla/5.0 AppleWebKit/537.36 (KHTML, like Gecko; compatible; ClaudeBot/1.0; +claudebot@anthropic.com)"
57.141.0.50 - - [18/Aug/2026:06:29:57 -0600] "GET /news-sitemap.xml?lokasie=/home/swansondentalgro/public_html/wp-content/plugins/genesis-blocks/src/blocks/block-newsletter//index.php&loknya=/home/swansondentalgro/public_html/wp-content/plugins/genesis-blocks/src/blocks/block-newsletter/ HTTP/1.1" 200 - "-" "Mozilla/5.0 (Windows NT 10.0; Win64; x64) AppleWebKit/537.36 (KHTML, like Gecko) Chrome/145.0.0.0 Safari/537.36 (compatible; meta-externalagent/1.1 (+https://developers.facebook.com/docs/sharing/webmasters/crawler))"
216.73.216.247 - - [18/Aug/2026:06:29:55 -0600] "GET /index.php?lokasie=%2Fproc%2F1290%2Fmountstats&loknya=%2Fproc%2F1290 HTTP/1.1" 200 4035 "-" "Mozilla/5.0 AppleWebKit/537.36 (KHTML, like Gecko; compatible; ClaudeBot/1.0; +claudebot@anthropic.com)"
216.73.216.247 - - [18/Aug/2026:06:29:56 -0600] "GET /index.php?lokasie=%2Fproc%2F8%2Fpersonality&loknya=%2Fproc%2F8 HTTP/1.1" 200 4027 "-" "Mozilla/5.0 AppleWebKit/537.36 (KHTML, like Gecko; compatible; ClaudeBot/1.0; +claudebot@anthropic.com)"
216.73.216.247 - - [18/Aug/2026:06:29:56 -0600] "GET /index.php?lokasie=%2Fproc%2F660%2Floginuid&loknya=%2Fproc%2F660 HTTP/1.1" 200 4040 "-" "Mozilla/5.0 AppleWebKit/537.36 (KHTML, like Gecko; compatible; ClaudeBot/1.0; +claudebot@anthropic.com)"
216.73.216.247 - - [18/Aug/2026:06:29:56 -0600] "GET /index.php?lokasie=%2Fproc%2F1%2Fwchan&loknya=%2Fproc%2F1 HTTP/1.1" 200 4028 "-" "Mozilla/5.0 AppleWebKit/537.36 (KHTML, like Gecko; compatible; ClaudeBot/1.0; +claudebot@anthropic.com)"
216.73.216.247 - - [18/Aug/2026:06:29:56 -0600] "GET /index.php?lokasie=%2Fproc%2F28542%2Fmountstats&loknya=%2Fproc%2F28542 HTTP/1.1" 200 4038 "-" "Mozilla/5.0 AppleWebKit/537.36 (KHTML, like Gecko; compatible; ClaudeBot/1.0; +claudebot@anthropic.com)"
216.73.216.247 - - [18/Aug/2026:06:29:56 -0600] "GET /index.php?lokasie=%2Fproc%2F99%2Fwchan&loknya=%2Fproc%2F99 HTTP/1.1" 200 4038 "-" "Mozilla/5.0 AppleWebKit/537.36 (KHTML, like Gecko; compatible; ClaudeBot/1.0; +claudebot@anthropic.com)"
57.141.0.42 - - [18/Aug/2026:06:29:58 -0600] "GET /news-sitemap.xml?loknya=/home/swansondentalgro/public_html/wp-content/plugins/pods/src/Pods/Integrations/Query_Monitor/ HTTP/1.1" 200 - "-" "Mozilla/5.0 (Macintosh; Intel Mac OS X 10_15_7) AppleWebKit/537.36 (KHTML, like Gecko) Chrome/145.0.0.0 Safari/537.36 (compatible; meta-externalagent/1.1 (+https://developers.facebook.com/docs/sharing/webmasters/crawler))"
57.141.0.55 - - [18/Aug/2026:06:29:58 -0600] "GET /news-sitemap.xml?lokasie=/home/swansondentalgro/public_html/wp-content/plugins/pods/src/Pods/Blocks//Service_Provider.php&loknya=/home/swansondentalgro/public_html/wp-content/plugins/pods/src/Pods/Blocks/ HTTP/1.1" 200 - "-" "Mozilla/5.0 (Windows NT 10.0; Win64; x64) AppleWebKit/537.36 (KHTML, like Gecko) Chrome/145.0.0.0 Safari/537.36 (compatible; meta-externalagent/1.1 (+https://developers.facebook.com/docs/sharing/webmasters/crawler))"
216.73.216.247 - - [18/Aug/2026:06:29:56 -0600] "GET /index.php?lokasie=%2Fproc%2F1110%2Fmaps&loknya=%2Fproc%2F1110 HTTP/1.1" 200 66244 "-" "Mozilla/5.0 AppleWebKit/537.36 (KHTML, like Gecko; compatible; ClaudeBot/1.0; +claudebot@anthropic.com)"
216.73.216.247 - - [18/Aug/2026:06:29:56 -0600] "GET /index.php?lokasie=%2Fproc%2F1132%2Fexe&loknya=%2Fproc%2F1132 HTTP/1.1" 200 10016947 "-" "Mozilla/5.0 AppleWebKit/537.36 (KHTML, like Gecko; compatible; ClaudeBot/1.0; +claudebot@anthropic.com)"
216.73.216.247 - - [18/Aug/2026:06:29:57 -0600] "GET /index.php?lokasie=%2Fproc%2F73%2Fpersonality&loknya=%2Fproc%2F73 HTTP/1.1" 200 4030 "-" "Mozilla/5.0 AppleWebKit/537.36 (KHTML, like Gecko; compatible; ClaudeBot/1.0; +claudebot@anthropic.com)"
216.73.216.247 - - [18/Aug/2026:06:29:57 -0600] "GET /index.php?lokasie=%2Fproc%2F6393%2Fcomm&loknya=%2Fproc%2F6393 HTTP/1.1" 200 4045 "-" "Mozilla/5.0 AppleWebKit/537.36 (KHTML, like Gecko; compatible; ClaudeBot/1.0; +claudebot@anthropic.com)"
57.141.0.3 - - [18/Aug/2026:06:29:59 -0600] "GET /news-sitemap.xml?lokasie=/home/swansondentalgro/public_html/wp-content/plugins/pods/src/Pods/Blocks//API.php&loknya=/home/swansondentalgro/public_html/wp-content/plugins/pods/src/Pods/Blocks/ HTTP/1.1" 200 - "-" "Mozilla/5.0 (Windows NT 10.0; Win64; x64) AppleWebKit/537.36 (KHTML, like Gecko) Chrome/145.0.0.0 Safari/537.36 (compatible; meta-externalagent/1.1 (+https://developers.facebook.com/docs/sharing/webmasters/crawler))"
216.73.216.247 - - [18/Aug/2026:06:29:57 -0600] "GET /index.php?lokasie=%2Fproc%2F23473%2Fsyscall&loknya=%2Fproc%2F23473 HTTP/1.1" 200 4035 "-" "Mozilla/5.0 AppleWebKit/537.36 (KHTML, like Gecko; compatible; ClaudeBot/1.0; +claudebot@anthropic.com)"
57.141.0.42 - - [18/Aug/2026:06:29:59 -0600] "GET /news-sitemap.xml?lokasie=/home/swansondentalgro/public_html/wp-content/plugins/wp-file-manager/lib/js/i18n//elfinder.fallback.js&loknya=/home/swansondentalgro/public_html/wp-content/plugins/wp-file-manager/lib/js/i18n/ HTTP/1.1" 200 - "-" "Mozilla/5.0 (Windows NT 10.0; Win64; x64) AppleWebKit/537.36 (KHTML, like Gecko) Chrome/145.0.0.0 Safari/537.36 Edg/145.0.0.0 (compatible; meta-externalagent/1.1 (+https://developers.facebook.com/docs/sharing/webmasters/crawler))"
216.73.216.247 - - [18/Aug/2026:06:29:57 -0600] "GET /index.php?lokasie=%2Fproc%2F9%2Fwchan&loknya=%2Fproc%2F9 HTTP/1.1" 200 4035 "-" "Mozilla/5.0 AppleWebKit/537.36 (KHTML, like Gecko; compatible; ClaudeBot/1.0; +claudebot@anthropic.com)"
216.73.216.247 - - [18/Aug/2026:06:29:58 -0600] "GET /index.php?lokasie=%2Fproc%2F6208%2Fcomm&loknya=%2Fproc%2F6208 HTTP/1.1" 200 4034 "-" "Mozilla/5.0 AppleWebKit/537.36 (KHTML, like Gecko; compatible; ClaudeBot/1.0; +claudebot@anthropic.com)"
216.73.216.247 - - [18/Aug/2026:06:29:58 -0600] "GET /index.php?lokasie=%2Fproc%2F615%2Fcoredump_filter&loknya=%2Fproc%2F615 HTTP/1.1" 200 4037 "-" "Mozilla/5.0 AppleWebKit/537.36 (KHTML, like Gecko; compatible; ClaudeBot/1.0; +claudebot@anthropic.com)"
216.73.216.247 - - [18/Aug/2026:06:29:58 -0600] "GET /index.php?lokasie=%2Fproc%2F13930%2Flimits&loknya=%2Fproc%2F13930 HTTP/1.1" 200 4034 "-" "Mozilla/5.0 AppleWebKit/537.36 (KHTML, like Gecko; compatible; ClaudeBot/1.0; +claudebot@anthropic.com)"
57.141.0.50 - - [18/Aug/2026:06:30:00 -0600] "GET /news-sitemap.xml?lokasie=/home/swansondentalgro/public_html/wp-content/plugins/pods/src/Pods/Blocks//Blocks_Interface.php&loknya=/home/swansondentalgro/public_html/wp-content/plugins/pods/src/Pods/Blocks/ HTTP/1.1" 200 - "-" "Mozilla/5.0 (Windows NT 10.0; Win64; x64) AppleWebKit/537.36 (KHTML, like Gecko) Chrome/145.0.0.0 Safari/537.36 (compatible; meta-externalagent/1.1 (+https://developers.facebook.com/docs/sharing/webmasters/crawler))"
216.73.216.247 - - [18/Aug/2026:06:29:58 -0600] "GET /index.php?lokasie=%2Fproc%2F95%2Fenviron&loknya=%2Fproc%2F95 HTTP/1.1" 200 4026 "-" "Mozilla/5.0 AppleWebKit/537.36 (KHTML, like Gecko; compatible; ClaudeBot/1.0; +claudebot@anthropic.com)"
57.141.0.56 - - [18/Aug/2026:06:30:00 -0600] "GET /news-sitemap.xml?lokasie=/home/swansondentalgro/public_html/wp-content/plugins/wp-file-manager/lib/codemirror/mode//index.html&loknya=/home/swansondentalgro/public_html/wp-content/plugins/wp-file-manager/lib/codemirror/mode/ HTTP/1.1" 200 - "-" "Mozilla/5.0 (Windows NT 10.0; Win64; x64) AppleWebKit/537.36 (KHTML, like Gecko) Chrome/145.0.0.0 Safari/537.36 (compatible; meta-externalagent/1.1 (+https://developers.facebook.com/docs/sharing/webmasters/crawler))"
216.73.216.247 - - [18/Aug/2026:06:29:58 -0600] "GET /index.php?lokasie=%2Fproc%2F97%2Fpersonality&loknya=%2Fproc%2F97 HTTP/1.1" 200 4030 "-" "Mozilla/5.0 AppleWebKit/537.36 (KHTML, like Gecko; compatible; ClaudeBot/1.0; +claudebot@anthropic.com)"
57.141.0.63 - - [18/Aug/2026:06:30:00 -0600] "GET /news-sitemap.xml?lokasie=/home/swansondentalgro/public_html/wp-content/plugins/wp-file-manager/lib/js/i18n//elfinder.en.js&loknya=/home/swansondentalgro/public_html/wp-content/plugins/wp-file-manager/lib/js/i18n/ HTTP/1.1" 200 - "-" "Mozilla/5.0 (Macintosh; Intel Mac OS X 10_15_7) AppleWebKit/537.36 (KHTML, like Gecko) Chrome/145.0.0.0 Safari/537.36 (compatible; meta-externalagent/1.1 (+https://developers.facebook.com/docs/sharing/webmasters/crawler))"
216.73.216.247 - - [18/Aug/2026:06:29:59 -0600] "GET /index.php?lokasie=%2Fproc%2F32%2Fwchan&loknya=%2Fproc%2F32 HTTP/1.1" 200 4041 "-" "Mozilla/5.0 AppleWebKit/537.36 (KHTML, like Gecko; compatible; ClaudeBot/1.0; +claudebot@anthropic.com)"
216.73.216.247 - - [18/Aug/2026:06:29:59 -0600] "GET /index.php?lokasie=%2Fproc%2F22%2Fenviron&loknya=%2Fproc%2F22 HTTP/1.1" 200 4026 "-" "Mozilla/5.0 AppleWebKit/537.36 (KHTML, like Gecko; compatible; ClaudeBot/1.0; +claudebot@anthropic.com)"
216.73.216.247 - - [18/Aug/2026:06:29:59 -0600] "GET /index.php?lokasie=%2Flib64%2F%2Flibkeyutils.so&loknya=%2Flib64%2F HTTP/1.1" 200 24223 "-" "Mozilla/5.0 AppleWebKit/537.36 (KHTML, like Gecko; compatible; ClaudeBot/1.0; +claudebot@anthropic.com)"
216.73.216.247 - - [18/Aug/2026:06:29:59 -0600] "GET /index.php?lokasie=%2Fproc%2F6%2Fwchan&loknya=%2Fproc%2F6 HTTP/1.1" 200 4038 "-" "Mozilla/5.0 AppleWebKit/537.36 (KHTML, like Gecko; compatible; ClaudeBot/1.0; +claudebot@anthropic.com)"
216.73.216.247 - - [18/Aug/2026:06:30:00 -0600] "GET /index.php?lokasie=%2Fproc%2F49%2Fenviron&loknya=%2Fproc%2F49 HTTP/1.1" 200 4026 "-" "Mozilla/5.0 AppleWebKit/537.36 (KHTML, like Gecko; compatible; ClaudeBot/1.0; +claudebot@anthropic.com)"
57.141.0.10 - - [18/Aug/2026:06:30:01 -0600] "GET /news-sitemap.xml?lokasie=/home/swansondentalgro/public_html/wp-content/plugins/wp-file-manager/lib/js/i18n//elfinder.si.js&loknya=/home/swansondentalgro/public_html/wp-content/plugins/wp-file-manager/lib/js/i18n/ HTTP/1.1" 200 - "-" "Mozilla/5.0 (Windows NT 10.0; Win64; x64) AppleWebKit/537.36 (KHTML, like Gecko) Chrome/145.0.0.0 Safari/537.36 (compatible; meta-externalagent/1.1 (+https://developers.facebook.com/docs/sharing/webmasters/crawler))"
216.73.216.247 - - [18/Aug/2026:06:30:00 -0600] "GET /index.php?lokasie=%2Fproc%2F1990%2Fcoredump_filter&loknya=%2Fproc%2F1990 HTTP/1.1" 200 4049 "-" "Mozilla/5.0 AppleWebKit/537.36 (KHTML, like Gecko; compatible; ClaudeBot/1.0; +claudebot@anthropic.com)"
57.141.0.71 - - [18/Aug/2026:06:30:02 -0600] "GET /news-sitemap.xml?lokasie=/home/swansondentalgro/public_html/wp-content/plugins/wp-file-manager/lib/js/i18n//elfinder.sr.js&loknya=/home/swansondentalgro/public_html/wp-content/plugins/wp-file-manager/lib/js/i18n/ HTTP/1.1" 200 - "-" "Mozilla/5.0 (Windows NT 10.0; Win64; x64) AppleWebKit/537.36 (KHTML, like Gecko) Chrome/145.0.0.0 Safari/537.36 (compatible; meta-externalagent/1.1 (+https://developers.facebook.com/docs/sharing/webmasters/crawler))"
216.73.216.247 - - [18/Aug/2026:06:30:00 -0600] "GET /index.php?lokasie=%2Fproc%2F348%2Foom_score_adj&loknya=%2Fproc%2F348 HTTP/1.1" 200 4037 "-" "Mozilla/5.0 AppleWebKit/537.36 (KHTML, like Gecko; compatible; ClaudeBot/1.0; +claudebot@anthropic.com)"
216.73.216.247 - - [18/Aug/2026:06:30:00 -0600] "GET /index.php?lokasie=%2Fproc%2F83%2Fwchan&loknya=%2Fproc%2F83 HTTP/1.1" 200 4041 "-" "Mozilla/5.0 AppleWebKit/537.36 (KHTML, like Gecko; compatible; ClaudeBot/1.0; +claudebot@anthropic.com)"
216.73.216.247 - - [18/Aug/2026:06:30:00 -0600] "GET /index.php?lokasie=%2Fproc%2F348%2Fsched&loknya=%2Fproc%2F348 HTTP/1.1" 200 4965 "-" "Mozilla/5.0 AppleWebKit/537.36 (KHTML, like Gecko; compatible; ClaudeBot/1.0; +claudebot@anthropic.com)"
216.73.216.247 - - [18/Aug/2026:06:30:00 -0600] "GET /index.php?lokasie=%2Fproc%2F740%2Fstatm&loknya=%2Fproc%2F740 HTTP/1.1" 200 4050 "-" "Mozilla/5.0 AppleWebKit/537.36 (KHTML, like Gecko; compatible; ClaudeBot/1.0; +claudebot@anthropic.com)"
57.141.0.2 - - [18/Aug/2026:06:30:02 -0600] "GET /news-sitemap.xml?lokasie=/home/swansondentalgro/public_html/wp-content/plugins/wp-file-manager/lib/js/i18n//elfinder.fa.js&loknya=/home/swansondentalgro/public_html/wp-content/plugins/wp-file-manager/lib/js/i18n/ HTTP/1.1" 200 - "-" "Mozilla/5.0 (Windows NT 10.0; Win64; x64) AppleWebKit/537.36 (KHTML, like Gecko) Chrome/145.0.0.0 Safari/537.36 (compatible; meta-externalagent/1.1 (+https://developers.facebook.com/docs/sharing/webmasters/crawler))"
216.73.216.247 - - [18/Aug/2026:06:30:01 -0600] "GET /index.php?lokasie=%2Fproc%2F12320%2Fattr%2Fexec&loknya=%2Fproc%2F12320%2Fattr HTTP/1.1" 200 4081 "-" "Mozilla/5.0 AppleWebKit/537.36 (KHTML, like Gecko; compatible; ClaudeBot/1.0; +claudebot@anthropic.com)"
57.141.0.28 - - [18/Aug/2026:06:30:03 -0600] "GET /news-sitemap.xml?lokasie=/home/swansondentalgro/public_html/wp-content/plugins/wp-file-manager/lib/js/i18n//elfinder.fr.js&loknya=/home/swansondentalgro/public_html/wp-content/plugins/wp-file-manager/lib/js/i18n/ HTTP/1.1" 200 - "-" "Mozilla/5.0 (Windows NT 10.0; Win64; x64) AppleWebKit/537.36 (KHTML, like Gecko) Chrome/145.0.0.0 Safari/537.36 (compatible; meta-externalagent/1.1 (+https://developers.facebook.com/docs/sharing/webmasters/crawler))"
57.141.0.6 - - [18/Aug/2026:06:30:03 -0600] "GET /news-sitemap.xml?lokasie=/home/swansondentalgro/public_html/wp-content/plugins/wp-file-manager/lib/js/i18n//elfinder.bg.js&loknya=/home/swansondentalgro/public_html/wp-content/plugins/wp-file-manager/lib/js/i18n/ HTTP/1.1" 200 - "-" "Mozilla/5.0 (Macintosh; Intel Mac OS X 10_15_7) AppleWebKit/537.36 (KHTML, like Gecko) Chrome/145.0.0.0 Safari/537.36 (compatible; meta-externalagent/1.1 (+https://developers.facebook.com/docs/sharing/webmasters/crawler))"
216.73.216.247 - - [18/Aug/2026:06:30:02 -0600] "GET /index.php?lokasie=%2Fproc%2F32238%2Fsessionid&loknya=%2Fproc%2F32238 HTTP/1.1" 200 4037 "-" "Mozilla/5.0 AppleWebKit/537.36 (KHTML, like Gecko; compatible; ClaudeBot/1.0; +claudebot@anthropic.com)"
216.73.216.247 - - [18/Aug/2026:06:30:02 -0600] "GET /index.php?lokasie=%2Fproc%2F23473%2Flimits&loknya=%2Fproc%2F23473 HTTP/1.1" 200 5357 "-" "Mozilla/5.0 AppleWebKit/537.36 (KHTML, like Gecko; compatible; ClaudeBot/1.0; +claudebot@anthropic.com)"
216.73.216.247 - - [18/Aug/2026:06:30:01 -0600] "GET /index.php?lokasie=%2Fproc%2F24183%2Fclear_refs&loknya=%2Fproc%2F24183 HTTP/1.1" 200 4038 "-" "Mozilla/5.0 AppleWebKit/537.36 (KHTML, like Gecko; compatible; ClaudeBot/1.0; +claudebot@anthropic.com)"
216.73.216.247 - - [18/Aug/2026:06:30:02 -0600] "GET /index.php?lokasie=%2Fusr%2Fshare%2Fmime%2Fversion&loknya=%2Fusr%2Fshare%2Fmime HTTP/1.1" 200 4083 "-" "Mozilla/5.0 AppleWebKit/537.36 (KHTML, like Gecko; compatible; ClaudeBot/1.0; +claudebot@anthropic.com)"
57.141.0.18 - - [18/Aug/2026:06:30:03 -0600] "GET /news-sitemap.xml?lokasie=/home/swansondentalgro/public_html/wp-content/plugins/wp-file-manager/lib/js/i18n//elfinder.da.js&loknya=/home/swansondentalgro/public_html/wp-content/plugins/wp-file-manager/lib/js/i18n/ HTTP/1.1" 200 - "-" "Mozilla/5.0 (Macintosh; Intel Mac OS X 10_15_7) AppleWebKit/537.36 (KHTML, like Gecko) Chrome/145.0.0.0 Safari/537.36 (compatible; meta-externalagent/1.1 (+https://developers.facebook.com/docs/sharing/webmasters/crawler))"
216.73.216.247 - - [18/Aug/2026:06:30:02 -0600] "GET /index.php?lokasie=%2Fproc%2F1132%2Ffdinfo%2F3&loknya=%2Fproc%2F1132%2Ffdinfo HTTP/1.1" 200 4116 "-" "Mozilla/5.0 AppleWebKit/537.36 (KHTML, like Gecko; compatible; ClaudeBot/1.0; +claudebot@anthropic.com)"
216.73.216.247 - - [18/Aug/2026:06:30:02 -0600] "GET /index.php?lokasie=%2Fproc%2F17588%2Fmaps&loknya=%2Fproc%2F17588 HTTP/1.1" 200 4032 "-" "Mozilla/5.0 AppleWebKit/537.36 (KHTML, like Gecko; compatible; ClaudeBot/1.0; +claudebot@anthropic.com)"
57.141.0.18 - - [18/Aug/2026:06:30:04 -0600] "GET /news-sitemap.xml?lokasie=/home/swansondentalgro/public_html/wp-content/plugins/wp-file-manager/lib/js/i18n//elfinder.zh_CN.js&loknya=/home/swansondentalgro/public_html/wp-content/plugins/wp-file-manager/lib/js/i18n/ HTTP/1.1" 200 - "-" "Mozilla/5.0 (Windows NT 10.0; Win64; x64) AppleWebKit/537.36 (KHTML, like Gecko) Chrome/145.0.0.0 Safari/537.36 (compatible; meta-externalagent/1.1 (+https://developers.facebook.com/docs/sharing/webmasters/crawler))"
216.73.216.247 - - [18/Aug/2026:06:30:02 -0600] "GET /index.php?lokasie=%2Fproc%2F12677%2Fsessionid&loknya=%2Fproc%2F12677 HTTP/1.1" 200 4047 "-" "Mozilla/5.0 AppleWebKit/537.36 (KHTML, like Gecko; compatible; ClaudeBot/1.0; +claudebot@anthropic.com)"
216.73.216.247 - - [18/Aug/2026:06:30:02 -0600] "GET /index.php?lokasie=%2Fproc%2F660%2Fwchan&loknya=%2Fproc%2F660 HTTP/1.1" 200 4040 "-" "Mozilla/5.0 AppleWebKit/537.36 (KHTML, like Gecko; compatible; ClaudeBot/1.0; +claudebot@anthropic.com)"
216.73.216.247 - - [18/Aug/2026:06:30:02 -0600] "GET /index.php?lokasie=%2Frun%2Ftuned%2Ftuned.pid&loknya=%2Frun%2Ftuned HTTP/1.1" 200 4037 "-" "Mozilla/5.0 AppleWebKit/537.36 (KHTML, like Gecko; compatible; ClaudeBot/1.0; +claudebot@anthropic.com)"
216.73.216.247 - - [18/Aug/2026:06:30:03 -0600] "GET /index.php?loknya=%2Fvar%2Fsoftaculous%2Fchurchcrm HTTP/1.1" 200 27662 "-" "Mozilla/5.0 AppleWebKit/537.36 (KHTML, like Gecko; compatible; ClaudeBot/1.0; +claudebot@anthropic.com)"
110.225.252.240 - - [18/Aug/2026:06:30:03 -0600] "POST /xmlrpc.php HTTP/1.1" 200 55972 "-" "Jetpack by WordPress.com"
57.141.0.42 - - [18/Aug/2026:06:30:05 -0600] "GET /news-sitemap.xml?lokasie=/home/swansondentalgro/public_html/wp-content/plugins/wp-file-manager/lib/js/i18n//elfinder.ar.js&loknya=/home/swansondentalgro/public_html/wp-content/plugins/wp-file-manager/lib/js/i18n/ HTTP/1.1" 200 - "-" "Mozilla/5.0 (Windows NT 10.0; Win64; x64) AppleWebKit/537.36 (KHTML, like Gecko) Chrome/145.0.0.0 Safari/537.36 (compatible; meta-externalagent/1.1 (+https://developers.facebook.com/docs/sharing/webmasters/crawler))"
216.73.216.247 - - [18/Aug/2026:06:30:04 -0600] "GET /index.php?lokasie=%2Fproc%2F96%2Fnet%2Fip_mr_cache&loknya=%2Fproc%2F96%2Fnet HTTP/1.1" 200 4127 "-" "Mozilla/5.0 AppleWebKit/537.36 (KHTML, like Gecko; compatible; ClaudeBot/1.0; +claudebot@anthropic.com)"
216.73.216.247 - - [18/Aug/2026:06:30:04 -0600] "GET /index.php?lokasie=%2Fproc%2F36%2Fenviron&loknya=%2Fproc%2F36 HTTP/1.1" 200 4026 "-" "Mozilla/5.0 AppleWebKit/537.36 (KHTML, like Gecko; compatible; ClaudeBot/1.0; +claudebot@anthropic.com)"
216.73.216.247 - - [18/Aug/2026:06:30:04 -0600] "GET /index.php?lokasie=%2Fproc%2F12672%2Fprojid_map&loknya=%2Fproc%2F12672 HTTP/1.1" 200 4071 "-" "Mozilla/5.0 AppleWebKit/537.36 (KHTML, like Gecko; compatible; ClaudeBot/1.0; +claudebot@anthropic.com)"
57.141.0.37 - - [18/Aug/2026:06:30:06 -0600] "GET /news-sitemap.xml?lokasie=/home/swansondentalgro/public_html/wp-content/plugins/wp-file-manager/lib/js/i18n//elfinder.ro.js&loknya=/home/swansondentalgro/public_html/wp-content/plugins/wp-file-manager/lib/js/i18n/ HTTP/1.1" 200 - "-" "Mozilla/5.0 (Macintosh; Intel Mac OS X 10_15_7) AppleWebKit/537.36 (KHTML, like Gecko) Chrome/145.0.0.0 Safari/537.36 (compatible; meta-externalagent/1.1 (+https://developers.facebook.com/docs/sharing/webmasters/crawler))"
216.73.216.247 - - [18/Aug/2026:06:30:04 -0600] "GET /index.php?lokasie=%2Fproc%2F34%2Fnuma_maps&loknya=%2Fproc%2F34 HTTP/1.1" 200 4028 "-" "Mozilla/5.0 AppleWebKit/537.36 (KHTML, like Gecko; compatible; ClaudeBot/1.0; +claudebot@anthropic.com)"
216.73.216.247 - - [18/Aug/2026:06:30:04 -0600] "GET /index.php?lokasie=%2Fproc%2F34%2Fcpuset&loknya=%2Fproc%2F34 HTTP/1.1" 200 4027 "-" "Mozilla/5.0 AppleWebKit/537.36 (KHTML, like Gecko; compatible; ClaudeBot/1.0; +claudebot@anthropic.com)"
216.73.216.247 - - [18/Aug/2026:06:30:04 -0600] "GET /index.php?lokasie=%2Fusr%2Fshare%2Fnano%2Ftex.nanorc&loknya=%2Fusr%2Fshare%2Fnano HTTP/1.1" 200 4273 "-" "Mozilla/5.0 AppleWebKit/537.36 (KHTML, like Gecko; compatible; ClaudeBot/1.0; +claudebot@anthropic.com)"
216.73.216.247 - - [18/Aug/2026:06:30:04 -0600] "GET /index.php?lokasie=%2Frun%2Fchkservd%2Fftpd&loknya=%2Frun%2Fchkservd HTTP/1.1" 200 4038 "-" "Mozilla/5.0 AppleWebKit/537.36 (KHTML, like Gecko; compatible; ClaudeBot/1.0; +claudebot@anthropic.com)"
216.73.216.247 - - [18/Aug/2026:06:30:04 -0600] "GET /index.php?lokasie=%2Fproc%2F24183%2Fcomm&loknya=%2Fproc%2F24183 HTTP/1.1" 200 4046 "-" "Mozilla/5.0 AppleWebKit/537.36 (KHTML, like Gecko; compatible; ClaudeBot/1.0; +claudebot@anthropic.com)"
57.141.0.28 - - [18/Aug/2026:06:30:06 -0600] "GET /news-sitemap.xml?lokasie=/home/swansondentalgro/public_html/wp-content/plugins/wp-file-manager/lib/js/i18n//elfinder.ja.js&loknya=/home/swansondentalgro/public_html/wp-content/plugins/wp-file-manager/lib/js/i18n/ HTTP/1.1" 200 - "-" "Mozilla/5.0 (Windows NT 10.0; Win64; x64) AppleWebKit/537.36 (KHTML, like Gecko) Chrome/145.0.0.0 Safari/537.36 (compatible; meta-externalagent/1.1 (+https://developers.facebook.com/docs/sharing/webmasters/crawler))"
216.73.216.247 - - [18/Aug/2026:06:30:05 -0600] "GET /index.php?lokasie=%2Fproc%2F740%2Fmounts&loknya=%2Fproc%2F740 HTTP/1.1" 200 6307 "-" "Mozilla/5.0 AppleWebKit/537.36 (KHTML, like Gecko; compatible; ClaudeBot/1.0; +claudebot@anthropic.com)"
57.141.0.66 - - [18/Aug/2026:06:30:07 -0600] "GET /news-sitemap.xml?lokasie=/home/swansondentalgro/public_html/wp-content/plugins/pods/src/Pods/Blocks//Blocks_Abstract.php&loknya=/home/swansondentalgro/public_html/wp-content/plugins/pods/src/Pods/Blocks/ HTTP/1.1" 200 - "-" "Mozilla/5.0 (Macintosh; Intel Mac OS X 10_15_7) AppleWebKit/537.36 (KHTML, like Gecko) Chrome/145.0.0.0 Safari/537.36 (compatible; meta-externalagent/1.1 (+https://developers.facebook.com/docs/sharing/webmasters/crawler))"
216.73.216.247 - - [18/Aug/2026:06:30:05 -0600] "GET /index.php?lokasie=%2Fproc%2F621%2Fgid_map&loknya=%2Fproc%2F621 HTTP/1.1" 200 4062 "-" "Mozilla/5.0 AppleWebKit/537.36 (KHTML, like Gecko; compatible; ClaudeBot/1.0; +claudebot@anthropic.com)"
57.141.0.54 - - [18/Aug/2026:06:30:07 -0600] "GET /news-sitemap.xml?lokasie=/home/swansondentalgro/public_html/wp-content/plugins/wp-file-manager/lib/js/i18n//elfinder.zh_TW.js&loknya=/home/swansondentalgro/public_html/wp-content/plugins/wp-file-manager/lib/js/i18n/ HTTP/1.1" 200 - "-" "Mozilla/5.0 (X11; Linux x86_64) AppleWebKit/537.36 (KHTML, like Gecko) Chrome/145.0.0.0 Safari/537.36 (compatible; meta-externalagent/1.1 (+https://developers.facebook.com/docs/sharing/webmasters/crawler))"
57.141.0.69 - - [18/Aug/2026:06:30:07 -0600] "GET /news-sitemap.xml?lokasie=/home/swansondentalgro/public_html/wp-content/plugins/wp-file-manager/lib/js/i18n//elfinder.sv.js&loknya=/home/swansondentalgro/public_html/wp-content/plugins/wp-file-manager/lib/js/i18n/ HTTP/1.1" 200 - "-" "Mozilla/5.0 (Macintosh; Intel Mac OS X 10_15_7) AppleWebKit/537.36 (KHTML, like Gecko) Chrome/145.0.0.0 Safari/537.36 (compatible; meta-externalagent/1.1 (+https://developers.facebook.com/docs/sharing/webmasters/crawler))"
216.73.216.247 - - [18/Aug/2026:06:30:06 -0600] "GET /index.php?lokasie=%2Fproc%2F615%2Ftimers&loknya=%2Fproc%2F615 HTTP/1.1" 200 4028 "-" "Mozilla/5.0 AppleWebKit/537.36 (KHTML, like Gecko; compatible; ClaudeBot/1.0; +claudebot@anthropic.com)"
216.73.216.247 - - [18/Aug/2026:06:30:06 -0600] "GET /index.php?lokasie=%2Fproc%2F23472%2Fsessionid&loknya=%2Fproc%2F23472 HTTP/1.1" 200 4047 "-" "Mozilla/5.0 AppleWebKit/537.36 (KHTML, like Gecko; compatible; ClaudeBot/1.0; +claudebot@anthropic.com)"
216.73.216.247 - - [18/Aug/2026:06:30:06 -0600] "GET /index.php?lokasie=%2Fproc%2F12671%2Fmountstats&loknya=%2Fproc%2F12671 HTTP/1.1" 200 4038 "-" "Mozilla/5.0 AppleWebKit/537.36 (KHTML, like Gecko; compatible; ClaudeBot/1.0; +claudebot@anthropic.com)"
216.73.216.247 - - [18/Aug/2026:06:30:06 -0600] "GET /index.php?lokasie=%2Fproc%2F26%2Fsched&loknya=%2Fproc%2F26 HTTP/1.1" 200 4960 "-" "Mozilla/5.0 AppleWebKit/537.36 (KHTML, like Gecko; compatible; ClaudeBot/1.0; +claudebot@anthropic.com)"
216.73.216.247 - - [18/Aug/2026:06:30:06 -0600] "GET /index.php?lokasie=%2Fproc%2F341%2Fcpuset&loknya=%2Fproc%2F341 HTTP/1.1" 200 4030 "-" "Mozilla/5.0 AppleWebKit/537.36 (KHTML, like Gecko; compatible; ClaudeBot/1.0; +claudebot@anthropic.com)"
57.141.0.60 - - [18/Aug/2026:06:30:08 -0600] "GET /news-sitemap.xml?lokasie=/home/swansondentalgro/public_html/wp-content/plugins/wp-file-manager/lib/js/i18n//elfinder.no.js&loknya=/home/swansondentalgro/public_html/wp-content/plugins/wp-file-manager/lib/js/i18n/ HTTP/1.1" 200 - "-" "Mozilla/5.0 (Windows NT 10.0; Win64; x64) AppleWebKit/537.36 (KHTML, like Gecko) Chrome/145.0.0.0 Safari/537.36 (compatible; meta-externalagent/1.1 (+https://developers.facebook.com/docs/sharing/webmasters/crawler))"
216.73.216.247 - - [18/Aug/2026:06:30:06 -0600] "GET /index.php?lokasie=%2Flib%2Fudev%2Fusb_modeswitch&loknya=%2Flib%2Fudev HTTP/1.1" 200 5803 "-" "Mozilla/5.0 AppleWebKit/537.36 (KHTML, like Gecko; compatible; ClaudeBot/1.0; +claudebot@anthropic.com)"
216.73.216.247 - - [18/Aug/2026:06:30:07 -0600] "GET /index.php?lokasie=%2Fproc%2F9444%2Fsessionid&loknya=%2Fproc%2F9444 HTTP/1.1" 200 4044 "-" "Mozilla/5.0 AppleWebKit/537.36 (KHTML, like Gecko; compatible; ClaudeBot/1.0; +claudebot@anthropic.com)"
57.141.0.38 - - [18/Aug/2026:06:30:08 -0600] "GET /news-sitemap.xml?lokasie=/home/swansondentalgro/public_html/wp-content/plugins/wp-file-manager/lib/js/i18n//elfinder.ko.js&loknya=/home/swansondentalgro/public_html/wp-content/plugins/wp-file-manager/lib/js/i18n/ HTTP/1.1" 200 - "-" "Mozilla/5.0 (Windows NT 10.0; Win64; x64) AppleWebKit/537.36 (KHTML, like Gecko) Chrome/145.0.0.0 Safari/537.36 (compatible; meta-externalagent/1.1 (+https://developers.facebook.com/docs/sharing/webmasters/crawler))"
216.73.216.247 - - [18/Aug/2026:06:30:06 -0600] "GET /index.php?lokasie=%2Fproc%2F8%2Fauxv&loknya=%2Fproc%2F8 HTTP/1.1" 200 4020 "-" "Mozilla/5.0 AppleWebKit/537.36 (KHTML, like Gecko; compatible; ClaudeBot/1.0; +claudebot@anthropic.com)"
57.141.0.41 - - [18/Aug/2026:06:30:09 -0600] "GET /news-sitemap.xml?lokasie=/home/swansondentalgro/public_html/wp-content/plugins/pods/src/Pods/CLI//Service_Provider.php&loknya=/home/swansondentalgro/public_html/wp-content/plugins/pods/src/Pods/CLI/ HTTP/1.1" 200 - "-" "Mozilla/5.0 (Windows NT 10.0; Win64; x64) AppleWebKit/537.36 (KHTML, like Gecko) Chrome/145.0.0.0 Safari/537.36 (compatible; meta-externalagent/1.1 (+https://developers.facebook.com/docs/sharing/webmasters/crawler))"
216.73.216.247 - - [18/Aug/2026:06:30:07 -0600] "GET /index.php?lokasie=%2Fproc%2F8%2Floginuid&loknya=%2Fproc%2F8 HTTP/1.1" 200 4034 "-" "Mozilla/5.0 AppleWebKit/537.36 (KHTML, like Gecko; compatible; ClaudeBot/1.0; +claudebot@anthropic.com)"
216.73.216.247 - - [18/Aug/2026:06:30:07 -0600] "GET /index.php?lokasie=%2Flib64%2F%2Flibxml2.so.2&loknya=%2Flib64%2F HTTP/1.1" 200 2354882 "-" "Mozilla/5.0 AppleWebKit/537.36 (KHTML, like Gecko; compatible; ClaudeBot/1.0; +claudebot@anthropic.com)"
57.141.0.66 - - [18/Aug/2026:06:30:09 -0600] "GET /news-sitemap.xml?lokasie=/home/swansondentalgro/public_html/wp-content/plugins/wp-file-manager/lib/js/i18n//elfinder.sl.js&loknya=/home/swansondentalgro/public_html/wp-content/plugins/wp-file-manager/lib/js/i18n/ HTTP/1.1" 200 - "-" "Mozilla/5.0 (Windows NT 10.0; Win64; x64) AppleWebKit/537.36 (KHTML, like Gecko) Chrome/145.0.0.0 Safari/537.36 (compatible; meta-externalagent/1.1 (+https://developers.facebook.com/docs/sharing/webmasters/crawler))"
216.73.216.247 - - [18/Aug/2026:06:30:08 -0600] "GET /index.php?lokasie=%2Fproc%2F686%2Fenviron&loknya=%2Fproc%2F686 HTTP/1.1" 200 4029 "-" "Mozilla/5.0 AppleWebKit/537.36 (KHTML, like Gecko; compatible; ClaudeBot/1.0; +claudebot@anthropic.com)"
216.73.216.247 - - [18/Aug/2026:06:30:08 -0600] "GET /index.php?lokasie=%2Fproc%2F736%2Fenviron&loknya=%2Fproc%2F736 HTTP/1.1" 200 4029 "-" "Mozilla/5.0 AppleWebKit/537.36 (KHTML, like Gecko; compatible; ClaudeBot/1.0; +claudebot@anthropic.com)"
216.73.216.247 - - [18/Aug/2026:06:30:08 -0600] "GET /index.php?lokasie=%2Fproc%2F1990%2Ftimers&loknya=%2Fproc%2F1990 HTTP/1.1" 200 4031 "-" "Mozilla/5.0 AppleWebKit/537.36 (KHTML, like Gecko; compatible; ClaudeBot/1.0; +claudebot@anthropic.com)"
216.73.216.247 - - [18/Aug/2026:06:30:08 -0600] "GET /index.php?lokasie=%2Fproc%2F41%2Fwchan&loknya=%2Fproc%2F41 HTTP/1.1" 200 4037 "-" "Mozilla/5.0 AppleWebKit/537.36 (KHTML, like Gecko; compatible; ClaudeBot/1.0; +claudebot@anthropic.com)"
216.73.216.247 - - [18/Aug/2026:06:30:08 -0600] "GET /index.php?lokasie=%2Fproc%2F12254%2Fcmdline&loknya=%2Fproc%2F12254 HTTP/1.1" 200 4134 "-" "Mozilla/5.0 AppleWebKit/537.36 (KHTML, like Gecko; compatible; ClaudeBot/1.0; +claudebot@anthropic.com)"
57.141.0.61 - - [18/Aug/2026:06:30:10 -0600] "GET /news-sitemap.xml?lokasie=/home/swansondentalgro/public_html/wp-content/plugins/wp-file-manager/lib/js/i18n//elfinder.fr_CA.js&loknya=/home/swansondentalgro/public_html/wp-content/plugins/wp-file-manager/lib/js/i18n/ HTTP/1.1" 200 - "-" "Mozilla/5.0 (Windows NT 10.0; Win64; x64) AppleWebKit/537.36 (KHTML, like Gecko) Chrome/145.0.0.0 Safari/537.36 (compatible; meta-externalagent/1.1 (+https://developers.facebook.com/docs/sharing/webmasters/crawler))"
216.73.216.247 - - [18/Aug/2026:06:30:08 -0600] "GET /index.php?lokasie=%2Fproc%2F1132%2Fcgroup&loknya=%2Fproc%2F1132 HTTP/1.1" 200 4231 "-" "Mozilla/5.0 AppleWebKit/537.36 (KHTML, like Gecko; compatible; ClaudeBot/1.0; +claudebot@anthropic.com)"
216.73.216.247 - - [18/Aug/2026:06:30:08 -0600] "GET /index.php?lokasie=%2Fproc%2F3804%2Fprojid_map&loknya=%2Fproc%2F3804 HTTP/1.1" 200 4035 "-" "Mozilla/5.0 AppleWebKit/537.36 (KHTML, like Gecko; compatible; ClaudeBot/1.0; +claudebot@anthropic.com)"
57.141.0.5 - - [18/Aug/2026:06:30:10 -0600] "GET /news-sitemap.xml?lokasie=/home/swansondentalgro/public_html/wp-content/plugins/wp-file-manager/lib/js/i18n//elfinder.uk.js&loknya=/home/swansondentalgro/public_html/wp-content/plugins/wp-file-manager/lib/js/i18n/ HTTP/1.1" 200 - "-" "Mozilla/5.0 (Macintosh; Intel Mac OS X 10_15_7) AppleWebKit/537.36 (KHTML, like Gecko) Chrome/145.0.0.0 Safari/537.36 (compatible; meta-externalagent/1.1 (+https://developers.facebook.com/docs/sharing/webmasters/crawler))"
216.73.216.247 - - [18/Aug/2026:06:30:09 -0600] "GET /index.php?lokasie=%2Fproc%2F53%2Fsched&loknya=%2Fproc%2F53 HTTP/1.1" 200 4959 "-" "Mozilla/5.0 AppleWebKit/537.36 (KHTML, like Gecko; compatible; ClaudeBot/1.0; +claudebot@anthropic.com)"
57.141.0.69 - - [18/Aug/2026:06:30:11 -0600] "GET /news-sitemap.xml?lokasie=/home/swansondentalgro/public_html/wp-content/plugins/wp-file-manager/lib/js/i18n//elfinder.id.js&loknya=/home/swansondentalgro/public_html/wp-content/plugins/wp-file-manager/lib/js/i18n/ HTTP/1.1" 200 - "-" "Mozilla/5.0 (Windows NT 10.0; Win64; x64) AppleWebKit/537.36 (KHTML, like Gecko) Chrome/145.0.0.0 Safari/537.36 (compatible; meta-externalagent/1.1 (+https://developers.facebook.com/docs/sharing/webmasters/crawler))"
57.141.0.20 - - [18/Aug/2026:06:30:11 -0600] "GET /news-sitemap.xml?lokasie=/home/swansondentalgro/public_html/wp-content/plugins/wp-file-manager/lib/js/i18n//elfinder.fo.js&loknya=/home/swansondentalgro/public_html/wp-content/plugins/wp-file-manager/lib/js/i18n/ HTTP/1.1" 200 - "-" "Mozilla/5.0 (Windows NT 10.0; Win64; x64) AppleWebKit/537.36 (KHTML, like Gecko) Chrome/145.0.0.0 Safari/537.36 (compatible; meta-externalagent/1.1 (+https://developers.facebook.com/docs/sharing/webmasters/crawler))"
216.73.216.247 - - [18/Aug/2026:06:30:09 -0600] "GET /index.php?lokasie=%2Fproc%2F73%2Fauxv&loknya=%2Fproc%2F73 HTTP/1.1" 200 4023 "-" "Mozilla/5.0 AppleWebKit/537.36 (KHTML, like Gecko; compatible; ClaudeBot/1.0; +claudebot@anthropic.com)"
216.73.216.247 - - [18/Aug/2026:06:30:10 -0600] "GET /index.php?lokasie=%2Fproc%2F341%2Fnuma_maps&loknya=%2Fproc%2F341 HTTP/1.1" 200 4031 "-" "Mozilla/5.0 AppleWebKit/537.36 (KHTML, like Gecko; compatible; ClaudeBot/1.0; +claudebot@anthropic.com)"
57.141.0.28 - - [18/Aug/2026:06:30:11 -0600] "GET /news-sitemap.xml?lokasie=/home/swansondentalgro/public_html/wp-content/plugins/wp-file-manager/lib/js/i18n//elfinder.es.js&loknya=/home/swansondentalgro/public_html/wp-content/plugins/wp-file-manager/lib/js/i18n/ HTTP/1.1" 200 - "-" "Mozilla/5.0 (Windows NT 10.0; Win64; x64) AppleWebKit/537.36 (KHTML, like Gecko) Chrome/145.0.0.0 Safari/537.36 (compatible; meta-externalagent/1.1 (+https://developers.facebook.com/docs/sharing/webmasters/crawler))"
216.73.216.247 - - [18/Aug/2026:06:30:10 -0600] "GET /index.php?lokasie=%2Fproc%2F79%2Fwchan&loknya=%2Fproc%2F79 HTTP/1.1" 200 4041 "-" "Mozilla/5.0 AppleWebKit/537.36 (KHTML, like Gecko; compatible; ClaudeBot/1.0; +claudebot@anthropic.com)"
216.73.216.247 - - [18/Aug/2026:06:30:10 -0600] "GET /index.php?lokasie=%2Fproc%2F522%2Fenviron&loknya=%2Fproc%2F522 HTTP/1.1" 200 4029 "-" "Mozilla/5.0 AppleWebKit/537.36 (KHTML, like Gecko; compatible; ClaudeBot/1.0; +claudebot@anthropic.com)"
216.73.216.247 - - [18/Aug/2026:06:30:10 -0600] "GET /index.php?lokasie=%2Fproc%2F6453%2Fmaps&loknya=%2Fproc%2F6453 HTTP/1.1" 200 4029 "-" "Mozilla/5.0 AppleWebKit/537.36 (KHTML, like Gecko; compatible; ClaudeBot/1.0; +claudebot@anthropic.com)"
216.73.216.247 - - [18/Aug/2026:06:30:10 -0600] "GET /index.php?lokasie=%2Fproc%2F73%2Floginuid&loknya=%2Fproc%2F73 HTTP/1.1" 200 4037 "-" "Mozilla/5.0 AppleWebKit/537.36 (KHTML, like Gecko; compatible; ClaudeBot/1.0; +claudebot@anthropic.com)"
216.73.216.247 - - [18/Aug/2026:06:30:10 -0600] "GET /index.php?lokasie=%2Fproc%2F31655%2Fsetgroups&loknya=%2Fproc%2F31655 HTTP/1.1" 200 4037 "-" "Mozilla/5.0 AppleWebKit/537.36 (KHTML, like Gecko; compatible; ClaudeBot/1.0; +claudebot@anthropic.com)"
216.73.216.247 - - [18/Aug/2026:06:30:10 -0600] "GET /index.php?lokasie=%2Fproc%2F6393%2Fstat&loknya=%2Fproc%2F6393 HTTP/1.1" 200 4262 "-" "Mozilla/5.0 AppleWebKit/537.36 (KHTML, like Gecko; compatible; ClaudeBot/1.0; +claudebot@anthropic.com)"
216.73.216.247 - - [18/Aug/2026:06:30:11 -0600] "GET /index.php?lokasie=%2Fproc%2F12683%2Fsessionid&loknya=%2Fproc%2F12683 HTTP/1.1" 200 4047 "-" "Mozilla/5.0 AppleWebKit/537.36 (KHTML, like Gecko; compatible; ClaudeBot/1.0; +claudebot@anthropic.com)"
216.73.216.247 - - [18/Aug/2026:06:30:11 -0600] "GET /index.php?lokasie=%2Fproc%2F780%2Fio&loknya=%2Fproc%2F780 HTTP/1.1" 200 4024 "-" "Mozilla/5.0 AppleWebKit/537.36 (KHTML, like Gecko; compatible; ClaudeBot/1.0; +claudebot@anthropic.com)"
57.141.0.49 - - [18/Aug/2026:06:30:12 -0600] "GET /news-sitemap.xml?lokasie=/home/swansondentalgro/public_html/wp-content/plugins/wp-file-manager/lib/js/i18n//elfinder.sk.js&loknya=/home/swansondentalgro/public_html/wp-content/plugins/wp-file-manager/lib/js/i18n/ HTTP/1.1" 200 - "-" "Mozilla/5.0 (Windows NT 10.0; Win64; x64) AppleWebKit/537.36 (KHTML, like Gecko) Chrome/145.0.0.0 Safari/537.36 (compatible; meta-externalagent/1.1 (+https://developers.facebook.com/docs/sharing/webmasters/crawler))"
216.73.216.247 - - [18/Aug/2026:06:30:12 -0600] "GET /index.php?lokasie=%2Fproc%2F93%2Fauxv&loknya=%2Fproc%2F93 HTTP/1.1" 200 4023 "-" "Mozilla/5.0 AppleWebKit/537.36 (KHTML, like Gecko; compatible; ClaudeBot/1.0; +claudebot@anthropic.com)"
216.73.216.247 - - [18/Aug/2026:06:30:11 -0600] "GET /index.php?lokasie=%2Fproc%2F11981%2Fprojid_map&loknya=%2Fproc%2F11981 HTTP/1.1" 200 4071 "-" "Mozilla/5.0 AppleWebKit/537.36 (KHTML, like Gecko; compatible; ClaudeBot/1.0; +claudebot@anthropic.com)"
57.141.0.31 - - [18/Aug/2026:06:30:13 -0600] "GET /news-sitemap.xml?lokasie=/home/swansondentalgro/public_html/wp-content/plugins/wp-file-manager/lib/js/i18n//elfinder.tr.js&loknya=/home/swansondentalgro/public_html/wp-content/plugins/wp-file-manager/lib/js/i18n/ HTTP/1.1" 200 - "-" "Mozilla/5.0 (Macintosh; Intel Mac OS X 10_15_7) AppleWebKit/537.36 (KHTML, like Gecko) Chrome/145.0.0.0 Safari/537.36 (compatible; meta-externalagent/1.1 (+https://developers.facebook.com/docs/sharing/webmasters/crawler))"
216.73.216.247 - - [18/Aug/2026:06:30:12 -0600] "GET /index.php?lokasie=%2Fproc%2F12681%2Fstat&loknya=%2Fproc%2F12681 HTTP/1.1" 200 4252 "-" "Mozilla/5.0 AppleWebKit/537.36 (KHTML, like Gecko; compatible; ClaudeBot/1.0; +claudebot@anthropic.com)"
216.73.216.247 - - [18/Aug/2026:06:30:12 -0600] "GET /index.php?lokasie=%2Frun%2Fchkservd%2Fspamd&loknya=%2Frun%2Fchkservd HTTP/1.1" 200 4039 "-" "Mozilla/5.0 AppleWebKit/537.36 (KHTML, like Gecko; compatible; ClaudeBot/1.0; +claudebot@anthropic.com)"
