34.116.39.39 - - [17/Aug/2026:14:38:37 -0600] "HEAD / HTTP/1.1" 301 - "http://www.swansondentalgroupreno.com" "Mozilla/5.0 (Linux; Android 13; Pixel 4a (5G) Build/TQ2A.230505.002; wv) AppleWebKit/537.36 (KHTML, like Gecko) Version/4.0 Chrome/112.0.5615.136 Mobile Safari/537.36 GoogleApp/14.16.27.29.arm64 AppEngine-Google; (+http://code.google.com/appengine; appid: s~virustotalcloud)"
3.135.184.126 - - [17/Aug/2026:14:38:37 -0600] "GET / HTTP/1.1" 301 - "-" "Mozilla/5.0 (Windows NT 10.0; Win64; x64) AppleWebKit/537.36 (KHTML, like Gecko) Chrome/114.0.0.0 Safari/537.36 Edg/114.0.1823.51"
66.249.77.134 - - [17/Aug/2026:14:38:37 -0600] "GET / HTTP/1.1" 301 - "-" "GoogleOther"
18.117.139.161 - - [17/Aug/2026:14:38:37 -0600] "GET / HTTP/1.1" 301 - "-" "Mozilla/5.0 (Windows NT 10.0; Win64; x64) AppleWebKit/537.36 (KHTML, like Gecko) Chrome/114.0.0.0 Safari/537.36 Edg/114.0.1823.51"
192.178.6.37 - - [17/Aug/2026:14:38:39 -0600] "GET / HTTP/1.1" 301 - "-" "GoogleOther"
34.116.39.39 - - [17/Aug/2026:14:38:46 -0600] "HEAD / HTTP/1.1" 301 - "http://www.swansondentalgroupreno.com" "Mozilla/5.0 (Android 13; Mobile; rv:109.0) Gecko/112.0 Firefox/112.0 AppEngine-Google; (+http://code.google.com/appengine; appid: s~virustotalcloud)"
52.34.76.65 - - [17/Aug/2026:14:39:05 -0600] "GET / HTTP/1.1" 301 - "-" "Mozilla/5.0 (Windows NT 10.0; Win64; x64) AppleWebKit/537.36 (KHTML, like Gecko) Chrome/148.0.0.0 Safari/537.36"
162.215.171.210 - - [17/Aug/2026:14:39:06 -0600] "POST /wp-cron.php?doing_wp_cron=1786999146.9081881046295166015625 HTTP/1.1" 200 - "-" "WordPress/7.0.4; https://swansondentalgroupreno.com"
54.184.226.94 - - [17/Aug/2026:14:58:49 -0600] "GET /?rnd=1787000329750 HTTP/1.1" 301 - "-" "Sucuri-UptimeMonitoring"
50.116.47.181 - - [17/Aug/2026:14:59:07 -0600] "GET /?sucurianticache=1010292921 HTTP/1.1" 301 - "-" "Sucuri Uptime Monitor"
162.215.171.210 - - [17/Aug/2026:14:59:08 -0600] "POST /wp-cron.php?doing_wp_cron=1787000348.0996909141540527343750 HTTP/1.1" 200 - "-" "WordPress/7.0.4; https://swansondentalgroupreno.com"
54.190.214.215 - - [17/Aug/2026:14:59:11 -0600] "GET /?sucurianticache=1670927212 HTTP/1.1" 301 - "-" "Sucuri Uptime Monitor"
43.157.188.74 - - [17/Aug/2026:15:13:28 -0600] "GET / HTTP/1.1" 301 - "-" "Mozilla/5.0 (iPhone; CPU iPhone OS 13_2_3 like Mac OS X) AppleWebKit/605.1.15 (KHTML, like Gecko) Version/13.0.3 Mobile/15E148 Safari/604.1"
162.215.171.210 - - [17/Aug/2026:15:14:11 -0600] "POST /wp-cron.php?doing_wp_cron=1787001251.3516759872436523437500 HTTP/1.1" 200 - "-" "WordPress/7.0.4; https://swansondentalgroupreno.com"
52.35.117.102 - - [17/Aug/2026:15:14:10 -0600] "HEAD / HTTP/1.1" 301 - "-" "python-requests/2.34.2"
142.114.0.111 - - [17/Aug/2026:15:37:08 -0600] "GET / HTTP/1.1" 301 - "-" "Mozilla/5.0 (compatible; RoxyCentralScraper/1.0)"
142.114.0.111 - - [17/Aug/2026:15:37:08 -0600] "GET /about HTTP/1.1" 301 - "-" "Mozilla/5.0 (compatible; RoxyCentralScraper/1.0)"
142.114.0.111 - - [17/Aug/2026:15:37:08 -0600] "GET /contact HTTP/1.1" 301 - "-" "Mozilla/5.0 (compatible; RoxyCentralScraper/1.0)"
142.114.0.111 - - [17/Aug/2026:15:37:08 -0600] "GET /team HTTP/1.1" 404 100787 "-" "Mozilla/5.0 (compatible; RoxyCentralScraper/1.0)"
142.114.0.111 - - [17/Aug/2026:15:37:10 -0600] "GET /contact/ HTTP/1.1" 200 117879 "-" "Mozilla/5.0 (compatible; RoxyCentralScraper/1.0)"
142.114.0.111 - - [17/Aug/2026:15:37:11 -0600] "GET /team HTTP/1.1" 404 100787 "-" "Mozilla/5.0 (compatible; RoxyCentralScraper/1.0)"
142.114.0.111 - - [17/Aug/2026:15:37:13 -0600] "GET /team HTTP/1.1" 404 100787 "-" "Mozilla/5.0 (compatible; RoxyCentralScraper/1.0)"
34.116.39.38 - - [17/Aug/2026:15:38:28 -0600] "HEAD / HTTP/1.1" 301 - "http://www.swansondentalgroupreno.com" "Mozilla/5.0 (Macintosh; Intel Mac OS X 10_15_7) AppleWebKit/537.36 (KHTML, like Gecko) Chrome/112.0.0.0 Safari/537.36 AppEngine-Google; (+http://code.google.com/appengine; appid: s~virustotalcloud)"
34.116.39.39 - - [17/Aug/2026:15:38:38 -0600] "HEAD / HTTP/1.1" 301 - "http://www.swansondentalgroupreno.com" "Mozilla/5.0 (Macintosh; Intel Mac OS X 10_15_7) AppleWebKit/537.36 (KHTML, like Gecko) Chrome/112.0.0.0 Safari/537.36 AppEngine-Google; (+http://code.google.com/appengine; appid: s~virustotalcloud)"
162.215.171.210 - - [17/Aug/2026:15:42:23 -0600] "GET /.well-known/acme-challenge/JFG-LJ8E1-AYHRQ0GYDW0E3BKMFIBG_6 HTTP/1.1" 200 64 "-" "Cpanel-HTTP-Client/1.0"
162.215.171.210 - - [17/Aug/2026:15:42:23 -0600] "GET /.well-known/acme-challenge/5YWXJ2NCBZ_6O141QLPKQ_4MSOOQDPKJ HTTP/1.1" 200 64 "-" "Cpanel-HTTP-Client/1.0"
147.90.171.14 - - [17/Aug/2026:15:46:22 -0600] "GET / HTTP/1.1" 301 - "-" "Mozilla/5.0 (Windows NT 10.0; Win64; x64) AppleWebKit/537.36 (KHTML, like Gecko) Chrome/84.0.4147.89 Safari/537.36"
162.215.171.210 - - [17/Aug/2026:15:46:23 -0600] "POST /wp-cron.php?doing_wp_cron=1787003183.6225140094757080078125 HTTP/1.1" 200 - "-" "WordPress/7.0.4; https://swansondentalgroupreno.com"
158.173.25.86 - - [17/Aug/2026:15:46:31 -0600] "GET / HTTP/1.1" 301 - "-" "Mozilla/5.0 (Windows NT 10.0; Win64; x64) AppleWebKit/537.36 (KHTML, like Gecko) Chrome/84.0.4147.89 Safari/537.36"
98.91.242.250 - - [17/Aug/2026:15:46:58 -0600] "GET / HTTP/1.1" 301 - "-" "Mozilla/5.0 (Linux; Android 16; SM-S921U) AppleWebKit/537.36 (KHTML, like Gecko) Chrome/145.0.7632.6 Mobile Safari/537.36"
162.215.171.210 - - [17/Aug/2026:15:49:58 -0600] "POST /wp-cron.php?doing_wp_cron=1787003398.7069060802459716796875 HTTP/1.1" 200 - "-" "WordPress/7.0.4; https://swansondentalgroupreno.com"
70.168.61.226 - - [17/Aug/2026:15:49:57 -0600] "GET / HTTP/1.1" 301 - "-" "Mozilla/5.0 (Macintosh; Intel Mac OS X 10_15_7) AppleWebKit/537.36 (KHTML, like Gecko) Chrome/119.0.0.0 Safari/537.36"
162.215.171.210 - - [17/Aug/2026:15:59:22 -0600] "POST /wp-cron.php?doing_wp_cron=1787003962.1744871139526367187500 HTTP/1.1" 200 - "-" "WordPress/7.0.4; https://swansondentalgroupreno.com"
35.162.140.124 - - [17/Aug/2026:15:59:21 -0600] "GET /?rnd=1787003960944 HTTP/1.1" 301 - "-" "Sucuri-UptimeMonitoring"
162.215.171.210 - - [17/Aug/2026:16:05:33 -0600] "POST /wp-cron.php?doing_wp_cron=1787004333.0979130268096923828125 HTTP/1.1" 200 - "-" "WordPress/7.0.4; https://swansondentalgroupreno.com"
44.225.73.253 - - [17/Aug/2026:16:05:32 -0600] "GET /?sucurianticache=1412291918 HTTP/1.1" 301 - "-" "Sucuri Uptime Monitor"
44.225.73.253 - - [17/Aug/2026:16:05:35 -0600] "GET /?sucurianticache=1192435533 HTTP/1.1" 301 - "-" "Sucuri Uptime Monitor"
44.217.155.218 - - [17/Aug/2026:16:06:56 -0600] "GET /robots.txt HTTP/1.1" 200 244 "-" "Mozilla/5.0 (Macintosh; Intel Mac OS X 10_10_1) AppleWebKit/600.2.5 (KHTML, like Gecko) Version/8.0.2 Safari/600.2.5 (Gort)"
20.51.153.15 - - [17/Aug/2026:16:09:17 -0600] "GET /wp-content/plugins/hellopress/wp_filemanager.php HTTP/1.1" 404 100787 "-" "-"
162.215.171.210 - - [17/Aug/2026:16:09:18 -0600] "POST /wp-cron.php?doing_wp_cron=1787004558.8514299392700195312500 HTTP/1.1" 200 - "-" "WordPress/7.0.4; https://swansondentalgroupreno.com"
20.51.153.15 - - [17/Aug/2026:16:09:19 -0600] "GET /this_is_a_new_hello_world.php HTTP/1.1" 404 100787 "-" "-"
20.51.153.15 - - [17/Aug/2026:16:09:20 -0600] "GET /new.php HTTP/1.1" 404 100787 "-" "-"
20.51.153.15 - - [17/Aug/2026:16:09:22 -0600] "GET /wp-login.php HTTP/1.1" 302 - "-" "-"
20.51.153.15 - - [17/Aug/2026:16:09:23 -0600] "GET /wp-file.php HTTP/1.1" 404 100787 "-" "-"
20.51.153.15 - - [17/Aug/2026:16:09:24 -0600] "GET /Jcrop.php HTTP/1.1" 404 100787 "-" "-"
20.51.153.15 - - [17/Aug/2026:16:09:26 -0600] "GET /core.php HTTP/1.1" 404 100787 "-" "-"
20.51.153.15 - - [17/Aug/2026:16:09:27 -0600] "GET /special.php HTTP/1.1" 404 100787 "-" "-"
20.51.153.15 - - [17/Aug/2026:16:09:28 -0600] "GET /style.php HTTP/1.1" 404 100787 "-" "-"
20.51.153.15 - - [17/Aug/2026:16:09:29 -0600] "GET /we2.php HTTP/1.1" 404 100787 "-" "-"
20.51.153.15 - - [17/Aug/2026:16:09:30 -0600] "GET /wp-site.php HTTP/1.1" 404 100787 "-" "-"
20.51.153.15 - - [17/Aug/2026:16:09:31 -0600] "GET /aa.php HTTP/1.1" 404 100787 "-" "-"
20.51.153.15 - - [17/Aug/2026:16:09:32 -0600] "GET /av.php HTTP/1.1" 404 100787 "-" "-"
20.51.153.15 - - [17/Aug/2026:16:09:33 -0600] "GET /xmlrpc.php HTTP/1.1" 405 42 "-" "-"
20.51.153.15 - - [17/Aug/2026:16:09:34 -0600] "GET /f35.php HTTP/1.1" 404 100787 "-" "-"
20.51.153.15 - - [17/Aug/2026:16:09:35 -0600] "GET /click.php HTTP/1.1" 404 100787 "-" "-"
20.51.153.15 - - [17/Aug/2026:16:09:36 -0600] "GET /defaults.php HTTP/1.1" 404 100787 "-" "-"
20.51.153.15 - - [17/Aug/2026:16:09:37 -0600] "GET /ioxi002.PhP7 HTTP/1.1" 404 100787 "-" "-"
20.51.153.15 - - [17/Aug/2026:16:09:38 -0600] "GET /wp-head.php HTTP/1.1" 404 100787 "-" "-"
20.51.153.15 - - [17/Aug/2026:16:09:39 -0600] "GET /wp-config-sample.php HTTP/1.1" 404 100787 "-" "-"
20.51.153.15 - - [17/Aug/2026:16:09:40 -0600] "GET /delpaths.php HTTP/1.1" 404 100787 "-" "-"
20.51.153.15 - - [17/Aug/2026:16:09:41 -0600] "GET /save.php HTTP/1.1" 404 100787 "-" "-"
20.51.153.15 - - [17/Aug/2026:16:09:42 -0600] "GET /ss.php HTTP/1.1" 404 100787 "-" "-"
20.51.153.15 - - [17/Aug/2026:16:09:43 -0600] "GET /admin1.php HTTP/1.1" 404 100787 "-" "-"
172.233.226.186 - - [17/Aug/2026:16:09:49 -0600] "HEAD / HTTP/1.1" 301 - "-" "Mozilla/5.0 (Linux; Android 10; vivo 1904) AppleWebKit/537.36 (KHTML, like Gecko) Chrome/117.0.5938.60 Mobile Safari/537.36"
172.233.226.186 - - [17/Aug/2026:16:09:50 -0600] "HEAD /old/ HTTP/1.1" 404 - "-" "Mozilla/5.0 (Macintosh; Intel Mac OS X 13_5) AppleWebKit/605.1.15 (KHTML, like Gecko) Version/16.5 Safari/605.1.15"
172.233.226.186 - - [17/Aug/2026:16:09:51 -0600] "HEAD /blog/ HTTP/1.1" 404 - "-" "Mozilla/5.0 (iPhone; CPU iPhone OS 16_7 like Mac OS X) AppleWebKit/605.1.15 (KHTML, like Gecko) Version/16.7 Mobile/15E148 Safari/604.1"
172.233.226.186 - - [17/Aug/2026:16:09:52 -0600] "HEAD /backup/ HTTP/1.1" 404 - "-" "Mozilla/5.0 (X11; Linux x86_64) AppleWebKit/537.36 (KHTML, like Gecko) Chrome/125.0.6422.76 Safari/537.36"
172.233.226.186 - - [17/Aug/2026:16:09:53 -0600] "HEAD /wp/ HTTP/1.1" 404 - "-" "Mozilla/5.0 (Linux; Android 13; Pixel 7a) AppleWebKit/537.36 (KHTML, like Gecko) Chrome/124.0.6367.82 Mobile Safari/537.36"
172.233.226.186 - - [17/Aug/2026:16:09:54 -0600] "HEAD /wordpress/ HTTP/1.1" 404 - "-" "Mozilla/5.0 (X11; Linux x86_64) AppleWebKit/537.36 (KHTML, like Gecko) Chrome/125.0.6422.76 Safari/537.36"
162.215.171.210 - - [17/Aug/2026:16:09:56 -0600] "POST /wp-cron.php?doing_wp_cron=1787004596.2461440563201904296875 HTTP/1.1" 200 - "-" "WordPress/7.0.4; https://swansondentalgroupreno.com"
172.233.226.186 - - [17/Aug/2026:16:09:55 -0600] "HEAD /new/ HTTP/1.1" 301 - "-" "Mozilla/5.0 (Linux; Android 11; moto g31) AppleWebKit/537.36 (KHTML, like Gecko) Chrome/122.0.6261.96 Mobile Safari/537.36"
27.147.191.110 - - [17/Aug/2026:16:17:06 -0600] "GET /wp-login.php HTTP/1.1" 302 - "-" "Mozilla/5.0 (Windows NT 10.0; Win64; x64) AppleWebKit/537.36 (KHTML, like Gecko) Chrome/74.0.3729.157 Safari/537.36"
27.147.191.110 - - [17/Aug/2026:16:17:13 -0600] "GET /wp-admin/plugin-install.php?tab=upload HTTP/1.1" 302 - "-" "Mozilla/5.0 (Windows NT 10.0; Win64; x64) AppleWebKit/537.36 (KHTML, like Gecko) Chrome/74.0.3729.157 Safari/537.36"
27.147.191.110 - - [17/Aug/2026:16:17:37 -0600] "GET /wp-content/plugins/62064d95fd94523fbbab01c0d6a4b67b/wp-blogz.php HTTP/1.1" 200 1580302 "-" "Mozilla/5.0 (Windows NT 10.0; Win64; x64) AppleWebKit/537.36 (KHTML, like Gecko) Chrome/74.0.3729.157 Safari/537.36"
149.154.161.235 - - [17/Aug/2026:16:17:41 -0600] "GET /wp-login.php HTTP/1.1" 302 - "-" "TelegramBot (like TwitterBot)"
162.215.171.210 - - [17/Aug/2026:16:45:07 -0600] "POST /wp-cron.php?doing_wp_cron=1787006707.3903920650482177734375 HTTP/1.1" 200 - "-" "WordPress/7.0.4; https://swansondentalgroupreno.com"
195.177.93.70 - - [17/Aug/2026:16:45:06 -0600] "GET / HTTP/1.1" 301 - "-" "Mozilla/5.0 (Windows NT 10.0; Win64; x64) AppleWebKit/537.36 (KHTML, like Gecko) Chrome/84.0.4147.89 Safari/537.36"
13.216.214.56 - - [17/Aug/2026:16:46:05 -0600] "GET / HTTP/1.1" 301 - "-" "Mozilla/5.0 (Windows NT 10.0; Win64; x64) AppleWebKit/537.36 (KHTML, like Gecko) Chrome/145.0.7632.6 Safari/537.36"
20.186.30.159 - - [17/Aug/2026:16:49:30 -0600] "GET /wp-content/plugins/hellopress/wp_filemanager.php HTTP/1.1" 404 100787 "-" "-"
162.215.171.210 - - [17/Aug/2026:16:49:32 -0600] "POST /wp-cron.php?doing_wp_cron=1787006972.7698299884796142578125 HTTP/1.1" 200 - "-" "WordPress/7.0.4; https://swansondentalgroupreno.com"
20.186.30.159 - - [17/Aug/2026:16:49:33 -0600] "GET /this_is_a_new_hello_world.php HTTP/1.1" 404 100787 "-" "-"
20.186.30.159 - - [17/Aug/2026:16:49:35 -0600] "GET //aa.php HTTP/1.1" 301 - "-" "-"
20.186.30.159 - - [17/Aug/2026:16:49:37 -0600] "GET /aa.php HTTP/1.1" 404 100787 "-" "-"
20.186.30.159 - - [17/Aug/2026:16:49:39 -0600] "GET //av.php HTTP/1.1" 301 - "-" "-"
20.186.30.159 - - [17/Aug/2026:16:49:41 -0600] "GET /av.php HTTP/1.1" 404 100787 "-" "-"
20.186.30.159 - - [17/Aug/2026:16:49:42 -0600] "GET /media.php HTTP/1.1" 404 100787 "-" "-"
20.186.30.159 - - [17/Aug/2026:16:49:45 -0600] "GET /images.php HTTP/1.1" 404 100787 "-" "-"
20.186.30.159 - - [17/Aug/2026:16:49:46 -0600] "GET /admin.php HTTP/1.1" 404 100787 "-" "-"
20.186.30.159 - - [17/Aug/2026:16:49:48 -0600] "GET /222.php HTTP/1.1" 404 100787 "-" "-"
20.186.30.159 - - [17/Aug/2026:16:49:49 -0600] "GET /mac.php HTTP/1.1" 404 100787 "-" "-"
20.186.30.159 - - [17/Aug/2026:16:49:52 -0600] "GET /ops.php HTTP/1.1" 404 100787 "-" "-"
20.186.30.159 - - [17/Aug/2026:16:49:53 -0600] "GET /8.php HTTP/1.1" 404 100787 "-" "-"
20.186.30.159 - - [17/Aug/2026:16:49:55 -0600] "GET /biufile.php HTTP/1.1" 404 100787 "-" "-"
162.215.171.210 - - [17/Aug/2026:16:49:56 -0600] "POST /wp-cron.php?doing_wp_cron=1787006996.3523769378662109375000 HTTP/1.1" 200 - "-" "WordPress/7.0.4; https://swansondentalgroupreno.com"
20.186.30.159 - - [17/Aug/2026:16:49:57 -0600] "GET /coffexium.php HTTP/1.1" 404 100787 "-" "-"
20.186.30.159 - - [17/Aug/2026:16:49:58 -0600] "GET /1.php HTTP/1.1" 404 100787 "-" "-"
20.186.30.159 - - [17/Aug/2026:16:49:59 -0600] "GET /coffee.php HTTP/1.1" 404 100787 "-" "-"
20.186.30.159 - - [17/Aug/2026:16:50:01 -0600] "GET /classwithtostring.php?p= HTTP/1.1" 301 - "-" "-"
20.186.30.159 - - [17/Aug/2026:16:50:02 -0600] "GET /classwithtostring.php HTTP/1.1" 404 100787 "-" "-"
20.186.30.159 - - [17/Aug/2026:16:50:04 -0600] "GET /wp-ws68.php?p= HTTP/1.1" 301 - "-" "-"
20.186.30.159 - - [17/Aug/2026:16:50:05 -0600] "GET /wp-ws68.php HTTP/1.1" 404 100787 "-" "-"
20.186.30.159 - - [17/Aug/2026:16:50:07 -0600] "GET /yj09.php HTTP/1.1" 404 100787 "-" "-"
20.186.30.159 - - [17/Aug/2026:16:50:08 -0600] "GET /scxy.php HTTP/1.1" 404 100787 "-" "-"
20.186.30.159 - - [17/Aug/2026:16:50:09 -0600] "GET /3PJcpMFsD8B.php HTTP/1.1" 404 100787 "-" "-"
20.186.30.159 - - [17/Aug/2026:16:50:10 -0600] "GET /BDKR28WP.php HTTP/1.1" 404 100787 "-" "-"
20.186.30.159 - - [17/Aug/2026:16:50:12 -0600] "GET /4PJcpMFsD8B.php HTTP/1.1" 404 100787 "-" "-"
20.186.30.159 - - [17/Aug/2026:16:50:13 -0600] "GET /1xmomo.php HTTP/1.1" 404 100787 "-" "-"
20.186.30.159 - - [17/Aug/2026:16:50:14 -0600] "GET /blurbs.php HTTP/1.1" 404 100787 "-" "-"
20.186.30.159 - - [17/Aug/2026:16:50:15 -0600] "GET /bajah.php HTTP/1.1" 404 100787 "-" "-"
20.186.30.159 - - [17/Aug/2026:16:50:17 -0600] "GET /domvf.php HTTP/1.1" 404 100787 "-" "-"
20.186.30.159 - - [17/Aug/2026:16:50:18 -0600] "GET /fpwch.php HTTP/1.1" 404 100787 "-" "-"
20.186.30.159 - - [17/Aug/2026:16:50:19 -0600] "GET /sf.php HTTP/1.1" 404 100787 "-" "-"
20.186.30.159 - - [17/Aug/2026:16:50:20 -0600] "GET /xx.php HTTP/1.1" 404 100787 "-" "-"
20.186.30.159 - - [17/Aug/2026:16:50:21 -0600] "GET /adminner.php HTTP/1.1" 404 100787 "-" "-"
20.186.30.159 - - [17/Aug/2026:16:50:23 -0600] "GET /wp-content/uploads/ HTTP/1.1" 404 100787 "-" "-"
20.186.30.159 - - [17/Aug/2026:16:50:24 -0600] "GET //abcd.php HTTP/1.1" 301 - "-" "-"
20.186.30.159 - - [17/Aug/2026:16:50:25 -0600] "GET /abcd.php HTTP/1.1" 404 100787 "-" "-"
20.186.30.159 - - [17/Aug/2026:16:50:27 -0600] "GET ///wpxml.php HTTP/1.1" 301 - "-" "-"
20.186.30.159 - - [17/Aug/2026:16:50:28 -0600] "GET /wpxml.php HTTP/1.1" 404 100787 "-" "-"
34.126.209.169 - - [17/Aug/2026:16:53:16 -0600] "GET /.git/config HTTP/1.1" 404 100787 "-" "-"
162.215.171.210 - - [17/Aug/2026:16:53:17 -0600] "POST /wp-cron.php?doing_wp_cron=1787007197.0197410583496093750000 HTTP/1.1" 200 - "-" "WordPress/7.0.4; https://swansondentalgroupreno.com"
162.215.171.210 - - [17/Aug/2026:17:00:06 -0600] "POST /wp-cron.php?doing_wp_cron=1787007606.5927999019622802734375 HTTP/1.1" 200 - "-" "WordPress/7.0.4; https://swansondentalgroupreno.com"
54.184.226.94 - - [17/Aug/2026:17:00:05 -0600] "GET /?rnd=1787007605683 HTTP/1.1" 301 - "-" "Sucuri-UptimeMonitoring"
35.241.202.79 - - [17/Aug/2026:17:07:09 -0600] "GET / HTTP/1.1" 301 - "-" "Mozilla/5.0 (Windows NT 10.0; Win64; x64) AppleWebKit/537.36 (KHTML, like Gecko) Chrome/84.0.4147.105 Safari/537.36"
162.215.171.210 - - [17/Aug/2026:17:07:10 -0600] "POST /wp-cron.php?doing_wp_cron=1787008030.3271930217742919921875 HTTP/1.1" 200 - "-" "WordPress/7.0.4; https://swansondentalgroupreno.com"
54.190.214.215 - - [17/Aug/2026:17:10:37 -0600] "GET /?sucurianticache=1647004033 HTTP/1.1" 301 - "-" "Sucuri Uptime Monitor"
54.190.214.215 - - [17/Aug/2026:17:10:39 -0600] "GET /?sucurianticache=1172028765 HTTP/1.1" 301 - "-" "Sucuri Uptime Monitor"
172.104.31.208 - - [17/Aug/2026:17:14:08 -0600] "POST /?rest_route=/batch/v1 HTTP/1.1" 207 634 "-" "Mozilla/5.0 (X11; Linux x86_64) AppleWebKit/537.36 (KHTML, like Gecko) Chrome/137.0.0.0 Safari/537.36"
172.104.31.208 - - [17/Aug/2026:17:14:10 -0600] "POST /wp-json/batch/v1 HTTP/1.1" 207 634 "-" "Mozilla/5.0 (X11; Linux x86_64) AppleWebKit/537.36 (KHTML, like Gecko) Chrome/137.0.0.0 Safari/537.36"
172.104.31.208 - - [17/Aug/2026:17:14:11 -0600] "POST /index.php?rest_route=/batch/v1 HTTP/1.1" 207 634 "-" "Mozilla/5.0 (X11; Linux x86_64) AppleWebKit/537.36 (KHTML, like Gecko) Chrome/137.0.0.0 Safari/537.36"
172.104.31.208 - - [17/Aug/2026:17:14:12 -0600] "POST /?rest_route=/batch/v1 HTTP/1.1" 207 634 "-" "Mozilla/5.0 (Windows NT 10.0; Win64; x64) AppleWebKit/537.36 (KHTML, like Gecko) Chrome/137.0.0.0 Safari/537.36"
172.104.31.208 - - [17/Aug/2026:17:14:13 -0600] "POST /wp-json/batch/v1 HTTP/1.1" 207 634 "-" "Mozilla/5.0 (X11; Ubuntu; Linux x86_64; rv:136.0) Gecko/20100101 Firefox/136.0"
172.104.31.208 - - [17/Aug/2026:17:14:14 -0600] "POST /index.php?rest_route=/batch/v1 HTTP/1.1" 207 634 "-" "Mozilla/5.0 (Macintosh; Intel Mac OS X 10_15_7) AppleWebKit/537.36 (KHTML, like Gecko) Chrome/137.0.0.0 Safari/537.36"
172.104.31.208 - - [17/Aug/2026:17:14:15 -0600] "POST / HTTP/1.1" 207 634 "-" "Mozilla/5.0 (Macintosh; Intel Mac OS X 10_15_7) AppleWebKit/605.1.15 (KHTML, like Gecko) Version/17.0 Safari/605.1.15"
175.27.163.171 - - [17/Aug/2026:17:23:34 -0600] "GET / HTTP/1.1" 301 - "-" "Mozilla/5.0 (iPhone; CPU iPhone OS 13_2_3 like Mac OS X) AppleWebKit/605.1.15 (KHTML, like Gecko) Version/13.0.3 Mobile/15E148 Safari/604.1"
162.215.171.210 - - [17/Aug/2026:17:23:35 -0600] "POST /wp-cron.php?doing_wp_cron=1787009015.8565349578857421875000 HTTP/1.1" 200 - "-" "WordPress/7.0.4; https://swansondentalgroupreno.com"
95.216.100.120 - - [17/Aug/2026:17:28:20 -0600] "GET / HTTP/1.1" 301 - "-" "Mozilla/5.0 (X11; Linux x86_64) AppleWebKit/537.36 (KHTML, like Gecko) Chrome/127.0.0.0 Safari/537.36"
162.215.171.210 - - [17/Aug/2026:17:28:21 -0600] "POST /wp-cron.php?doing_wp_cron=1787009301.5708839893341064453125 HTTP/1.1" 200 - "-" "WordPress/7.0.4; https://swansondentalgroupreno.com"
20.251.48.93 - - [17/Aug/2026:17:35:26 -0600] "GET /wp-content/plugins/hellopress/wp_filemanager.php HTTP/1.1" 404 100787 "-" "-"
20.251.48.93 - - [17/Aug/2026:17:35:27 -0600] "GET /this_is_a_new_hello_world.php HTTP/1.1" 404 100787 "-" "-"
20.251.48.93 - - [17/Aug/2026:17:35:28 -0600] "GET /4PJcpMFsD8B.php HTTP/1.1" 404 100787 "-" "-"
20.251.48.93 - - [17/Aug/2026:17:35:29 -0600] "GET /3PJcpMFsD8B.php HTTP/1.1" 404 100787 "-" "-"
20.251.48.93 - - [17/Aug/2026:17:35:30 -0600] "GET /xx.php HTTP/1.1" 404 100787 "-" "-"
20.251.48.93 - - [17/Aug/2026:17:35:32 -0600] "GET //av.php HTTP/1.1" 301 - "-" "-"
20.251.48.93 - - [17/Aug/2026:17:35:38 -0600] "GET /av.php HTTP/1.1" 404 100787 "-" "-"
20.251.48.93 - - [17/Aug/2026:17:35:40 -0600] "GET /media.php HTTP/1.1" 404 100787 "-" "-"
20.251.48.93 - - [17/Aug/2026:17:35:41 -0600] "GET /images.php HTTP/1.1" 404 100787 "-" "-"
20.251.48.93 - - [17/Aug/2026:17:35:42 -0600] "GET /mac.php HTTP/1.1" 404 100787 "-" "-"
20.251.48.93 - - [17/Aug/2026:17:35:43 -0600] "GET /ops.php HTTP/1.1" 404 100787 "-" "-"
20.251.48.93 - - [17/Aug/2026:17:35:44 -0600] "GET /coffexium.php HTTP/1.1" 404 100787 "-" "-"
20.251.48.93 - - [17/Aug/2026:17:35:45 -0600] "GET /BDKR28WP.php HTTP/1.1" 404 100787 "-" "-"
20.251.48.93 - - [17/Aug/2026:17:35:47 -0600] "GET /sf.php HTTP/1.1" 404 100787 "-" "-"
20.251.48.93 - - [17/Aug/2026:17:35:48 -0600] "GET /k.php?p= HTTP/1.1" 301 - "-" "-"
20.251.48.93 - - [17/Aug/2026:17:35:52 -0600] "GET /k.php HTTP/1.1" 404 100787 "-" "-"
162.215.171.210 - - [17/Aug/2026:17:35:56 -0600] "POST /wp-cron.php?doing_wp_cron=1787009756.5361580848693847656250 HTTP/1.1" 200 - "-" "WordPress/7.0.4; https://swansondentalgroupreno.com"
20.251.48.93 - - [17/Aug/2026:17:35:55 -0600] "GET /82.php HTTP/1.1" 404 100787 "-" "-"
20.251.48.93 - - [17/Aug/2026:17:35:57 -0600] "GET /dex.php HTTP/1.1" 404 100787 "-" "-"
20.251.48.93 - - [17/Aug/2026:17:35:59 -0600] "GET /puc.php HTTP/1.1" 404 100787 "-" "-"
20.251.48.93 - - [17/Aug/2026:17:36:00 -0600] "GET /inso.php HTTP/1.1" 404 100787 "-" "-"
20.251.48.93 - - [17/Aug/2026:17:36:02 -0600] "GET //aa.php HTTP/1.1" 301 - "-" "-"
20.251.48.93 - - [17/Aug/2026:17:36:03 -0600] "GET /aa.php HTTP/1.1" 404 100787 "-" "-"
20.251.48.93 - - [17/Aug/2026:17:36:04 -0600] "GET /1.php HTTP/1.1" 404 100787 "-" "-"
20.251.48.93 - - [17/Aug/2026:17:36:05 -0600] "GET /img.php HTTP/1.1" 404 100787 "-" "-"
20.251.48.93 - - [17/Aug/2026:17:36:06 -0600] "GET /222.php HTTP/1.1" 404 100787 "-" "-"
20.251.48.93 - - [17/Aug/2026:17:36:07 -0600] "GET /key.php HTTP/1.1" 404 100787 "-" "-"
20.251.48.93 - - [17/Aug/2026:17:36:08 -0600] "GET /chosen.php HTTP/1.1" 404 100787 "-" "-"
20.251.48.93 - - [17/Aug/2026:17:36:09 -0600] "GET /thoms.php HTTP/1.1" 404 100787 "-" "-"
20.251.48.93 - - [17/Aug/2026:17:36:10 -0600] "GET ///wpxml.php HTTP/1.1" 301 - "-" "-"
20.251.48.93 - - [17/Aug/2026:17:36:12 -0600] "GET /wpxml.php HTTP/1.1" 404 100787 "-" "-"
20.251.48.93 - - [17/Aug/2026:17:36:13 -0600] "GET /file1221.php HTTP/1.1" 404 100787 "-" "-"
20.251.48.93 - - [17/Aug/2026:17:36:14 -0600] "GET /nox.php HTTP/1.1" 404 100787 "-" "-"
20.251.48.93 - - [17/Aug/2026:17:36:16 -0600] "GET /akismet.php HTTP/1.1" 404 100787 "-" "-"
20.251.48.93 - - [17/Aug/2026:17:36:17 -0600] "GET /admin.php HTTP/1.1" 404 100787 "-" "-"
20.251.48.93 - - [17/Aug/2026:17:36:18 -0600] "GET /bajah.php HTTP/1.1" 404 100787 "-" "-"
20.251.48.93 - - [17/Aug/2026:17:36:19 -0600] "GET /ajax.php HTTP/1.1" 404 100787 "-" "-"
20.251.48.93 - - [17/Aug/2026:17:36:20 -0600] "GET //adminfuns.php HTTP/1.1" 301 - "-" "-"
20.251.48.93 - - [17/Aug/2026:17:36:21 -0600] "GET /adminfuns.php HTTP/1.1" 404 100787 "-" "-"
34.116.39.37 - - [17/Aug/2026:17:38:18 -0600] "HEAD / HTTP/1.1" 301 - "http://www.swansondentalgroupreno.com" "Mozilla/5.0 (Macintosh; Intel Mac OS X 10_15_7) AppleWebKit/605.1.15 (KHTML, like Gecko) Version/15.5 Safari/605.1.15 AppEngine-Google; (+http://code.google.com/appengine; appid: s~virustotalcloud)"
3.135.184.126 - - [17/Aug/2026:17:38:18 -0600] "GET / HTTP/1.1" 301 - "-" "Mozilla/5.0 (Windows NT 10.0; Win64; x64) AppleWebKit/537.36 (KHTML, like Gecko) Chrome/114.0.0.0 Safari/537.36 Edg/114.0.1823.51"
79.117.247.21 - - [17/Aug/2026:17:38:21 -0600] "GET / HTTP/1.1" 301 - "-" "Mozilla/5.0 (Windows NT 10.0; Win64; x64) AppleWebKit/537.36 (KHTML, like Gecko) Chrome/150.0.0.0 Safari/537.36"
34.116.39.39 - - [17/Aug/2026:17:38:28 -0600] "HEAD / HTTP/1.1" 301 - "http://www.swansondentalgroupreno.com" "Mozilla/5.0 (X11; Linux x86_64) AppleWebKit/537.36 (KHTML, like Gecko) Chrome/112.0.0.0 Safari/537.36 AppEngine-Google; (+http://code.google.com/appengine; appid: s~virustotalcloud)"
34.132.187.133 - - [17/Aug/2026:17:39:05 -0600] "GET / HTTP/1.1" 301 - "-" "Mozilla/5.0 (Macintosh; Intel Mac OS X 10_15_7) AppleWebKit/537.36 (KHTML, like Gecko) Chrome/124.0.0.0 Safari/537.36"
178.211.139.240 - - [17/Aug/2026:17:50:01 -0600] "GET /images/images/cache.php HTTP/1.1" 404 100787 "www.google.com" "Mozlila/5.0 (Linux; Android 7.0; SM-G892A Bulid/NRD90M; wv) AppleWebKit/537.36 (KHTML, like Gecko) Version/4.0 Chrome/60.0.3112.107 Moblie Safari/537.36"
74.7.241.146 - - [17/Aug/2026:17:52:25 -0600] "GET /robots.txt HTTP/1.1" 200 244 "-" "Mozilla/5.0 (Macintosh; Intel Mac OS X 10_15_7) AppleWebKit/537.36 (KHTML, like Gecko) Chrome/131.0.0.0 Safari/537.36; compatible; OAI-SearchBot/1.4; robots.txt; +https://openai.com/searchbot"
74.7.243.228 - - [17/Aug/2026:17:53:07 -0600] "GET / HTTP/1.1" 301 - "http://www.backlinkstree.com" "Mozilla/5.0 AppleWebKit/537.36 (KHTML, like Gecko; compatible; GPTBot/1.4; +https://openai.com/gptbot)"
35.162.140.124 - - [17/Aug/2026:18:00:42 -0600] "GET /?rnd=1787011242730 HTTP/1.1" 301 - "-" "Sucuri-UptimeMonitoring"
162.215.171.210 - - [17/Aug/2026:18:14:53 -0600] "POST /wp-cron.php?doing_wp_cron=1787012093.1512639522552490234375 HTTP/1.1" 200 - "-" "WordPress/7.0.4; https://swansondentalgroupreno.com"
186.109.254.53 - - [17/Aug/2026:18:14:52 -0600] "GET / HTTP/1.1" 301 - "-" "Mozilla/5.0 (Windows NT 10.0; Win64; x64) AppleWebKit/537.36 (KHTML, like Gecko) Chrome/120.0 Safari/537.36"
162.215.171.210 - - [17/Aug/2026:18:15:04 -0600] "POST /wp-cron.php?doing_wp_cron=1787012104.1518409252166748046875 HTTP/1.1" 200 - "-" "WordPress/7.0.4; https://swansondentalgroupreno.com"
186.109.254.53 - - [17/Aug/2026:18:15:03 -0600] "GET /contact HTTP/1.1" 301 - "-" "Mozilla/5.0 (Windows NT 10.0; Win64; x64) AppleWebKit/537.36 (KHTML, like Gecko) Chrome/120.0 Safari/537.36"
186.109.254.53 - - [17/Aug/2026:18:15:05 -0600] "GET /contact/ HTTP/1.1" 200 117879 "-" "Mozilla/5.0 (Windows NT 10.0; Win64; x64) AppleWebKit/537.36 (KHTML, like Gecko) Chrome/120.0 Safari/537.36"
186.109.254.53 - - [17/Aug/2026:18:15:08 -0600] "GET /contact-us HTTP/1.1" 404 100787 "-" "Mozilla/5.0 (Windows NT 10.0; Win64; x64) AppleWebKit/537.36 (KHTML, like Gecko) Chrome/120.0 Safari/537.36"
35.80.228.191 - - [17/Aug/2026:18:16:59 -0600] "GET /?sucurianticache=509040844 HTTP/1.1" 301 - "-" "Sucuri Uptime Monitor"
162.215.171.210 - - [17/Aug/2026:18:17:00 -0600] "POST /wp-cron.php?doing_wp_cron=1787012220.5121600627899169921875 HTTP/1.1" 200 - "-" "WordPress/7.0.4; https://swansondentalgroupreno.com"
35.84.117.23 - - [17/Aug/2026:18:17:03 -0600] "GET /?sucurianticache=1344923139 HTTP/1.1" 301 - "-" "Sucuri Uptime Monitor"
162.215.171.210 - - [17/Aug/2026:18:42:23 -0600] "GET /.well-known/acme-challenge/QABEZ8R5V1-60MLDXAOGZDTW-SXL6-84 HTTP/1.1" 200 64 "-" "Cpanel-HTTP-Client/1.0"
162.215.171.210 - - [17/Aug/2026:18:42:23 -0600] "GET /.well-known/acme-challenge/TJHVYOI_1I7SAVBFZ5JSP-_PG6NR6G-Q HTTP/1.1" 200 64 "-" "Cpanel-HTTP-Client/1.0"
162.215.171.210 - - [17/Aug/2026:18:44:59 -0600] "POST /wp-cron.php?doing_wp_cron=1787013899.6737709045410156250000 HTTP/1.1" 200 - "-" "WordPress/7.0.4; https://swansondentalgroupreno.com"
138.197.194.139 - - [17/Aug/2026:18:44:58 -0600] "GET / HTTP/1.1" 301 - "-" "Mozilla/5.0 (Windows NT 10.0; Win64; x64) AppleWebKit/537.36 (KHTML, like Gecko) Chrome/84.0.4147.89 Safari/537.36"
35.162.140.124 - - [17/Aug/2026:19:00:55 -0600] "GET /?rnd=1787014855419 HTTP/1.1" 301 - "-" "Sucuri-UptimeMonitoring"
162.215.171.210 - - [17/Aug/2026:19:04:04 -0600] "POST /wp-cron.php?doing_wp_cron=1787015044.1182179450988769531250 HTTP/1.1" 200 - "-" "WordPress/7.0.4; https://swansondentalgroupreno.com"
20.191.45.212 - - [17/Aug/2026:19:04:03 -0600] "GET / HTTP/1.1" 301 - "-" "DuckDuckBot/1.1; (+http://duckduckgo.com/duckduckbot.html)"
158.23.17.4 - - [17/Aug/2026:19:04:07 -0600] "GET /wp-content/plugins/hellopress/wp_filemanager.php HTTP/1.1" 404 100787 "-" "-"
158.23.17.4 - - [17/Aug/2026:19:04:08 -0600] "GET /this_is_a_new_hello_world.php HTTP/1.1" 404 100787 "-" "-"
158.23.17.4 - - [17/Aug/2026:19:04:09 -0600] "GET /new.php HTTP/1.1" 404 100787 "-" "-"
158.23.17.4 - - [17/Aug/2026:19:04:11 -0600] "GET /wp-login.php HTTP/1.1" 302 - "-" "-"
158.23.17.4 - - [17/Aug/2026:19:04:13 -0600] "GET /wp-file.php HTTP/1.1" 404 100787 "-" "-"
158.23.17.4 - - [17/Aug/2026:19:04:14 -0600] "GET /Jcrop.php HTTP/1.1" 404 100787 "-" "-"
158.23.17.4 - - [17/Aug/2026:19:04:15 -0600] "GET /core.php HTTP/1.1" 404 100787 "-" "-"
158.23.17.4 - - [17/Aug/2026:19:04:16 -0600] "GET /special.php HTTP/1.1" 404 100787 "-" "-"
158.23.17.4 - - [17/Aug/2026:19:04:17 -0600] "GET /style.php HTTP/1.1" 404 100787 "-" "-"
158.23.17.4 - - [17/Aug/2026:19:04:18 -0600] "GET /we2.php HTTP/1.1" 404 100787 "-" "-"
158.23.17.4 - - [17/Aug/2026:19:04:19 -0600] "GET /wp-site.php HTTP/1.1" 404 100787 "-" "-"
158.23.17.4 - - [17/Aug/2026:19:04:21 -0600] "GET /aa.php HTTP/1.1" 404 100787 "-" "-"
158.23.17.4 - - [17/Aug/2026:19:04:22 -0600] "GET /av.php HTTP/1.1" 404 100787 "-" "-"
158.23.17.4 - - [17/Aug/2026:19:04:23 -0600] "GET /xmlrpc.php HTTP/1.1" 405 42 "-" "-"
158.23.17.4 - - [17/Aug/2026:19:04:24 -0600] "GET /f35.php HTTP/1.1" 404 100787 "-" "-"
158.23.17.4 - - [17/Aug/2026:19:04:25 -0600] "GET /click.php HTTP/1.1" 404 100787 "-" "-"
158.23.17.4 - - [17/Aug/2026:19:04:27 -0600] "GET /defaults.php HTTP/1.1" 404 100787 "-" "-"
158.23.17.4 - - [17/Aug/2026:19:04:28 -0600] "GET /ioxi002.PhP7 HTTP/1.1" 404 100787 "-" "-"
158.23.17.4 - - [17/Aug/2026:19:04:29 -0600] "GET /wp-head.php HTTP/1.1" 404 100787 "-" "-"
158.23.17.4 - - [17/Aug/2026:19:04:30 -0600] "GET /wp-config-sample.php HTTP/1.1" 404 100787 "-" "-"
158.23.17.4 - - [17/Aug/2026:19:04:31 -0600] "GET /delpaths.php HTTP/1.1" 404 100787 "-" "-"
158.23.17.4 - - [17/Aug/2026:19:04:32 -0600] "GET /save.php HTTP/1.1" 404 100787 "-" "-"
158.23.17.4 - - [17/Aug/2026:19:04:33 -0600] "GET /ss.php HTTP/1.1" 404 100787 "-" "-"
158.23.17.4 - - [17/Aug/2026:19:04:34 -0600] "GET /admin1.php HTTP/1.1" 404 100787 "-" "-"
162.215.171.210 - - [17/Aug/2026:19:08:37 -0600] "POST /wp-cron.php?doing_wp_cron=1787015317.5812249183654785156250 HTTP/1.1" 200 - "-" "WordPress/7.0.4; https://swansondentalgroupreno.com"
89.246.165.7 - - [17/Aug/2026:19:08:36 -0600] "GET / HTTP/1.1" 301 - "-" "Mozilla/5.0 (Windows NT 6.1; WOW64) AppleWebKit/537.36 (KHTML, like Gecko) Chrome/59.0.3071.109 Safari/537.36"
132.196.30.78 - - [17/Aug/2026:19:13:06 -0600] "GET //wp-content/plugins/fix/up.php HTTP/1.1" 301 - "-" "Mozilla/5.0 (Windows NT 10.0; Win64; x64) AppleWebKit/537.36 (KHTML, like Gecko) Chrome/85.0.4183.102 Safari/537.36"
132.196.30.78 - - [17/Aug/2026:19:13:07 -0600] "GET /wp-content/plugins/fix/up.php HTTP/1.1" 404 100787 "-" "Mozilla/5.0 (Windows NT 10.0; Win64; x64) AppleWebKit/537.36 (KHTML, like Gecko) Chrome/85.0.4183.102 Safari/537.36"
35.84.130.69 - - [17/Aug/2026:19:23:31 -0600] "GET /?sucurianticache=279358748 HTTP/1.1" 301 - "-" "Sucuri Uptime Monitor"
52.38.216.204 - - [17/Aug/2026:19:23:33 -0600] "GET /?sucurianticache=340218898 HTTP/1.1" 301 - "-" "Sucuri Uptime Monitor"
20.25.139.174 - - [17/Aug/2026:19:29:40 -0600] "GET / HTTP/1.1" 301 - "-" "Mozlila/5.0 (Linux; Android 7.0; SM-G892A Bulid/NRD90M; wv) AppleWebKit/537.36 (KHTML, like Gecko) Version/4.0 Chrome/60.0.3112.107 Moblie Safari/537.36"
20.25.139.174 - - [17/Aug/2026:19:29:40 -0600] "POST /wp-plain.php HTTP/1.1" 404 100787 "www.google.com" "Mozilla/5.0 (Linux; Android 7.0; SM-G892A Bulid/NRD90M; wv) AppleWebKit/537.36 (KHTML, like Gecko) Version/4.0 Chrome/60.0.3112.107 Moblie Safari/537.36"
20.25.139.174 - - [17/Aug/2026:19:29:40 -0600] "GET /wp-content/themes/seotheme/db.php?u HTTP/1.1" 404 100787 "www.google.com" "Mozlila/5.0 (Linux; Android 7.0; SM-G892A Bulid/NRD90M; wv) AppleWebKit/537.36 (KHTML, like Gecko) Version/4.0 Chrome/60.0.3112.107 Moblie Safari/537.36"
20.25.139.174 - - [17/Aug/2026:19:29:41 -0600] "GET /jjhgrwmv.php?Fox=d3wL7 HTTP/1.1" 404 100787 "www.google.com" "Mozilla/5.0 (Linux; Android 7.0; SM-G892A Bulid/NRD90M; wv) AppleWebKit/537.36 (KHTML, like Gecko) Version/4.0 Chrome/60.0.3112.107 Moblie Safari/537.36"
207.102.138.19 - - [17/Aug/2026:19:30:03 -0600] "GET / HTTP/1.1" 301 - "-" "Mozilla/5.0 (Windows NT 10.0; Win64; x64) AppleWebKit/537.36 (KHTML, like Gecko) Chrome/122.0.0.0 Safari/537.36 Edg/122.0.0.0"
82.197.71.209 - - [17/Aug/2026:19:31:34 -0600] "GET /wp-login.php HTTP/1.1" 302 - "http://swansondentalgroupreno.com" "Mozilla/5.0 (Windows NT 10.0; Win64; x64) AppleWebKit/537.36 (KHTML, like Gecko) Chrome/77.0.3865.90 Safari/537.36"
82.197.71.209 - - [17/Aug/2026:19:31:39 -0600] "GET /wp-admin/ HTTP/1.1" 302 - "http://swansondentalgroupreno.com" "Mozilla/5.0 (Windows NT 10.0; Win64; x64) AppleWebKit/537.36 (KHTML, like Gecko) Chrome/77.0.3865.90 Safari/537.36"
20.75.92.165 - - [17/Aug/2026:19:35:48 -0600] "GET /wp-content/plugins/fix/up.php HTTP/1.1" 404 100787 "-" "Mozilla/5.0"
104.165.2.177 - - [17/Aug/2026:19:43:14 -0600] "GET / HTTP/1.1" 301 - "-" "Mozilla/5.0 (compatible; Baiduspider/2.0; +http://www.baidu.com/search/spider.html)"
173.239.198.184 - - [17/Aug/2026:19:45:26 -0600] "GET / HTTP/1.1" 301 - "-" "Mozilla/5.0 (Windows NT 10.0; Win64; x64) AppleWebKit/537.36 (KHTML, like Gecko) Chrome/84.0.4147.89 Safari/537.36"
54.184.226.94 - - [17/Aug/2026:20:01:08 -0600] "GET /?rnd=1787018468539 HTTP/1.1" 301 - "-" "Sucuri-UptimeMonitoring"
162.215.171.210 - - [17/Aug/2026:20:01:12 -0600] "POST /wp-cron.php?doing_wp_cron=1787018472.0595600605010986328125 HTTP/1.1" 200 - "-" "WordPress/7.0.4; https://swansondentalgroupreno.com"
38.175.103.151 - - [17/Aug/2026:20:06:57 -0600] "GET / HTTP/1.1" 200 211016 "-" "Mozilla/5.0 (compatible; Googlebot/2.1; +http://www.google.com/bot.html)"
205.169.39.115 - - [17/Aug/2026:20:15:26 -0600] "GET / HTTP/1.1" 301 - "-" "Mozilla/5.0 (Windows NT 6.1; Win64; x64) AppleWebKit/537.36 (KHTML, like Gecko) Chrome/83.0.4103.61 Safari/537.36"
162.215.171.210 - - [17/Aug/2026:20:15:28 -0600] "POST /wp-cron.php?doing_wp_cron=1787019328.0578238964080810546875 HTTP/1.1" 200 - "-" "WordPress/7.0.4; https://swansondentalgroupreno.com"
162.215.171.210 - - [17/Aug/2026:20:15:56 -0600] "POST /wp-cron.php?doing_wp_cron=1787019356.3059999942779541015625 HTTP/1.1" 200 - "-" "WordPress/7.0.4; https://swansondentalgroupreno.com"
205.169.39.115 - - [17/Aug/2026:20:15:54 -0600] "GET / HTTP/1.1" 301 - "-" "Mozilla/5.0 (Windows NT 10.0; Win64; x64) AppleWebKit/537.36 (KHTML, like Gecko) Chrome/79.0.3945.79 Safari/537.36"
162.215.171.210 - - [17/Aug/2026:20:20:44 -0600] "POST /wp-cron.php?doing_wp_cron=1787019644.5389709472656250000000 HTTP/1.1" 200 - "-" "WordPress/7.0.4; https://swansondentalgroupreno.com"
14.117.149.72 - - [17/Aug/2026:20:20:42 -0600] "GET / HTTP/1.1" 301 - "https://www.whole-search.com/cache/Google/swansondentalgroupreno.com?q=Google+global+ranking+site%3Awww.whole-search.com" "Mozilla/5.0 (Windows NT 6.2; WOW64) AppleWebKit/537.36 (KHTML, like Gecko) Chrome/29.0.1547.2 Safari/537.36"
27.147.191.110 - - [17/Aug/2026:20:22:31 -0600] "GET /wp-login.php HTTP/1.1" 302 - "-" "Mozilla/5.0 (X11; Ubuntu; Linux x86_64; rv:79.0) Gecko/20100101 Firefox/79.0"
162.215.171.210 - - [17/Aug/2026:20:22:32 -0600] "POST /wp-cron.php?doing_wp_cron=1787019752.6005680561065673828125 HTTP/1.1" 200 - "-" "WordPress/7.0.4; https://swansondentalgroupreno.com"
27.147.191.110 - - [17/Aug/2026:20:22:41 -0600] "GET /wp-admin/plugin-install.php?tab=upload HTTP/1.1" 404 100787 "-" "Mozilla/5.0 (X11; Ubuntu; Linux x86_64; rv:79.0) Gecko/20100101 Firefox/79.0"
27.147.191.110 - - [17/Aug/2026:20:22:43 -0600] "GET /wp-admin/plugin-install.php?tab=upload HTTP/1.1" 404 100787 "-" "Mozilla/5.0 (X11; Ubuntu; Linux x86_64; rv:79.0) Gecko/20100101 Firefox/79.0"
162.215.171.210 - - [17/Aug/2026:20:28:55 -0600] "POST /wp-cron.php?doing_wp_cron=1787020135.9230558872222900390625 HTTP/1.1" 200 - "-" "WordPress/7.0.4; https://swansondentalgroupreno.com"
35.80.228.191 - - [17/Aug/2026:20:28:54 -0600] "GET /?sucurianticache=968022149 HTTP/1.1" 301 - "-" "Sucuri Uptime Monitor"
35.84.130.69 - - [17/Aug/2026:20:28:58 -0600] "GET /?sucurianticache=139161583 HTTP/1.1" 301 - "-" "Sucuri Uptime Monitor"
27.147.191.110 - - [17/Aug/2026:20:29:21 -0600] "GET /wp-login.php HTTP/1.1" 302 - "-" "Mozilla/5.0 (Windows NT 10.0) AppleWebKit/537.36 (KHTML, like Gecko) Chrome/72.0.3626.121 Safari/537.36"
27.147.191.110 - - [17/Aug/2026:20:29:29 -0600] "GET /wp-admin/plugin-install.php?tab=upload HTTP/1.1" 404 100787 "-" "Mozilla/5.0 (Windows NT 10.0) AppleWebKit/537.36 (KHTML, like Gecko) Chrome/72.0.3626.121 Safari/537.36"
27.147.191.110 - - [17/Aug/2026:20:29:32 -0600] "GET /wp-admin/plugin-install.php?tab=upload HTTP/1.1" 404 100787 "-" "Mozilla/5.0 (Windows NT 10.0) AppleWebKit/537.36 (KHTML, like Gecko) Chrome/72.0.3626.121 Safari/537.36"
68.155.155.199 - - [17/Aug/2026:20:40:14 -0600] "GET /wp-content/plugins/fix/up.php HTTP/1.1" 404 100787 "-" "Mozilla/5.0"
162.215.171.210 - - [17/Aug/2026:20:40:16 -0600] "POST /wp-cron.php?doing_wp_cron=1787020816.0431680679321289062500 HTTP/1.1" 200 - "-" "WordPress/7.0.4; https://swansondentalgroupreno.com"
69.164.219.45 - - [17/Aug/2026:20:42:37 -0600] "GET / HTTP/1.1" 301 - "-" "Mozilla/5.0 (Windows; U; Windows NT 6.1; en-US; rv:1.9.2) Gecko/20100115 Firefox/3.6 MSIE 7.0 Sucuri Integrity Monitor/2.4"
162.215.171.210 - - [17/Aug/2026:20:42:38 -0600] "POST /wp-cron.php?doing_wp_cron=1787020958.2470591068267822265625 HTTP/1.1" 200 - "-" "WordPress/7.0.4; https://swansondentalgroupreno.com"
69.164.219.45 - - [17/Aug/2026:20:42:41 -0600] "GET / HTTP/1.1" 301 - "http://sucuri.net" "Mozilla/5.0 (Macintosh; Intel Mac OS X 10.15; rv:96.0) Gecko/20100101 Firefox/96.0"
69.164.219.45 - - [17/Aug/2026:20:42:43 -0600] "GET / HTTP/1.1" 200 212487 "http://www.google.com/images/url" "Googlebot/2.1; +http://www.google.com/bot.html)"
69.164.219.45 - - [17/Aug/2026:20:42:46 -0600] "TRACE / HTTP/1.1" 301 - "" "Mozilla/5.0 (Macintosh; Intel Mac OS X 10.15; rv:96.0) Gecko/20100101 Firefox/96.0"
129.226.195.146 - - [17/Aug/2026:20:43:32 -0600] "GET / HTTP/1.1" 301 - "-" "Mozilla/5.0 (iPhone; CPU iPhone OS 13_2_3 like Mac OS X) AppleWebKit/605.1.15 (KHTML, like Gecko) Version/13.0.3 Mobile/15E148 Safari/604.1"
162.215.171.210 - - [17/Aug/2026:20:45:38 -0600] "POST /wp-cron.php?doing_wp_cron=1787021138.5136671066284179687500 HTTP/1.1" 200 - "-" "WordPress/7.0.4; https://swansondentalgroupreno.com"
158.173.75.33 - - [17/Aug/2026:20:45:34 -0600] "GET / HTTP/1.1" 301 - "-" "Mozilla/5.0 (Windows NT 10.0; Win64; x64) AppleWebKit/537.36 (KHTML, like Gecko) Chrome/84.0.4147.89 Safari/537.36"
162.215.171.210 - - [17/Aug/2026:20:46:39 -0600] "POST /wp-cron.php?doing_wp_cron=1787021199.6800940036773681640625 HTTP/1.1" 200 - "-" "WordPress/7.0.4; https://swansondentalgroupreno.com"
20.104.49.167 - - [17/Aug/2026:20:46:36 -0600] "GET /wp-content/plugins/hellopress/wp_filemanager.php HTTP/1.1" 404 100787 "-" "-"
20.104.49.167 - - [17/Aug/2026:20:46:40 -0600] "GET /this_is_a_new_hello_world.php HTTP/1.1" 404 100787 "-" "-"
162.215.171.210 - - [17/Aug/2026:20:46:44 -0600] "POST /wp-cron.php?doing_wp_cron=1787021204.5383980274200439453125 HTTP/1.1" 200 - "-" "WordPress/7.0.4; https://swansondentalgroupreno.com"
20.104.49.167 - - [17/Aug/2026:20:46:45 -0600] "GET /4PJcpMFsD8B.php HTTP/1.1" 404 100787 "-" "-"
20.104.49.167 - - [17/Aug/2026:20:46:49 -0600] "GET /3PJcpMFsD8B.php HTTP/1.1" 404 100787 "-" "-"
162.215.171.210 - - [17/Aug/2026:20:46:57 -0600] "POST /wp-cron.php?doing_wp_cron=1787021217.4328560829162597656250 HTTP/1.1" 200 - "-" "WordPress/7.0.4; https://swansondentalgroupreno.com"
20.104.49.167 - - [17/Aug/2026:20:46:53 -0600] "GET /xx.php HTTP/1.1" 404 100787 "-" "-"
20.104.49.167 - - [17/Aug/2026:20:46:58 -0600] "GET //av.php HTTP/1.1" 301 - "-" "-"
20.104.49.167 - - [17/Aug/2026:20:47:02 -0600] "GET /av.php HTTP/1.1" 404 100787 "-" "-"
20.104.49.167 - - [17/Aug/2026:20:47:06 -0600] "GET /media.php HTTP/1.1" 404 100787 "-" "-"
20.104.49.167 - - [17/Aug/2026:20:47:10 -0600] "GET /images.php HTTP/1.1" 404 100787 "-" "-"
20.104.49.167 - - [17/Aug/2026:20:47:14 -0600] "GET /mac.php HTTP/1.1" 404 100787 "-" "-"
20.104.49.167 - - [17/Aug/2026:20:47:19 -0600] "GET /ops.php HTTP/1.1" 404 100787 "-" "-"
20.104.49.167 - - [17/Aug/2026:20:47:22 -0600] "GET /coffexium.php HTTP/1.1" 404 100787 "-" "-"
20.104.49.167 - - [17/Aug/2026:20:47:26 -0600] "GET /BDKR28WP.php HTTP/1.1" 404 100787 "-" "-"
20.104.49.167 - - [17/Aug/2026:20:47:30 -0600] "GET /sf.php HTTP/1.1" 404 100787 "-" "-"
20.104.49.167 - - [17/Aug/2026:20:47:33 -0600] "GET /k.php?p= HTTP/1.1" 301 - "-" "-"
20.104.49.167 - - [17/Aug/2026:20:47:36 -0600] "GET /k.php HTTP/1.1" 404 100787 "-" "-"
20.104.49.167 - - [17/Aug/2026:20:47:39 -0600] "GET /82.php HTTP/1.1" 404 100787 "-" "-"
20.104.49.167 - - [17/Aug/2026:20:47:43 -0600] "GET /dex.php HTTP/1.1" 404 100787 "-" "-"
20.104.49.167 - - [17/Aug/2026:20:47:47 -0600] "GET /puc.php HTTP/1.1" 404 100787 "-" "-"
20.104.49.167 - - [17/Aug/2026:20:47:51 -0600] "GET /inso.php HTTP/1.1" 404 100787 "-" "-"
162.215.171.210 - - [17/Aug/2026:20:47:58 -0600] "POST /wp-cron.php?doing_wp_cron=1787021278.2862460613250732421875 HTTP/1.1" 200 - "-" "WordPress/7.0.4; https://swansondentalgroupreno.com"
20.104.49.167 - - [17/Aug/2026:20:47:54 -0600] "GET //aa.php HTTP/1.1" 301 - "-" "-"
20.104.49.167 - - [17/Aug/2026:20:47:59 -0600] "GET /aa.php HTTP/1.1" 404 100787 "-" "-"
20.104.49.167 - - [17/Aug/2026:20:48:04 -0600] "GET /1.php HTTP/1.1" 404 100787 "-" "-"
20.104.49.167 - - [17/Aug/2026:20:48:07 -0600] "GET /img.php HTTP/1.1" 404 100787 "-" "-"
20.104.49.167 - - [17/Aug/2026:20:48:11 -0600] "GET /222.php HTTP/1.1" 404 100787 "-" "-"
20.104.49.167 - - [17/Aug/2026:20:48:14 -0600] "GET /key.php HTTP/1.1" 404 100787 "-" "-"
20.104.49.167 - - [17/Aug/2026:20:48:18 -0600] "GET /chosen.php HTTP/1.1" 404 100787 "-" "-"
20.104.49.167 - - [17/Aug/2026:20:48:21 -0600] "GET /thoms.php HTTP/1.1" 404 100787 "-" "-"
20.104.49.167 - - [17/Aug/2026:20:48:25 -0600] "GET ///wpxml.php HTTP/1.1" 301 - "-" "-"
20.104.49.167 - - [17/Aug/2026:20:48:28 -0600] "GET /wpxml.php HTTP/1.1" 404 100787 "-" "-"
20.104.49.167 - - [17/Aug/2026:20:48:33 -0600] "GET /file1221.php HTTP/1.1" 404 100787 "-" "-"
20.104.49.167 - - [17/Aug/2026:20:48:37 -0600] "GET /nox.php HTTP/1.1" 404 100787 "-" "-"
20.104.49.167 - - [17/Aug/2026:20:48:40 -0600] "GET /akismet.php HTTP/1.1" 404 100787 "-" "-"
20.104.49.167 - - [17/Aug/2026:20:48:44 -0600] "GET /admin.php HTTP/1.1" 404 100787 "-" "-"
20.104.49.167 - - [17/Aug/2026:20:48:48 -0600] "GET /bajah.php HTTP/1.1" 404 100787 "-" "-"
20.104.49.167 - - [17/Aug/2026:20:48:51 -0600] "GET /ajax.php HTTP/1.1" 404 100787 "-" "-"
162.215.171.210 - - [17/Aug/2026:20:48:59 -0600] "POST /wp-cron.php?doing_wp_cron=1787021339.6196699142456054687500 HTTP/1.1" 200 - "-" "WordPress/7.0.4; https://swansondentalgroupreno.com"
20.104.49.167 - - [17/Aug/2026:20:48:55 -0600] "GET //adminfuns.php HTTP/1.1" 301 - "-" "-"
20.104.49.167 - - [17/Aug/2026:20:49:00 -0600] "GET /adminfuns.php HTTP/1.1" 404 100787 "-" "-"
195.172.150.199 - - [17/Aug/2026:20:49:15 -0600] "GET /wp-login.php HTTP/1.1" 302 - "-" "Mozilla/5.0 (Windows NT 10.0; Win64; x64) AppleWebKit/537.36 (KHTML, like Gecko) Chrome/145.0.0.0 Safari/537.36"
20.151.225.230 - - [17/Aug/2026:20:51:43 -0600] "GET / HTTP/1.1" 200 54516 "-" "Mozlila/5.0 (Linux; Android 7.0; SM-G892A Bulid/NRD90M; wv) AppleWebKit/537.36 (KHTML, like Gecko) Version/4.0 Chrome/60.0.3112.107 Moblie Safari/537.36"
20.151.225.230 - - [17/Aug/2026:20:51:43 -0600] "GET /wp-content/themes/seotheme/db.php?u HTTP/1.1" 200 54516 "www.google.com" "Mozlila/5.0 (Linux; Android 7.0; SM-G892A Bulid/NRD90M; wv) AppleWebKit/537.36 (KHTML, like Gecko) Version/4.0 Chrome/60.0.3112.107 Moblie Safari/537.36"
20.151.225.230 - - [17/Aug/2026:20:51:43 -0600] "POST /wp-plain.php HTTP/1.1" 403 54516 "www.google.com" "Mozilla/5.0 (Linux; Android 7.0; SM-G892A Bulid/NRD90M; wv) AppleWebKit/537.36 (KHTML, like Gecko) Version/4.0 Chrome/60.0.3112.107 Moblie Safari/537.36"
20.151.225.230 - - [17/Aug/2026:20:51:46 -0600] "GET /jyurprlk.php?Fox=d3wL7 HTTP/1.1" 403 54516 "www.google.com" "Mozilla/5.0 (Linux; Android 7.0; SM-G892A Bulid/NRD90M; wv) AppleWebKit/537.36 (KHTML, like Gecko) Version/4.0 Chrome/60.0.3112.107 Moblie Safari/537.36"
54.184.226.94 - - [17/Aug/2026:21:01:25 -0600] "GET /?rnd=1787022084942 HTTP/1.1" 200 54515 "-" "Sucuri-UptimeMonitoring"
52.20.159.199 - - [17/Aug/2026:21:04:02 -0600] "GET /robots.txt HTTP/1.1" 200 92 "-" "Mozilla/5.0 (Macintosh; Intel Mac OS X 10_15_7) AppleWebKit/537.36 (KHTML, like Gecko) Chrome/108.0.0.0 Safari/537.36"
20.116.17.175 - - [17/Aug/2026:21:11:31 -0600] "GET /wp-content/plugins/hellopress/wp_filemanager.php HTTP/1.1" 200 54515 "-" "-"
20.116.17.175 - - [17/Aug/2026:21:11:33 -0600] "GET /this_is_a_new_hello_world.php HTTP/1.1" 403 54515 "-" "-"
20.116.17.175 - - [17/Aug/2026:21:11:35 -0600] "GET /makeasmtp.php HTTP/1.1" 403 54515 "-" "-"
20.116.17.175 - - [17/Aug/2026:21:11:37 -0600] "GET /cok.php HTTP/1.1" 403 54515 "-" "-"
20.116.17.175 - - [17/Aug/2026:21:11:39 -0600] "GET /accesson.php HTTP/1.1" 403 54515 "-" "-"
20.116.17.175 - - [17/Aug/2026:21:11:40 -0600] "GET /av.php HTTP/1.1" 403 54515 "-" "-"
20.116.17.175 - - [17/Aug/2026:21:11:42 -0600] "GET /kj.php HTTP/1.1" 403 54515 "-" "-"
20.116.17.175 - - [17/Aug/2026:21:11:44 -0600] "GET /wp-admin/images/acxx.php HTTP/1.1" 403 54515 "-" "-"
20.116.17.175 - - [17/Aug/2026:21:11:47 -0600] "GET /png.php HTTP/1.1" 403 54515 "-" "-"
20.116.17.175 - - [17/Aug/2026:21:11:49 -0600] "GET /ab.php HTTP/1.1" 403 54515 "-" "-"
20.116.17.175 - - [17/Aug/2026:21:11:52 -0600] "GET /12.php HTTP/1.1" 403 54515 "-" "-"
20.116.17.175 - - [17/Aug/2026:21:11:54 -0600] "GET /x1da.php HTTP/1.1" 403 54515 "-" "-"
20.116.17.175 - - [17/Aug/2026:21:11:56 -0600] "GET /mcs.php HTTP/1.1" 403 54515 "-" "-"
20.116.17.175 - - [17/Aug/2026:21:11:58 -0600] "GET /adminner.php HTTP/1.1" 403 54515 "-" "-"
20.116.17.175 - - [17/Aug/2026:21:12:00 -0600] "GET /dragonshell.php HTTP/1.1" 403 54515 "-" "-"
20.116.17.175 - - [17/Aug/2026:21:12:02 -0600] "GET /setup-config.php HTTP/1.1" 403 54515 "-" "-"
20.116.17.175 - - [17/Aug/2026:21:12:04 -0600] "GET /f35.update.php HTTP/1.1" 403 54515 "-" "-"
20.116.17.175 - - [17/Aug/2026:21:12:07 -0600] "GET /bdroot.php HTTP/1.1" 403 54515 "-" "-"
20.116.17.175 - - [17/Aug/2026:21:12:09 -0600] "GET /wp-temp.php HTTP/1.1" 403 54515 "-" "-"
20.116.17.175 - - [17/Aug/2026:21:12:12 -0600] "GET /wp-css.php HTTP/1.1" 403 54515 "-" "-"
20.116.17.175 - - [17/Aug/2026:21:12:14 -0600] "GET /flox.php HTTP/1.1" 403 54515 "-" "-"
20.116.17.175 - - [17/Aug/2026:21:12:17 -0600] "GET /op.php HTTP/1.1" 403 54515 "-" "-"
20.116.17.175 - - [17/Aug/2026:21:12:19 -0600] "GET /1xmomo.php HTTP/1.1" 403 54515 "-" "-"
20.116.17.175 - - [17/Aug/2026:21:12:22 -0600] "GET /txets.php HTTP/1.1" 200 54515 "-" "-"
92.112.90.27 - - [17/Aug/2026:21:27:49 -0600] "GET /wp-login.php HTTP/1.1" 200 54517 "-" "Mozilla/5.0 (Windows NT 10.0; Win64; x64) AppleWebKit/537.36 (KHTML, like Gecko) Chrome/145.0.0.0 Safari/537.36"
92.112.90.27 - - [17/Aug/2026:21:27:52 -0600] "POST /wp-login.php HTTP/1.1" 200 3996 "http://swansondentalgroupreno.com/wp-login.php" "Mozilla/5.0 (Windows NT 10.0; Win64; x64) AppleWebKit/537.36 (KHTML, like Gecko) Chrome/145.0.0.0 Safari/537.36"
35.84.155.125 - - [17/Aug/2026:21:34:13 -0600] "GET /?sucurianticache=1458969577 HTTP/1.1" 200 54515 "-" "Sucuri Uptime Monitor"
35.80.228.191 - - [17/Aug/2026:21:34:15 -0600] "GET /?sucurianticache=1228134957 HTTP/1.1" 200 54515 "-" "Sucuri Uptime Monitor"
162.215.171.210 - - [17/Aug/2026:21:42:22 -0600] "GET /.well-known/acme-challenge/WBMHZ0OCH_4VWUR7YP4VCMKZX6UB8AK_ HTTP/1.1" 200 64 "-" "Cpanel-HTTP-Client/1.0"
162.215.171.210 - - [17/Aug/2026:21:42:22 -0600] "GET /.well-known/acme-challenge/8S5U5CGQ6-2QQ-7XAB3L3DAHG1PJ6H8F HTTP/1.1" 200 64 "-" "Cpanel-HTTP-Client/1.0"
146.70.65.191 - - [17/Aug/2026:21:45:47 -0600] "GET / HTTP/1.1" 200 54515 "-" "Mozilla/5.0 (Windows NT 10.0; Win64; x64) AppleWebKit/537.36 (KHTML, like Gecko) Chrome/84.0.4147.89 Safari/537.36"
167.100.106.132 - - [17/Aug/2026:21:56:27 -0600] "GET /wp-login.php HTTP/1.1" 200 54520 "-" "Mozilla/5.0 (Windows NT 10.0; Win64; x64) AppleWebKit/537.36 (KHTML, like Gecko) Chrome/145.0.0.0 Safari/537.36"
167.100.106.132 - - [17/Aug/2026:21:56:29 -0600] "POST /wp-login.php HTTP/1.1" 200 3999 "http://swansondentalgroupreno.com/wp-login.php" "Mozilla/5.0 (Windows NT 10.0; Win64; x64) AppleWebKit/537.36 (KHTML, like Gecko) Chrome/145.0.0.0 Safari/537.36"
43.165.198.224 - - [17/Aug/2026:21:56:50 -0600] "GET / HTTP/1.1" 200 54516 "-" "Mozilla/5.0 (iPhone; CPU iPhone OS 13_2_3 like Mac OS X) AppleWebKit/605.1.15 (KHTML, like Gecko) Version/13.0.3 Mobile/15E148 Safari/604.1"
101.32.49.171 - - [17/Aug/2026:21:59:22 -0600] "GET /?loknya=/home/swansondentalgro/public_html/wp-content-old HTTP/1.1" 200 14324 "-" "Mozilla/5.0 (iPhone; CPU iPhone OS 13_2_3 like Mac OS X) AppleWebKit/605.1.15 (KHTML, like Gecko) Version/13.0.3 Mobile/15E148 Safari/604.1"
35.162.140.124 - - [17/Aug/2026:22:01:42 -0600] "GET /?rnd=1787025702102 HTTP/1.1" 200 54516 "-" "Sucuri-UptimeMonitoring"
95.163.151.83 - - [17/Aug/2026:22:01:53 -0600] "GET / HTTP/1.1" 200 54515 "http://swansondentalgroupreno.com/" "Mozilla/5.0 (Windows NT 10.0; Win64; x64) AppleWebKit/537.36 (KHTML, like Gecko) Chrome/119.0.0.0 Safari/537.36 OPR/105.0.0.0"
