403Webshell
Server IP : 162.215.171.210  /  Your IP : 216.73.216.249
Web Server : Apache
System : Linux 162-215-171-210.bluehost.com 3.10.0-1160.119.1.el7.x86_64 #1 SMP Tue Jun 4 14:43:51 UTC 2024 x86_64
User : swansondentalgro ( 1070)
PHP Version : 8.2.33
Disable Function : NONE
MySQL : OFF  |  cURL : ON  |  WGET : ON  |  Perl : ON  |  Python : ON  |  Sudo : ON  |  Pkexec : ON
Directory :  /home/swansondentalgro/access-logs/

Upload File :
current_dir [ Writeable ] document_root [ Writeable ]

 

Command :


[ Back ]     

Current File : /home/swansondentalgro/access-logs/swansondentalgroupreno.com
89.124.69.167 - - [17/Aug/2026:06:22:43 -0600] "GET / HTTP/1.0" 301 - "-" "Mozilla/5.0 (Windows NT 6.3; WOW64) AppleWebKit/537.36 (KHTML, like Gecko) Chrome/50.0.2661.102 Safari/537.36"
89.124.69.167 - - [17/Aug/2026:06:22:47 -0600] "GET / HTTP/1.0" 301 - "-" "Mozilla/5.0 (Windows NT 6.3; WOW64) AppleWebKit/537.36 (KHTML, like Gecko) Chrome/50.0.2661.102 Safari/537.36"
162.215.171.210 - - [17/Aug/2026:06:22:48 -0600] "POST /wp-cron.php?doing_wp_cron=1786969368.9082820415496826171875 HTTP/1.1" 200 - "-" "WordPress/7.0.4; https://swansondentalgroupreno.com"
89.124.69.167 - - [17/Aug/2026:06:22:50 -0600] "GET / HTTP/1.0" 301 - "-" "Mozilla/5.0 (Windows NT 6.3; WOW64) AppleWebKit/537.36 (KHTML, like Gecko) Chrome/50.0.2661.102 Safari/537.36"
69.164.196.53 - - [17/Aug/2026:06:24:34 -0600] "GET /?sucurianticache=627161473 HTTP/1.1" 301 - "-" "Sucuri Uptime Monitor"
162.215.171.210 - - [17/Aug/2026:06:24:35 -0600] "POST /wp-cron.php?doing_wp_cron=1786969475.9329259395599365234375 HTTP/1.1" 200 - "-" "WordPress/7.0.4; https://swansondentalgroupreno.com"
34.208.80.94 - - [17/Aug/2026:06:24:38 -0600] "GET /?sucurianticache=1622306905 HTTP/1.1" 301 - "-" "Sucuri Uptime Monitor"
104.207.38.21 - - [17/Aug/2026:06:26:01 -0600] "GET http://swansondentalgroupreno.com/images/images/cache.php HTTP/1.1" 301 - "www.google.com" "Mozlila/5.0 (Linux; Android 7.0; SM-G892A Bulid/NRD90M; wv) AppleWebKit/537.36 (KHTML, like Gecko) Version/4.0 Chrome/60.0.3112.107 Moblie Safari/537.36"
162.215.171.210 - - [17/Aug/2026:06:26:02 -0600] "POST /wp-cron.php?doing_wp_cron=1786969562.4919240474700927734375 HTTP/1.1" 200 - "-" "WordPress/7.0.4; https://swansondentalgroupreno.com"
43.164.131.148 - - [17/Aug/2026:06:26:58 -0600] "GET / HTTP/1.1" 301 - "-" "Mozilla/5.0 (iPhone; CPU iPhone OS 13_2_3 like Mac OS X) AppleWebKit/605.1.15 (KHTML, like Gecko) Version/13.0.3 Mobile/15E148 Safari/604.1"
162.215.171.210 - - [17/Aug/2026:06:26:59 -0600] "POST /wp-cron.php?doing_wp_cron=1786969619.5402750968933105468750 HTTP/1.1" 200 - "-" "WordPress/7.0.4; https://swansondentalgroupreno.com"
162.215.171.210 - - [17/Aug/2026:06:42:40 -0600] "GET /.well-known/acme-challenge/WYXTTUF_G77HKCX1NM36ILHYCMXPQI2- HTTP/1.1" 200 64 "-" "Cpanel-HTTP-Client/1.0"
162.215.171.210 - - [17/Aug/2026:06:42:40 -0600] "GET /.well-known/acme-challenge/511Q6UH6Y8OCDIKBQCFE_NTI32__M66Z HTTP/1.1" 200 64 "-" "Cpanel-HTTP-Client/1.0"
69.164.219.45 - - [17/Aug/2026:06:48:00 -0600] "GET / HTTP/1.1" 301 - "-" "Mozilla/5.0 (Windows; U; Windows NT 6.1; en-US; rv:1.9.2) Gecko/20100115 Firefox/3.6 MSIE 7.0 Sucuri Integrity Monitor/2.4"
162.215.171.210 - - [17/Aug/2026:06:48:01 -0600] "POST /wp-cron.php?doing_wp_cron=1786970881.6167950630187988281250 HTTP/1.1" 200 - "-" "WordPress/7.0.4; https://swansondentalgroupreno.com"
69.164.219.45 - - [17/Aug/2026:06:48:04 -0600] "GET / HTTP/1.1" 301 - "http://sucuri.net" "Mozilla/5.0 (Macintosh; Intel Mac OS X 10.15; rv:96.0) Gecko/20100101 Firefox/96.0"
69.164.219.45 - - [17/Aug/2026:06:48:07 -0600] "GET / HTTP/1.1" 301 - "http://www.google.com/images/url" "Googlebot/2.1; +http://www.google.com/bot.html)"
69.164.219.45 - - [17/Aug/2026:06:48:12 -0600] "TRACE / HTTP/1.1" 301 - "" "Mozilla/5.0 (Macintosh; Intel Mac OS X 10.15; rv:96.0) Gecko/20100101 Firefox/96.0"
35.162.140.124 - - [17/Aug/2026:06:51:27 -0600] "GET /?rnd=1786971087208 HTTP/1.1" 301 - "-" "Sucuri-UptimeMonitoring"
169.58.72.248 - - [17/Aug/2026:07:21:47 -0600] "GET /wp-admin/css/colors/blue/ HTTP/1.1" 404 100787 "-" "Mozilla/5.0 (Windows NT 10.0; Win64; x64) AppleWebKit/537.36 (KHTML, like Gecko) Chrome/120.0.0.0 Safari/537.36"
162.215.171.210 - - [17/Aug/2026:07:21:48 -0600] "POST /wp-cron.php?doing_wp_cron=1786972908.6302421092987060546875 HTTP/1.1" 200 - "-" "WordPress/7.0.4; https://swansondentalgroupreno.com"
162.215.171.210 - - [17/Aug/2026:07:22:11 -0600] "POST /wp-cron.php?doing_wp_cron=1786972931.3819549083709716796875 HTTP/1.1" 200 - "-" "WordPress/7.0.4; https://swansondentalgroupreno.com"
169.58.72.248 - - [17/Aug/2026:07:22:10 -0600] "GET /wp-admin/maint/ HTTP/1.1" 404 100787 "-" "Mozilla/5.0 (Windows NT 10.0; Win64; x64) AppleWebKit/537.36 (KHTML, like Gecko) Chrome/120.0.0.0 Safari/537.36"
169.58.72.248 - - [17/Aug/2026:07:22:18 -0600] "GET /wp-admin/js/ HTTP/1.1" 404 100787 "-" "Mozilla/5.0 (Windows NT 10.0; Win64; x64) AppleWebKit/537.36 (KHTML, like Gecko) Chrome/120.0.0.0 Safari/537.36"
169.58.72.248 - - [17/Aug/2026:07:22:57 -0600] "GET /wp-admin/user/ HTTP/1.1" 302 - "-" "Mozilla/5.0 (Windows NT 10.0; Win64; x64) AppleWebKit/537.36 (KHTML, like Gecko) Chrome/120.0.0.0 Safari/537.36"
162.215.171.210 - - [17/Aug/2026:07:22:59 -0600] "POST /wp-cron.php?doing_wp_cron=1786972979.5797069072723388671875 HTTP/1.1" 200 - "-" "WordPress/7.0.4; https://swansondentalgroupreno.com"
169.58.72.248 - - [17/Aug/2026:07:23:15 -0600] "GET /wp-includes/Text/ HTTP/1.1" 404 100787 "-" "Mozilla/5.0 (Windows NT 10.0; Win64; x64) AppleWebKit/537.36 (KHTML, like Gecko) Chrome/120.0.0.0 Safari/537.36"
169.58.72.248 - - [17/Aug/2026:07:23:36 -0600] "GET /wp-includes/css/ HTTP/1.1" 404 100787 "-" "Mozilla/5.0 (Windows NT 10.0; Win64; x64) AppleWebKit/537.36 (KHTML, like Gecko) Chrome/120.0.0.0 Safari/537.36"
20.24.67.246 - - [17/Aug/2026:07:23:41 -0600] "GET /wp-content/plugins/hellopress/wp_filemanager.php HTTP/1.1" 404 100787 "-" "-"
20.24.67.246 - - [17/Aug/2026:07:23:42 -0600] "GET /this_is_a_new_hello_world.php HTTP/1.1" 404 100787 "-" "-"
20.24.67.246 - - [17/Aug/2026:07:23:44 -0600] "GET /x.php HTTP/1.1" 404 100787 "-" "-"
20.24.67.246 - - [17/Aug/2026:07:23:45 -0600] "GET /mgrr.php HTTP/1.1" 404 100787 "-" "-"
20.24.67.246 - - [17/Aug/2026:07:23:46 -0600] "GET /domvf.php HTTP/1.1" 404 100787 "-" "-"
20.24.67.246 - - [17/Aug/2026:07:23:48 -0600] "GET /dyt8mjxc3yofbkoriukvgjaCdefault.php HTTP/1.1" 404 100787 "-" "-"
20.24.67.246 - - [17/Aug/2026:07:23:50 -0600] "GET /gec.php HTTP/1.1" 404 100787 "-" "-"
20.24.67.246 - - [17/Aug/2026:07:23:52 -0600] "GET /sky.php HTTP/1.1" 404 100787 "-" "-"
169.58.72.248 - - [17/Aug/2026:07:23:56 -0600] "GET /wp-includes/fonts/ HTTP/1.1" 404 100787 "-" "Mozilla/5.0 (Windows NT 10.0; Win64; x64) AppleWebKit/537.36 (KHTML, like Gecko) Chrome/120.0.0.0 Safari/537.36"
162.215.171.210 - - [17/Aug/2026:07:23:56 -0600] "POST /wp-cron.php?doing_wp_cron=1786973036.8237619400024414062500 HTTP/1.1" 200 - "-" "WordPress/7.0.4; https://swansondentalgroupreno.com"
20.24.67.246 - - [17/Aug/2026:07:23:55 -0600] "GET /fffm.php HTTP/1.1" 404 100787 "-" "-"
20.24.67.246 - - [17/Aug/2026:07:23:58 -0600] "GET /sixxis.php HTTP/1.1" 404 100787 "-" "-"
20.24.67.246 - - [17/Aug/2026:07:23:59 -0600] "GET /yj09.php HTTP/1.1" 404 100787 "-" "-"
20.24.67.246 - - [17/Aug/2026:07:24:01 -0600] "GET /k.php HTTP/1.1" 404 100787 "-" "-"
20.24.67.246 - - [17/Aug/2026:07:24:02 -0600] "GET /w.php HTTP/1.1" 404 100787 "-" "-"
20.24.67.246 - - [17/Aug/2026:07:24:04 -0600] "GET /fpwch.php HTTP/1.1" 404 100787 "-" "-"
20.24.67.246 - - [17/Aug/2026:07:24:05 -0600] "GET /w2025.php HTTP/1.1" 404 100787 "-" "-"
20.24.67.246 - - [17/Aug/2026:07:24:07 -0600] "GET /FWAZ.php HTTP/1.1" 404 100787 "-" "-"
20.24.67.246 - - [17/Aug/2026:07:24:08 -0600] "GET /qterm.php?p= HTTP/1.1" 301 - "-" "-"
20.24.67.246 - - [17/Aug/2026:07:24:10 -0600] "GET /qterm.php HTTP/1.1" 404 100787 "-" "-"
20.24.67.246 - - [17/Aug/2026:07:24:11 -0600] "GET /blurbs.php HTTP/1.1" 404 100787 "-" "-"
20.24.67.246 - - [17/Aug/2026:07:24:13 -0600] "GET /100.php HTTP/1.1" 404 100787 "-" "-"
20.24.67.246 - - [17/Aug/2026:07:24:15 -0600] "GET /ccc.php?p= HTTP/1.1" 301 - "-" "-"
20.24.67.246 - - [17/Aug/2026:07:24:16 -0600] "GET /ccc.php HTTP/1.1" 404 100787 "-" "-"
20.24.67.246 - - [17/Aug/2026:07:24:17 -0600] "GET /get.php HTTP/1.1" 404 100787 "-" "-"
20.24.67.246 - - [17/Aug/2026:07:24:18 -0600] "GET /images.php HTTP/1.1" 404 100787 "-" "-"
20.24.67.246 - - [17/Aug/2026:07:24:19 -0600] "GET /alls.php HTTP/1.1" 404 100787 "-" "-"
20.24.67.246 - - [17/Aug/2026:07:24:20 -0600] "GET /coffexium.php HTTP/1.1" 404 100787 "-" "-"
20.24.67.246 - - [17/Aug/2026:07:24:21 -0600] "GET /red.php HTTP/1.1" 404 100787 "-" "-"
20.24.67.246 - - [17/Aug/2026:07:24:22 -0600] "GET /wp-includes/sodium_compat/ HTTP/1.1" 404 100787 "-" "-"
20.24.67.246 - - [17/Aug/2026:07:24:23 -0600] "GET /wp-includes/Text/ HTTP/1.1" 404 100787 "-" "-"
20.24.67.246 - - [17/Aug/2026:07:24:24 -0600] "GET /wp-content/uploads/ HTTP/1.1" 404 100787 "-" "-"
20.24.67.246 - - [17/Aug/2026:07:24:25 -0600] "GET /wp-content/index.php HTTP/1.1" 200 - "-" "-"
20.24.67.246 - - [17/Aug/2026:07:24:26 -0600] "GET ///admin.php HTTP/1.1" 301 - "-" "-"
20.24.67.246 - - [17/Aug/2026:07:24:27 -0600] "GET /admin.php HTTP/1.1" 404 100787 "-" "-"
20.24.67.246 - - [17/Aug/2026:07:24:28 -0600] "GET /file52.php HTTP/1.1" 404 100787 "-" "-"
20.24.67.246 - - [17/Aug/2026:07:24:29 -0600] "GET /geck.php HTTP/1.1" 404 100787 "-" "-"
169.58.72.248 - - [17/Aug/2026:07:24:30 -0600] "GET /wp-includes/IXR/ HTTP/1.1" 404 100787 "-" "Mozilla/5.0 (Windows NT 10.0; Win64; x64) AppleWebKit/537.36 (KHTML, like Gecko) Chrome/120.0.0.0 Safari/537.36"
20.24.67.246 - - [17/Aug/2026:07:24:30 -0600] "GET /biufile.php HTTP/1.1" 404 100787 "-" "-"
20.24.67.246 - - [17/Aug/2026:07:24:32 -0600] "GET /dejavu.php HTTP/1.1" 404 100787 "-" "-"
20.24.67.246 - - [17/Aug/2026:07:24:33 -0600] "GET /aaf.php HTTP/1.1" 404 100787 "-" "-"
20.24.67.246 - - [17/Aug/2026:07:24:35 -0600] "GET /h02ugyh.php HTTP/1.1" 404 100787 "-" "-"
162.215.171.210 - - [17/Aug/2026:07:24:35 -0600] "POST /wp-cron.php?doing_wp_cron=1786973075.9070580005645751953125 HTTP/1.1" 200 - "-" "WordPress/7.0.4; https://swansondentalgroupreno.com"
20.24.67.246 - - [17/Aug/2026:07:24:37 -0600] "GET /155.php HTTP/1.1" 404 100787 "-" "-"
20.24.67.246 - - [17/Aug/2026:07:24:39 -0600] "GET /ops.php HTTP/1.1" 404 100787 "-" "-"
20.24.67.246 - - [17/Aug/2026:07:24:41 -0600] "GET /mac.php HTTP/1.1" 404 100787 "-" "-"
20.24.67.246 - - [17/Aug/2026:07:24:43 -0600] "GET /wp-includes/blocks/post-comments-form/ HTTP/1.1" 404 100787 "-" "-"
20.24.67.246 - - [17/Aug/2026:07:24:45 -0600] "GET /wp-admin/js/ HTTP/1.1" 404 100787 "-" "-"
20.24.67.246 - - [17/Aug/2026:07:24:46 -0600] "GET /makeasmtp.php?p= HTTP/1.1" 301 - "-" "-"
20.24.67.246 - - [17/Aug/2026:07:24:47 -0600] "GET /makeasmtp.php HTTP/1.1" 404 100787 "-" "-"
20.24.67.246 - - [17/Aug/2026:07:24:50 -0600] "GET /wp-includes/ID3/about.php HTTP/1.1" 404 100787 "-" "-"
20.24.67.246 - - [17/Aug/2026:07:24:51 -0600] "GET /system_log.php HTTP/1.1" 404 100787 "-" "-"
20.24.67.246 - - [17/Aug/2026:07:24:52 -0600] "GET /wp-admin/css/ HTTP/1.1" 404 100787 "-" "-"
20.24.67.246 - - [17/Aug/2026:07:24:54 -0600] "GET /wp-admin/css/colors/modern/ HTTP/1.1" 404 100787 "-" "-"
162.215.171.210 - - [17/Aug/2026:07:24:56 -0600] "POST /wp-cron.php?doing_wp_cron=1786973096.4703900814056396484375 HTTP/1.1" 200 - "-" "WordPress/7.0.4; https://swansondentalgroupreno.com"
20.24.67.246 - - [17/Aug/2026:07:24:55 -0600] "GET /pucci.php HTTP/1.1" 404 100787 "-" "-"
20.24.67.246 - - [17/Aug/2026:07:24:57 -0600] "GET /wp-includes/blocks/details/ HTTP/1.1" 404 100787 "-" "-"
20.24.67.246 - - [17/Aug/2026:07:24:59 -0600] "GET /wp-includes/blocks/audio/ HTTP/1.1" 404 100787 "-" "-"
20.24.67.246 - - [17/Aug/2026:07:25:00 -0600] "GET /wp-temp.php HTTP/1.1" 404 100787 "-" "-"
20.24.67.246 - - [17/Aug/2026:07:25:01 -0600] "GET //wp-admin/js/index.php HTTP/1.1" 301 - "-" "-"
20.24.67.246 - - [17/Aug/2026:07:25:02 -0600] "GET /wp-admin/js/ HTTP/1.1" 404 100787 "-" "-"
20.24.67.246 - - [17/Aug/2026:07:25:04 -0600] "GET /puc.php HTTP/1.1" 404 100787 "-" "-"
20.24.67.246 - - [17/Aug/2026:07:25:05 -0600] "GET //wp-includes/Requests/ HTTP/1.1" 301 - "-" "-"
169.58.72.248 - - [17/Aug/2026:07:25:06 -0600] "GET /wp-includes/blocks/ HTTP/1.1" 200 2 "-" "Mozilla/5.0 (Windows NT 10.0; Win64; x64) AppleWebKit/537.36 (KHTML, like Gecko) Chrome/120.0.0.0 Safari/537.36"
20.24.67.246 - - [17/Aug/2026:07:25:06 -0600] "GET /wp-includes/Requests/ HTTP/1.1" 404 100787 "-" "-"
20.24.67.246 - - [17/Aug/2026:07:25:07 -0600] "GET /8.php HTTP/1.1" 404 100787 "-" "-"
20.24.67.246 - - [17/Aug/2026:07:25:08 -0600] "GET /1.php HTTP/1.1" 404 100787 "-" "-"
20.24.67.246 - - [17/Aug/2026:07:25:09 -0600] "GET /about.php HTTP/1.1" 404 100787 "-" "-"
20.24.67.246 - - [17/Aug/2026:07:25:10 -0600] "GET //admin.php HTTP/1.1" 301 - "-" "-"
20.24.67.246 - - [17/Aug/2026:07:25:11 -0600] "GET /admin.php HTTP/1.1" 404 100787 "-" "-"
20.24.67.246 - - [17/Aug/2026:07:25:12 -0600] "GET //edit.php HTTP/1.1" 301 - "-" "-"
20.24.67.246 - - [17/Aug/2026:07:25:13 -0600] "GET /edit.php HTTP/1.1" 404 100787 "-" "-"
20.24.67.246 - - [17/Aug/2026:07:25:15 -0600] "GET /wp-content/admin.php HTTP/1.1" 404 100787 "-" "-"
20.24.67.246 - - [17/Aug/2026:07:25:16 -0600] "GET /inputs.php HTTP/1.1" 404 100787 "-" "-"
20.24.67.246 - - [17/Aug/2026:07:25:17 -0600] "GET //av.php HTTP/1.1" 301 - "-" "-"
20.24.67.246 - - [17/Aug/2026:07:25:18 -0600] "GET /av.php HTTP/1.1" 404 100787 "-" "-"
20.24.67.246 - - [17/Aug/2026:07:25:19 -0600] "GET /classwithtostring.php?p= HTTP/1.1" 301 - "-" "-"
20.24.67.246 - - [17/Aug/2026:07:25:20 -0600] "GET /classwithtostring.php HTTP/1.1" 404 100787 "-" "-"
20.24.67.246 - - [17/Aug/2026:07:25:22 -0600] "GET /wp-content/themes/index.php HTTP/1.1" 200 - "-" "-"
20.24.67.246 - - [17/Aug/2026:07:25:22 -0600] "GET /wp-blog.php HTTP/1.1" 404 100787 "-" "-"
45.79.207.127 - - [17/Aug/2026:07:25:22 -0600] "GET /?sucurianticache=1900101281 HTTP/1.1" 301 - "-" "Sucuri Uptime Monitor"
20.24.67.246 - - [17/Aug/2026:07:25:23 -0600] "GET //wp-includes/js/jquery/ HTTP/1.1" 301 - "-" "-"
169.58.72.248 - - [17/Aug/2026:07:25:24 -0600] "GET /wp-includes/js/codemirror/ HTTP/1.1" 404 100787 "-" "Mozilla/5.0 (Windows NT 10.0; Win64; x64) AppleWebKit/537.36 (KHTML, like Gecko) Chrome/120.0.0.0 Safari/537.36"
20.24.67.246 - - [17/Aug/2026:07:25:25 -0600] "GET /wp-includes/js/jquery/ HTTP/1.1" 404 100787 "-" "-"
44.225.73.253 - - [17/Aug/2026:07:25:25 -0600] "GET /?sucurianticache=87530697 HTTP/1.1" 301 - "-" "Sucuri Uptime Monitor"
20.24.67.246 - - [17/Aug/2026:07:25:26 -0600] "GET //adminfuns.php HTTP/1.1" 301 - "-" "-"
20.24.67.246 - - [17/Aug/2026:07:25:27 -0600] "GET /adminfuns.php HTTP/1.1" 404 100787 "-" "-"
20.24.67.246 - - [17/Aug/2026:07:25:29 -0600] "GET /ms-edit.php HTTP/1.1" 404 100787 "-" "-"
20.24.67.246 - - [17/Aug/2026:07:25:32 -0600] "GET /222.php HTTP/1.1" 404 100787 "-" "-"
20.24.67.246 - - [17/Aug/2026:07:25:33 -0600] "GET //cgi-bin/index.php HTTP/1.1" 301 - "-" "-"
20.24.67.246 - - [17/Aug/2026:07:25:35 -0600] "GET /cgi-bin/ HTTP/1.1" 404 100787 "-" "-"
20.24.67.246 - - [17/Aug/2026:07:25:37 -0600] "GET /BDKR28WP.php HTTP/1.1" 404 100787 "-" "-"
20.24.67.246 - - [17/Aug/2026:07:25:38 -0600] "GET //wp-includes/l10n/ HTTP/1.1" 301 - "-" "-"
20.24.67.246 - - [17/Aug/2026:07:25:40 -0600] "GET /wp-includes/l10n/ HTTP/1.1" 404 100787 "-" "-"
20.24.67.246 - - [17/Aug/2026:07:25:41 -0600] "GET /wp.php HTTP/1.1" 404 100787 "-" "-"
20.24.67.246 - - [17/Aug/2026:07:25:43 -0600] "GET /i.php HTTP/1.1" 404 100787 "-" "-"
169.58.72.248 - - [17/Aug/2026:07:25:44 -0600] "GET /wp-includes/widgets/ HTTP/1.1" 404 100787 "-" "Mozilla/5.0 (Windows NT 10.0; Win64; x64) AppleWebKit/537.36 (KHTML, like Gecko) Chrome/120.0.0.0 Safari/537.36"
20.24.67.246 - - [17/Aug/2026:07:25:44 -0600] "GET //abcd.php HTTP/1.1" 301 - "-" "-"
20.24.67.246 - - [17/Aug/2026:07:25:45 -0600] "GET /abcd.php HTTP/1.1" 404 100787 "-" "-"
20.24.67.246 - - [17/Aug/2026:07:25:47 -0600] "GET /wp-manager.php HTTP/1.1" 404 100787 "-" "-"
20.24.67.246 - - [17/Aug/2026:07:25:48 -0600] "GET /wp-includes/Text/Diff/Engine/about.php HTTP/1.1" 404 100787 "-" "-"
20.24.67.246 - - [17/Aug/2026:07:25:49 -0600] "GET //cgi-bin/admin.php HTTP/1.1" 301 - "-" "-"
20.24.67.246 - - [17/Aug/2026:07:25:50 -0600] "GET /cgi-bin/admin.php HTTP/1.1" 404 100787 "-" "-"
20.24.67.246 - - [17/Aug/2026:07:25:51 -0600] "GET /wp-content/ HTTP/1.1" 200 - "-" "-"
20.24.67.246 - - [17/Aug/2026:07:25:52 -0600] "GET /simple.php HTTP/1.1" 404 100787 "-" "-"
20.24.67.246 - - [17/Aug/2026:07:25:53 -0600] "GET /hypo.php HTTP/1.1" 404 100787 "-" "-"
20.24.67.246 - - [17/Aug/2026:07:25:54 -0600] "GET /wp-admin/css/colors/blue/ HTTP/1.1" 404 100787 "-" "-"
162.215.171.210 - - [17/Aug/2026:07:25:56 -0600] "POST /wp-cron.php?doing_wp_cron=1786973156.3680269718170166015625 HTTP/1.1" 200 - "-" "WordPress/7.0.4; https://swansondentalgroupreno.com"
20.24.67.246 - - [17/Aug/2026:07:25:55 -0600] "GET /chosen.php HTTP/1.1" 404 100787 "-" "-"
20.24.67.246 - - [17/Aug/2026:07:25:57 -0600] "GET //wp-includes/block-bindings/ HTTP/1.1" 301 - "-" "-"
20.24.67.246 - - [17/Aug/2026:07:25:58 -0600] "GET /wp-includes/block-bindings/ HTTP/1.1" 404 100787 "-" "-"
20.24.67.246 - - [17/Aug/2026:07:25:59 -0600] "GET /als.php HTTP/1.1" 404 100787 "-" "-"
20.24.67.246 - - [17/Aug/2026:07:26:00 -0600] "GET /nox.php HTTP/1.1" 404 100787 "-" "-"
20.24.67.246 - - [17/Aug/2026:07:26:01 -0600] "GET /file59.php HTTP/1.1" 404 100787 "-" "-"
20.24.67.246 - - [17/Aug/2026:07:26:02 -0600] "GET /admin.php? HTTP/1.1" 404 100787 "-" "-"
20.24.67.246 - - [17/Aug/2026:07:26:03 -0600] "GET /aa2.php HTTP/1.1" 404 100787 "-" "-"
20.24.67.246 - - [17/Aug/2026:07:26:04 -0600] "GET /xamp.php HTTP/1.1" 404 100787 "-" "-"
20.24.67.246 - - [17/Aug/2026:07:26:06 -0600] "GET /bless.php HTTP/1.1" 404 100787 "-" "-"
20.24.67.246 - - [17/Aug/2026:07:26:07 -0600] "GET /file25.php HTTP/1.1" 404 100787 "-" "-"
20.24.67.246 - - [17/Aug/2026:07:26:08 -0600] "GET /file15.php HTTP/1.1" 404 100787 "-" "-"
20.24.67.246 - - [17/Aug/2026:07:26:09 -0600] "GET /f35.php HTTP/1.1" 404 100787 "-" "-"
20.24.67.246 - - [17/Aug/2026:07:26:11 -0600] "GET /wp-load.php HTTP/1.1" 200 - "-" "-"
20.24.67.246 - - [17/Aug/2026:07:26:12 -0600] "GET //wp-includes/assets/ HTTP/1.1" 301 - "-" "-"
20.24.67.246 - - [17/Aug/2026:07:26:13 -0600] "GET /wp-includes/assets/ HTTP/1.1" 404 100787 "-" "-"
20.24.67.246 - - [17/Aug/2026:07:26:14 -0600] "GET /wp-admin/css/colors/sunrise/ HTTP/1.1" 404 100787 "-" "-"
20.24.67.246 - - [17/Aug/2026:07:26:15 -0600] "GET /wp-admin/network/plugins.php HTTP/1.1" 302 - "-" "-"
20.24.67.246 - - [17/Aug/2026:07:26:19 -0600] "GET /aaa.php HTTP/1.1" 404 100787 "-" "-"
20.24.67.246 - - [17/Aug/2026:07:26:20 -0600] "GET /gecko.php HTTP/1.1" 404 100787 "-" "-"
20.24.67.246 - - [17/Aug/2026:07:26:21 -0600] "GET /xiugai.php?p= HTTP/1.1" 301 - "-" "-"
20.24.67.246 - - [17/Aug/2026:07:26:22 -0600] "GET /xiugai.php HTTP/1.1" 404 100787 "-" "-"
20.24.67.246 - - [17/Aug/2026:07:26:23 -0600] "GET /adminner.php HTTP/1.1" 404 100787 "-" "-"
20.24.67.246 - - [17/Aug/2026:07:26:24 -0600] "GET /file1221.php HTTP/1.1" 404 100787 "-" "-"
20.24.67.246 - - [17/Aug/2026:07:26:25 -0600] "GET /inx.php HTTP/1.1" 404 100787 "-" "-"
20.24.67.246 - - [17/Aug/2026:07:26:26 -0600] "GET /reviall.php HTTP/1.1" 404 100787 "-" "-"
20.24.67.246 - - [17/Aug/2026:07:26:28 -0600] "GET /11.php?p= HTTP/1.1" 301 - "-" "-"
20.24.67.246 - - [17/Aug/2026:07:26:29 -0600] "GET /11.php HTTP/1.1" 404 100787 "-" "-"
20.24.67.246 - - [17/Aug/2026:07:26:31 -0600] "GET /File.php HTTP/1.1" 404 100787 "-" "-"
20.24.67.246 - - [17/Aug/2026:07:26:32 -0600] "GET /fi22.php HTTP/1.1" 404 100787 "-" "-"
169.58.72.248 - - [17/Aug/2026:07:26:32 -0600] "GET /wp-content/uploads/ HTTP/1.1" 404 100787 "-" "Mozilla/5.0 (Windows NT 10.0; Win64; x64) AppleWebKit/537.36 (KHTML, like Gecko) Chrome/120.0.0.0 Safari/537.36"
20.24.67.246 - - [17/Aug/2026:07:26:33 -0600] "GET /3PJcpMFsD8B.php HTTP/1.1" 404 100787 "-" "-"
20.24.67.246 - - [17/Aug/2026:07:26:34 -0600] "GET /a3ampzmbipnkpxeqhqpsanCdefault.php HTTP/1.1" 404 100787 "-" "-"
20.24.67.246 - - [17/Aug/2026:07:26:35 -0600] "GET /4PJcpMFsD8B.php HTTP/1.1" 404 100787 "-" "-"
20.24.67.246 - - [17/Aug/2026:07:26:36 -0600] "GET /i99z7zzbwtpteujvv6s8hiCdefault.php HTTP/1.1" 404 100787 "-" "-"
20.24.67.246 - - [17/Aug/2026:07:26:37 -0600] "GET /gwaih1gfzp5vuwr04Cdefault.php HTTP/1.1" 404 100787 "-" "-"
20.24.67.246 - - [17/Aug/2026:07:26:38 -0600] "GET /1wvekeybd9it2di2vyipgr6Cdefault.php HTTP/1.1" 404 100787 "-" "-"
20.24.67.246 - - [17/Aug/2026:07:26:39 -0600] "GET /media.php HTTP/1.1" 404 100787 "-" "-"
20.24.67.246 - - [17/Aug/2026:07:26:41 -0600] "GET /inso.php HTTP/1.1" 404 100787 "-" "-"
20.24.67.246 - - [17/Aug/2026:07:26:42 -0600] "GET /shiny.php HTTP/1.1" 404 100787 "-" "-"
20.24.67.246 - - [17/Aug/2026:07:26:43 -0600] "GET /403dd.php HTTP/1.1" 404 100787 "-" "-"
162.215.171.210 - - [17/Aug/2026:07:26:44 -0600] "POST /wp-cron.php?doing_wp_cron=1786973204.3423829078674316406250 HTTP/1.1" 200 - "-" "WordPress/7.0.4; https://swansondentalgroupreno.com"
20.24.67.246 - - [17/Aug/2026:07:26:45 -0600] "GET /baba.php HTTP/1.1" 404 100787 "-" "-"
20.24.67.246 - - [17/Aug/2026:07:26:46 -0600] "GET /site.php HTTP/1.1" 404 100787 "-" "-"
20.24.67.246 - - [17/Aug/2026:07:26:48 -0600] "GET /wp-admin/maint/index.php HTTP/1.1" 301 - "-" "-"
20.24.67.246 - - [17/Aug/2026:07:26:49 -0600] "GET /wp-admin/maint/ HTTP/1.1" 404 100787 "-" "-"
20.24.67.246 - - [17/Aug/2026:07:26:50 -0600] "GET /cabs.php HTTP/1.1" 404 100787 "-" "-"
20.24.67.246 - - [17/Aug/2026:07:26:52 -0600] "GET /v.php HTTP/1.1" 404 100787 "-" "-"
20.24.67.246 - - [17/Aug/2026:07:26:53 -0600] "GET /insc.php HTTP/1.1" 404 100787 "-" "-"
162.215.171.210 - - [17/Aug/2026:07:26:56 -0600] "POST /wp-cron.php?doing_wp_cron=1786973216.3812780380249023437500 HTTP/1.1" 200 - "-" "WordPress/7.0.4; https://swansondentalgroupreno.com"
20.24.67.246 - - [17/Aug/2026:07:26:55 -0600] "GET /file.php? HTTP/1.1" 404 100787 "-" "-"
20.24.67.246 - - [17/Aug/2026:07:26:57 -0600] "GET /dex.php HTTP/1.1" 404 100787 "-" "-"
20.24.67.246 - - [17/Aug/2026:07:26:59 -0600] "GET /key.php HTTP/1.1" 404 100787 "-" "-"
20.24.67.246 - - [17/Aug/2026:07:27:00 -0600] "GET /kir.php HTTP/1.1" 404 100787 "-" "-"
20.24.67.246 - - [17/Aug/2026:07:27:01 -0600] "GET /nofile.php HTTP/1.1" 404 100787 "-" "-"
20.24.67.246 - - [17/Aug/2026:07:27:03 -0600] "GET /yos.php HTTP/1.1" 404 100787 "-" "-"
20.24.67.246 - - [17/Aug/2026:07:27:04 -0600] "GET /fling.php?p= HTTP/1.1" 301 - "-" "-"
20.24.67.246 - - [17/Aug/2026:07:27:05 -0600] "GET /fling.php HTTP/1.1" 404 100787 "-" "-"
20.24.67.246 - - [17/Aug/2026:07:27:07 -0600] "GET /zoo1.php?p= HTTP/1.1" 301 - "-" "-"
20.24.67.246 - - [17/Aug/2026:07:27:08 -0600] "GET /zoo1.php HTTP/1.1" 404 100787 "-" "-"
20.24.67.246 - - [17/Aug/2026:07:27:09 -0600] "GET /zoo2.php HTTP/1.1" 404 100787 "-" "-"
20.24.67.246 - - [17/Aug/2026:07:27:11 -0600] "GET /hp.php HTTP/1.1" 404 100787 "-" "-"
169.58.72.248 - - [17/Aug/2026:07:27:41 -0600] "GET /files/ HTTP/1.1" 404 100787 "-" "Mozilla/5.0 (Windows NT 10.0; Win64; x64) AppleWebKit/537.36 (KHTML, like Gecko) Chrome/120.0.0.0 Safari/537.36"
169.58.72.248 - - [17/Aug/2026:07:28:10 -0600] "GET /images/ HTTP/1.1" 404 100787 "-" "Mozilla/5.0 (Windows NT 10.0; Win64; x64) AppleWebKit/537.36 (KHTML, like Gecko) Chrome/120.0.0.0 Safari/537.36"
101.33.55.204 - - [17/Aug/2026:07:32:18 -0600] "GET / HTTP/1.1" 301 - "-" "Mozilla/5.0 (iPhone; CPU iPhone OS 13_2_3 like Mac OS X) AppleWebKit/605.1.15 (KHTML, like Gecko) Version/13.0.3 Mobile/15E148 Safari/604.1"
162.215.171.210 - - [17/Aug/2026:07:32:19 -0600] "POST /wp-cron.php?doing_wp_cron=1786973539.0902390480041503906250 HTTP/1.1" 200 - "-" "WordPress/7.0.4; https://swansondentalgroupreno.com"
162.215.171.210 - - [17/Aug/2026:07:37:00 -0600] "POST /wp-cron.php?doing_wp_cron=1786973820.6495258808135986328125 HTTP/1.1" 200 - "-" "WordPress/7.0.4; https://swansondentalgroupreno.com"
91.92.241.196 - - [17/Aug/2026:07:36:59 -0600] "GET /.git/HEAD HTTP/1.1" 301 - "-" "Mozilla/5.0 (Windows NT 10.0; Win64; x64) AppleWebKit/537.36"
162.215.171.210 - - [17/Aug/2026:07:39:53 -0600] "POST /wp-cron.php?doing_wp_cron=1786973993.4266400337219238281250 HTTP/1.1" 200 - "-" "WordPress/7.0.4; https://swansondentalgroupreno.com"
195.3.220.7 - - [17/Aug/2026:07:39:52 -0600] "POST /wp-admin/admin-ajax.php HTTP/1.1" 400 1 "-" "Mozilla/5.0 (Windows NT 10.0; Win64; x64) AppleWebKit/537.36 (KHTML, like Gecko) Chrome/120.0.0.0 Safari/537.36"
195.3.220.7 - - [17/Aug/2026:07:39:54 -0600] "HEAD /wp-content/plugins/wc-designer-pro/assets/css/wcdp-design.min.css HTTP/1.1" 404 - "-" "Mozilla/5.0 (Windows NT 10.0; Win64; x64) AppleWebKit/537.36 (KHTML, like Gecko) Chrome/120.0.0.0 Safari/537.36"
35.162.140.124 - - [17/Aug/2026:07:51:50 -0600] "GET /?rnd=1786974710661 HTTP/1.1" 301 - "-" "Sucuri-UptimeMonitoring"
162.215.171.210 - - [17/Aug/2026:07:51:51 -0600] "POST /wp-cron.php?doing_wp_cron=1786974711.5591299533843994140625 HTTP/1.1" 200 - "-" "WordPress/7.0.4; https://swansondentalgroupreno.com"
162.215.171.210 - - [17/Aug/2026:07:54:05 -0600] "POST /wp-cron.php?doing_wp_cron=1786974845.7656838893890380859375 HTTP/1.1" 200 - "-" "WordPress/7.0.4; https://swansondentalgroupreno.com"
72.245.70.156 - - [17/Aug/2026:07:54:04 -0600] "GET / HTTP/1.1" 301 - "-" "Mozilla/5.0 (Macintosh; Intel Mac OS X 10_15_7) AppleWebKit/537.36 (KHTML, like Gecko) Chrome/131.0.0.0 Safari/537.36"
72.245.70.156 - - [17/Aug/2026:07:54:09 -0600] "GET / HTTP/1.1" 301 - "-" "Mozilla/5.0 (Macintosh; Intel Mac OS X 10_15_7) AppleWebKit/537.36 (KHTML, like Gecko) Chrome/131.0.0.0 Safari/537.36"
72.245.70.156 - - [17/Aug/2026:07:54:12 -0600] "GET /about HTTP/1.1" 301 - "-" "Mozilla/5.0 (Macintosh; Intel Mac OS X 10_15_7) AppleWebKit/537.36 (KHTML, like Gecko) Chrome/131.0.0.0 Safari/537.36"
72.245.70.156 - - [17/Aug/2026:07:54:15 -0600] "GET /about-us HTTP/1.1" 301 - "-" "Mozilla/5.0 (Macintosh; Intel Mac OS X 10_15_7) AppleWebKit/537.36 (KHTML, like Gecko) Chrome/131.0.0.0 Safari/537.36"
72.245.70.156 - - [17/Aug/2026:07:54:16 -0600] "GET /about-us/ HTTP/1.1" 200 112770 "-" "Mozilla/5.0 (Macintosh; Intel Mac OS X 10_15_7) AppleWebKit/537.36 (KHTML, like Gecko) Chrome/131.0.0.0 Safari/537.36"
72.245.70.156 - - [17/Aug/2026:07:54:17 -0600] "GET /team HTTP/1.1" 404 100787 "-" "Mozilla/5.0 (Macintosh; Intel Mac OS X 10_15_7) AppleWebKit/537.36 (KHTML, like Gecko) Chrome/131.0.0.0 Safari/537.36"
72.245.70.156 - - [17/Aug/2026:07:54:19 -0600] "GET /our-team HTTP/1.1" 404 100787 "-" "Mozilla/5.0 (Macintosh; Intel Mac OS X 10_15_7) AppleWebKit/537.36 (KHTML, like Gecko) Chrome/131.0.0.0 Safari/537.36"
72.245.70.156 - - [17/Aug/2026:07:54:21 -0600] "GET /staff HTTP/1.1" 404 100787 "-" "Mozilla/5.0 (Macintosh; Intel Mac OS X 10_15_7) AppleWebKit/537.36 (KHTML, like Gecko) Chrome/131.0.0.0 Safari/537.36"
72.245.70.156 - - [17/Aug/2026:07:54:22 -0600] "GET /leadership HTTP/1.1" 404 100787 "-" "Mozilla/5.0 (Macintosh; Intel Mac OS X 10_15_7) AppleWebKit/537.36 (KHTML, like Gecko) Chrome/131.0.0.0 Safari/537.36"
72.245.70.156 - - [17/Aug/2026:07:54:23 -0600] "GET /meet-the-team HTTP/1.1" 404 100787 "-" "Mozilla/5.0 (Macintosh; Intel Mac OS X 10_15_7) AppleWebKit/537.36 (KHTML, like Gecko) Chrome/131.0.0.0 Safari/537.36"
72.245.70.156 - - [17/Aug/2026:07:54:25 -0600] "GET /meet-our-team HTTP/1.1" 404 100787 "-" "Mozilla/5.0 (Macintosh; Intel Mac OS X 10_15_7) AppleWebKit/537.36 (KHTML, like Gecko) Chrome/131.0.0.0 Safari/537.36"
72.245.70.156 - - [17/Aug/2026:07:54:26 -0600] "GET /who-we-are HTTP/1.1" 404 100787 "-" "Mozilla/5.0 (Macintosh; Intel Mac OS X 10_15_7) AppleWebKit/537.36 (KHTML, like Gecko) Chrome/131.0.0.0 Safari/537.36"
72.245.70.156 - - [17/Aug/2026:07:54:28 -0600] "GET /founders HTTP/1.1" 404 100787 "-" "Mozilla/5.0 (Macintosh; Intel Mac OS X 10_15_7) AppleWebKit/537.36 (KHTML, like Gecko) Chrome/131.0.0.0 Safari/537.36"
173.252.107.113 - - [17/Aug/2026:08:00:24 -0600] "GET /robots.txt HTTP/1.1" 206 244 "-" "facebookexternalhit/1.1 (+http://www.facebook.com/externalhit_uatext.php)"
69.63.184.17 - - [17/Aug/2026:08:00:25 -0600] "GET / HTTP/1.1" 301 - "-" "meta-externalagent/1.1 (+https://developers.facebook.com/docs/sharing/webmasters/crawler)"
114.119.129.143 - - [17/Aug/2026:08:08:10 -0600] "GET / HTTP/1.1" 301 - "http://nndhp.org/dental-volunteers/" "Mozilla/5.0 (Linux; Android 7.0;) AppleWebKit/537.36 (HTML, like Gecko) Mobile Safari/537.36 (compatible; PetalBot;+https://webmaster.petalsearch.com/site/petalbot)"
40.88.21.235 - - [17/Aug/2026:08:11:50 -0600] "GET / HTTP/1.1" 301 - "-" "DuckDuckBot/1.1; (+http://duckduckgo.com/duckduckbot.html)"
162.215.171.210 - - [17/Aug/2026:08:11:51 -0600] "POST /wp-cron.php?doing_wp_cron=1786975911.4978909492492675781250 HTTP/1.1" 200 - "-" "WordPress/7.0.4; https://swansondentalgroupreno.com"
44.225.73.253 - - [17/Aug/2026:08:26:43 -0600] "GET /?sucurianticache=1248164106 HTTP/1.1" 301 - "-" "Sucuri Uptime Monitor"
52.11.79.209 - - [17/Aug/2026:08:26:46 -0600] "GET /?sucurianticache=118210473 HTTP/1.1" 301 - "-" "Sucuri Uptime Monitor"
35.162.140.124 - - [17/Aug/2026:08:52:21 -0600] "GET /?rnd=1786978341066 HTTP/1.1" 301 - "-" "Sucuri-UptimeMonitoring"
162.215.171.210 - - [17/Aug/2026:08:52:22 -0600] "POST /wp-cron.php?doing_wp_cron=1786978342.0152618885040283203125 HTTP/1.1" 200 - "-" "WordPress/7.0.4; https://swansondentalgroupreno.com"
162.215.171.210 - - [17/Aug/2026:09:18:56 -0600] "POST /wp-cron.php?doing_wp_cron=1786979936.3260760307312011718750 HTTP/1.1" 200 - "-" "WordPress/7.0.4; https://swansondentalgroupreno.com"
136.109.191.183 - - [17/Aug/2026:09:18:55 -0600] "GET / HTTP/1.1" 301 - "-" "Mozilla/5.0 (compatible; CMS-Checker/1.0; +https://example.com)"
54.68.112.93 - - [17/Aug/2026:09:32:17 -0600] "GET /?sucurianticache=941749456 HTTP/1.1" 301 - "-" "Sucuri Uptime Monitor"
162.215.171.210 - - [17/Aug/2026:09:32:18 -0600] "POST /wp-cron.php?doing_wp_cron=1786980738.9866878986358642578125 HTTP/1.1" 200 - "-" "WordPress/7.0.4; https://swansondentalgroupreno.com"
35.84.130.69 - - [17/Aug/2026:09:32:22 -0600] "GET /?sucurianticache=99974881 HTTP/1.1" 301 - "-" "Sucuri Uptime Monitor"
162.215.171.210 - - [17/Aug/2026:09:42:29 -0600] "GET /.well-known/acme-challenge/R5KOJUG-9OTNE-S1BMQSRMDIX-B2W1BK HTTP/1.1" 200 64 "-" "Cpanel-HTTP-Client/1.0"
162.215.171.210 - - [17/Aug/2026:09:42:29 -0600] "GET /.well-known/acme-challenge/S1Z5DAB4EV9F-8H6WC9EALL6SCX_T5XC HTTP/1.1" 200 64 "-" "Cpanel-HTTP-Client/1.0"
162.215.171.210 - - [17/Aug/2026:09:54:14 -0600] "POST /wp-cron.php?doing_wp_cron=1786982054.3766000270843505859375 HTTP/1.1" 200 - "-" "WordPress/7.0.4; https://swansondentalgroupreno.com"
35.162.140.124 - - [17/Aug/2026:09:54:13 -0600] "GET /?rnd=1786982053476 HTTP/1.1" 301 - "-" "Sucuri-UptimeMonitoring"
136.109.191.183 - - [17/Aug/2026:10:18:16 -0600] "GET / HTTP/1.1" 301 - "-" "Mozilla/5.0 (Windows NT 10.0; Win64; x64) AppleWebKit/537.36 (KHTML, like Gecko) Chrome/78.0.3904.108 Safari/537.36"
162.215.171.210 - - [17/Aug/2026:10:18:17 -0600] "POST /wp-cron.php?doing_wp_cron=1786983497.5147171020507812500000 HTTP/1.1" 200 - "-" "WordPress/7.0.4; https://swansondentalgroupreno.com"
54.68.112.93 - - [17/Aug/2026:10:38:47 -0600] "GET /?sucurianticache=991096617 HTTP/1.1" 301 - "-" "Sucuri Uptime Monitor"
162.215.171.210 - - [17/Aug/2026:10:38:47 -0600] "POST /wp-cron.php?doing_wp_cron=1786984727.9802999496459960937500 HTTP/1.1" 200 - "-" "WordPress/7.0.4; https://swansondentalgroupreno.com"
173.230.133.164 - - [17/Aug/2026:10:38:50 -0600] "GET /?sucurianticache=947101066 HTTP/1.1" 301 - "-" "Sucuri Uptime Monitor"
84.235.168.63 - - [17/Aug/2026:10:47:32 -0600] "POST /wp-login.php HTTP/1.1" 302 - "-" "Mozilla/5.0 (Macintosh; Intel Mac OS X 10_15_7) AppleWebKit/537.36 (KHTML, like Gecko) Chrome/124.0.0.0 Safari/537.36"
35.162.140.124 - - [17/Aug/2026:10:55:16 -0600] "GET /?rnd=1786985716400 HTTP/1.1" 301 - "-" "Sucuri-UptimeMonitoring"
162.215.171.210 - - [17/Aug/2026:10:55:17 -0600] "POST /wp-cron.php?doing_wp_cron=1786985717.3002259731292724609375 HTTP/1.1" 200 - "-" "WordPress/7.0.4; https://swansondentalgroupreno.com"
162.215.171.210 - - [17/Aug/2026:10:57:29 -0600] "POST /wp-cron.php?doing_wp_cron=1786985849.9826550483703613281250 HTTP/1.1" 200 - "-" "WordPress/7.0.4; https://swansondentalgroupreno.com"
192.178.6.35 - - [17/Aug/2026:10:57:29 -0600] "GET / HTTP/1.1" 301 - "-" "Mozilla/5.0 (compatible; Googlebot/2.1; +http://www.google.com/bot.html)"
192.178.6.36 - - [17/Aug/2026:10:57:35 -0600] "GET / HTTP/1.1" 301 - "-" "Mozilla/5.0 (Linux; Android 6.0.1; Nexus 5X Build/MMB29P) AppleWebKit/537.36 (KHTML, like Gecko) Chrome/99.0.4844.84 Mobile Safari/537.36 (compatible; Googlebot/2.1; +http://www.google.com/bot.html)"
114.119.132.122 - - [17/Aug/2026:11:25:21 -0600] "GET /robots.txt HTTP/1.1" 200 244 "http://www.swansondentalgroupreno.com/robots.txt" "Mozilla/5.0 (compatible;PetalBot;+https://webmaster.petalsearch.com/site/petalbot)"
162.215.171.210 - - [17/Aug/2026:11:44:11 -0600] "POST /wp-cron.php?doing_wp_cron=1786988651.1186070442199707031250 HTTP/1.1" 200 - "-" "WordPress/7.0.4; https://swansondentalgroupreno.com"
54.214.165.245 - - [17/Aug/2026:11:44:10 -0600] "GET /?sucurianticache=1542373570 HTTP/1.1" 301 - "-" "Sucuri Uptime Monitor"
35.84.155.125 - - [17/Aug/2026:11:44:16 -0600] "GET /?sucurianticache=111312650 HTTP/1.1" 301 - "-" "Sucuri Uptime Monitor"
162.14.109.170 - - [17/Aug/2026:11:46:39 -0600] "GET / HTTP/1.1" 301 - "-" "Mozilla/5.0 (iPhone; CPU iPhone OS 13_2_3 like Mac OS X) AppleWebKit/605.1.15 (KHTML, like Gecko) Version/13.0.3 Mobile/15E148 Safari/604.1"
162.215.171.210 - - [17/Aug/2026:11:46:39 -0600] "POST /wp-cron.php?doing_wp_cron=1786988799.2057380676269531250000 HTTP/1.1" 200 - "-" "WordPress/7.0.4; https://swansondentalgroupreno.com"
54.185.161.99 - - [17/Aug/2026:11:46:38 -0600] "GET / HTTP/1.1" 301 - "-" "Mozilla/5.0 (Windows NT 10.0; Win64; x64) AppleWebKit/537.36 (KHTML, like Gecko) Chrome/113.0.0.0 Safari/537.36"
20.151.109.219 - - [17/Aug/2026:11:52:12 -0600] "GET /wp-content/plugins/hellopress/wp_filemanager.php HTTP/1.1" 404 100787 "-" "-"
20.151.109.219 - - [17/Aug/2026:11:52:13 -0600] "GET /this_is_a_new_hello_world.php HTTP/1.1" 404 100787 "-" "-"
20.151.109.219 - - [17/Aug/2026:11:52:14 -0600] "GET /wp-config-sample.php HTTP/1.1" 404 100787 "-" "-"
20.151.109.219 - - [17/Aug/2026:11:52:16 -0600] "GET /colour.php HTTP/1.1" 404 100787 "-" "-"
20.151.109.219 - - [17/Aug/2026:11:52:17 -0600] "GET /delpaths.php HTTP/1.1" 404 100787 "-" "-"
20.151.109.219 - - [17/Aug/2026:11:52:20 -0600] "GET /pwnd.php HTTP/1.1" 404 100787 "-" "-"
20.151.109.219 - - [17/Aug/2026:11:52:23 -0600] "GET /rebaxbqw.php HTTP/1.1" 404 100787 "-" "-"
20.151.109.219 - - [17/Aug/2026:11:52:26 -0600] "GET /mango.php HTTP/1.1" 404 100787 "-" "-"
20.151.109.219 - - [17/Aug/2026:11:52:29 -0600] "GET /wp_wlx.php HTTP/1.1" 404 100787 "-" "-"
20.151.109.219 - - [17/Aug/2026:11:52:31 -0600] "GET /pt.php HTTP/1.1" 404 100787 "-" "-"
20.151.109.219 - - [17/Aug/2026:11:52:32 -0600] "GET /lzmelu.php HTTP/1.1" 404 100787 "-" "-"
20.151.109.219 - - [17/Aug/2026:11:52:34 -0600] "GET /wp-head.php HTTP/1.1" 404 100787 "-" "-"
20.151.109.219 - - [17/Aug/2026:11:52:35 -0600] "GET /BbiNip.php HTTP/1.1" 404 100787 "-" "-"
20.151.109.219 - - [17/Aug/2026:11:52:37 -0600] "GET /fileupload.php HTTP/1.1" 404 100787 "-" "-"
20.151.109.219 - - [17/Aug/2026:11:52:38 -0600] "GET /mpvloi.php HTTP/1.1" 404 100787 "-" "-"
20.151.109.219 - - [17/Aug/2026:11:52:39 -0600] "GET /aiojtBVv.php HTTP/1.1" 404 100787 "-" "-"
20.151.109.219 - - [17/Aug/2026:11:52:41 -0600] "GET /eSAnNNH.php HTTP/1.1" 404 100787 "-" "-"
20.151.109.219 - - [17/Aug/2026:11:52:42 -0600] "GET /admin1.php HTTP/1.1" 404 100787 "-" "-"
20.151.109.219 - - [17/Aug/2026:11:52:43 -0600] "GET /click.php HTTP/1.1" 404 100787 "-" "-"
20.151.109.219 - - [17/Aug/2026:11:52:44 -0600] "GET /surgezkj.php HTTP/1.1" 404 100787 "-" "-"
20.151.109.219 - - [17/Aug/2026:11:52:45 -0600] "GET /js.php HTTP/1.1" 404 100787 "-" "-"
20.151.109.219 - - [17/Aug/2026:11:52:47 -0600] "GET /save.php HTTP/1.1" 404 100787 "-" "-"
20.151.109.219 - - [17/Aug/2026:11:52:48 -0600] "GET /suit5y.php HTTP/1.1" 404 100787 "-" "-"
20.151.109.219 - - [17/Aug/2026:11:52:49 -0600] "GET /duqyhfnlbcr.php HTTP/1.1" 404 100787 "-" "-"
20.151.109.219 - - [17/Aug/2026:11:52:50 -0600] "GET /singlex.php HTTP/1.1" 404 100787 "-" "-"
20.151.109.219 - - [17/Aug/2026:11:52:52 -0600] "GET /davoeqyv.php HTTP/1.1" 404 100787 "-" "-"
20.151.109.219 - - [17/Aug/2026:11:52:53 -0600] "GET /kn18l3.php HTTP/1.1" 404 100787 "-" "-"
20.151.109.219 - - [17/Aug/2026:11:52:54 -0600] "GET /defaults.php HTTP/1.1" 404 100787 "-" "-"
162.215.171.210 - - [17/Aug/2026:11:52:56 -0600] "POST /wp-cron.php?doing_wp_cron=1786989176.8772289752960205078125 HTTP/1.1" 200 - "-" "WordPress/7.0.4; https://swansondentalgroupreno.com"
20.151.109.219 - - [17/Aug/2026:11:52:55 -0600] "GET /oussdz.php HTTP/1.1" 404 100787 "-" "-"
20.151.109.219 - - [17/Aug/2026:11:52:57 -0600] "GET /ioxi002.PhP7 HTTP/1.1" 404 100787 "-" "-"
20.151.109.219 - - [17/Aug/2026:11:52:59 -0600] "GET /acces.php HTTP/1.1" 404 100787 "-" "-"
20.151.109.219 - - [17/Aug/2026:11:53:01 -0600] "GET /xnfouvrt.php HTTP/1.1" 404 100787 "-" "-"
20.151.109.219 - - [17/Aug/2026:11:53:03 -0600] "GET /Auth.php HTTP/1.1" 404 100787 "-" "-"
20.151.109.219 - - [17/Aug/2026:11:53:04 -0600] "GET /qrujpzwl.php HTTP/1.1" 404 100787 "-" "-"
20.151.109.219 - - [17/Aug/2026:11:53:05 -0600] "GET /brand.php HTTP/1.1" 404 100787 "-" "-"
20.151.109.219 - - [17/Aug/2026:11:53:07 -0600] "GET /87.php HTTP/1.1" 404 100787 "-" "-"
20.151.109.219 - - [17/Aug/2026:11:53:09 -0600] "GET /wso112233a.php HTTP/1.1" 404 100787 "-" "-"
20.151.109.219 - - [17/Aug/2026:11:53:11 -0600] "GET /cof.php HTTP/1.1" 404 100787 "-" "-"
20.151.109.219 - - [17/Aug/2026:11:53:12 -0600] "GET /f35.php HTTP/1.1" 404 100787 "-" "-"
20.151.109.219 - - [17/Aug/2026:11:53:14 -0600] "GET /sqofsici.php HTTP/1.1" 404 100787 "-" "-"
20.151.109.219 - - [17/Aug/2026:11:53:16 -0600] "GET /2index.php HTTP/1.1" 404 100787 "-" "-"
20.151.109.219 - - [17/Aug/2026:11:53:18 -0600] "GET /last.php HTTP/1.1" 404 100787 "-" "-"
20.151.109.219 - - [17/Aug/2026:11:53:19 -0600] "GET /xmlrpc.php HTTP/1.1" 405 42 "-" "-"
20.151.109.219 - - [17/Aug/2026:11:53:20 -0600] "GET /go.php HTTP/1.1" 404 100787 "-" "-"
20.151.109.219 - - [17/Aug/2026:11:53:21 -0600] "GET /page.php HTTP/1.1" 404 100787 "-" "-"
20.151.109.219 - - [17/Aug/2026:11:53:22 -0600] "GET /Engine.php HTTP/1.1" 404 100787 "-" "-"
20.151.109.219 - - [17/Aug/2026:11:53:24 -0600] "GET /EravVS.php HTTP/1.1" 404 100787 "-" "-"
20.151.109.219 - - [17/Aug/2026:11:53:25 -0600] "GET /too.php HTTP/1.1" 404 100787 "-" "-"
20.151.109.219 - - [17/Aug/2026:11:53:26 -0600] "GET /ahda.php HTTP/1.1" 404 100787 "-" "-"
20.151.109.219 - - [17/Aug/2026:11:53:27 -0600] "GET /wp-kaori.php HTTP/1.1" 404 100787 "-" "-"
20.151.109.219 - - [17/Aug/2026:11:53:29 -0600] "GET /uvygonziqtx.php HTTP/1.1" 404 100787 "-" "-"
20.151.109.219 - - [17/Aug/2026:11:53:30 -0600] "GET /treaq.php HTTP/1.1" 404 100787 "-" "-"
20.151.109.219 - - [17/Aug/2026:11:53:32 -0600] "GET /acme.php HTTP/1.1" 404 100787 "-" "-"
20.151.109.219 - - [17/Aug/2026:11:53:33 -0600] "GET /cjEum4lYtho.php HTTP/1.1" 404 100787 "-" "-"
20.151.109.219 - - [17/Aug/2026:11:53:34 -0600] "GET /webdb.php HTTP/1.1" 404 100787 "-" "-"
20.151.109.219 - - [17/Aug/2026:11:53:36 -0600] "GET /dkSUq.php HTTP/1.1" 404 100787 "-" "-"
20.151.109.219 - - [17/Aug/2026:11:53:37 -0600] "GET /class-pop3-compiler.php HTTP/1.1" 404 100787 "-" "-"
20.151.109.219 - - [17/Aug/2026:11:53:38 -0600] "GET /aboud.php HTTP/1.1" 404 100787 "-" "-"
20.151.109.219 - - [17/Aug/2026:11:53:39 -0600] "GET /rollback-handler.php HTTP/1.1" 404 100787 "-" "-"
20.151.109.219 - - [17/Aug/2026:11:53:40 -0600] "GET /ropyx.php HTTP/1.1" 404 100787 "-" "-"
20.151.109.219 - - [17/Aug/2026:11:53:42 -0600] "GET /wp-ksv1i.php HTTP/1.1" 404 100787 "-" "-"
20.151.109.219 - - [17/Aug/2026:11:53:43 -0600] "GET /option.php HTTP/1.1" 404 100787 "-" "-"
20.151.109.219 - - [17/Aug/2026:11:53:44 -0600] "GET /OK.php HTTP/1.1" 404 100787 "-" "-"
20.151.109.219 - - [17/Aug/2026:11:53:46 -0600] "GET /ss.php HTTP/1.1" 404 100787 "-" "-"
20.151.109.219 - - [17/Aug/2026:11:53:47 -0600] "GET /wp-apxupx.php HTTP/1.1" 404 100787 "-" "-"
20.151.109.219 - - [17/Aug/2026:11:53:48 -0600] "GET /utchiha_82p9FeRi.php HTTP/1.1" 404 100787 "-" "-"
20.151.109.219 - - [17/Aug/2026:11:53:50 -0600] "GET /class-db.php HTTP/1.1" 404 100787 "-" "-"
20.151.109.219 - - [17/Aug/2026:11:53:51 -0600] "GET /4Uhmaq8X9Es.php HTTP/1.1" 404 100787 "-" "-"
20.151.109.219 - - [17/Aug/2026:11:53:52 -0600] "GET /8T1hs2AP4ox.php HTTP/1.1" 404 100787 "-" "-"
20.151.109.219 - - [17/Aug/2026:11:53:54 -0600] "GET /eKlreQPsr1.php HTTP/1.1" 404 100787 "-" "-"
20.151.109.219 - - [17/Aug/2026:11:53:56 -0600] "GET /KEdFbpGXs8Z.php HTTP/1.1" 404 100787 "-" "-"
162.215.171.210 - - [17/Aug/2026:11:53:57 -0600] "POST /wp-cron.php?doing_wp_cron=1786989237.9364058971405029296875 HTTP/1.1" 200 - "-" "WordPress/7.0.4; https://swansondentalgroupreno.com"
20.151.109.219 - - [17/Aug/2026:11:53:59 -0600] "GET /1lQ52zoea6v.php HTTP/1.1" 404 100787 "-" "-"
20.151.109.219 - - [17/Aug/2026:11:54:00 -0600] "GET /cIaK2vYZWEq.php HTTP/1.1" 404 100787 "-" "-"
20.151.109.219 - - [17/Aug/2026:11:54:01 -0600] "GET /aPE6bNUDByr.php HTTP/1.1" 404 100787 "-" "-"
20.151.109.219 - - [17/Aug/2026:11:54:02 -0600] "GET /copypaths.php HTTP/1.1" 404 100787 "-" "-"
20.151.109.219 - - [17/Aug/2026:11:54:03 -0600] "GET /7RZp2GFyjNU.php HTTP/1.1" 404 100787 "-" "-"
20.151.109.219 - - [17/Aug/2026:11:54:04 -0600] "GET /M1VlHpEDWNt.php HTTP/1.1" 404 100787 "-" "-"
20.151.109.219 - - [17/Aug/2026:11:54:06 -0600] "GET /qIg2RZtUL1l.php HTTP/1.1" 404 100787 "-" "-"
20.151.109.219 - - [17/Aug/2026:11:54:07 -0600] "GET /class-wp-pagebuilders-BdZ85h.php HTTP/1.1" 404 100787 "-" "-"
20.151.109.219 - - [17/Aug/2026:11:54:08 -0600] "GET /rvmkdsaq.php HTTP/1.1" 404 100787 "-" "-"
20.151.109.219 - - [17/Aug/2026:11:54:09 -0600] "GET /post-formats-string.php HTTP/1.1" 404 100787 "-" "-"
20.151.109.219 - - [17/Aug/2026:11:54:10 -0600] "GET /lGAUKuL4fYB.php HTTP/1.1" 404 100787 "-" "-"
20.151.109.219 - - [17/Aug/2026:11:54:12 -0600] "GET /avJwL5I7CAp.php HTTP/1.1" 404 100787 "-" "-"
20.151.109.219 - - [17/Aug/2026:11:54:13 -0600] "GET /rdQaWHRP1bk.php HTTP/1.1" 404 100787 "-" "-"
20.151.109.219 - - [17/Aug/2026:11:54:14 -0600] "GET /VCPwTSn1ZA2.php HTTP/1.1" 404 100787 "-" "-"
20.151.109.219 - - [17/Aug/2026:11:54:16 -0600] "GET /OvPDGIuZXsH.php HTTP/1.1" 404 100787 "-" "-"
20.151.109.219 - - [17/Aug/2026:11:54:17 -0600] "GET /hidden-404.php HTTP/1.1" 404 100787 "-" "-"
20.151.109.219 - - [17/Aug/2026:11:54:18 -0600] "GET /getid3s.php HTTP/1.1" 404 100787 "-" "-"
20.151.109.219 - - [17/Aug/2026:11:54:20 -0600] "GET /past.php HTTP/1.1" 404 100787 "-" "-"
20.151.109.219 - - [17/Aug/2026:11:54:21 -0600] "GET /OpkW51iqyIH.php HTTP/1.1" 404 100787 "-" "-"
20.151.109.219 - - [17/Aug/2026:11:54:22 -0600] "GET /prayer_intentions.php HTTP/1.1" 404 100787 "-" "-"
20.151.109.219 - - [17/Aug/2026:11:54:24 -0600] "GET /custom-classname-merge.php HTTP/1.1" 404 100787 "-" "-"
20.151.109.219 - - [17/Aug/2026:11:54:25 -0600] "GET /9EWLQQTegn.php HTTP/1.1" 404 100787 "-" "-"
20.151.109.219 - - [17/Aug/2026:11:54:26 -0600] "GET /ZpRVnefMUrP.php HTTP/1.1" 404 100787 "-" "-"
20.151.109.219 - - [17/Aug/2026:11:54:27 -0600] "GET /f97MwoTAxR8.php HTTP/1.1" 404 100787 "-" "-"
20.151.109.219 - - [17/Aug/2026:11:54:28 -0600] "GET /R8VAeb4LThg.php HTTP/1.1" 404 100787 "-" "-"
20.151.109.219 - - [17/Aug/2026:11:54:29 -0600] "GET /class-json-ajax-session.php HTTP/1.1" 404 100787 "-" "-"
20.151.109.219 - - [17/Aug/2026:11:54:30 -0600] "GET /credits-all.php HTTP/1.1" 404 100787 "-" "-"
20.151.109.219 - - [17/Aug/2026:11:54:31 -0600] "GET /lint-branch.php HTTP/1.1" 404 100787 "-" "-"
162.215.171.210 - - [17/Aug/2026:11:56:11 -0600] "POST /wp-cron.php?doing_wp_cron=1786989371.6966800689697265625000 HTTP/1.1" 200 - "-" "WordPress/7.0.4; https://swansondentalgroupreno.com"
54.184.226.94 - - [17/Aug/2026:11:56:10 -0600] "GET /?rnd=1786989370654 HTTP/1.1" 301 - "-" "Sucuri-UptimeMonitoring"
149.118.158.8 - - [17/Aug/2026:12:17:32 -0600] "POST /wp-login.php HTTP/1.1" 302 - "-" "Mozilla/5.0 (Windows NT 10.0; Win64; x64) AppleWebKit/537.36 (KHTML, like Gecko) Chrome/125.0.0.0 Safari/537.36"
162.215.171.210 - - [17/Aug/2026:12:22:08 -0600] "POST /wp-cron.php?doing_wp_cron=1786990928.3164060115814208984375 HTTP/1.1" 200 - "-" "WordPress/7.0.4; https://swansondentalgroupreno.com"
103.65.236.197 - - [17/Aug/2026:12:22:07 -0600] "GET /sftp-config.json HTTP/1.1" 404 100787 "-" "Mozilla/5.0 (Macintosh; Intel Mac OS X 10.15; rv:77.0) Gecko/20100101 Firefox/77.0"
103.65.236.197 - - [17/Aug/2026:12:22:09 -0600] "GET /.vscode/sftp.json HTTP/1.1" 404 100787 "-" "Mozilla/5.0 (Macintosh; Intel Mac OS X 10.15; rv:77.0) Gecko/20100101 Firefox/77.0"
51.68.111.214 - - [17/Aug/2026:12:38:55 -0600] "GET /robots.txt HTTP/1.1" 200 244 "-" "Mozilla/5.0 (compatible; MJ12bot/v2.0.5; http://mj12bot.com/)"
162.215.171.210 - - [17/Aug/2026:12:38:56 -0600] "POST /wp-cron.php?doing_wp_cron=1786991936.5535349845886230468750 HTTP/1.1" 200 - "-" "WordPress/7.0.4; https://swansondentalgroupreno.com"
51.68.111.214 - - [17/Aug/2026:12:38:55 -0600] "GET / HTTP/1.1" 301 - "-" "Mozilla/5.0 (compatible; MJ12bot/v2.0.5; http://mj12bot.com/)"
162.215.171.210 - - [17/Aug/2026:12:42:22 -0600] "GET /.well-known/acme-challenge/ZHOYGLWIH7J7XPA746W1JVER-N3YCKFI HTTP/1.1" 200 64 "-" "Cpanel-HTTP-Client/1.0"
162.215.171.210 - - [17/Aug/2026:12:42:22 -0600] "GET /.well-known/acme-challenge/RPF-LSYWYU0X5F-ST7Q6E3C4H4LQQQ-N HTTP/1.1" 200 64 "-" "Cpanel-HTTP-Client/1.0"
43.165.174.53 - - [17/Aug/2026:12:47:35 -0600] "GET / HTTP/1.1" 301 - "-" "Mozilla/5.0 (iPhone; CPU iPhone OS 13_2_3 like Mac OS X) AppleWebKit/605.1.15 (KHTML, like Gecko) Version/13.0.3 Mobile/15E148 Safari/604.1"
54.68.112.93 - - [17/Aug/2026:12:52:06 -0600] "GET /?sucurianticache=957493997 HTTP/1.1" 301 - "-" "Sucuri Uptime Monitor"
69.164.196.53 - - [17/Aug/2026:12:52:09 -0600] "GET /?sucurianticache=1687392823 HTTP/1.1" 301 - "-" "Sucuri Uptime Monitor"
35.162.140.124 - - [17/Aug/2026:12:57:28 -0600] "GET /?rnd=1786993048146 HTTP/1.1" 301 - "-" "Sucuri-UptimeMonitoring"
54.184.226.94 - - [17/Aug/2026:13:08:23 -0600] "TRACE / HTTP/1.1" 301 - "-" "Mozilla/5.0 (Windows NT 6.1) AppleWebKit/537.36 (KHTML, like Gecko) Chrome/67.0.3396.99 Safari/537.36"
54.184.226.94 - - [17/Aug/2026:13:08:23 -0600] "GET / HTTP/1.1" 301 - "https://sucuri.net" "Mozilla/5.0 (Windows NT 6.3; WOW64; Trident/7.0; rv:11.0) like Gecko"
54.184.226.94 - - [17/Aug/2026:13:08:23 -0600] "GET /.git/HEAD HTTP/1.1" 301 - "https://sucuri.net" "Mozilla/5.0 (Windows NT 6.3; WOW64; Trident/7.0; rv:11.0) like Gecko"
54.184.226.94 - - [17/Aug/2026:13:08:23 -0600] "GET /404testpage4525d2fdc HTTP/1.1" 301 - "https://sucuri.net" "Mozilla/5.0 (Windows NT 6.3; WOW64; Trident/7.0; rv:11.0) like Gecko"
54.184.226.94 - - [17/Aug/2026:13:08:23 -0600] "HEAD / HTTP/1.1" 301 - "-" "Go-http-client/1.1"
54.184.226.94 - - [17/Aug/2026:13:08:23 -0600] "GET /404javascript.js HTTP/1.1" 301 - "https://www.google.com/url/?sa=t" "Mozilla/5.0 (Windows NT 6.3; WOW64; Trident/7.0; rv:11.0) like Gecko"
162.215.171.210 - - [17/Aug/2026:13:08:25 -0600] "POST /wp-cron.php?doing_wp_cron=1786993705.0822119712829589843750 HTTP/1.1" 200 - "-" "WordPress/7.0.4; https://swansondentalgroupreno.com"
54.184.226.94 - - [17/Aug/2026:13:08:27 -0600] "GET /404testpage4525d2fdc HTTP/1.1" 404 100787 "https://sucuri.net" "Mozilla/5.0 (Windows NT 6.3; WOW64; Trident/7.0; rv:11.0) like Gecko"
54.184.226.94 - - [17/Aug/2026:13:08:27 -0600] "GET /404javascript.js HTTP/1.1" 404 100787 "https://www.google.com/url/?sa=t" "Mozilla/5.0 (Windows NT 6.3; WOW64; Trident/7.0; rv:11.0) like Gecko"
54.184.226.94 - - [17/Aug/2026:13:08:27 -0600] "GET /.git/HEAD HTTP/1.1" 404 100787 "https://sucuri.net" "Mozilla/5.0 (Windows NT 6.3; WOW64; Trident/7.0; rv:11.0) like Gecko"
54.184.226.94 - - [17/Aug/2026:13:08:29 -0600] "GET / HTTP/1.1" 301 - "https://www.google.com/images/url" "Mozilla/5.0 (compatible; Googlebot/2.1; +http://www.google.com/bot.html)"
54.184.226.94 - - [17/Aug/2026:13:08:29 -0600] "GET / HTTP/1.1" 301 - "-" "Mozilla/5.0 (iPad; CPU OS 11_4_1 like Mac OS X) AppleWebKit/605.1.15 (KHTML, like Gecko) Version/11.0 Mobile/15E148 Safari/604.1"
84.235.250.94 - - [17/Aug/2026:13:44:14 -0600] "POST /wp-login.php HTTP/1.1" 302 - "-" "Mozilla/5.0 (Windows NT 10.0; Win64; x64) AppleWebKit/537.36 (KHTML, like Gecko) Chrome/125.0.0.0 Safari/537.36"
35.162.140.124 - - [17/Aug/2026:13:58:12 -0600] "GET /?rnd=1786996692210 HTTP/1.1" 301 - "-" "Sucuri-UptimeMonitoring"
44.235.221.120 - - [17/Aug/2026:13:58:26 -0600] "GET /?sucurianticache=1773707916 HTTP/1.1" 301 - "-" "Sucuri Uptime Monitor"
44.235.221.120 - - [17/Aug/2026:13:58:29 -0600] "GET /?sucurianticache=911515959 HTTP/1.1" 301 - "-" "Sucuri Uptime Monitor"
100.30.69.104 - - [17/Aug/2026:14:15:46 -0600] "GET /robots.txt HTTP/1.1" 200 244 "-" "Mozilla/5.0 (compatible; WebCrawler/1.0)"
52.55.22.3 - - [17/Aug/2026:14:15:57 -0600] "GET /robots.txt HTTP/1.1" 200 244 "-" "Mozilla/5.0 (compatible; WebCrawler/1.0)"
66.249.77.133 - - [17/Aug/2026:14:38:37 -0600] "GET /robots.txt HTTP/1.1" 200 244 "-" "Mozilla/5.0 (compatible; Googlebot/2.1; +http://www.google.com/bot.html)"
