35.81.82.99 - - [17/Aug/2026:12:44:25 -0600] "GET /wp-content/plugins/maxslider/assets/js/maxslider.js?ver=1.2.4 HTTP/1.1" 200 1209 "https://swansondentalgroupreno.com/" "Mozilla/5.0 (X11; Linux x86_64) AppleWebKit/537.36 (KHTML, like Gecko) HeadlessChrome/150.0.0.0 Safari/537.36"
35.81.82.99 - - [17/Aug/2026:12:44:25 -0600] "GET /wp-content/plugins/maxslider/assets/vendor/slick/slick.js?ver=1.6.0 HTTP/1.1" 200 84265 "https://swansondentalgroupreno.com/" "Mozilla/5.0 (X11; Linux x86_64) AppleWebKit/537.36 (KHTML, like Gecko) HeadlessChrome/150.0.0.0 Safari/537.36"
35.81.82.99 - - [17/Aug/2026:12:44:25 -0600] "GET /wp-includes/js/dist/vendor/wp-polyfill.min.js?ver=3.15.0 HTTP/1.1" 200 33744 "https://swansondentalgroupreno.com/" "Mozilla/5.0 (X11; Linux x86_64) AppleWebKit/537.36 (KHTML, like Gecko) HeadlessChrome/150.0.0.0 Safari/537.36"
35.81.82.99 - - [17/Aug/2026:12:44:25 -0600] "GET /wp-content/plugins/contact-form-7/modules/recaptcha/index.js?ver=6.1.6 HTTP/1.1" 200 934 "https://swansondentalgroupreno.com/" "Mozilla/5.0 (X11; Linux x86_64) AppleWebKit/537.36 (KHTML, like Gecko) HeadlessChrome/150.0.0.0 Safari/537.36"
35.81.82.99 - - [17/Aug/2026:12:44:25 -0600] "GET /wp-content/uploads/2024/04/specialtyservices.svg HTTP/1.1" 200 4000 "https://swansondentalgroupreno.com/" "Mozilla/5.0 (X11; Linux x86_64) AppleWebKit/537.36 (KHTML, like Gecko) HeadlessChrome/150.0.0.0 Safari/537.36"
35.81.82.99 - - [17/Aug/2026:12:44:25 -0600] "GET /wp-content/plugins/elfsight-slider-cc/assets/elfsight-slider.js?ver=1.1.0 HTTP/1.1" 200 467217 "https://swansondentalgroupreno.com/" "Mozilla/5.0 (X11; Linux x86_64) AppleWebKit/537.36 (KHTML, like Gecko) HeadlessChrome/150.0.0.0 Safari/537.36"
35.81.82.99 - - [17/Aug/2026:12:44:25 -0600] "GET /wp-content/themes/swanson/images/closecall.svg HTTP/1.1" 200 5176 "https://swansondentalgroupreno.com/" "Mozilla/5.0 (X11; Linux x86_64) AppleWebKit/537.36 (KHTML, like Gecko) HeadlessChrome/150.0.0.0 Safari/537.36"
35.81.82.99 - - [17/Aug/2026:12:44:25 -0600] "GET /wp-content/uploads/2026/02/qr-code.png HTTP/1.1" 200 650 "https://swansondentalgroupreno.com/" "Mozilla/5.0 (X11; Linux x86_64) AppleWebKit/537.36 (KHTML, like Gecko) HeadlessChrome/150.0.0.0 Safari/537.36"
35.81.82.99 - - [17/Aug/2026:12:44:25 -0600] "GET /wp-content/uploads/2024/05/DSC_9616.jpg HTTP/1.1" 200 149508 "https://swansondentalgroupreno.com/" "Mozilla/5.0 (X11; Linux x86_64) AppleWebKit/537.36 (KHTML, like Gecko) HeadlessChrome/150.0.0.0 Safari/537.36"
35.81.82.99 - - [17/Aug/2026:12:44:25 -0600] "GET /wp-content/uploads/2024/04/reviewsbg.jpg HTTP/1.1" 200 287206 "https://swansondentalgroupreno.com/" "Mozilla/5.0 (X11; Linux x86_64) AppleWebKit/537.36 (KHTML, like Gecko) HeadlessChrome/150.0.0.0 Safari/537.36"
35.81.82.99 - - [17/Aug/2026:12:44:25 -0600] "GET /wp-content/uploads/2024/04/homeoffice@2x.jpg HTTP/1.1" 200 532884 "https://swansondentalgroupreno.com/" "Mozilla/5.0 (X11; Linux x86_64) AppleWebKit/537.36 (KHTML, like Gecko) HeadlessChrome/150.0.0.0 Safari/537.36"
35.81.82.99 - - [17/Aug/2026:12:44:26 -0600] "GET /wp-content/uploads/2025/12/slider1b-1.png HTTP/1.1" 200 566660 "https://swansondentalgroupreno.com/" "Mozilla/5.0 (X11; Linux x86_64) AppleWebKit/537.36 (KHTML, like Gecko) HeadlessChrome/150.0.0.0 Safari/537.36"
35.81.82.99 - - [17/Aug/2026:12:44:26 -0600] "GET /wp-content/uploads/2025/12/Mask-group-2-1.png HTTP/1.1" 200 711518 "https://swansondentalgroupreno.com/" "Mozilla/5.0 (X11; Linux x86_64) AppleWebKit/537.36 (KHTML, like Gecko) HeadlessChrome/150.0.0.0 Safari/537.36"
35.81.82.99 - - [17/Aug/2026:12:44:26 -0600] "GET /wp-content/uploads/2025/12/slider-mobile1.png HTTP/1.1" 200 625378 "https://swansondentalgroupreno.com/" "Mozilla/5.0 (X11; Linux x86_64) AppleWebKit/537.36 (KHTML, like Gecko) HeadlessChrome/150.0.0.0 Safari/537.36"
35.81.82.99 - - [17/Aug/2026:12:44:26 -0600] "GET /wp-content/uploads/2025/12/mobileee-1.png HTTP/1.1" 200 1123252 "https://swansondentalgroupreno.com/" "Mozilla/5.0 (X11; Linux x86_64) AppleWebKit/537.36 (KHTML, like Gecko) HeadlessChrome/150.0.0.0 Safari/537.36"
35.81.82.99 - - [17/Aug/2026:12:44:26 -0600] "GET /wp-json/contact-form-7/v1/contact-forms/39/feedback/schema HTTP/1.1" 200 946 "https://swansondentalgroupreno.com/" "Mozilla/5.0 (X11; Linux x86_64) AppleWebKit/537.36 (KHTML, like Gecko) HeadlessChrome/150.0.0.0 Safari/537.36"
35.81.82.99 - - [17/Aug/2026:12:44:28 -0600] "GET /wp-content/themes/swanson/images/swansonfavicon.ico HTTP/1.1" 200 5430 "https://swansondentalgroupreno.com/" "Mozilla/5.0 (X11; Linux x86_64) AppleWebKit/537.36 (KHTML, like Gecko) HeadlessChrome/150.0.0.0 Safari/537.36"
35.81.82.99 - - [17/Aug/2026:12:44:28 -0600] "GET /wp-includes/js/wp-emoji-release.min.js?ver=7.0.4 HTTP/1.1" 200 22752 "https://swansondentalgroupreno.com/" "Mozilla/5.0 (X11; Linux x86_64) AppleWebKit/537.36 (KHTML, like Gecko) HeadlessChrome/150.0.0.0 Safari/537.36"
177.85.172.67 - - [17/Aug/2026:12:44:33 -0600] "POST /xmlrpc.php HTTP/1.1" 200 403 "-" "Jetpack by WordPress.com"
35.81.82.99 - - [17/Aug/2026:12:44:33 -0600] "GET /about-us HTTP/1.1" 301 - "-" "Mozilla/5.0 (X11; Linux x86_64) AppleWebKit/537.36 (KHTML, like Gecko) HeadlessChrome/150.0.0.0 Safari/537.36"
35.81.82.99 - - [17/Aug/2026:12:44:34 -0600] "GET /about-us/ HTTP/1.1" 200 112802 "-" "Mozilla/5.0 (X11; Linux x86_64) AppleWebKit/537.36 (KHTML, like Gecko) HeadlessChrome/150.0.0.0 Safari/537.36"
35.81.82.99 - - [17/Aug/2026:12:44:36 -0600] "GET /wp-content/uploads/2025/12/slider1a-1.png HTTP/1.1" 200 794384 "https://swansondentalgroupreno.com/about-us/" "Mozilla/5.0 (X11; Linux x86_64) AppleWebKit/537.36 (KHTML, like Gecko) HeadlessChrome/150.0.0.0 Safari/537.36"
35.81.82.99 - - [17/Aug/2026:12:44:36 -0600] "GET /wp-content/uploads/2026/02/DSC_5440-1.jpg HTTP/1.1" 200 227255 "https://swansondentalgroupreno.com/about-us/" "Mozilla/5.0 (X11; Linux x86_64) AppleWebKit/537.36 (KHTML, like Gecko) HeadlessChrome/150.0.0.0 Safari/537.36"
35.81.82.99 - - [17/Aug/2026:12:44:36 -0600] "GET /wp-content/uploads/2024/05/aboutpagehero.jpg HTTP/1.1" 200 566378 "https://swansondentalgroupreno.com/about-us/" "Mozilla/5.0 (X11; Linux x86_64) AppleWebKit/537.36 (KHTML, like Gecko) HeadlessChrome/150.0.0.0 Safari/537.36"
35.81.82.99 - - [17/Aug/2026:12:44:36 -0600] "GET /wp-content/uploads/2026/02/IMG_1974copy-1.jpg HTTP/1.1" 200 2799652 "https://swansondentalgroupreno.com/about-us/" "Mozilla/5.0 (X11; Linux x86_64) AppleWebKit/537.36 (KHTML, like Gecko) HeadlessChrome/150.0.0.0 Safari/537.36"
35.81.82.99 - - [17/Aug/2026:12:44:40 -0600] "GET /services HTTP/1.1" 301 - "-" "Mozilla/5.0 (X11; Linux x86_64) AppleWebKit/537.36 (KHTML, like Gecko) HeadlessChrome/150.0.0.0 Safari/537.36"
35.81.82.99 - - [17/Aug/2026:12:44:41 -0600] "GET /services/ HTTP/1.1" 200 111975 "-" "Mozilla/5.0 (X11; Linux x86_64) AppleWebKit/537.36 (KHTML, like Gecko) HeadlessChrome/150.0.0.0 Safari/537.36"
35.81.82.99 - - [17/Aug/2026:12:44:42 -0600] "GET /wp-content/uploads/2024/05/DSC_4032-copy.jpg HTTP/1.1" 200 157268 "https://swansondentalgroupreno.com/services/" "Mozilla/5.0 (X11; Linux x86_64) AppleWebKit/537.36 (KHTML, like Gecko) HeadlessChrome/150.0.0.0 Safari/537.36"
35.81.82.99 - - [17/Aug/2026:12:44:42 -0600] "GET /wp-content/uploads/2024/04/emergencycta@2x.jpg HTTP/1.1" 200 300312 "https://swansondentalgroupreno.com/services/" "Mozilla/5.0 (X11; Linux x86_64) AppleWebKit/537.36 (KHTML, like Gecko) HeadlessChrome/150.0.0.0 Safari/537.36"
35.81.82.99 - - [17/Aug/2026:12:44:42 -0600] "GET /wp-content/uploads/2024/04/serviceshero@2x.jpg HTTP/1.1" 200 1143648 "https://swansondentalgroupreno.com/services/" "Mozilla/5.0 (X11; Linux x86_64) AppleWebKit/537.36 (KHTML, like Gecko) HeadlessChrome/150.0.0.0 Safari/537.36"
35.81.82.99 - - [17/Aug/2026:12:44:42 -0600] "GET /wp-content/uploads/2024/04/DSC_4154-copy.jpg HTTP/1.1" 200 115387 "https://swansondentalgroupreno.com/services/" "Mozilla/5.0 (X11; Linux x86_64) AppleWebKit/537.36 (KHTML, like Gecko) HeadlessChrome/150.0.0.0 Safari/537.36"
35.81.82.99 - - [17/Aug/2026:12:44:42 -0600] "GET /wp-content/uploads/2024/04/askus@2x.jpg HTTP/1.1" 200 459280 "https://swansondentalgroupreno.com/services/" "Mozilla/5.0 (X11; Linux x86_64) AppleWebKit/537.36 (KHTML, like Gecko) HeadlessChrome/150.0.0.0 Safari/537.36"
35.81.82.99 - - [17/Aug/2026:12:44:42 -0600] "GET /wp-content/uploads/2024/04/DSC_8679-2-copy.jpg HTTP/1.1" 200 269878 "https://swansondentalgroupreno.com/services/" "Mozilla/5.0 (X11; Linux x86_64) AppleWebKit/537.36 (KHTML, like Gecko) HeadlessChrome/150.0.0.0 Safari/537.36"
35.81.82.99 - - [17/Aug/2026:12:44:42 -0600] "GET /wp-content/uploads/2024/04/dental_cleanings_small_image.jpg HTTP/1.1" 200 356021 "https://swansondentalgroupreno.com/services/" "Mozilla/5.0 (X11; Linux x86_64) AppleWebKit/537.36 (KHTML, like Gecko) HeadlessChrome/150.0.0.0 Safari/537.36"
177.85.172.67 - - [17/Aug/2026:12:44:44 -0600] "POST /xmlrpc.php HTTP/1.1" 200 403 "-" "Jetpack by WordPress.com (Jetpack 12.0; WordPress 6.3)"
35.81.82.99 - - [17/Aug/2026:12:44:46 -0600] "GET /service HTTP/1.1" 301 - "-" "Mozilla/5.0 (X11; Linux x86_64) AppleWebKit/537.36 (KHTML, like Gecko) HeadlessChrome/150.0.0.0 Safari/537.36"
35.81.82.99 - - [17/Aug/2026:12:44:47 -0600] "GET /services/ HTTP/1.1" 200 111975 "-" "Mozilla/5.0 (X11; Linux x86_64) AppleWebKit/537.36 (KHTML, like Gecko) HeadlessChrome/150.0.0.0 Safari/537.36"
35.81.82.99 - - [17/Aug/2026:12:44:49 -0600] "GET /services/restorative-treatments HTTP/1.1" 301 - "-" "Mozilla/5.0 (X11; Linux x86_64) AppleWebKit/537.36 (KHTML, like Gecko) HeadlessChrome/150.0.0.0 Safari/537.36"
35.81.82.99 - - [17/Aug/2026:12:44:50 -0600] "GET /services/restorative-treatments/ HTTP/1.1" 200 122349 "-" "Mozilla/5.0 (X11; Linux x86_64) AppleWebKit/537.36 (KHTML, like Gecko) HeadlessChrome/150.0.0.0 Safari/537.36"
35.81.82.99 - - [17/Aug/2026:12:44:51 -0600] "GET /wp-content/uploads/2024/04/composite_resin_main.jpg HTTP/1.1" 200 63867 "https://swansondentalgroupreno.com/services/restorative-treatments/" "Mozilla/5.0 (X11; Linux x86_64) AppleWebKit/537.36 (KHTML, like Gecko) HeadlessChrome/150.0.0.0 Safari/537.36"
35.81.82.99 - - [17/Aug/2026:12:44:51 -0600] "GET /wp-content/uploads/2024/05/DSC_4191-copy.jpg HTTP/1.1" 200 142947 "https://swansondentalgroupreno.com/services/restorative-treatments/" "Mozilla/5.0 (X11; Linux x86_64) AppleWebKit/537.36 (KHTML, like Gecko) HeadlessChrome/150.0.0.0 Safari/537.36"
35.81.82.99 - - [17/Aug/2026:12:44:51 -0600] "GET /wp-content/themes/swanson/images/faqdown@2x.png HTTP/1.1" 200 693 "https://swansondentalgroupreno.com/services/restorative-treatments/" "Mozilla/5.0 (X11; Linux x86_64) AppleWebKit/537.36 (KHTML, like Gecko) HeadlessChrome/150.0.0.0 Safari/537.36"
35.81.82.99 - - [17/Aug/2026:12:44:51 -0600] "GET /wp-content/themes/swanson/images/faqup@2x.png HTTP/1.1" 200 578 "https://swansondentalgroupreno.com/services/restorative-treatments/" "Mozilla/5.0 (X11; Linux x86_64) AppleWebKit/537.36 (KHTML, like Gecko) HeadlessChrome/150.0.0.0 Safari/537.36"
35.81.82.99 - - [17/Aug/2026:12:44:51 -0600] "GET /wp-content/uploads/2024/04/DSC_9396-copy.jpg HTTP/1.1" 200 406398 "https://swansondentalgroupreno.com/services/restorative-treatments/" "Mozilla/5.0 (X11; Linux x86_64) AppleWebKit/537.36 (KHTML, like Gecko) HeadlessChrome/150.0.0.0 Safari/537.36"
35.81.82.99 - - [17/Aug/2026:12:44:51 -0600] "GET /wp-content/uploads/2024/04/DSC_8557-2-copy-e1715632444419.jpg HTTP/1.1" 200 152671 "https://swansondentalgroupreno.com/services/restorative-treatments/" "Mozilla/5.0 (X11; Linux x86_64) AppleWebKit/537.36 (KHTML, like Gecko) HeadlessChrome/150.0.0.0 Safari/537.36"
35.81.82.99 - - [17/Aug/2026:12:44:51 -0600] "GET /wp-content/uploads/2024/04/DSC_4154-copy-2.jpg HTTP/1.1" 200 391711 "https://swansondentalgroupreno.com/services/restorative-treatments/" "Mozilla/5.0 (X11; Linux x86_64) AppleWebKit/537.36 (KHTML, like Gecko) HeadlessChrome/150.0.0.0 Safari/537.36"
35.81.82.99 - - [17/Aug/2026:12:44:51 -0600] "GET /wp-content/uploads/2024/04/DSC_9386.jpg HTTP/1.1" 200 393979 "https://swansondentalgroupreno.com/services/restorative-treatments/" "Mozilla/5.0 (X11; Linux x86_64) AppleWebKit/537.36 (KHTML, like Gecko) HeadlessChrome/150.0.0.0 Safari/537.36"
177.85.172.67 - - [17/Aug/2026:12:44:54 -0600] "POST /xmlrpc.php HTTP/1.1" 200 403 "-" "Jetpack/12.1; WordPress/6.2; http://site59661195.com"
162.215.171.210 - - [17/Aug/2026:12:44:56 -0600] "POST /wp-cron.php?doing_wp_cron=1786992296.6045889854431152343750 HTTP/1.1" 200 - "-" "WordPress/7.0.4; https://swansondentalgroupreno.com"
35.81.82.99 - - [17/Aug/2026:12:44:55 -0600] "GET /services/cosmetic-dentistry HTTP/1.1" 301 - "-" "Mozilla/5.0 (X11; Linux x86_64) AppleWebKit/537.36 (KHTML, like Gecko) HeadlessChrome/150.0.0.0 Safari/537.36"
35.81.82.99 - - [17/Aug/2026:12:44:57 -0600] "GET /services/cosmetic-dentistry/ HTTP/1.1" 200 112596 "-" "Mozilla/5.0 (X11; Linux x86_64) AppleWebKit/537.36 (KHTML, like Gecko) HeadlessChrome/150.0.0.0 Safari/537.36"
35.81.82.99 - - [17/Aug/2026:12:44:58 -0600] "GET /wp-content/uploads/2024/05/DSC_4165-copy.jpg HTTP/1.1" 200 209250 "https://swansondentalgroupreno.com/services/cosmetic-dentistry/" "Mozilla/5.0 (X11; Linux x86_64) AppleWebKit/537.36 (KHTML, like Gecko) HeadlessChrome/150.0.0.0 Safari/537.36"
35.81.82.99 - - [17/Aug/2026:12:44:59 -0600] "GET /wp-content/uploads/2024/04/DSC_3994-copy.jpg HTTP/1.1" 200 522899 "https://swansondentalgroupreno.com/services/cosmetic-dentistry/" "Mozilla/5.0 (X11; Linux x86_64) AppleWebKit/537.36 (KHTML, like Gecko) HeadlessChrome/150.0.0.0 Safari/537.36"
35.81.82.99 - - [17/Aug/2026:12:44:59 -0600] "GET /wp-content/uploads/2024/04/DSC_8530-copy-e1715632897465.jpg HTTP/1.1" 200 127251 "https://swansondentalgroupreno.com/services/cosmetic-dentistry/" "Mozilla/5.0 (X11; Linux x86_64) AppleWebKit/537.36 (KHTML, like Gecko) HeadlessChrome/150.0.0.0 Safari/537.36"
35.81.82.99 - - [17/Aug/2026:12:44:59 -0600] "GET /wp-content/uploads/2024/04/DSC_4043.jpg HTTP/1.1" 200 1621286 "https://swansondentalgroupreno.com/services/cosmetic-dentistry/" "Mozilla/5.0 (X11; Linux x86_64) AppleWebKit/537.36 (KHTML, like Gecko) HeadlessChrome/150.0.0.0 Safari/537.36"
35.81.82.99 - - [17/Aug/2026:12:45:03 -0600] "GET /services/specialty-services HTTP/1.1" 301 - "-" "Mozilla/5.0 (X11; Linux x86_64) AppleWebKit/537.36 (KHTML, like Gecko) HeadlessChrome/150.0.0.0 Safari/537.36"
35.81.82.99 - - [17/Aug/2026:12:45:04 -0600] "GET /services/specialty-services/ HTTP/1.1" 200 111844 "-" "Mozilla/5.0 (X11; Linux x86_64) AppleWebKit/537.36 (KHTML, like Gecko) HeadlessChrome/150.0.0.0 Safari/537.36"
35.81.82.99 - - [17/Aug/2026:12:45:05 -0600] "GET /wp-content/uploads/2024/04/DSC_9446-copy.jpg HTTP/1.1" 200 623227 "https://swansondentalgroupreno.com/services/specialty-services/" "Mozilla/5.0 (X11; Linux x86_64) AppleWebKit/537.36 (KHTML, like Gecko) HeadlessChrome/150.0.0.0 Safari/537.36"
35.81.82.99 - - [17/Aug/2026:12:45:05 -0600] "GET /wp-content/uploads/2024/04/nitrousoxide@2x.jpg HTTP/1.1" 200 933493 "https://swansondentalgroupreno.com/services/specialty-services/" "Mozilla/5.0 (X11; Linux x86_64) AppleWebKit/537.36 (KHTML, like Gecko) HeadlessChrome/150.0.0.0 Safari/537.36"
177.85.172.67 - - [17/Aug/2026:12:45:05 -0600] "POST /xmlrpc.php HTTP/1.1" 200 403 "-" "WordPress.com; https://wordpress.com"
35.81.82.99 - - [17/Aug/2026:12:45:09 -0600] "GET /service/teeth-cleaning HTTP/1.1" 301 - "-" "Mozilla/5.0 (X11; Linux x86_64) AppleWebKit/537.36 (KHTML, like Gecko) HeadlessChrome/150.0.0.0 Safari/537.36"
35.81.82.99 - - [17/Aug/2026:12:45:10 -0600] "GET /service/teeth-cleaning/ HTTP/1.1" 200 118774 "-" "Mozilla/5.0 (X11; Linux x86_64) AppleWebKit/537.36 (KHTML, like Gecko) HeadlessChrome/150.0.0.0 Safari/537.36"
35.81.82.99 - - [17/Aug/2026:12:45:11 -0600] "GET /wp-content/themes/swanson/images/serviceback.svg HTTP/1.1" 200 449 "https://swansondentalgroupreno.com/service/teeth-cleaning/" "Mozilla/5.0 (X11; Linux x86_64) AppleWebKit/537.36 (KHTML, like Gecko) HeadlessChrome/150.0.0.0 Safari/537.36"
35.81.82.99 - - [17/Aug/2026:12:45:11 -0600] "GET /wp-content/uploads/2024/04/dental_cleanings_header_image.jpg HTTP/1.1" 200 1586084 "https://swansondentalgroupreno.com/service/teeth-cleaning/" "Mozilla/5.0 (X11; Linux x86_64) AppleWebKit/537.36 (KHTML, like Gecko) HeadlessChrome/150.0.0.0 Safari/537.36"
177.85.172.67 - - [17/Aug/2026:12:45:15 -0600] "POST /xmlrpc.php HTTP/1.1" 200 403 "-" "WordPress.com; https://wordpress.com"
35.81.82.99 - - [17/Aug/2026:12:45:16 -0600] "GET /service/composite-resin-fillings HTTP/1.1" 301 - "-" "Mozilla/5.0 (X11; Linux x86_64) AppleWebKit/537.36 (KHTML, like Gecko) HeadlessChrome/150.0.0.0 Safari/537.36"
35.81.82.99 - - [17/Aug/2026:12:45:17 -0600] "GET /service/composite-resin-fillings/ HTTP/1.1" 200 123726 "-" "Mozilla/5.0 (X11; Linux x86_64) AppleWebKit/537.36 (KHTML, like Gecko) HeadlessChrome/150.0.0.0 Safari/537.36"
35.81.82.99 - - [17/Aug/2026:12:45:18 -0600] "GET /wp-content/uploads/2024/04/composite_resin_main-2-topaz-enhance-4x-e1715634129732.jpeg HTTP/1.1" 200 182948 "https://swansondentalgroupreno.com/service/composite-resin-fillings/" "Mozilla/5.0 (X11; Linux x86_64) AppleWebKit/537.36 (KHTML, like Gecko) HeadlessChrome/150.0.0.0 Safari/537.36"
35.81.82.99 - - [17/Aug/2026:12:45:22 -0600] "GET /service/cosmetic-veneers-and-crowns HTTP/1.1" 301 - "-" "Mozilla/5.0 (X11; Linux x86_64) AppleWebKit/537.36 (KHTML, like Gecko) HeadlessChrome/150.0.0.0 Safari/537.36"
35.81.82.99 - - [17/Aug/2026:12:45:23 -0600] "GET /service/cosmetic-veneers-and-crowns/ HTTP/1.1" 200 117983 "-" "Mozilla/5.0 (X11; Linux x86_64) AppleWebKit/537.36 (KHTML, like Gecko) HeadlessChrome/150.0.0.0 Safari/537.36"
177.85.172.67 - - [17/Aug/2026:12:45:26 -0600] "POST /xmlrpc.php HTTP/1.1" 200 403 "-" "Jetpack by WordPress.com"
35.81.82.99 - - [17/Aug/2026:12:45:30 -0600] "GET /service/nitrous-oxide HTTP/1.1" 301 - "-" "Mozilla/5.0 (X11; Linux x86_64) AppleWebKit/537.36 (KHTML, like Gecko) HeadlessChrome/150.0.0.0 Safari/537.36"
35.81.82.99 - - [17/Aug/2026:12:45:31 -0600] "GET /service/nitrous-oxide/ HTTP/1.1" 200 111683 "-" "Mozilla/5.0 (X11; Linux x86_64) AppleWebKit/537.36 (KHTML, like Gecko) HeadlessChrome/150.0.0.0 Safari/537.36"
35.81.82.99 - - [17/Aug/2026:12:45:32 -0600] "GET /wp-content/uploads/2024/04/nitrousoxide1@2x.jpg HTTP/1.1" 200 209205 "https://swansondentalgroupreno.com/service/nitrous-oxide/" "Mozilla/5.0 (X11; Linux x86_64) AppleWebKit/537.36 (KHTML, like Gecko) HeadlessChrome/150.0.0.0 Safari/537.36"
35.81.82.99 - - [17/Aug/2026:12:45:32 -0600] "GET /wp-content/uploads/2024/04/nitrousoxide2@2x.jpg HTTP/1.1" 200 171236 "https://swansondentalgroupreno.com/service/nitrous-oxide/" "Mozilla/5.0 (X11; Linux x86_64) AppleWebKit/537.36 (KHTML, like Gecko) HeadlessChrome/150.0.0.0 Safari/537.36"
177.85.172.67 - - [17/Aug/2026:12:45:36 -0600] "POST /xmlrpc.php HTTP/1.1" 200 403 "-" "Jetpack by WordPress.com"
35.81.82.99 - - [17/Aug/2026:12:45:36 -0600] "GET /service/dental-sealants HTTP/1.1" 301 - "-" "Mozilla/5.0 (X11; Linux x86_64) AppleWebKit/537.36 (KHTML, like Gecko) HeadlessChrome/150.0.0.0 Safari/537.36"
35.81.82.99 - - [17/Aug/2026:12:45:37 -0600] "GET /service/dental-sealants/ HTTP/1.1" 200 116403 "-" "Mozilla/5.0 (X11; Linux x86_64) AppleWebKit/537.36 (KHTML, like Gecko) HeadlessChrome/150.0.0.0 Safari/537.36"
35.81.82.99 - - [17/Aug/2026:12:45:42 -0600] "GET /service/implants HTTP/1.1" 301 - "-" "Mozilla/5.0 (X11; Linux x86_64) AppleWebKit/537.36 (KHTML, like Gecko) HeadlessChrome/150.0.0.0 Safari/537.36"
35.81.82.99 - - [17/Aug/2026:12:45:43 -0600] "GET /service/implants/ HTTP/1.1" 200 120863 "-" "Mozilla/5.0 (X11; Linux x86_64) AppleWebKit/537.36 (KHTML, like Gecko) HeadlessChrome/150.0.0.0 Safari/537.36"
177.85.172.67 - - [17/Aug/2026:12:45:47 -0600] "POST /xmlrpc.php HTTP/1.1" 200 403 "-" "Jetpack by WordPress.com (Jetpack 12.1; WordPress 6.4)"
35.81.82.99 - - [17/Aug/2026:12:45:49 -0600] "GET /service/emergency-service-and-extractions HTTP/1.1" 301 - "-" "Mozilla/5.0 (X11; Linux x86_64) AppleWebKit/537.36 (KHTML, like Gecko) HeadlessChrome/150.0.0.0 Safari/537.36"
35.81.82.99 - - [17/Aug/2026:12:45:51 -0600] "GET /service/emergency-service-and-extractions/ HTTP/1.1" 200 115879 "-" "Mozilla/5.0 (X11; Linux x86_64) AppleWebKit/537.36 (KHTML, like Gecko) HeadlessChrome/150.0.0.0 Safari/537.36"
162.215.171.210 - - [17/Aug/2026:12:45:57 -0600] "POST /wp-cron.php?doing_wp_cron=1786992357.3468289375305175781250 HTTP/1.1" 200 - "-" "WordPress/7.0.4; https://swansondentalgroupreno.com"
35.81.82.99 - - [17/Aug/2026:12:45:56 -0600] "GET /service/periodontal-treatment HTTP/1.1" 301 - "-" "Mozilla/5.0 (X11; Linux x86_64) AppleWebKit/537.36 (KHTML, like Gecko) HeadlessChrome/150.0.0.0 Safari/537.36"
177.85.172.67 - - [17/Aug/2026:12:45:57 -0600] "POST /xmlrpc.php HTTP/1.1" 200 403 "-" "Jetpack by WordPress.com"
35.81.82.99 - - [17/Aug/2026:12:45:58 -0600] "GET /service/periodontal-treatment/ HTTP/1.1" 200 118950 "-" "Mozilla/5.0 (X11; Linux x86_64) AppleWebKit/537.36 (KHTML, like Gecko) HeadlessChrome/150.0.0.0 Safari/537.36"
35.81.82.99 - - [17/Aug/2026:12:46:04 -0600] "GET /service/bridges HTTP/1.1" 301 - "-" "Mozilla/5.0 (X11; Linux x86_64) AppleWebKit/537.36 (KHTML, like Gecko) HeadlessChrome/150.0.0.0 Safari/537.36"
35.81.82.99 - - [17/Aug/2026:12:46:05 -0600] "GET /service/bridges/ HTTP/1.1" 200 119225 "-" "Mozilla/5.0 (X11; Linux x86_64) AppleWebKit/537.36 (KHTML, like Gecko) HeadlessChrome/150.0.0.0 Safari/537.36"
177.85.172.67 - - [17/Aug/2026:12:46:08 -0600] "POST /xmlrpc.php HTTP/1.1" 200 403 "-" "Jetpack by WordPress.com (Jetpack 13.0; WordPress 6.2)"
35.81.82.99 - - [17/Aug/2026:12:46:10 -0600] "GET /service/enamel-microabrasion HTTP/1.1" 301 - "-" "Mozilla/5.0 (X11; Linux x86_64) AppleWebKit/537.36 (KHTML, like Gecko) HeadlessChrome/150.0.0.0 Safari/537.36"
35.81.82.99 - - [17/Aug/2026:12:46:11 -0600] "GET /service/enamel-microabrasion/ HTTP/1.1" 200 115204 "-" "Mozilla/5.0 (X11; Linux x86_64) AppleWebKit/537.36 (KHTML, like Gecko) HeadlessChrome/150.0.0.0 Safari/537.36"
35.81.82.99 - - [17/Aug/2026:12:46:17 -0600] "GET /service/dentures-and-partial-dentures HTTP/1.1" 301 - "-" "Mozilla/5.0 (X11; Linux x86_64) AppleWebKit/537.36 (KHTML, like Gecko) HeadlessChrome/150.0.0.0 Safari/537.36"
35.81.82.99 - - [17/Aug/2026:12:46:18 -0600] "GET /service/dentures-and-partial-dentures/ HTTP/1.1" 200 120461 "-" "Mozilla/5.0 (X11; Linux x86_64) AppleWebKit/537.36 (KHTML, like Gecko) HeadlessChrome/150.0.0.0 Safari/537.36"
177.85.172.67 - - [17/Aug/2026:12:46:18 -0600] "POST /xmlrpc.php HTTP/1.1" 200 403 "-" "Jetpack/12.1; WordPress/6.4; http://site48047011.com"
35.81.82.99 - - [17/Aug/2026:12:46:23 -0600] "GET /service/root-canal-therapy HTTP/1.1" 301 - "-" "Mozilla/5.0 (X11; Linux x86_64) AppleWebKit/537.36 (KHTML, like Gecko) HeadlessChrome/150.0.0.0 Safari/537.36"
35.81.82.99 - - [17/Aug/2026:12:46:24 -0600] "GET /service/root-canal-therapy/ HTTP/1.1" 200 119045 "-" "Mozilla/5.0 (X11; Linux x86_64) AppleWebKit/537.36 (KHTML, like Gecko) HeadlessChrome/150.0.0.0 Safari/537.36"
177.85.172.67 - - [17/Aug/2026:12:46:29 -0600] "POST /xmlrpc.php HTTP/1.1" 200 403 "-" "Jetpack by WordPress.com"
35.81.82.99 - - [17/Aug/2026:12:46:30 -0600] "GET /patient-center HTTP/1.1" 301 - "-" "Mozilla/5.0 (X11; Linux x86_64) AppleWebKit/537.36 (KHTML, like Gecko) HeadlessChrome/150.0.0.0 Safari/537.36"
35.81.82.99 - - [17/Aug/2026:12:46:30 -0600] "GET /patient-center/ HTTP/1.1" 200 112867 "-" "Mozilla/5.0 (X11; Linux x86_64) AppleWebKit/537.36 (KHTML, like Gecko) HeadlessChrome/150.0.0.0 Safari/537.36"
35.81.82.99 - - [17/Aug/2026:12:46:32 -0600] "GET /wp-content/uploads/2024/04/abouthero@2x.jpg HTTP/1.1" 200 1075483 "https://swansondentalgroupreno.com/patient-center/" "Mozilla/5.0 (X11; Linux x86_64) AppleWebKit/537.36 (KHTML, like Gecko) HeadlessChrome/150.0.0.0 Safari/537.36"
35.81.82.99 - - [17/Aug/2026:12:46:31 -0600] "GET /wp-content/uploads/2026/02/IMG_2004.jpg HTTP/1.1" 200 9930244 "https://swansondentalgroupreno.com/patient-center/" "Mozilla/5.0 (X11; Linux x86_64) AppleWebKit/537.36 (KHTML, like Gecko) HeadlessChrome/150.0.0.0 Safari/537.36"
35.81.82.99 - - [17/Aug/2026:12:46:32 -0600] "GET /wp-json/contact-form-7/v1/contact-forms/39/feedback/schema HTTP/1.1" 200 946 "https://swansondentalgroupreno.com/patient-center/" "Mozilla/5.0 (X11; Linux x86_64) AppleWebKit/537.36 (KHTML, like Gecko) HeadlessChrome/150.0.0.0 Safari/537.36"
35.81.82.99 - - [17/Aug/2026:12:46:38 -0600] "GET /contact HTTP/1.1" 301 - "-" "Mozilla/5.0 (X11; Linux x86_64) AppleWebKit/537.36 (KHTML, like Gecko) HeadlessChrome/150.0.0.0 Safari/537.36"
35.81.82.99 - - [17/Aug/2026:12:46:39 -0600] "GET /contact/ HTTP/1.1" 200 117914 "-" "Mozilla/5.0 (X11; Linux x86_64) AppleWebKit/537.36 (KHTML, like Gecko) HeadlessChrome/150.0.0.0 Safari/537.36"
35.81.82.99 - - [17/Aug/2026:12:46:40 -0600] "GET /wp-content/themes/swanson/js/jquery.mosaic.min.js HTTP/1.1" 200 4994 "https://swansondentalgroupreno.com/contact/" "Mozilla/5.0 (X11; Linux x86_64) AppleWebKit/537.36 (KHTML, like Gecko) HeadlessChrome/150.0.0.0 Safari/537.36"
35.81.82.99 - - [17/Aug/2026:12:46:40 -0600] "GET /wp-content/themes/swanson/js/jquery.mosaic.min.css HTTP/1.1" 200 895 "https://swansondentalgroupreno.com/contact/" "Mozilla/5.0 (X11; Linux x86_64) AppleWebKit/537.36 (KHTML, like Gecko) HeadlessChrome/150.0.0.0 Safari/537.36"
35.81.82.99 - - [17/Aug/2026:12:46:40 -0600] "GET /wp-content/uploads/2025/08/contactfb.svg HTTP/1.1" 200 638 "https://swansondentalgroupreno.com/contact/" "Mozilla/5.0 (X11; Linux x86_64) AppleWebKit/537.36 (KHTML, like Gecko) HeadlessChrome/150.0.0.0 Safari/537.36"
35.81.82.99 - - [17/Aug/2026:12:46:40 -0600] "GET /wp-content/uploads/2025/08/contactX.svg HTTP/1.1" 200 415 "https://swansondentalgroupreno.com/contact/" "Mozilla/5.0 (X11; Linux x86_64) AppleWebKit/537.36 (KHTML, like Gecko) HeadlessChrome/150.0.0.0 Safari/537.36"
35.81.82.99 - - [17/Aug/2026:12:46:40 -0600] "GET /wp-content/uploads/2025/08/contactinsta.svg HTTP/1.1" 200 2229 "https://swansondentalgroupreno.com/contact/" "Mozilla/5.0 (X11; Linux x86_64) AppleWebKit/537.36 (KHTML, like Gecko) HeadlessChrome/150.0.0.0 Safari/537.36"
177.85.172.67 - - [17/Aug/2026:12:46:39 -0600] "POST /xmlrpc.php HTTP/1.1" 200 403 "-" "Jetpack by WordPress.com"
35.81.82.99 - - [17/Aug/2026:12:46:41 -0600] "GET /wp-content/themes/swanson/images/pin.png HTTP/1.1" 200 4081 "https://swansondentalgroupreno.com/contact/" "Mozilla/5.0 (X11; Linux x86_64) AppleWebKit/537.36 (KHTML, like Gecko) HeadlessChrome/150.0.0.0 Safari/537.36"
35.81.82.99 - - [17/Aug/2026:12:46:40 -0600] "GET /wp-json/contact-form-7/v1/contact-forms/44/feedback/schema HTTP/1.1" 200 946 "https://swansondentalgroupreno.com/contact/" "Mozilla/5.0 (X11; Linux x86_64) AppleWebKit/537.36 (KHTML, like Gecko) HeadlessChrome/150.0.0.0 Safari/537.36"
35.81.82.99 - - [17/Aug/2026:12:46:48 -0600] "GET /privacy-policy HTTP/1.1" 301 - "-" "Mozilla/5.0 (X11; Linux x86_64) AppleWebKit/537.36 (KHTML, like Gecko) HeadlessChrome/150.0.0.0 Safari/537.36"
162.215.171.210 - - [17/Aug/2026:12:46:49 -0600] "POST /wp-cron.php?doing_wp_cron=1786992409.1484849452972412109375 HTTP/1.1" 200 - "-" "WordPress/7.0.4; https://swansondentalgroupreno.com"
35.81.82.99 - - [17/Aug/2026:12:46:50 -0600] "GET /privacy-policy/ HTTP/1.1" 200 121928 "-" "Mozilla/5.0 (X11; Linux x86_64) AppleWebKit/537.36 (KHTML, like Gecko) HeadlessChrome/150.0.0.0 Safari/537.36"
177.85.172.67 - - [17/Aug/2026:12:46:50 -0600] "POST /xmlrpc.php HTTP/1.1" 200 403 "-" "Jetpack by WordPress.com (Jetpack 12.0; WordPress 6.3)"
162.215.171.210 - - [17/Aug/2026:12:46:57 -0600] "POST /wp-cron.php?doing_wp_cron=1786992417.6244180202484130859375 HTTP/1.1" 200 - "-" "WordPress/7.0.4; https://swansondentalgroupreno.com"
35.81.82.99 - - [17/Aug/2026:12:46:56 -0600] "GET /services/preventative-care HTTP/1.1" 301 - "-" "Mozilla/5.0 (X11; Linux x86_64) AppleWebKit/537.36 (KHTML, like Gecko) HeadlessChrome/150.0.0.0 Safari/537.36"
35.81.82.99 - - [17/Aug/2026:12:46:58 -0600] "GET /services/preventative-care/ HTTP/1.1" 200 112099 "-" "Mozilla/5.0 (X11; Linux x86_64) AppleWebKit/537.36 (KHTML, like Gecko) HeadlessChrome/150.0.0.0 Safari/537.36"
192.178.6.36 - - [17/Aug/2026:12:47:00 -0600] "GET /robots.txt HTTP/1.1" 200 244 "-" "Mozilla/5.0 (compatible; Googlebot/2.1; +http://www.google.com/bot.html)"
185.198.240.186 - - [17/Aug/2026:12:47:00 -0600] "POST /wp-login.php HTTP/1.1" 200 7554 "-" "Mozilla/5.0 (Windows NT 10.0; Win64; rv:143.0) Gecko/20100101 Firefox/143.0"
185.198.240.209 - - [17/Aug/2026:12:47:00 -0600] "POST /wp-login.php HTTP/1.1" 200 7501 "-" "Mozilla/5.0 (Macintosh; Intel Mac OS X 10_15_7) AppleWebKit/605.1.15 Version/17.0 Safari/605.1.15"
185.198.240.213 - - [17/Aug/2026:12:47:00 -0600] "POST /wp-login.php HTTP/1.1" 200 7497 "-" "Mozilla/5.0 (Windows NT 10.0; Win64; rv:143.0) Gecko/20100101 Firefox/143.0"
185.198.240.192 - - [17/Aug/2026:12:47:00 -0600] "POST /wp-login.php HTTP/1.1" 200 7554 "-" "Mozilla/5.0 (Windows NT 10.0; Win64; x64) AppleWebKit/537.36 Chrome/129.0.0.0 Safari/537.36"
185.198.240.231 - - [17/Aug/2026:12:47:00 -0600] "POST /wp-login.php HTTP/1.1" 200 7558 "-" "Mozilla/5.0 (Macintosh; Intel Mac OS X 10_15_7) AppleWebKit/605.1.15 Version/17.0 Safari/605.1.15"
177.85.172.67 - - [17/Aug/2026:12:47:00 -0600] "POST /xmlrpc.php HTTP/1.1" 200 403 "-" "WordPress.com; https://wordpress.com"
192.178.6.34 - - [17/Aug/2026:12:47:00 -0600] "GET /services/preventative-care/?gtm_latency=1 HTTP/1.1" 200 112099 "-" "GoogleOther"
192.178.6.35 - - [17/Aug/2026:12:47:02 -0600] "GET /wp-content/plugins/maxslider/assets/css/maxslider.css?ver=1.2.4 HTTP/1.1" 200 4687 "https://swansondentalgroupreno.com/services/preventative-care/?gtm_latency=1" "GoogleOther"
192.178.6.34 - - [17/Aug/2026:12:47:03 -0600] "GET /wp-content/themes/swanson/style.css?ver=7.0.4 HTTP/1.1" 200 1874 "https://swansondentalgroupreno.com/services/preventative-care/?gtm_latency=1" "GoogleOther"
192.178.6.35 - - [17/Aug/2026:12:47:04 -0600] "GET /wp-content/plugins/maxslider/assets/vendor/slick/slick.css?ver=1.6.0 HTTP/1.1" 200 1729 "https://swansondentalgroupreno.com/services/preventative-care/?gtm_latency=1" "GoogleOther"
192.178.6.35 - - [17/Aug/2026:12:47:04 -0600] "GET /wp-content/plugins/contact-form-7/includes/css/styles.css?ver=6.1.6 HTTP/1.1" 200 2979 "https://swansondentalgroupreno.com/services/preventative-care/?gtm_latency=1" "GoogleOther"
35.81.82.99 - - [17/Aug/2026:12:47:04 -0600] "GET /service/custom-teeth-whitening HTTP/1.1" 301 - "-" "Mozilla/5.0 (X11; Linux x86_64) AppleWebKit/537.36 (KHTML, like Gecko) HeadlessChrome/150.0.0.0 Safari/537.36"
192.178.6.35 - - [17/Aug/2026:12:47:05 -0600] "GET /wp-content/themes/swanson/images/bluecall.svg HTTP/1.1" 200 515 "https://swansondentalgroupreno.com/services/preventative-care/?gtm_latency=1" "GoogleOther"
192.178.6.34 - - [17/Aug/2026:12:47:05 -0600] "GET /wp-content/themes/swanson/js/hamburgers.min.css HTTP/1.1" 200 22458 "https://swansondentalgroupreno.com/services/preventative-care/?gtm_latency=1" "GoogleOther"
35.81.82.99 - - [17/Aug/2026:12:47:05 -0600] "GET /service/custom-teeth-whitening/ HTTP/1.1" 200 117454 "-" "Mozilla/5.0 (X11; Linux x86_64) AppleWebKit/537.36 (KHTML, like Gecko) HeadlessChrome/150.0.0.0 Safari/537.36"
192.178.6.34 - - [17/Aug/2026:12:47:06 -0600] "GET /wp-includes/js/jquery/jquery.min.js?ver=3.7.1 HTTP/1.1" 200 87553 "https://swansondentalgroupreno.com/services/preventative-care/?gtm_latency=1" "GoogleOther"
192.178.6.34 - - [17/Aug/2026:12:47:06 -0600] "GET /wp-includes/js/jquery/jquery-migrate.min.js?ver=3.4.1 HTTP/1.1" 200 13577 "https://swansondentalgroupreno.com/services/preventative-care/?gtm_latency=1" "GoogleOther"
192.178.6.35 - - [17/Aug/2026:12:47:07 -0600] "GET /wp-content/themes/swanson/js/jquery.matchHeight-min.js HTTP/1.1" 200 3380 "https://swansondentalgroupreno.com/services/preventative-care/?gtm_latency=1" "GoogleOther"
192.178.6.34 - - [17/Aug/2026:12:47:08 -0600] "GET /wp-content/plugins/genesis-blocks/dist/style-blocks.build.css?ver=1781276667 HTTP/1.1" 200 41453 "https://swansondentalgroupreno.com/services/preventative-care/?gtm_latency=1" "GoogleOther"
192.178.6.34 - - [17/Aug/2026:12:47:08 -0600] "GET /wp-content/themes/swanson/images/logo@2x.png HTTP/1.1" 200 18926 "https://swansondentalgroupreno.com/services/preventative-care/?gtm_latency=1" "GoogleOther"
192.178.6.34 - - [17/Aug/2026:12:47:09 -0600] "GET /wp-content/uploads/2024/05/DSC_4032-copy.jpg HTTP/1.1" 200 157268 "https://swansondentalgroupreno.com/services/preventative-care/?gtm_latency=1" "GoogleOther"
192.178.6.34 - - [17/Aug/2026:12:47:10 -0600] "GET /wp-content/themes/swanson/images/closecall.svg HTTP/1.1" 200 5176 "https://swansondentalgroupreno.com/services/preventative-care/?gtm_latency=1" "GoogleOther"
192.178.6.34 - - [17/Aug/2026:12:47:10 -0600] "GET /wp-content/plugins/contact-form-7/includes/js/index.js?ver=6.1.6 HTTP/1.1" 200 13452 "https://swansondentalgroupreno.com/services/preventative-care/?gtm_latency=1" "GoogleOther"
35.81.82.99 - - [17/Aug/2026:12:47:10 -0600] "GET /2024/news HTTP/1.1" 301 - "-" "Mozilla/5.0 (X11; Linux x86_64) AppleWebKit/537.36 (KHTML, like Gecko) HeadlessChrome/150.0.0.0 Safari/537.36"
192.178.6.34 - - [17/Aug/2026:12:47:11 -0600] "GET /wp-content/plugins/contact-form-7-honeypot/legacy-honeypot/includes/js/honeypot-refill.js?ver=3.6.1 HTTP/1.1" 200 3821 "https://swansondentalgroupreno.com/services/preventative-care/?gtm_latency=1" "GoogleOther"
192.178.6.34 - - [17/Aug/2026:12:47:11 -0600] "GET /wp-includes/js/dist/i18n.min.js?ver=781d11515ad3d91786ec HTTP/1.1" 200 5732 "https://swansondentalgroupreno.com/services/preventative-care/?gtm_latency=1" "GoogleOther"
35.81.82.99 - - [17/Aug/2026:12:47:11 -0600] "GET /news/ HTTP/1.1" 200 104325 "-" "Mozilla/5.0 (X11; Linux x86_64) AppleWebKit/537.36 (KHTML, like Gecko) HeadlessChrome/150.0.0.0 Safari/537.36"
177.85.172.67 - - [17/Aug/2026:12:47:11 -0600] "POST /xmlrpc.php HTTP/1.1" 200 403 "-" "Jetpack by WordPress.com (Jetpack 13.0; WordPress 6.4)"
35.81.82.99 - - [17/Aug/2026:12:47:12 -0600] "GET /wp-content/uploads/2020/07/red-heart-with-strings-4046930-1482x635-1-1024x439.jpg HTTP/1.1" 200 39055 "https://swansondentalgroupreno.com/news/" "Mozilla/5.0 (X11; Linux x86_64) AppleWebKit/537.36 (KHTML, like Gecko) HeadlessChrome/150.0.0.0 Safari/537.36"
192.178.6.34 - - [17/Aug/2026:12:47:12 -0600] "GET /wp-content/uploads/2024/04/emergencycta@2x.jpg HTTP/1.1" 200 300312 "https://swansondentalgroupreno.com/services/preventative-care/?gtm_latency=1" "GoogleOther"
35.81.82.99 - - [17/Aug/2026:12:47:12 -0600] "GET /wp-content/uploads/2021/09/DSC_8671.jpg HTTP/1.1" 200 427619 "https://swansondentalgroupreno.com/news/" "Mozilla/5.0 (X11; Linux x86_64) AppleWebKit/537.36 (KHTML, like Gecko) HeadlessChrome/150.0.0.0 Safari/537.36"
35.81.82.99 - - [17/Aug/2026:12:47:12 -0600] "GET /wp-content/uploads/2024/04/blogfpo1@2x.jpg HTTP/1.1" 200 209601 "https://swansondentalgroupreno.com/news/" "Mozilla/5.0 (X11; Linux x86_64) AppleWebKit/537.36 (KHTML, like Gecko) HeadlessChrome/150.0.0.0 Safari/537.36"
192.178.6.34 - - [17/Aug/2026:12:47:13 -0600] "GET /wp-content/plugins/contact-form-7/includes/swv/js/index.js?ver=6.1.6 HTTP/1.1" 200 12512 "https://swansondentalgroupreno.com/services/preventative-care/?gtm_latency=1" "GoogleOther"
192.178.6.34 - - [17/Aug/2026:12:47:13 -0600] "GET /wp-includes/js/dist/hooks.min.js?ver=7496969728ca0f95732d HTTP/1.1" 200 5050 "https://swansondentalgroupreno.com/services/preventative-care/?gtm_latency=1" "GoogleOther"
192.178.6.34 - - [17/Aug/2026:12:47:14 -0600] "GET /wp-content/plugins/maxslider/assets/vendor/slick/slick.js?ver=1.6.0 HTTP/1.1" 200 84265 "https://swansondentalgroupreno.com/services/preventative-care/?gtm_latency=1" "GoogleOther"
35.81.82.99 - - [17/Aug/2026:12:47:13 -0600] "GET /news HTTP/1.1" 301 - "-" "Mozilla/5.0 (X11; Linux x86_64) AppleWebKit/537.36 (KHTML, like Gecko) HeadlessChrome/150.0.0.0 Safari/537.36"
192.178.6.34 - - [17/Aug/2026:12:47:14 -0600] "GET /wp-content/plugins/genesis-blocks/dist/assets/js/dismiss.js?ver=1781276667 HTTP/1.1" 200 923 "https://swansondentalgroupreno.com/services/preventative-care/?gtm_latency=1" "GoogleOther"
192.178.6.34 - - [17/Aug/2026:12:47:15 -0600] "GET /wp-content/plugins/contact-form-7/modules/recaptcha/index.js?ver=6.1.6 HTTP/1.1" 200 934 "https://swansondentalgroupreno.com/services/preventative-care/?gtm_latency=1" "GoogleOther"
35.81.82.99 - - [17/Aug/2026:12:47:14 -0600] "GET /news/ HTTP/1.1" 200 104325 "-" "Mozilla/5.0 (X11; Linux x86_64) AppleWebKit/537.36 (KHTML, like Gecko) HeadlessChrome/150.0.0.0 Safari/537.36"
192.178.6.34 - - [17/Aug/2026:12:47:16 -0600] "GET /wp-content/themes/swanson/images/facebook.svg HTTP/1.1" 200 404 "https://swansondentalgroupreno.com/services/preventative-care/?gtm_latency=1" "GoogleOther"
192.178.6.34 - - [17/Aug/2026:12:47:16 -0600] "GET /wp-content/uploads/2026/02/qr-code.png HTTP/1.1" 200 650 "https://swansondentalgroupreno.com/services/preventative-care/?gtm_latency=1" "GoogleOther"
192.178.6.34 - - [17/Aug/2026:12:47:17 -0600] "GET /wp-includes/js/dist/vendor/wp-polyfill.min.js?ver=3.15.0 HTTP/1.1" 200 33744 "https://swansondentalgroupreno.com/services/preventative-care/?gtm_latency=1" "GoogleOther"
192.178.6.34 - - [17/Aug/2026:12:47:17 -0600] "GET /wp-content/uploads/2025/08/Insta-white.svg HTTP/1.1" 200 2225 "https://swansondentalgroupreno.com/services/preventative-care/?gtm_latency=1" "GoogleOther"
192.178.6.34 - - [17/Aug/2026:12:47:18 -0600] "GET /wp-content/uploads/2025/08/x-white.svg HTTP/1.1" 200 413 "https://swansondentalgroupreno.com/services/preventative-care/?gtm_latency=1" "GoogleOther"
192.178.6.34 - - [17/Aug/2026:12:47:18 -0600] "GET /wp-content/uploads/2024/04/DSC_4154-copy.jpg HTTP/1.1" 200 115387 "https://swansondentalgroupreno.com/services/preventative-care/?gtm_latency=1" "GoogleOther"
192.178.6.34 - - [17/Aug/2026:12:47:19 -0600] "GET /wp-content/uploads/2024/04/DSC_8679-2-copy.jpg HTTP/1.1" 200 269878 "https://swansondentalgroupreno.com/services/preventative-care/?gtm_latency=1" "GoogleOther"
192.178.6.34 - - [17/Aug/2026:12:47:19 -0600] "GET /wp-content/uploads/2024/04/askus@2x.jpg HTTP/1.1" 200 459280 "https://swansondentalgroupreno.com/services/preventative-care/?gtm_latency=1" "GoogleOther"
192.178.6.34 - - [17/Aug/2026:12:47:20 -0600] "GET /wp-content/uploads/2024/04/dental_cleanings_small_image.jpg HTTP/1.1" 200 356021 "https://swansondentalgroupreno.com/services/preventative-care/?gtm_latency=1" "GoogleOther"
35.81.82.99 - - [17/Aug/2026:12:47:19 -0600] "GET /am-i-brushing-too-hard HTTP/1.1" 301 - "-" "Mozilla/5.0 (X11; Linux x86_64) AppleWebKit/537.36 (KHTML, like Gecko) HeadlessChrome/150.0.0.0 Safari/537.36"
192.178.6.34 - - [17/Aug/2026:12:47:20 -0600] "GET /wp-content/uploads/2024/04/serviceshero@2x.jpg HTTP/1.1" 200 1143648 "https://swansondentalgroupreno.com/services/preventative-care/?gtm_latency=1" "GoogleOther"
35.81.82.99 - - [17/Aug/2026:12:47:20 -0600] "GET /am-i-brushing-too-hard/ HTTP/1.1" 200 114291 "-" "Mozilla/5.0 (X11; Linux x86_64) AppleWebKit/537.36 (KHTML, like Gecko) HeadlessChrome/150.0.0.0 Safari/537.36"
177.85.172.67 - - [17/Aug/2026:12:47:21 -0600] "POST /xmlrpc.php HTTP/1.1" 200 403 "-" "WordPress.com; https://wordpress.com"
177.85.172.67 - - [17/Aug/2026:12:47:32 -0600] "POST /xmlrpc.php HTTP/1.1" 200 403 "-" "Jetpack by WordPress.com (Jetpack 13.0; WordPress 6.2)"
43.165.174.53 - - [17/Aug/2026:12:47:37 -0600] "GET / HTTP/1.1" 200 122950 "http://swansondentalgroupreno.com" "Mozilla/5.0 (iPhone; CPU iPhone OS 13_2_3 like Mac OS X) AppleWebKit/605.1.15 (KHTML, like Gecko) Version/13.0.3 Mobile/15E148 Safari/604.1"
177.85.172.67 - - [17/Aug/2026:12:47:42 -0600] "POST /xmlrpc.php HTTP/1.1" 200 403 "-" "Jetpack by WordPress.com"
177.85.172.67 - - [17/Aug/2026:12:47:53 -0600] "POST /xmlrpc.php HTTP/1.1" 200 403 "-" "Jetpack by WordPress.com (Jetpack 13.0; WordPress 6.2)"
162.215.171.210 - - [17/Aug/2026:12:48:04 -0600] "POST /wp-cron.php?doing_wp_cron=1786992484.9649660587310791015625 HTTP/1.1" 200 - "-" "WordPress/7.0.4; https://swansondentalgroupreno.com"
177.85.172.67 - - [17/Aug/2026:12:48:03 -0600] "POST /xmlrpc.php HTTP/1.1" 200 403 "-" "Jetpack/12.0; WordPress/6.3; http://site86585950.com"
177.85.172.67 - - [17/Aug/2026:12:48:14 -0600] "POST /xmlrpc.php HTTP/1.1" 200 403 "-" "WordPress.com; https://wordpress.com"
177.85.172.67 - - [17/Aug/2026:12:48:24 -0600] "POST /xmlrpc.php HTTP/1.1" 200 403 "-" "Jetpack by WordPress.com (Jetpack 12.0; WordPress 6.2)"
204.168.135.161 - - [17/Aug/2026:12:48:27 -0600] "GET /wp-content/uploads/2024/04/dental_cleanings_small_image.jpg HTTP/1.1" 200 356021 "-" "Mozilla/5.0 (X11; Ubuntu; Linux x86_64; rv:72.0) Gecko/20100101 Firefox/72.0"
193.186.4.207 - - [17/Aug/2026:12:48:31 -0600] "GET / HTTP/1.1" 200 122950 "https://www.google.com/" "Mozilla/5.0 (Windows NT 10.0; Win64; x64) AppleWebKit/537.36 (KHTML, like Gecko) Chrome/151.0.0.0 Safari/537.36"
177.85.172.67 - - [17/Aug/2026:12:48:35 -0600] "POST /xmlrpc.php HTTP/1.1" 200 403 "-" "WordPress.com; https://wordpress.com"
177.85.172.67 - - [17/Aug/2026:12:48:45 -0600] "POST /xmlrpc.php HTTP/1.1" 200 403 "-" "WordPress.com; https://wordpress.com"
162.215.171.210 - - [17/Aug/2026:12:48:57 -0600] "POST /wp-cron.php?doing_wp_cron=1786992537.2777700424194335937500 HTTP/1.1" 200 - "-" "WordPress/7.0.4; https://swansondentalgroupreno.com"
177.85.172.67 - - [17/Aug/2026:12:48:56 -0600] "POST /xmlrpc.php HTTP/1.1" 200 403 "-" "Jetpack by WordPress.com"
177.85.172.67 - - [17/Aug/2026:12:49:06 -0600] "POST /xmlrpc.php HTTP/1.1" 200 403 "-" "Jetpack by WordPress.com"
177.85.172.67 - - [17/Aug/2026:12:49:17 -0600] "POST /xmlrpc.php HTTP/1.1" 200 403 "-" "WordPress.com; https://wordpress.com"
177.85.172.67 - - [17/Aug/2026:12:49:27 -0600] "POST /xmlrpc.php HTTP/1.1" 200 403 "-" "Jetpack/13.0; WordPress/6.1; http://site80286724.com"
177.85.172.67 - - [17/Aug/2026:12:49:38 -0600] "POST /xmlrpc.php HTTP/1.1" 200 403 "-" "Jetpack by WordPress.com (Jetpack 13.0; WordPress 6.4)"
177.85.172.67 - - [17/Aug/2026:12:49:48 -0600] "POST /xmlrpc.php HTTP/1.1" 200 403 "-" "Jetpack by WordPress.com (Jetpack 12.0; WordPress 6.4)"
47.128.20.197 - - [17/Aug/2026:12:49:59 -0600] "GET /blog/ HTTP/1.1" 301 - "-" "Mozilla/5.0 (Linux; Android 5.0) AppleWebKit/537.36 (KHTML, like Gecko) Mobile Safari/537.36 (compatible; Bytespider; https://bytedance.sg.larkoffice.com/docx/K5bxdypulop3IIxrJb0lOjLVgFe)"
162.215.171.210 - - [17/Aug/2026:12:50:00 -0600] "POST /wp-cron.php?doing_wp_cron=1786992600.1251358985900878906250 HTTP/1.1" 200 - "-" "WordPress/7.0.4; https://swansondentalgroupreno.com"
177.85.172.67 - - [17/Aug/2026:12:49:59 -0600] "POST /xmlrpc.php HTTP/1.1" 200 403 "-" "Jetpack by WordPress.com"
47.128.20.197 - - [17/Aug/2026:12:50:01 -0600] "GET /blog/ HTTP/1.1" 404 100819 "-" "Mozilla/5.0 (Linux; Android 5.0) AppleWebKit/537.36 (KHTML, like Gecko) Mobile Safari/537.36 (compatible; Bytespider; https://bytedance.sg.larkoffice.com/docx/K5bxdypulop3IIxrJb0lOjLVgFe)"
177.85.172.67 - - [17/Aug/2026:12:50:09 -0600] "POST /xmlrpc.php HTTP/1.1" 200 403 "-" "Jetpack by WordPress.com (Jetpack 13.0; WordPress 6.2)"
177.85.172.67 - - [17/Aug/2026:12:50:20 -0600] "POST /xmlrpc.php HTTP/1.1" 200 403 "-" "WordPress.com; https://wordpress.com"
177.85.172.67 - - [17/Aug/2026:12:50:30 -0600] "POST /xmlrpc.php HTTP/1.1" 200 403 "-" "WordPress.com; https://wordpress.com"
177.85.172.67 - - [17/Aug/2026:12:50:41 -0600] "POST /xmlrpc.php HTTP/1.1" 200 403 "-" "Jetpack/12.5; WordPress/6.1; http://site69735816.com"
177.85.172.67 - - [17/Aug/2026:12:50:51 -0600] "POST /xmlrpc.php HTTP/1.1" 200 403 "-" "Jetpack by WordPress.com"
162.215.171.210 - - [17/Aug/2026:12:51:03 -0600] "POST /wp-cron.php?doing_wp_cron=1786992663.2196469306945800781250 HTTP/1.1" 200 - "-" "WordPress/7.0.4; https://swansondentalgroupreno.com"
177.85.172.67 - - [17/Aug/2026:12:51:02 -0600] "POST /xmlrpc.php HTTP/1.1" 200 403 "-" "Jetpack/12.1; WordPress/6.3; http://site43603361.com"
177.85.172.67 - - [17/Aug/2026:12:51:12 -0600] "POST /xmlrpc.php HTTP/1.1" 200 403 "-" "Jetpack by WordPress.com"
177.85.172.67 - - [17/Aug/2026:12:51:23 -0600] "POST /xmlrpc.php HTTP/1.1" 200 403 "-" "WordPress.com; https://wordpress.com"
177.85.172.67 - - [17/Aug/2026:12:51:33 -0600] "POST /xmlrpc.php HTTP/1.1" 200 403 "-" "Jetpack/12.1; WordPress/6.2; http://site93276293.com"
162.215.171.210 - - [17/Aug/2026:12:51:45 -0600] "POST /wp-cron.php?doing_wp_cron=1786992705.3573698997497558593750 HTTP/1.1" 200 - "-" "WordPress/7.0.4; https://swansondentalgroupreno.com"
177.85.172.67 - - [17/Aug/2026:12:51:44 -0600] "POST /xmlrpc.php HTTP/1.1" 200 403 "-" "Jetpack by WordPress.com"
177.85.172.67 - - [17/Aug/2026:12:51:54 -0600] "POST /xmlrpc.php HTTP/1.1" 200 403 "-" "Jetpack by WordPress.com"
162.215.171.210 - - [17/Aug/2026:12:52:00 -0600] "POST /wp-cron.php?doing_wp_cron=1786992720.6358160972595214843750 HTTP/1.1" 200 - "-" "WordPress/7.0.4; https://swansondentalgroupreno.com"
52.167.144.211 - - [17/Aug/2026:12:51:59 -0600] "GET /sez73pyq HTTP/1.1" 404 100819 "-" "Mozilla/5.0 AppleWebKit/537.36 (KHTML, like Gecko; compatible; bingbot/2.0; +http://www.bing.com/bingbot.htm) Chrome/116.0.1938.76 Safari/537.36"
177.85.172.67 - - [17/Aug/2026:12:52:05 -0600] "POST /xmlrpc.php HTTP/1.1" 200 403 "-" "WordPress.com; https://wordpress.com"
54.68.112.93 - - [17/Aug/2026:12:52:08 -0600] "GET /?sucurianticache=957493997 HTTP/1.1" 200 122976 "-" "Sucuri Uptime Monitor"
69.164.196.53 - - [17/Aug/2026:12:52:10 -0600] "GET /?sucurianticache=1687392823 HTTP/1.1" 200 122977 "-" "Sucuri Uptime Monitor"
177.85.172.67 - - [17/Aug/2026:12:52:15 -0600] "POST /xmlrpc.php HTTP/1.1" 200 403 "-" "Jetpack by WordPress.com (Jetpack 12.0; WordPress 6.1)"
177.85.172.67 - - [17/Aug/2026:12:52:26 -0600] "POST /xmlrpc.php HTTP/1.1" 200 403 "-" "WordPress.com; https://wordpress.com"
177.85.172.67 - - [17/Aug/2026:12:52:36 -0600] "POST /xmlrpc.php HTTP/1.1" 200 403 "-" "Jetpack/12.1; WordPress/6.2; http://site36062409.com"
177.85.172.67 - - [17/Aug/2026:12:52:47 -0600] "POST /xmlrpc.php HTTP/1.1" 200 403 "-" "Jetpack by WordPress.com"
97.194.5.73 - - [17/Aug/2026:12:52:56 -0600] "GET /wp-content/plugins/maxslider/assets/vendor/slick/slick.css?ver=1.6.0 HTTP/1.1" 200 1729 "https://swansondentalgroupreno.com/" "Mozilla/5.0 (Windows NT 10.0; Win64; x64) AppleWebKit/537.36 (KHTML, like Gecko) Chrome/151.0.0.0 Safari/537.36"
97.194.5.73 - - [17/Aug/2026:12:52:56 -0600] "GET /wp-content/plugins/maxslider/assets/css/maxslider.css?ver=1.2.4 HTTP/1.1" 200 4687 "https://swansondentalgroupreno.com/" "Mozilla/5.0 (Windows NT 10.0; Win64; x64) AppleWebKit/537.36 (KHTML, like Gecko) Chrome/151.0.0.0 Safari/537.36"
97.194.5.73 - - [17/Aug/2026:12:52:56 -0600] "GET /wp-content/themes/swanson/style.css?ver=7.0.4 HTTP/1.1" 200 1874 "https://swansondentalgroupreno.com/" "Mozilla/5.0 (Windows NT 10.0; Win64; x64) AppleWebKit/537.36 (KHTML, like Gecko) Chrome/151.0.0.0 Safari/537.36"
97.194.5.73 - - [17/Aug/2026:12:52:56 -0600] "GET /wp-content/themes/swanson/js/hamburgers.min.css HTTP/1.1" 200 22458 "https://swansondentalgroupreno.com/" "Mozilla/5.0 (Windows NT 10.0; Win64; x64) AppleWebKit/537.36 (KHTML, like Gecko) Chrome/151.0.0.0 Safari/537.36"
97.194.5.73 - - [17/Aug/2026:12:52:56 -0600] "GET /wp-content/plugins/genesis-blocks/dist/style-blocks.build.css?ver=1781276667 HTTP/1.1" 200 41453 "https://swansondentalgroupreno.com/" "Mozilla/5.0 (Windows NT 10.0; Win64; x64) AppleWebKit/537.36 (KHTML, like Gecko) Chrome/151.0.0.0 Safari/537.36"
97.194.5.73 - - [17/Aug/2026:12:52:56 -0600] "GET /wp-content/plugins/contact-form-7/includes/css/styles.css?ver=6.1.6 HTTP/1.1" 200 2979 "https://swansondentalgroupreno.com/" "Mozilla/5.0 (Windows NT 10.0; Win64; x64) AppleWebKit/537.36 (KHTML, like Gecko) Chrome/151.0.0.0 Safari/537.36"
97.194.5.73 - - [17/Aug/2026:12:52:56 -0600] "GET /wp-includes/js/jquery/jquery-migrate.min.js?ver=3.4.1 HTTP/1.1" 200 13577 "https://swansondentalgroupreno.com/" "Mozilla/5.0 (Windows NT 10.0; Win64; x64) AppleWebKit/537.36 (KHTML, like Gecko) Chrome/151.0.0.0 Safari/537.36"
97.194.5.73 - - [17/Aug/2026:12:52:56 -0600] "GET /wp-content/themes/swanson/js/jquery.matchHeight-min.js HTTP/1.1" 200 3380 "https://swansondentalgroupreno.com/" "Mozilla/5.0 (Windows NT 10.0; Win64; x64) AppleWebKit/537.36 (KHTML, like Gecko) Chrome/151.0.0.0 Safari/537.36"
97.194.5.73 - - [17/Aug/2026:12:52:56 -0600] "GET /wp-content/themes/swanson/images/logo@2x.png HTTP/1.1" 200 18926 "https://swansondentalgroupreno.com/" "Mozilla/5.0 (Windows NT 10.0; Win64; x64) AppleWebKit/537.36 (KHTML, like Gecko) Chrome/151.0.0.0 Safari/537.36"
97.194.5.73 - - [17/Aug/2026:12:52:56 -0600] "GET /wp-content/themes/swanson/images/bluecall.svg HTTP/1.1" 200 515 "https://swansondentalgroupreno.com/" "Mozilla/5.0 (Windows NT 10.0; Win64; x64) AppleWebKit/537.36 (KHTML, like Gecko) Chrome/151.0.0.0 Safari/537.36"
97.194.5.73 - - [17/Aug/2026:12:52:56 -0600] "GET /wp-includes/js/jquery/jquery.min.js?ver=3.7.1 HTTP/1.1" 200 87553 "https://swansondentalgroupreno.com/" "Mozilla/5.0 (Windows NT 10.0; Win64; x64) AppleWebKit/537.36 (KHTML, like Gecko) Chrome/151.0.0.0 Safari/537.36"
97.194.5.73 - - [17/Aug/2026:12:52:56 -0600] "GET /wp-content/uploads/2024/04/cosmeticdentistry.svg HTTP/1.1" 200 3180 "https://swansondentalgroupreno.com/" "Mozilla/5.0 (Windows NT 10.0; Win64; x64) AppleWebKit/537.36 (KHTML, like Gecko) Chrome/151.0.0.0 Safari/537.36"
97.194.5.73 - - [17/Aug/2026:12:52:56 -0600] "GET /wp-content/uploads/2024/04/restorativetreatments.svg HTTP/1.1" 200 3504 "https://swansondentalgroupreno.com/" "Mozilla/5.0 (Windows NT 10.0; Win64; x64) AppleWebKit/537.36 (KHTML, like Gecko) Chrome/151.0.0.0 Safari/537.36"
