35.94.136.138 - - [17/Aug/2026:19:02:28 -0600] "GET /services/preventative-care HTTP/1.1" 301 - "-" "Mozilla/5.0 (X11; Linux x86_64) AppleWebKit/537.36 (KHTML, like Gecko) HeadlessChrome/150.0.0.0 Safari/537.36"
35.94.136.138 - - [17/Aug/2026:19:02:29 -0600] "GET /services/preventative-care/ HTTP/1.1" 200 112099 "-" "Mozilla/5.0 (X11; Linux x86_64) AppleWebKit/537.36 (KHTML, like Gecko) HeadlessChrome/150.0.0.0 Safari/537.36"
35.94.136.138 - - [17/Aug/2026:19:02:34 -0600] "GET /service/custom-teeth-whitening HTTP/1.1" 301 - "-" "Mozilla/5.0 (X11; Linux x86_64) AppleWebKit/537.36 (KHTML, like Gecko) HeadlessChrome/150.0.0.0 Safari/537.36"
35.94.136.138 - - [17/Aug/2026:19:02:35 -0600] "GET /service/custom-teeth-whitening/ HTTP/1.1" 200 117454 "-" "Mozilla/5.0 (X11; Linux x86_64) AppleWebKit/537.36 (KHTML, like Gecko) HeadlessChrome/150.0.0.0 Safari/537.36"
35.94.136.138 - - [17/Aug/2026:19:02:40 -0600] "GET /2024/news HTTP/1.1" 301 - "-" "Mozilla/5.0 (X11; Linux x86_64) AppleWebKit/537.36 (KHTML, like Gecko) HeadlessChrome/150.0.0.0 Safari/537.36"
35.94.136.138 - - [17/Aug/2026:19:02:41 -0600] "GET /news/ HTTP/1.1" 200 104325 "-" "Mozilla/5.0 (X11; Linux x86_64) AppleWebKit/537.36 (KHTML, like Gecko) HeadlessChrome/150.0.0.0 Safari/537.36"
35.94.136.138 - - [17/Aug/2026:19:02:42 -0600] "GET /wp-content/uploads/2020/07/red-heart-with-strings-4046930-1482x635-1-1024x439.jpg HTTP/1.1" 200 39055 "https://swansondentalgroupreno.com/news/" "Mozilla/5.0 (X11; Linux x86_64) AppleWebKit/537.36 (KHTML, like Gecko) HeadlessChrome/150.0.0.0 Safari/537.36"
35.94.136.138 - - [17/Aug/2026:19:02:42 -0600] "GET /wp-content/uploads/2021/09/DSC_8671.jpg HTTP/1.1" 200 427619 "https://swansondentalgroupreno.com/news/" "Mozilla/5.0 (X11; Linux x86_64) AppleWebKit/537.36 (KHTML, like Gecko) HeadlessChrome/150.0.0.0 Safari/537.36"
35.94.136.138 - - [17/Aug/2026:19:02:42 -0600] "GET /wp-content/uploads/2024/04/blogfpo1@2x.jpg HTTP/1.1" 200 209601 "https://swansondentalgroupreno.com/news/" "Mozilla/5.0 (X11; Linux x86_64) AppleWebKit/537.36 (KHTML, like Gecko) HeadlessChrome/150.0.0.0 Safari/537.36"
35.94.136.138 - - [17/Aug/2026:19:02:42 -0600] "GET /news HTTP/1.1" 301 - "-" "Mozilla/5.0 (X11; Linux x86_64) AppleWebKit/537.36 (KHTML, like Gecko) HeadlessChrome/150.0.0.0 Safari/537.36"
35.94.136.138 - - [17/Aug/2026:19:02:43 -0600] "GET /news/ HTTP/1.1" 200 104325 "-" "Mozilla/5.0 (X11; Linux x86_64) AppleWebKit/537.36 (KHTML, like Gecko) HeadlessChrome/150.0.0.0 Safari/537.36"
35.94.136.138 - - [17/Aug/2026:19:02:49 -0600] "GET /am-i-brushing-too-hard HTTP/1.1" 301 - "-" "Mozilla/5.0 (X11; Linux x86_64) AppleWebKit/537.36 (KHTML, like Gecko) HeadlessChrome/150.0.0.0 Safari/537.36"
35.94.136.138 - - [17/Aug/2026:19:02:50 -0600] "GET /am-i-brushing-too-hard/ HTTP/1.1" 200 114291 "-" "Mozilla/5.0 (X11; Linux x86_64) AppleWebKit/537.36 (KHTML, like Gecko) HeadlessChrome/150.0.0.0 Safari/537.36"
20.191.45.212 - - [17/Aug/2026:19:04:05 -0600] "GET / HTTP/1.1" 200 122950 "http://swansondentalgroupreno.com" "DuckDuckBot/1.1; (+http://duckduckgo.com/duckduckbot.html)"
20.191.45.212 - - [17/Aug/2026:19:04:06 -0600] "GET /wp-content/themes/swanson/images/swansonfavicon-32x32.png HTTP/1.1" 200 1366 "-" "DuckDuckBot/1.1; (+http://duckduckgo.com/duckduckbot.html)"
158.23.17.4 - - [17/Aug/2026:19:04:12 -0600] "GET /wp-login.php HTTP/1.1" 200 7125 "-" "-"
170.168.29.27 - - [17/Aug/2026:19:07:41 -0600] "GET /about-us/ HTTP/1.1" 200 112802 "https://swansondentalgroupreno.com/" "Mozilla/5.0 (Macintosh; Intel Mac OS X 10_15_7) AppleWebKit/537.36 (KHTML, like Gecko) Chrome/142.0.0.0 Safari/537.36"
162.215.171.210 - - [17/Aug/2026:19:07:43 -0600] "POST /wp-cron.php?doing_wp_cron=1787015263.0481030941009521484375 HTTP/1.1" 200 - "-" "WordPress/7.0.4; https://swansondentalgroupreno.com"
89.246.165.7 - - [17/Aug/2026:19:08:42 -0600] "GET / HTTP/1.1" 200 122950 "-" "Mozilla/5.0 (Windows NT 6.1; WOW64) AppleWebKit/537.36 (KHTML, like Gecko) Chrome/59.0.3071.109 Safari/537.36"
162.215.171.210 - - [17/Aug/2026:19:09:22 -0600] "POST /wp-cron.php?doing_wp_cron=1787015362.2270300388336181640625 HTTP/1.1" 200 - "-" "WordPress/7.0.4; https://swansondentalgroupreno.com"
40.77.167.38 - - [17/Aug/2026:19:09:21 -0600] "GET /product/K?725837=caddona HTTP/1.1" 404 100819 "-" "Mozilla/5.0 AppleWebKit/537.36 (KHTML, like Gecko; compatible; bingbot/2.0; +http://www.bing.com/bingbot.htm) Chrome/116.0.1938.76 Safari/537.36"
102.215.34.114 - - [17/Aug/2026:19:12:12 -0600] "POST /xmlrpc.php HTTP/1.1" 200 403 "-" "Jetpack/12.0; WordPress/6.3; http://site63482146.com"
162.215.171.210 - - [17/Aug/2026:19:12:13 -0600] "POST /wp-cron.php?doing_wp_cron=1787015533.0289530754089355468750 HTTP/1.1" 200 - "-" "WordPress/7.0.4; https://swansondentalgroupreno.com"
102.215.34.114 - - [17/Aug/2026:19:12:22 -0600] "POST /xmlrpc.php HTTP/1.1" 200 403 "-" "Jetpack/13.0; WordPress/6.2; http://site26031674.com"
102.215.34.114 - - [17/Aug/2026:19:12:33 -0600] "POST /xmlrpc.php HTTP/1.1" 200 403 "-" "WordPress.com; https://wordpress.com"
102.215.34.114 - - [17/Aug/2026:19:12:43 -0600] "POST /xmlrpc.php HTTP/1.1" 200 403 "-" "Jetpack by WordPress.com"
45.195.54.76 - - [17/Aug/2026:19:12:53 -0600] "GET / HTTP/1.1" 200 122950 "-" "Mozilla/5.0 (Windows NT 10.0; Win64; x64) AppleWebKit/537.36 (KHTML, like Gecko) Chrome/151.0.0.0 Safari/537.36"
102.215.34.114 - - [17/Aug/2026:19:12:54 -0600] "POST /xmlrpc.php HTTP/1.1" 200 403 "-" "Jetpack by WordPress.com"
45.195.54.76 - - [17/Aug/2026:19:13:01 -0600] "GET /wp-content/plugins/genesis-blocks/dist/style-blocks.build.css?ver=1781276667 HTTP/1.1" 200 41453 "https://swansondentalgroupreno.com/" "Mozilla/5.0 (Windows NT 10.0; Win64; x64) AppleWebKit/537.36 (KHTML, like Gecko) Chrome/151.0.0.0 Safari/537.36"
45.195.54.76 - - [17/Aug/2026:19:13:01 -0600] "GET /wp-content/plugins/contact-form-7/includes/css/styles.css?ver=6.1.6 HTTP/1.1" 200 2979 "https://swansondentalgroupreno.com/" "Mozilla/5.0 (Windows NT 10.0; Win64; x64) AppleWebKit/537.36 (KHTML, like Gecko) Chrome/151.0.0.0 Safari/537.36"
45.195.54.76 - - [17/Aug/2026:19:13:01 -0600] "GET /wp-content/plugins/maxslider/assets/vendor/slick/slick.css?ver=1.6.0 HTTP/1.1" 200 1729 "https://swansondentalgroupreno.com/" "Mozilla/5.0 (Windows NT 10.0; Win64; x64) AppleWebKit/537.36 (KHTML, like Gecko) Chrome/151.0.0.0 Safari/537.36"
45.195.54.76 - - [17/Aug/2026:19:13:03 -0600] "GET /wp-content/plugins/maxslider/assets/css/maxslider.css?ver=1.2.4 HTTP/1.1" 200 4687 "https://swansondentalgroupreno.com/" "Mozilla/5.0 (Windows NT 10.0; Win64; x64) AppleWebKit/537.36 (KHTML, like Gecko) Chrome/151.0.0.0 Safari/537.36"
45.195.54.76 - - [17/Aug/2026:19:13:03 -0600] "GET /wp-content/themes/swanson/style.css?ver=7.0.4 HTTP/1.1" 200 1874 "https://swansondentalgroupreno.com/" "Mozilla/5.0 (Windows NT 10.0; Win64; x64) AppleWebKit/537.36 (KHTML, like Gecko) Chrome/151.0.0.0 Safari/537.36"
45.195.54.76 - - [17/Aug/2026:19:13:04 -0600] "GET /wp-content/themes/swanson/js/hamburgers.min.css HTTP/1.1" 200 22458 "https://swansondentalgroupreno.com/" "Mozilla/5.0 (Windows NT 10.0; Win64; x64) AppleWebKit/537.36 (KHTML, like Gecko) Chrome/151.0.0.0 Safari/537.36"
45.195.54.76 - - [17/Aug/2026:19:13:04 -0600] "GET /wp-includes/js/jquery/jquery.min.js?ver=3.7.1 HTTP/1.1" 200 87553 "https://swansondentalgroupreno.com/" "Mozilla/5.0 (Windows NT 10.0; Win64; x64) AppleWebKit/537.36 (KHTML, like Gecko) Chrome/151.0.0.0 Safari/537.36"
45.195.54.76 - - [17/Aug/2026:19:13:05 -0600] "GET /wp-includes/js/jquery/jquery-migrate.min.js?ver=3.4.1 HTTP/1.1" 200 13577 "https://swansondentalgroupreno.com/" "Mozilla/5.0 (Windows NT 10.0; Win64; x64) AppleWebKit/537.36 (KHTML, like Gecko) Chrome/151.0.0.0 Safari/537.36"
45.195.54.76 - - [17/Aug/2026:19:13:05 -0600] "GET /wp-content/themes/swanson/js/jquery.matchHeight-min.js HTTP/1.1" 200 3380 "https://swansondentalgroupreno.com/" "Mozilla/5.0 (Windows NT 10.0; Win64; x64) AppleWebKit/537.36 (KHTML, like Gecko) Chrome/151.0.0.0 Safari/537.36"
45.195.54.76 - - [17/Aug/2026:19:13:06 -0600] "GET /wp-content/themes/swanson/images/logo@2x.png HTTP/1.1" 200 18926 "https://swansondentalgroupreno.com/" "Mozilla/5.0 (Windows NT 10.0; Win64; x64) AppleWebKit/537.36 (KHTML, like Gecko) Chrome/151.0.0.0 Safari/537.36"
45.195.54.76 - - [17/Aug/2026:19:13:06 -0600] "GET /wp-content/themes/swanson/images/bluecall.svg HTTP/1.1" 200 515 "https://swansondentalgroupreno.com/" "Mozilla/5.0 (Windows NT 10.0; Win64; x64) AppleWebKit/537.36 (KHTML, like Gecko) Chrome/151.0.0.0 Safari/537.36"
162.215.171.210 - - [17/Aug/2026:19:13:05 -0600] "POST /wp-cron.php?doing_wp_cron=1787015585.6652219295501708984375 HTTP/1.1" 200 - "-" "WordPress/7.0.4; https://swansondentalgroupreno.com"
102.215.34.114 - - [17/Aug/2026:19:13:04 -0600] "POST /xmlrpc.php HTTP/1.1" 200 403 "-" "Jetpack by WordPress.com (Jetpack 12.5; WordPress 6.1)"
45.195.54.76 - - [17/Aug/2026:19:13:08 -0600] "GET /wp-content/uploads/2024/04/preventativecare.svg HTTP/1.1" 200 3825 "https://swansondentalgroupreno.com/" "Mozilla/5.0 (Windows NT 10.0; Win64; x64) AppleWebKit/537.36 (KHTML, like Gecko) Chrome/151.0.0.0 Safari/537.36"
45.195.54.76 - - [17/Aug/2026:19:13:09 -0600] "GET /wp-content/uploads/2024/04/restorativetreatments.svg HTTP/1.1" 200 3504 "https://swansondentalgroupreno.com/" "Mozilla/5.0 (Windows NT 10.0; Win64; x64) AppleWebKit/537.36 (KHTML, like Gecko) Chrome/151.0.0.0 Safari/537.36"
45.195.54.76 - - [17/Aug/2026:19:13:09 -0600] "GET /wp-content/uploads/2024/04/cosmeticdentistry.svg HTTP/1.1" 200 3180 "https://swansondentalgroupreno.com/" "Mozilla/5.0 (Windows NT 10.0; Win64; x64) AppleWebKit/537.36 (KHTML, like Gecko) Chrome/151.0.0.0 Safari/537.36"
45.195.54.76 - - [17/Aug/2026:19:13:09 -0600] "GET /wp-includes/js/dist/hooks.min.js?ver=7496969728ca0f95732d HTTP/1.1" 200 5050 "https://swansondentalgroupreno.com/" "Mozilla/5.0 (Windows NT 10.0; Win64; x64) AppleWebKit/537.36 (KHTML, like Gecko) Chrome/151.0.0.0 Safari/537.36"
45.195.54.76 - - [17/Aug/2026:19:13:10 -0600] "GET /wp-includes/js/dist/i18n.min.js?ver=781d11515ad3d91786ec HTTP/1.1" 200 5732 "https://swansondentalgroupreno.com/" "Mozilla/5.0 (Windows NT 10.0; Win64; x64) AppleWebKit/537.36 (KHTML, like Gecko) Chrome/151.0.0.0 Safari/537.36"
45.195.54.76 - - [17/Aug/2026:19:13:11 -0600] "GET /wp-content/plugins/contact-form-7/includes/swv/js/index.js?ver=6.1.6 HTTP/1.1" 200 12512 "https://swansondentalgroupreno.com/" "Mozilla/5.0 (Windows NT 10.0; Win64; x64) AppleWebKit/537.36 (KHTML, like Gecko) Chrome/151.0.0.0 Safari/537.36"
45.195.54.76 - - [17/Aug/2026:19:13:11 -0600] "GET /wp-content/plugins/contact-form-7/includes/js/index.js?ver=6.1.6 HTTP/1.1" 200 13452 "https://swansondentalgroupreno.com/" "Mozilla/5.0 (Windows NT 10.0; Win64; x64) AppleWebKit/537.36 (KHTML, like Gecko) Chrome/151.0.0.0 Safari/537.36"
45.195.54.76 - - [17/Aug/2026:19:13:12 -0600] "GET /wp-content/plugins/contact-form-7-honeypot/legacy-honeypot/includes/js/honeypot-refill.js?ver=3.6.1 HTTP/1.1" 200 3821 "https://swansondentalgroupreno.com/" "Mozilla/5.0 (Windows NT 10.0; Win64; x64) AppleWebKit/537.36 (KHTML, like Gecko) Chrome/151.0.0.0 Safari/537.36"
45.195.54.76 - - [17/Aug/2026:19:13:13 -0600] "GET /wp-content/plugins/genesis-blocks/dist/assets/js/dismiss.js?ver=1781276667 HTTP/1.1" 200 923 "https://swansondentalgroupreno.com/" "Mozilla/5.0 (Windows NT 10.0; Win64; x64) AppleWebKit/537.36 (KHTML, like Gecko) Chrome/151.0.0.0 Safari/537.36"
45.195.54.76 - - [17/Aug/2026:19:13:13 -0600] "GET /wp-content/plugins/maxslider/assets/vendor/slick/slick.js?ver=1.6.0 HTTP/1.1" 200 84265 "https://swansondentalgroupreno.com/" "Mozilla/5.0 (Windows NT 10.0; Win64; x64) AppleWebKit/537.36 (KHTML, like Gecko) Chrome/151.0.0.0 Safari/537.36"
45.195.54.76 - - [17/Aug/2026:19:13:13 -0600] "GET /wp-content/plugins/maxslider/assets/js/maxslider.js?ver=1.2.4 HTTP/1.1" 200 1209 "https://swansondentalgroupreno.com/" "Mozilla/5.0 (Windows NT 10.0; Win64; x64) AppleWebKit/537.36 (KHTML, like Gecko) Chrome/151.0.0.0 Safari/537.36"
45.195.54.76 - - [17/Aug/2026:19:13:14 -0600] "GET /wp-includes/js/dist/vendor/wp-polyfill.min.js?ver=3.15.0 HTTP/1.1" 200 33744 "https://swansondentalgroupreno.com/" "Mozilla/5.0 (Windows NT 10.0; Win64; x64) AppleWebKit/537.36 (KHTML, like Gecko) Chrome/151.0.0.0 Safari/537.36"
45.195.54.76 - - [17/Aug/2026:19:13:14 -0600] "GET /wp-content/plugins/contact-form-7/modules/recaptcha/index.js?ver=6.1.6 HTTP/1.1" 200 934 "https://swansondentalgroupreno.com/" "Mozilla/5.0 (Windows NT 10.0; Win64; x64) AppleWebKit/537.36 (KHTML, like Gecko) Chrome/151.0.0.0 Safari/537.36"
45.195.54.76 - - [17/Aug/2026:19:13:15 -0600] "GET /wp-content/themes/swanson/images/facebook.svg HTTP/1.1" 200 404 "https://swansondentalgroupreno.com/" "Mozilla/5.0 (Windows NT 10.0; Win64; x64) AppleWebKit/537.36 (KHTML, like Gecko) Chrome/151.0.0.0 Safari/537.36"
45.195.54.76 - - [17/Aug/2026:19:13:15 -0600] "GET /wp-content/plugins/elfsight-slider-cc/assets/elfsight-slider.js?ver=1.1.0 HTTP/1.1" 200 467217 "https://swansondentalgroupreno.com/" "Mozilla/5.0 (Windows NT 10.0; Win64; x64) AppleWebKit/537.36 (KHTML, like Gecko) Chrome/151.0.0.0 Safari/537.36"
102.215.34.114 - - [17/Aug/2026:19:13:15 -0600] "POST /xmlrpc.php HTTP/1.1" 200 403 "-" "Jetpack by WordPress.com (Jetpack 12.1; WordPress 6.3)"
45.195.54.76 - - [17/Aug/2026:19:13:17 -0600] "GET /wp-content/uploads/2025/08/x-white.svg HTTP/1.1" 200 413 "https://swansondentalgroupreno.com/" "Mozilla/5.0 (Windows NT 10.0; Win64; x64) AppleWebKit/537.36 (KHTML, like Gecko) Chrome/151.0.0.0 Safari/537.36"
45.195.54.76 - - [17/Aug/2026:19:13:17 -0600] "GET /wp-content/uploads/2024/04/specialtyservices.svg HTTP/1.1" 200 4000 "https://swansondentalgroupreno.com/" "Mozilla/5.0 (Windows NT 10.0; Win64; x64) AppleWebKit/537.36 (KHTML, like Gecko) Chrome/151.0.0.0 Safari/537.36"
45.195.54.76 - - [17/Aug/2026:19:13:17 -0600] "GET /wp-content/uploads/2025/08/Insta-white.svg HTTP/1.1" 200 2225 "https://swansondentalgroupreno.com/" "Mozilla/5.0 (Windows NT 10.0; Win64; x64) AppleWebKit/537.36 (KHTML, like Gecko) Chrome/151.0.0.0 Safari/537.36"
45.195.54.76 - - [17/Aug/2026:19:13:18 -0600] "GET /wp-json/contact-form-7/v1/contact-forms/39/feedback/schema HTTP/1.1" 200 946 "https://swansondentalgroupreno.com/" "Mozilla/5.0 (Windows NT 10.0; Win64; x64) AppleWebKit/537.36 (KHTML, like Gecko) Chrome/151.0.0.0 Safari/537.36"
102.215.34.114 - - [17/Aug/2026:19:13:26 -0600] "POST /xmlrpc.php HTTP/1.1" 200 403 "-" "Jetpack by WordPress.com (Jetpack 12.1; WordPress 6.3)"
172.182.217.32 - - [17/Aug/2026:19:13:28 -0600] "GET / HTTP/1.1" 200 122950 "-" "Mozilla/5.0 (Windows NT 10.0; Win64; x64) AppleWebKit/537.36 (KHTML, like Gecko) Chrome/120.0.0.0 Safari/537.36"
172.182.217.32 - - [17/Aug/2026:19:13:29 -0600] "GET /1.php HTTP/1.1" 404 100819 "-" "Mozilla/5.0 (Windows NT 10.0; Win64; x64) AppleWebKit/537.36 (KHTML, like Gecko) Chrome/120.0.0.0 Safari/537.36"
172.182.217.32 - - [17/Aug/2026:19:13:30 -0600] "GET /2.php HTTP/1.1" 404 100819 "-" "Mozilla/5.0 (Windows NT 10.0; Win64; x64) AppleWebKit/537.36 (KHTML, like Gecko) Chrome/120.0.0.0 Safari/537.36"
172.182.217.32 - - [17/Aug/2026:19:13:31 -0600] "GET /7.php HTTP/1.1" 404 100819 "-" "Mozilla/5.0 (Windows NT 10.0; Win64; x64) AppleWebKit/537.36 (KHTML, like Gecko) Chrome/120.0.0.0 Safari/537.36"
172.182.217.32 - - [17/Aug/2026:19:13:32 -0600] "GET /10.php HTTP/1.1" 404 100819 "-" "Mozilla/5.0 (Windows NT 10.0; Win64; x64) AppleWebKit/537.36 (KHTML, like Gecko) Chrome/120.0.0.0 Safari/537.36"
172.182.217.32 - - [17/Aug/2026:19:13:33 -0600] "GET /13.php HTTP/1.1" 404 100819 "-" "Mozilla/5.0 (Windows NT 10.0; Win64; x64) AppleWebKit/537.36 (KHTML, like Gecko) Chrome/120.0.0.0 Safari/537.36"
172.182.217.32 - - [17/Aug/2026:19:13:34 -0600] "GET /100.php HTTP/1.1" 404 100819 "-" "Mozilla/5.0 (Windows NT 10.0; Win64; x64) AppleWebKit/537.36 (KHTML, like Gecko) Chrome/120.0.0.0 Safari/537.36"
172.182.217.32 - - [17/Aug/2026:19:13:35 -0600] "GET /222.php HTTP/1.1" 404 100819 "-" "Mozilla/5.0 (Windows NT 10.0; Win64; x64) AppleWebKit/537.36 (KHTML, like Gecko) Chrome/120.0.0.0 Safari/537.36"
172.182.217.32 - - [17/Aug/2026:19:13:36 -0600] "GET /adminfuns.php HTTP/1.1" 404 100819 "-" "Mozilla/5.0 (Windows NT 10.0; Win64; x64) AppleWebKit/537.36 (KHTML, like Gecko) Chrome/120.0.0.0 Safari/537.36"
102.215.34.114 - - [17/Aug/2026:19:13:36 -0600] "POST /xmlrpc.php HTTP/1.1" 200 403 "-" "Jetpack/12.0; WordPress/6.2; http://site27766421.com"
172.182.217.32 - - [17/Aug/2026:19:13:37 -0600] "GET /abcd.php HTTP/1.1" 404 100819 "-" "Mozilla/5.0 (Windows NT 10.0; Win64; x64) AppleWebKit/537.36 (KHTML, like Gecko) Chrome/120.0.0.0 Safari/537.36"
172.182.217.32 - - [17/Aug/2026:19:13:38 -0600] "GET /al.php HTTP/1.1" 404 100819 "-" "Mozilla/5.0 (Windows NT 10.0; Win64; x64) AppleWebKit/537.36 (KHTML, like Gecko) Chrome/120.0.0.0 Safari/537.36"
172.182.217.32 - - [17/Aug/2026:19:13:39 -0600] "GET /alfa.php HTTP/1.1" 404 100819 "-" "Mozilla/5.0 (Windows NT 10.0; Win64; x64) AppleWebKit/537.36 (KHTML, like Gecko) Chrome/120.0.0.0 Safari/537.36"
172.182.217.32 - - [17/Aug/2026:19:13:40 -0600] "GET /as.php HTTP/1.1" 404 100819 "-" "Mozilla/5.0 (Windows NT 10.0; Win64; x64) AppleWebKit/537.36 (KHTML, like Gecko) Chrome/120.0.0.0 Safari/537.36"
172.182.217.32 - - [17/Aug/2026:19:13:41 -0600] "GET /aa.php HTTP/1.1" 404 100819 "-" "Mozilla/5.0 (Windows NT 10.0; Win64; x64) AppleWebKit/537.36 (KHTML, like Gecko) Chrome/120.0.0.0 Safari/537.36"
172.182.217.32 - - [17/Aug/2026:19:13:42 -0600] "GET /abc.php HTTP/1.1" 404 100819 "-" "Mozilla/5.0 (Windows NT 10.0; Win64; x64) AppleWebKit/537.36 (KHTML, like Gecko) Chrome/120.0.0.0 Safari/537.36"
172.182.217.32 - - [17/Aug/2026:19:13:43 -0600] "GET /av.php HTTP/1.1" 404 100819 "-" "Mozilla/5.0 (Windows NT 10.0; Win64; x64) AppleWebKit/537.36 (KHTML, like Gecko) Chrome/120.0.0.0 Safari/537.36"
172.182.217.32 - - [17/Aug/2026:19:13:44 -0600] "GET /autoload_classmap.php HTTP/1.1" 404 100819 "-" "Mozilla/5.0 (Windows NT 10.0; Win64; x64) AppleWebKit/537.36 (KHTML, like Gecko) Chrome/120.0.0.0 Safari/537.36"
172.182.217.32 - - [17/Aug/2026:19:13:46 -0600] "GET /asus.php HTTP/1.1" 404 100819 "-" "Mozilla/5.0 (Windows NT 10.0; Win64; x64) AppleWebKit/537.36 (KHTML, like Gecko) Chrome/120.0.0.0 Safari/537.36"
172.182.217.32 - - [17/Aug/2026:19:13:47 -0600] "GET /about.php HTTP/1.1" 404 100819 "-" "Mozilla/5.0 (Windows NT 10.0; Win64; x64) AppleWebKit/537.36 (KHTML, like Gecko) Chrome/120.0.0.0 Safari/537.36"
102.215.34.114 - - [17/Aug/2026:19:13:47 -0600] "POST /xmlrpc.php HTTP/1.1" 200 403 "-" "WordPress.com; https://wordpress.com"
172.182.217.32 - - [17/Aug/2026:19:13:48 -0600] "GET /atomlib.php HTTP/1.1" 404 100819 "-" "Mozilla/5.0 (Windows NT 10.0; Win64; x64) AppleWebKit/537.36 (KHTML, like Gecko) Chrome/120.0.0.0 Safari/537.36"
172.182.217.32 - - [17/Aug/2026:19:13:49 -0600] "GET /alfa-rex.php7 HTTP/1.1" 404 100819 "-" "Mozilla/5.0 (Windows NT 10.0; Win64; x64) AppleWebKit/537.36 (KHTML, like Gecko) Chrome/120.0.0.0 Safari/537.36"
172.182.217.32 - - [17/Aug/2026:19:13:50 -0600] "GET /b.php HTTP/1.1" 404 100819 "-" "Mozilla/5.0 (Windows NT 10.0; Win64; x64) AppleWebKit/537.36 (KHTML, like Gecko) Chrome/120.0.0.0 Safari/537.36"
172.182.217.32 - - [17/Aug/2026:19:13:51 -0600] "GET /buy.php HTTP/1.1" 404 100819 "-" "Mozilla/5.0 (Windows NT 10.0; Win64; x64) AppleWebKit/537.36 (KHTML, like Gecko) Chrome/120.0.0.0 Safari/537.36"
172.182.217.32 - - [17/Aug/2026:19:13:52 -0600] "GET /bless.php HTTP/1.1" 404 100819 "-" "Mozilla/5.0 (Windows NT 10.0; Win64; x64) AppleWebKit/537.36 (KHTML, like Gecko) Chrome/120.0.0.0 Safari/537.36"
172.182.217.32 - - [17/Aug/2026:19:13:52 -0600] "GET /class-t.api.php HTTP/1.1" 404 100819 "-" "Mozilla/5.0 (Windows NT 10.0; Win64; x64) AppleWebKit/537.36 (KHTML, like Gecko) Chrome/120.0.0.0 Safari/537.36"
172.182.217.32 - - [17/Aug/2026:19:13:54 -0600] "GET /cache.php HTTP/1.1" 404 100819 "-" "Mozilla/5.0 (Windows NT 10.0; Win64; x64) AppleWebKit/537.36 (KHTML, like Gecko) Chrome/120.0.0.0 Safari/537.36"
162.215.171.210 - - [17/Aug/2026:19:13:56 -0600] "POST /wp-cron.php?doing_wp_cron=1787015636.0100350379943847656250 HTTP/1.1" 200 - "-" "WordPress/7.0.4; https://swansondentalgroupreno.com"
172.182.217.32 - - [17/Aug/2026:19:13:55 -0600] "GET /content.php HTTP/1.1" 404 100819 "-" "Mozilla/5.0 (Windows NT 10.0; Win64; x64) AppleWebKit/537.36 (KHTML, like Gecko) Chrome/120.0.0.0 Safari/537.36"
172.182.217.32 - - [17/Aug/2026:19:13:57 -0600] "GET /classwithtostring.php HTTP/1.1" 404 100819 "-" "Mozilla/5.0 (Windows NT 10.0; Win64; x64) AppleWebKit/537.36 (KHTML, like Gecko) Chrome/120.0.0.0 Safari/537.36"
172.182.217.32 - - [17/Aug/2026:19:13:58 -0600] "GET /css.php HTTP/1.1" 404 100819 "-" "Mozilla/5.0 (Windows NT 10.0; Win64; x64) AppleWebKit/537.36 (KHTML, like Gecko) Chrome/120.0.0.0 Safari/537.36"
102.215.34.114 - - [17/Aug/2026:19:13:58 -0600] "POST /xmlrpc.php HTTP/1.1" 200 403 "-" "Jetpack by WordPress.com"
172.182.217.32 - - [17/Aug/2026:19:13:58 -0600] "GET /chosen.php HTTP/1.1" 404 100819 "-" "Mozilla/5.0 (Windows NT 10.0; Win64; x64) AppleWebKit/537.36 (KHTML, like Gecko) Chrome/120.0.0.0 Safari/537.36"
172.182.217.32 - - [17/Aug/2026:19:14:00 -0600] "GET /doc.php HTTP/1.1" 404 100819 "-" "Mozilla/5.0 (Windows NT 10.0; Win64; x64) AppleWebKit/537.36 (KHTML, like Gecko) Chrome/120.0.0.0 Safari/537.36"
172.182.217.32 - - [17/Aug/2026:19:14:01 -0600] "GET /elp.php HTTP/1.1" 404 100819 "-" "Mozilla/5.0 (Windows NT 10.0; Win64; x64) AppleWebKit/537.36 (KHTML, like Gecko) Chrome/120.0.0.0 Safari/537.36"
172.182.217.32 - - [17/Aug/2026:19:14:01 -0600] "GET /Exception-class.php HTTP/1.1" 404 100819 "-" "Mozilla/5.0 (Windows NT 10.0; Win64; x64) AppleWebKit/537.36 (KHTML, like Gecko) Chrome/120.0.0.0 Safari/537.36"
172.182.217.32 - - [17/Aug/2026:19:14:03 -0600] "GET /ee.php HTTP/1.1" 404 100819 "-" "Mozilla/5.0 (Windows NT 10.0; Win64; x64) AppleWebKit/537.36 (KHTML, like Gecko) Chrome/120.0.0.0 Safari/537.36"
172.182.217.32 - - [17/Aug/2026:19:14:04 -0600] "GET /edit.php HTTP/1.1" 404 100819 "-" "Mozilla/5.0 (Windows NT 10.0; Win64; x64) AppleWebKit/537.36 (KHTML, like Gecko) Chrome/120.0.0.0 Safari/537.36"
172.182.217.32 - - [17/Aug/2026:19:14:05 -0600] "GET /f35.php HTTP/1.1" 404 100819 "-" "Mozilla/5.0 (Windows NT 10.0; Win64; x64) AppleWebKit/537.36 (KHTML, like Gecko) Chrome/120.0.0.0 Safari/537.36"
172.182.217.32 - - [17/Aug/2026:19:14:06 -0600] "GET /fff.php HTTP/1.1" 404 100819 "-" "Mozilla/5.0 (Windows NT 10.0; Win64; x64) AppleWebKit/537.36 (KHTML, like Gecko) Chrome/120.0.0.0 Safari/537.36"
172.182.217.32 - - [17/Aug/2026:19:14:07 -0600] "GET /ff1.php HTTP/1.1" 404 100819 "-" "Mozilla/5.0 (Windows NT 10.0; Win64; x64) AppleWebKit/537.36 (KHTML, like Gecko) Chrome/120.0.0.0 Safari/537.36"
172.182.217.32 - - [17/Aug/2026:19:14:08 -0600] "GET /flower.php HTTP/1.1" 404 100819 "-" "Mozilla/5.0 (Windows NT 10.0; Win64; x64) AppleWebKit/537.36 (KHTML, like Gecko) Chrome/120.0.0.0 Safari/537.36"
102.215.34.114 - - [17/Aug/2026:19:14:08 -0600] "POST /xmlrpc.php HTTP/1.1" 200 403 "-" "Jetpack by WordPress.com (Jetpack 13.0; WordPress 6.1)"
172.182.217.32 - - [17/Aug/2026:19:14:09 -0600] "GET /file.php HTTP/1.1" 404 100819 "-" "Mozilla/5.0 (Windows NT 10.0; Win64; x64) AppleWebKit/537.36 (KHTML, like Gecko) Chrome/120.0.0.0 Safari/537.36"
172.182.217.32 - - [17/Aug/2026:19:14:10 -0600] "GET /goods.php HTTP/1.1" 404 100819 "-" "Mozilla/5.0 (Windows NT 10.0; Win64; x64) AppleWebKit/537.36 (KHTML, like Gecko) Chrome/120.0.0.0 Safari/537.36"
172.182.217.32 - - [17/Aug/2026:19:14:11 -0600] "GET /g.php HTTP/1.1" 404 100819 "-" "Mozilla/5.0 (Windows NT 10.0; Win64; x64) AppleWebKit/537.36 (KHTML, like Gecko) Chrome/120.0.0.0 Safari/537.36"
172.182.217.32 - - [17/Aug/2026:19:14:12 -0600] "GET /hplfuns.php HTTP/1.1" 404 100819 "-" "Mozilla/5.0 (Windows NT 10.0; Win64; x64) AppleWebKit/537.36 (KHTML, like Gecko) Chrome/120.0.0.0 Safari/537.36"
172.182.217.32 - - [17/Aug/2026:19:14:13 -0600] "GET /ioxi-o.php HTTP/1.1" 404 100819 "-" "Mozilla/5.0 (Windows NT 10.0; Win64; x64) AppleWebKit/537.36 (KHTML, like Gecko) Chrome/120.0.0.0 Safari/537.36"
172.182.217.32 - - [17/Aug/2026:19:14:14 -0600] "GET /in.php HTTP/1.1" 404 100819 "-" "Mozilla/5.0 (Windows NT 10.0; Win64; x64) AppleWebKit/537.36 (KHTML, like Gecko) Chrome/120.0.0.0 Safari/537.36"
172.182.217.32 - - [17/Aug/2026:19:14:15 -0600] "GET /info.php HTTP/1.1" 404 100819 "-" "Mozilla/5.0 (Windows NT 10.0; Win64; x64) AppleWebKit/537.36 (KHTML, like Gecko) Chrome/120.0.0.0 Safari/537.36"
172.182.217.32 - - [17/Aug/2026:19:14:16 -0600] "GET /inputs.php HTTP/1.1" 404 100819 "-" "Mozilla/5.0 (Windows NT 10.0; Win64; x64) AppleWebKit/537.36 (KHTML, like Gecko) Chrome/120.0.0.0 Safari/537.36"
172.182.217.32 - - [17/Aug/2026:19:14:16 -0600] "GET /item.php HTTP/1.1" 404 100819 "-" "Mozilla/5.0 (Windows NT 10.0; Win64; x64) AppleWebKit/537.36 (KHTML, like Gecko) Chrome/120.0.0.0 Safari/537.36"
172.182.217.32 - - [17/Aug/2026:19:14:17 -0600] "GET /k.php HTTP/1.1" 404 100819 "-" "Mozilla/5.0 (Windows NT 10.0; Win64; x64) AppleWebKit/537.36 (KHTML, like Gecko) Chrome/120.0.0.0 Safari/537.36"
172.182.217.32 - - [17/Aug/2026:19:14:18 -0600] "GET /license.php HTTP/1.1" 404 100819 "-" "Mozilla/5.0 (Windows NT 10.0; Win64; x64) AppleWebKit/537.36 (KHTML, like Gecko) Chrome/120.0.0.0 Safari/537.36"
102.215.34.114 - - [17/Aug/2026:19:14:19 -0600] "POST /xmlrpc.php HTTP/1.1" 200 403 "-" "Jetpack/13.0; WordPress/6.1; http://site44046548.com"
172.182.217.32 - - [17/Aug/2026:19:14:19 -0600] "GET /load.php HTTP/1.1" 404 100819 "-" "Mozilla/5.0 (Windows NT 10.0; Win64; x64) AppleWebKit/537.36 (KHTML, like Gecko) Chrome/120.0.0.0 Safari/537.36"
45.195.54.76 - - [17/Aug/2026:19:14:20 -0600] "GET /wp-content/uploads/2025/12/slider1b-1.png HTTP/1.1" 200 566660 "https://swansondentalgroupreno.com/" "Mozilla/5.0 (Windows NT 10.0; Win64; x64) AppleWebKit/537.36 (KHTML, like Gecko) Chrome/151.0.0.0 Safari/537.36"
172.182.217.32 - - [17/Aug/2026:19:14:20 -0600] "GET /manager.php HTTP/1.1" 404 100819 "-" "Mozilla/5.0 (Windows NT 10.0; Win64; x64) AppleWebKit/537.36 (KHTML, like Gecko) Chrome/120.0.0.0 Safari/537.36"
172.182.217.32 - - [17/Aug/2026:19:14:21 -0600] "GET /media.php HTTP/1.1" 404 100819 "-" "Mozilla/5.0 (Windows NT 10.0; Win64; x64) AppleWebKit/537.36 (KHTML, like Gecko) Chrome/120.0.0.0 Safari/537.36"
172.182.217.32 - - [17/Aug/2026:19:14:22 -0600] "GET /mar.php HTTP/1.1" 404 100819 "-" "Mozilla/5.0 (Windows NT 10.0; Win64; x64) AppleWebKit/537.36 (KHTML, like Gecko) Chrome/120.0.0.0 Safari/537.36"
172.182.217.32 - - [17/Aug/2026:19:14:24 -0600] "GET /my1.php HTTP/1.1" 404 100819 "-" "Mozilla/5.0 (Windows NT 10.0; Win64; x64) AppleWebKit/537.36 (KHTML, like Gecko) Chrome/120.0.0.0 Safari/537.36"
172.182.217.32 - - [17/Aug/2026:19:14:25 -0600] "GET /mm.php HTTP/1.1" 404 100819 "-" "Mozilla/5.0 (Windows NT 10.0; Win64; x64) AppleWebKit/537.36 (KHTML, like Gecko) Chrome/120.0.0.0 Safari/537.36"
172.182.217.32 - - [17/Aug/2026:19:14:26 -0600] "GET /network.php HTTP/1.1" 404 100819 "-" "Mozilla/5.0 (Windows NT 10.0; Win64; x64) AppleWebKit/537.36 (KHTML, like Gecko) Chrome/120.0.0.0 Safari/537.36"
172.182.217.32 - - [17/Aug/2026:19:14:27 -0600] "GET /new.php HTTP/1.1" 404 100819 "-" "Mozilla/5.0 (Windows NT 10.0; Win64; x64) AppleWebKit/537.36 (KHTML, like Gecko) Chrome/120.0.0.0 Safari/537.36"
172.182.217.32 - - [17/Aug/2026:19:14:28 -0600] "GET /0x.php HTTP/1.1" 404 100819 "-" "Mozilla/5.0 (Windows NT 10.0; Win64; x64) AppleWebKit/537.36 (KHTML, like Gecko) Chrome/120.0.0.0 Safari/537.36"
102.215.34.114 - - [17/Aug/2026:19:14:29 -0600] "POST /xmlrpc.php HTTP/1.1" 200 403 "-" "Jetpack by WordPress.com (Jetpack 12.5; WordPress 6.1)"
172.182.217.32 - - [17/Aug/2026:19:14:29 -0600] "GET /0.php HTTP/1.1" 404 100819 "-" "Mozilla/5.0 (Windows NT 10.0; Win64; x64) AppleWebKit/537.36 (KHTML, like Gecko) Chrome/120.0.0.0 Safari/537.36"
172.182.217.32 - - [17/Aug/2026:19:14:31 -0600] "GET /oxshell.php HTTP/1.1" 404 100819 "-" "Mozilla/5.0 (Windows NT 10.0; Win64; x64) AppleWebKit/537.36 (KHTML, like Gecko) Chrome/120.0.0.0 Safari/537.36"
172.182.217.32 - - [17/Aug/2026:19:14:32 -0600] "GET /php8.php HTTP/1.1" 404 100819 "-" "Mozilla/5.0 (Windows NT 10.0; Win64; x64) AppleWebKit/537.36 (KHTML, like Gecko) Chrome/120.0.0.0 Safari/537.36"
172.182.217.32 - - [17/Aug/2026:19:14:33 -0600] "GET /p.php HTTP/1.1" 404 100819 "-" "Mozilla/5.0 (Windows NT 10.0; Win64; x64) AppleWebKit/537.36 (KHTML, like Gecko) Chrome/120.0.0.0 Safari/537.36"
172.182.217.32 - - [17/Aug/2026:19:14:34 -0600] "GET /php.php HTTP/1.1" 404 100819 "-" "Mozilla/5.0 (Windows NT 10.0; Win64; x64) AppleWebKit/537.36 (KHTML, like Gecko) Chrome/120.0.0.0 Safari/537.36"
172.182.217.32 - - [17/Aug/2026:19:14:35 -0600] "GET /past.php HTTP/1.1" 404 100819 "-" "Mozilla/5.0 (Windows NT 10.0; Win64; x64) AppleWebKit/537.36 (KHTML, like Gecko) Chrome/120.0.0.0 Safari/537.36"
172.182.217.32 - - [17/Aug/2026:19:14:36 -0600] "GET /root.php HTTP/1.1" 404 100819 "-" "Mozilla/5.0 (Windows NT 10.0; Win64; x64) AppleWebKit/537.36 (KHTML, like Gecko) Chrome/120.0.0.0 Safari/537.36"
172.182.217.32 - - [17/Aug/2026:19:14:37 -0600] "GET /r.php HTTP/1.1" 404 100819 "-" "Mozilla/5.0 (Windows NT 10.0; Win64; x64) AppleWebKit/537.36 (KHTML, like Gecko) Chrome/120.0.0.0 Safari/537.36"
172.182.217.32 - - [17/Aug/2026:19:14:38 -0600] "GET /sid3.php HTTP/1.1" 404 100819 "-" "Mozilla/5.0 (Windows NT 10.0; Win64; x64) AppleWebKit/537.36 (KHTML, like Gecko) Chrome/120.0.0.0 Safari/537.36"
172.182.217.32 - - [17/Aug/2026:19:14:40 -0600] "GET /ss.php HTTP/1.1" 404 100819 "-" "Mozilla/5.0 (Windows NT 10.0; Win64; x64) AppleWebKit/537.36 (KHTML, like Gecko) Chrome/120.0.0.0 Safari/537.36"
172.182.217.32 - - [17/Aug/2026:19:14:41 -0600] "GET /sts.php HTTP/1.1" 404 100819 "-" "Mozilla/5.0 (Windows NT 10.0; Win64; x64) AppleWebKit/537.36 (KHTML, like Gecko) Chrome/120.0.0.0 Safari/537.36"
102.215.34.114 - - [17/Aug/2026:19:14:42 -0600] "POST /xmlrpc.php HTTP/1.1" 200 403 "-" "Jetpack/13.0; WordPress/6.1; http://site30118623.com"
172.182.217.32 - - [17/Aug/2026:19:14:42 -0600] "GET /shell.php HTTP/1.1" 404 100819 "-" "Mozilla/5.0 (Windows NT 10.0; Win64; x64) AppleWebKit/537.36 (KHTML, like Gecko) Chrome/120.0.0.0 Safari/537.36"
172.182.217.32 - - [17/Aug/2026:19:14:44 -0600] "GET /setup-config.php HTTP/1.1" 404 100819 "-" "Mozilla/5.0 (Windows NT 10.0; Win64; x64) AppleWebKit/537.36 (KHTML, like Gecko) Chrome/120.0.0.0 Safari/537.36"
172.182.217.32 - - [17/Aug/2026:19:14:46 -0600] "GET /t.php HTTP/1.1" 404 100819 "-" "Mozilla/5.0 (Windows NT 10.0; Win64; x64) AppleWebKit/537.36 (KHTML, like Gecko) Chrome/120.0.0.0 Safari/537.36"
172.182.217.32 - - [17/Aug/2026:19:14:48 -0600] "GET /up.php HTTP/1.1" 404 100819 "-" "Mozilla/5.0 (Windows NT 10.0; Win64; x64) AppleWebKit/537.36 (KHTML, like Gecko) Chrome/120.0.0.0 Safari/537.36"
172.182.217.32 - - [17/Aug/2026:19:14:49 -0600] "GET /ultra.php HTTP/1.1" 404 100819 "-" "Mozilla/5.0 (Windows NT 10.0; Win64; x64) AppleWebKit/537.36 (KHTML, like Gecko) Chrome/120.0.0.0 Safari/537.36"
102.215.34.114 - - [17/Aug/2026:19:14:50 -0600] "POST /xmlrpc.php HTTP/1.1" 200 403 "-" "Jetpack by WordPress.com"
172.182.217.32 - - [17/Aug/2026:19:14:51 -0600] "GET /vv.php HTTP/1.1" 404 100819 "-" "Mozilla/5.0 (Windows NT 10.0; Win64; x64) AppleWebKit/537.36 (KHTML, like Gecko) Chrome/120.0.0.0 Safari/537.36"
172.182.217.32 - - [17/Aug/2026:19:14:52 -0600] "GET /V5.php HTTP/1.1" 404 100819 "-" "Mozilla/5.0 (Windows NT 10.0; Win64; x64) AppleWebKit/537.36 (KHTML, like Gecko) Chrome/120.0.0.0 Safari/537.36"
172.182.217.32 - - [17/Aug/2026:19:14:53 -0600] "GET /wp-user.php HTTP/1.1" 404 100819 "-" "Mozilla/5.0 (Windows NT 10.0; Win64; x64) AppleWebKit/537.36 (KHTML, like Gecko) Chrome/120.0.0.0 Safari/537.36"
172.182.217.32 - - [17/Aug/2026:19:14:55 -0600] "GET /wp-blog.php HTTP/1.1" 404 100819 "-" "Mozilla/5.0 (Windows NT 10.0; Win64; x64) AppleWebKit/537.36 (KHTML, like Gecko) Chrome/120.0.0.0 Safari/537.36"
162.215.171.210 - - [17/Aug/2026:19:14:57 -0600] "POST /wp-cron.php?doing_wp_cron=1787015697.1989109516143798828125 HTTP/1.1" 200 - "-" "WordPress/7.0.4; https://swansondentalgroupreno.com"
172.182.217.32 - - [17/Aug/2026:19:14:58 -0600] "GET /wp.php HTTP/1.1" 404 100819 "-" "Mozilla/5.0 (Windows NT 10.0; Win64; x64) AppleWebKit/537.36 (KHTML, like Gecko) Chrome/120.0.0.0 Safari/537.36"
172.182.217.32 - - [17/Aug/2026:19:15:00 -0600] "GET /worksec.php HTTP/1.1" 404 100819 "-" "Mozilla/5.0 (Windows NT 10.0; Win64; x64) AppleWebKit/537.36 (KHTML, like Gecko) Chrome/120.0.0.0 Safari/537.36"
102.215.34.114 - - [17/Aug/2026:19:15:01 -0600] "POST /xmlrpc.php HTTP/1.1" 200 403 "-" "WordPress.com; https://wordpress.com"
45.195.54.76 - - [17/Aug/2026:19:15:03 -0600] "GET /wp-content/themes/swanson/images/closecall.svg HTTP/1.1" 200 5176 "https://swansondentalgroupreno.com/" "Mozilla/5.0 (Windows NT 10.0; Win64; x64) AppleWebKit/537.36 (KHTML, like Gecko) Chrome/151.0.0.0 Safari/537.36"
45.195.54.76 - - [17/Aug/2026:19:15:03 -0600] "GET /wp-content/uploads/2026/02/qr-code.png HTTP/1.1" 200 650 "https://swansondentalgroupreno.com/" "Mozilla/5.0 (Windows NT 10.0; Win64; x64) AppleWebKit/537.36 (KHTML, like Gecko) Chrome/151.0.0.0 Safari/537.36"
172.182.217.32 - - [17/Aug/2026:19:15:02 -0600] "GET /wp-themes.php HTTP/1.1" 404 100819 "-" "Mozilla/5.0 (Windows NT 10.0; Win64; x64) AppleWebKit/537.36 (KHTML, like Gecko) Chrome/120.0.0.0 Safari/537.36"
45.195.54.76 - - [17/Aug/2026:19:15:03 -0600] "GET /wp-content/uploads/2024/04/homeoffice@2x.jpg HTTP/1.1" 200 532884 "https://swansondentalgroupreno.com/" "Mozilla/5.0 (Windows NT 10.0; Win64; x64) AppleWebKit/537.36 (KHTML, like Gecko) Chrome/151.0.0.0 Safari/537.36"
45.195.54.76 - - [17/Aug/2026:19:15:03 -0600] "GET /wp-content/uploads/2024/05/DSC_9616.jpg HTTP/1.1" 200 149508 "https://swansondentalgroupreno.com/" "Mozilla/5.0 (Windows NT 10.0; Win64; x64) AppleWebKit/537.36 (KHTML, like Gecko) Chrome/151.0.0.0 Safari/537.36"
45.195.54.76 - - [17/Aug/2026:19:15:03 -0600] "GET /wp-content/uploads/2024/04/reviewsbg.jpg HTTP/1.1" 200 287206 "https://swansondentalgroupreno.com/" "Mozilla/5.0 (Windows NT 10.0; Win64; x64) AppleWebKit/537.36 (KHTML, like Gecko) Chrome/151.0.0.0 Safari/537.36"
45.195.54.76 - - [17/Aug/2026:19:15:04 -0600] "GET /wp-includes/js/wp-emoji-release.min.js?ver=7.0.4 HTTP/1.1" 200 22752 "https://swansondentalgroupreno.com/" "Mozilla/5.0 (Windows NT 10.0; Win64; x64) AppleWebKit/537.36 (KHTML, like Gecko) Chrome/151.0.0.0 Safari/537.36"
45.195.54.76 - - [17/Aug/2026:19:15:03 -0600] "GET /wp-content/uploads/2025/12/Mask-group-2-1.png HTTP/1.1" 200 711518 "https://swansondentalgroupreno.com/" "Mozilla/5.0 (Windows NT 10.0; Win64; x64) AppleWebKit/537.36 (KHTML, like Gecko) Chrome/151.0.0.0 Safari/537.36"
45.195.54.76 - - [17/Aug/2026:19:15:03 -0600] "GET /wp-content/uploads/2025/12/slider-mobile1.png HTTP/1.1" 200 625378 "https://swansondentalgroupreno.com/" "Mozilla/5.0 (Windows NT 10.0; Win64; x64) AppleWebKit/537.36 (KHTML, like Gecko) Chrome/151.0.0.0 Safari/537.36"
45.195.54.76 - - [17/Aug/2026:19:15:04 -0600] "GET /wp-content/uploads/2025/12/mobileee-1.png HTTP/1.1" 200 1123252 "https://swansondentalgroupreno.com/" "Mozilla/5.0 (Windows NT 10.0; Win64; x64) AppleWebKit/537.36 (KHTML, like Gecko) Chrome/151.0.0.0 Safari/537.36"
172.182.217.32 - - [17/Aug/2026:19:15:04 -0600] "GET /wp-signin.php HTTP/1.1" 404 100819 "-" "Mozilla/5.0 (Windows NT 10.0; Win64; x64) AppleWebKit/537.36 (KHTML, like Gecko) Chrome/120.0.0.0 Safari/537.36"
172.182.217.32 - - [17/Aug/2026:19:15:05 -0600] "GET /wp-blog-header.php HTTP/1.1" 404 - "-" "Mozilla/5.0 (Windows NT 10.0; Win64; x64) AppleWebKit/537.36 (KHTML, like Gecko) Chrome/120.0.0.0 Safari/537.36"
45.195.54.76 - - [17/Aug/2026:19:15:06 -0600] "GET /wp-content/themes/swanson/images/swansonfavicon.ico HTTP/1.1" 200 5430 "https://swansondentalgroupreno.com/" "Mozilla/5.0 (Windows NT 10.0; Win64; x64) AppleWebKit/537.36 (KHTML, like Gecko) Chrome/151.0.0.0 Safari/537.36"
172.182.217.32 - - [17/Aug/2026:19:15:06 -0600] "GET /wp-links-opml HTTP/1.1" 404 100819 "-" "Mozilla/5.0 (Windows NT 10.0; Win64; x64) AppleWebKit/537.36 (KHTML, like Gecko) Chrome/120.0.0.0 Safari/537.36"
172.182.217.32 - - [17/Aug/2026:19:15:07 -0600] "GET /ws.php HTTP/1.1" 404 100819 "-" "Mozilla/5.0 (Windows NT 10.0; Win64; x64) AppleWebKit/537.36 (KHTML, like Gecko) Chrome/120.0.0.0 Safari/537.36"
172.182.217.32 - - [17/Aug/2026:19:15:08 -0600] "GET /wsa.php HTTP/1.1" 404 100819 "-" "Mozilla/5.0 (Windows NT 10.0; Win64; x64) AppleWebKit/537.36 (KHTML, like Gecko) Chrome/120.0.0.0 Safari/537.36"
172.182.217.32 - - [17/Aug/2026:19:15:09 -0600] "GET /w.php HTTP/1.1" 404 100819 "-" "Mozilla/5.0 (Windows NT 10.0; Win64; x64) AppleWebKit/537.36 (KHTML, like Gecko) Chrome/120.0.0.0 Safari/537.36"
172.182.217.32 - - [17/Aug/2026:19:15:10 -0600] "GET /x.php HTTP/1.1" 404 100819 "-" "Mozilla/5.0 (Windows NT 10.0; Win64; x64) AppleWebKit/537.36 (KHTML, like Gecko) Chrome/120.0.0.0 Safari/537.36"
172.182.217.32 - - [17/Aug/2026:19:15:11 -0600] "GET /xx.php HTTP/1.1" 404 100819 "-" "Mozilla/5.0 (Windows NT 10.0; Win64; x64) AppleWebKit/537.36 (KHTML, like Gecko) Chrome/120.0.0.0 Safari/537.36"
102.215.34.114 - - [17/Aug/2026:19:15:12 -0600] "POST /xmlrpc.php HTTP/1.1" 200 403 "-" "Jetpack by WordPress.com"
172.182.217.32 - - [17/Aug/2026:19:15:12 -0600] "GET /xmlrpc.php HTTP/1.1" 405 42 "-" "Mozilla/5.0 (Windows NT 10.0; Win64; x64) AppleWebKit/537.36 (KHTML, like Gecko) Chrome/120.0.0.0 Safari/537.36"
172.182.217.32 - - [17/Aug/2026:19:15:13 -0600] "GET /y.php HTTP/1.1" 404 100819 "-" "Mozilla/5.0 (Windows NT 10.0; Win64; x64) AppleWebKit/537.36 (KHTML, like Gecko) Chrome/120.0.0.0 Safari/537.36"
102.215.34.114 - - [17/Aug/2026:19:15:22 -0600] "POST /xmlrpc.php HTTP/1.1" 200 403 "-" "Jetpack by WordPress.com (Jetpack 12.5; WordPress 6.4)"
102.215.34.114 - - [17/Aug/2026:19:15:33 -0600] "POST /xmlrpc.php HTTP/1.1" 200 403 "-" "Jetpack by WordPress.com"
162.215.171.210 - - [17/Aug/2026:19:15:45 -0600] "POST /wp-cron.php?doing_wp_cron=1787015745.0669119358062744140625 HTTP/1.1" 200 - "-" "WordPress/7.0.4; https://swansondentalgroupreno.com"
102.215.34.114 - - [17/Aug/2026:19:15:44 -0600] "POST /xmlrpc.php HTTP/1.1" 200 403 "-" "Jetpack/12.1; WordPress/6.3; http://site64532190.com"
102.215.34.114 - - [17/Aug/2026:19:15:54 -0600] "POST /xmlrpc.php HTTP/1.1" 200 403 "-" "Jetpack by WordPress.com (Jetpack 12.5; WordPress 6.3)"
162.215.171.210 - - [17/Aug/2026:19:16:06 -0600] "POST /wp-cron.php?doing_wp_cron=1787015766.0785639286041259765625 HTTP/1.1" 200 - "-" "WordPress/7.0.4; https://swansondentalgroupreno.com"
102.215.34.114 - - [17/Aug/2026:19:16:05 -0600] "POST /xmlrpc.php HTTP/1.1" 200 403 "-" "Jetpack/12.0; WordPress/6.3; http://site55765920.com"
102.215.34.114 - - [17/Aug/2026:19:16:15 -0600] "POST /xmlrpc.php HTTP/1.1" 200 403 "-" "Jetpack/12.1; WordPress/6.3; http://site51904036.com"
102.215.34.114 - - [17/Aug/2026:19:16:35 -0600] "POST /xmlrpc.php HTTP/1.1" 200 403 "-" "Jetpack by WordPress.com"
102.215.34.114 - - [17/Aug/2026:19:16:47 -0600] "POST /xmlrpc.php HTTP/1.1" 200 403 "-" "Jetpack by WordPress.com"
162.215.171.210 - - [17/Aug/2026:19:16:49 -0600] "POST /wp-cron.php?doing_wp_cron=1787015809.5236389636993408203125 HTTP/1.1" 200 - "-" "WordPress/7.0.4; https://swansondentalgroupreno.com"
102.215.34.114 - - [17/Aug/2026:19:16:57 -0600] "POST /xmlrpc.php HTTP/1.1" 200 403 "-" "Jetpack/12.0; WordPress/6.1; http://site56812464.com"
162.215.171.210 - - [17/Aug/2026:19:16:59 -0600] "POST /wp-cron.php?doing_wp_cron=1787015819.1415638923645019531250 HTTP/1.1" 200 - "-" "WordPress/7.0.4; https://swansondentalgroupreno.com"
102.215.34.114 - - [17/Aug/2026:19:17:08 -0600] "POST /xmlrpc.php HTTP/1.1" 200 403 "-" "Jetpack by WordPress.com (Jetpack 12.1; WordPress 6.3)"
102.215.34.114 - - [17/Aug/2026:19:17:19 -0600] "POST /xmlrpc.php HTTP/1.1" 200 403 "-" "Jetpack by WordPress.com"
102.215.34.114 - - [17/Aug/2026:19:17:40 -0600] "POST /xmlrpc.php HTTP/1.1" 200 403 "-" "WordPress.com; https://wordpress.com"
65.108.2.171 - - [17/Aug/2026:19:17:52 -0600] "GET /robots.txt HTTP/1.1" 200 244 "-" "Mozilla/5.0 (compatible; MJ12bot/v1.4.8; http://mj12bot.com/)"
102.215.34.114 - - [17/Aug/2026:19:17:51 -0600] "POST /xmlrpc.php HTTP/1.1" 200 403 "-" "Jetpack by WordPress.com (Jetpack 13.0; WordPress 6.3)"
65.108.2.171 - - [17/Aug/2026:19:17:54 -0600] "GET /preventive-dental-care%EF%BF%BC/ HTTP/1.1" 301 - "-" "Mozilla/5.0 (compatible; MJ12bot/v1.4.8; http://mj12bot.com/)"
65.108.2.171 - - [17/Aug/2026:19:17:58 -0600] "GET /robots.txt HTTP/1.1" 200 244 "-" "Mozilla/5.0 (compatible; MJ12bot/v1.4.8; http://mj12bot.com/)"
162.215.171.210 - - [17/Aug/2026:19:17:56 -0600] "POST /wp-cron.php?doing_wp_cron=1787015876.3548069000244140625000 HTTP/1.1" 200 - "-" "WordPress/7.0.4; https://swansondentalgroupreno.com"
65.108.2.171 - - [17/Aug/2026:19:18:00 -0600] "GET /preventive-dental-care%EF%BF%BC/ HTTP/1.1" 404 100819 "-" "Mozilla/5.0 (compatible; MJ12bot/v1.4.8; http://mj12bot.com/)"
102.215.34.114 - - [17/Aug/2026:19:18:06 -0600] "POST /xmlrpc.php HTTP/1.1" 200 403 "-" "Jetpack by WordPress.com"
102.215.34.114 - - [17/Aug/2026:19:18:12 -0600] "POST /xmlrpc.php HTTP/1.1" 200 403 "-" "WordPress.com; https://wordpress.com"
102.215.34.114 - - [17/Aug/2026:19:18:22 -0600] "POST /xmlrpc.php HTTP/1.1" 200 403 "-" "Jetpack/13.0; WordPress/6.1; http://site32719439.com"
102.215.34.114 - - [17/Aug/2026:19:18:33 -0600] "POST /xmlrpc.php HTTP/1.1" 200 403 "-" "Jetpack by WordPress.com (Jetpack 12.5; WordPress 6.2)"
113.89.162.80 - - [17/Aug/2026:19:18:39 -0600] "GET /robots.txt HTTP/1.1" 200 244 "https://swansondentalgroupreno.com/robots.txt" "Mozilla/5.0 (Windows NT 10.0; Win64; x64) AppleWebKit/537.36 (KHTML, like Gecko) Chrome/142.0.5906.104 Safari/537.36 QIHU 360EE"
102.215.34.114 - - [17/Aug/2026:19:18:44 -0600] "POST /xmlrpc.php HTTP/1.1" 200 403 "-" "Jetpack by WordPress.com (Jetpack 12.1; WordPress 6.4)"
162.215.171.210 - - [17/Aug/2026:19:19:05 -0600] "POST /wp-cron.php?doing_wp_cron=1787015945.9519460201263427734375 HTTP/1.1" 200 - "-" "WordPress/7.0.4; https://swansondentalgroupreno.com"
102.215.34.114 - - [17/Aug/2026:19:19:04 -0600] "POST /xmlrpc.php HTTP/1.1" 200 403 "-" "Jetpack/12.1; WordPress/6.4; http://site48715158.com"
102.215.34.114 - - [17/Aug/2026:19:19:15 -0600] "POST /xmlrpc.php HTTP/1.1" 200 403 "-" "Jetpack by WordPress.com (Jetpack 12.0; WordPress 6.3)"
102.215.34.114 - - [17/Aug/2026:19:19:26 -0600] "POST /xmlrpc.php HTTP/1.1" 200 403 "-" "Jetpack by WordPress.com (Jetpack 12.0; WordPress 6.4)"
102.215.34.114 - - [17/Aug/2026:19:19:47 -0600] "POST /xmlrpc.php HTTP/1.1" 200 403 "-" "Jetpack by WordPress.com"
162.215.171.210 - - [17/Aug/2026:19:19:59 -0600] "POST /wp-cron.php?doing_wp_cron=1787015998.9985721111297607421875 HTTP/1.1" 200 - "-" "WordPress/7.0.4; https://swansondentalgroupreno.com"
102.215.34.114 - - [17/Aug/2026:19:19:58 -0600] "POST /xmlrpc.php HTTP/1.1" 200 403 "-" "Jetpack/12.1; WordPress/6.1; http://site90500709.com"
102.215.34.114 - - [17/Aug/2026:19:20:08 -0600] "POST /xmlrpc.php HTTP/1.1" 200 403 "-" "WordPress.com; https://wordpress.com"
102.215.34.114 - - [17/Aug/2026:19:20:18 -0600] "POST /xmlrpc.php HTTP/1.1" 200 403 "-" "WordPress.com; https://wordpress.com"
102.215.34.114 - - [17/Aug/2026:19:20:29 -0600] "POST /xmlrpc.php HTTP/1.1" 200 403 "-" "WordPress.com; https://wordpress.com"
102.215.34.114 - - [17/Aug/2026:19:20:40 -0600] "POST /xmlrpc.php HTTP/1.1" 200 403 "-" "Jetpack/12.5; WordPress/6.2; http://site27255671.com"
102.215.34.114 - - [17/Aug/2026:19:20:50 -0600] "POST /xmlrpc.php HTTP/1.1" 200 403 "-" "Jetpack by WordPress.com"
162.215.171.210 - - [17/Aug/2026:19:21:01 -0600] "POST /wp-cron.php?doing_wp_cron=1787016061.9613358974456787109375 HTTP/1.1" 200 - "-" "WordPress/7.0.4; https://swansondentalgroupreno.com"
102.215.34.114 - - [17/Aug/2026:19:21:01 -0600] "POST /xmlrpc.php HTTP/1.1" 200 403 "-" "Jetpack/12.5; WordPress/6.4; http://site68937943.com"
102.215.34.114 - - [17/Aug/2026:19:21:23 -0600] "POST /xmlrpc.php HTTP/1.1" 200 403 "-" "Jetpack by WordPress.com"
102.215.34.114 - - [17/Aug/2026:19:21:33 -0600] "POST /xmlrpc.php HTTP/1.1" 200 403 "-" "Jetpack/12.1; WordPress/6.4; http://site35599694.com"
102.215.34.114 - - [17/Aug/2026:19:21:43 -0600] "POST /xmlrpc.php HTTP/1.1" 200 403 "-" "Jetpack by WordPress.com (Jetpack 12.5; WordPress 6.1)"
162.215.171.210 - - [17/Aug/2026:19:21:44 -0600] "POST /wp-cron.php?doing_wp_cron=1787016104.6386010646820068359375 HTTP/1.1" 200 - "-" "WordPress/7.0.4; https://swansondentalgroupreno.com"
102.215.34.114 - - [17/Aug/2026:19:21:54 -0600] "POST /xmlrpc.php HTTP/1.1" 200 403 "-" "Jetpack by WordPress.com"
162.215.171.210 - - [17/Aug/2026:19:22:06 -0600] "POST /wp-cron.php?doing_wp_cron=1787016126.2301959991455078125000 HTTP/1.1" 200 - "-" "WordPress/7.0.4; https://swansondentalgroupreno.com"
102.215.34.114 - - [17/Aug/2026:19:22:05 -0600] "POST /xmlrpc.php HTTP/1.1" 200 403 "-" "Jetpack by WordPress.com (Jetpack 12.1; WordPress 6.3)"
102.215.34.114 - - [17/Aug/2026:19:22:15 -0600] "POST /xmlrpc.php HTTP/1.1" 200 403 "-" "Jetpack by WordPress.com"
102.215.34.114 - - [17/Aug/2026:19:22:26 -0600] "POST /xmlrpc.php HTTP/1.1" 200 403 "-" "WordPress.com; https://wordpress.com"
102.215.34.114 - - [17/Aug/2026:19:22:37 -0600] "POST /xmlrpc.php HTTP/1.1" 200 403 "-" "WordPress.com; https://wordpress.com"
102.215.34.114 - - [17/Aug/2026:19:22:47 -0600] "POST /xmlrpc.php HTTP/1.1" 200 403 "-" "WordPress.com; https://wordpress.com"
162.215.171.210 - - [17/Aug/2026:19:22:58 -0600] "POST /wp-cron.php?doing_wp_cron=1787016178.7494230270385742187500 HTTP/1.1" 200 - "-" "WordPress/7.0.4; https://swansondentalgroupreno.com"
102.215.34.114 - - [17/Aug/2026:19:22:57 -0600] "POST /xmlrpc.php HTTP/1.1" 200 403 "-" "Jetpack by WordPress.com (Jetpack 13.0; WordPress 6.4)"
102.215.34.114 - - [17/Aug/2026:19:23:08 -0600] "POST /xmlrpc.php HTTP/1.1" 200 403 "-" "WordPress.com; https://wordpress.com"
102.215.34.114 - - [17/Aug/2026:19:23:19 -0600] "POST /xmlrpc.php HTTP/1.1" 200 403 "-" "Jetpack by WordPress.com (Jetpack 12.1; WordPress 6.3)"
102.215.34.114 - - [17/Aug/2026:19:23:29 -0600] "POST /xmlrpc.php HTTP/1.1" 200 403 "-" "WordPress.com; https://wordpress.com"
35.84.130.69 - - [17/Aug/2026:19:23:32 -0600] "GET /?sucurianticache=279358748 HTTP/1.1" 200 122976 "-" "Sucuri Uptime Monitor"
52.38.216.204 - - [17/Aug/2026:19:23:34 -0600] "GET /?sucurianticache=340218898 HTTP/1.1" 200 122976 "-" "Sucuri Uptime Monitor"
102.215.34.114 - - [17/Aug/2026:19:23:40 -0600] "POST /xmlrpc.php HTTP/1.1" 200 403 "-" "Jetpack by WordPress.com (Jetpack 13.0; WordPress 6.2)"
102.215.34.114 - - [17/Aug/2026:19:23:51 -0600] "POST /xmlrpc.php HTTP/1.1" 200 403 "-" "WordPress.com; https://wordpress.com"
162.215.171.210 - - [17/Aug/2026:19:24:02 -0600] "POST /wp-cron.php?doing_wp_cron=1787016242.8700680732727050781250 HTTP/1.1" 200 - "-" "WordPress/7.0.4; https://swansondentalgroupreno.com"
102.215.34.114 - - [17/Aug/2026:19:24:02 -0600] "POST /xmlrpc.php HTTP/1.1" 200 403 "-" "Jetpack by WordPress.com"
102.215.34.114 - - [17/Aug/2026:19:24:12 -0600] "POST /xmlrpc.php HTTP/1.1" 200 403 "-" "WordPress.com; https://wordpress.com"
102.215.34.114 - - [17/Aug/2026:19:24:23 -0600] "POST /xmlrpc.php HTTP/1.1" 200 403 "-" "WordPress.com; https://wordpress.com"
103.132.52.250 - - [17/Aug/2026:19:24:24 -0600] "POST /xmlrpc.php HTTP/1.1" 200 403 "-" "Jetpack/12.0; WordPress/6.3; http://site93526279.com"
102.215.34.114 - - [17/Aug/2026:19:24:33 -0600] "POST /xmlrpc.php HTTP/1.1" 200 403 "-" "Jetpack by WordPress.com (Jetpack 12.5; WordPress 6.2)"
103.132.52.250 - - [17/Aug/2026:19:24:35 -0600] "POST /xmlrpc.php HTTP/1.1" 200 403 "-" "Jetpack/12.1; WordPress/6.4; http://site53303232.com"
162.215.171.210 - - [17/Aug/2026:19:24:35 -0600] "POST /wp-cron.php?doing_wp_cron=1787016275.9198670387268066406250 HTTP/1.1" 200 - "-" "WordPress/7.0.4; https://swansondentalgroupreno.com"
102.215.34.114 - - [17/Aug/2026:19:24:44 -0600] "POST /xmlrpc.php HTTP/1.1" 200 403 "-" "Jetpack/12.1; WordPress/6.3; http://site10223819.com"
103.132.52.250 - - [17/Aug/2026:19:24:45 -0600] "POST /xmlrpc.php HTTP/1.1" 200 403 "-" "WordPress.com; https://wordpress.com"
162.215.171.210 - - [17/Aug/2026:19:24:56 -0600] "POST /wp-cron.php?doing_wp_cron=1787016296.0602068901062011718750 HTTP/1.1" 200 - "-" "WordPress/7.0.4; https://swansondentalgroupreno.com"
102.215.34.114 - - [17/Aug/2026:19:24:55 -0600] "POST /xmlrpc.php HTTP/1.1" 200 403 "-" "Jetpack/12.0; WordPress/6.1; http://site53705794.com"
103.132.52.250 - - [17/Aug/2026:19:24:56 -0600] "POST /xmlrpc.php HTTP/1.1" 200 403 "-" "WordPress.com; https://wordpress.com"
102.215.34.114 - - [17/Aug/2026:19:25:05 -0600] "POST /xmlrpc.php HTTP/1.1" 200 403 "-" "Jetpack by WordPress.com"
103.132.52.250 - - [17/Aug/2026:19:25:06 -0600] "POST /xmlrpc.php HTTP/1.1" 200 403 "-" "Jetpack by WordPress.com"
102.215.34.114 - - [17/Aug/2026:19:25:16 -0600] "POST /xmlrpc.php HTTP/1.1" 200 403 "-" "Jetpack by WordPress.com"
103.132.52.250 - - [17/Aug/2026:19:25:17 -0600] "POST /xmlrpc.php HTTP/1.1" 200 403 "-" "Jetpack by WordPress.com"
102.215.34.114 - - [17/Aug/2026:19:25:26 -0600] "POST /xmlrpc.php HTTP/1.1" 200 403 "-" "Jetpack by WordPress.com (Jetpack 12.1; WordPress 6.1)"
103.132.52.250 - - [17/Aug/2026:19:25:27 -0600] "POST /xmlrpc.php HTTP/1.1" 200 403 "-" "Jetpack by WordPress.com (Jetpack 13.0; WordPress 6.4)"
102.215.34.114 - - [17/Aug/2026:19:25:37 -0600] "POST /xmlrpc.php HTTP/1.1" 200 403 "-" "Jetpack by WordPress.com"
103.132.52.250 - - [17/Aug/2026:19:25:38 -0600] "POST /xmlrpc.php HTTP/1.1" 200 403 "-" "WordPress.com; https://wordpress.com"
102.215.34.114 - - [17/Aug/2026:19:25:47 -0600] "POST /xmlrpc.php HTTP/1.1" 200 403 "-" "WordPress.com; https://wordpress.com"
