40.77.167.149 - - [17/Aug/2026:13:49:55 -0600] "GET /ycd0jj2m HTTP/1.1" 404 100819 "-" "Mozilla/5.0 AppleWebKit/537.36 (KHTML, like Gecko; compatible; bingbot/2.0; +http://www.bing.com/bingbot.htm) Chrome/116.0.1938.76 Safari/537.36"
198.52.179.196 - - [17/Aug/2026:13:49:57 -0600] "POST /xmlrpc.php HTTP/1.1" 200 403 "-" "Jetpack by WordPress.com (Jetpack 13.0; WordPress 6.1)"
198.52.179.196 - - [17/Aug/2026:13:50:07 -0600] "POST /xmlrpc.php HTTP/1.1" 200 403 "-" "Jetpack/12.5; WordPress/6.3; http://site72898260.com"
198.52.179.196 - - [17/Aug/2026:13:50:19 -0600] "POST /xmlrpc.php HTTP/1.1" 200 403 "-" "Jetpack/12.0; WordPress/6.1; http://site72963935.com"
198.52.179.196 - - [17/Aug/2026:13:50:30 -0600] "POST /xmlrpc.php HTTP/1.1" 200 403 "-" "WordPress.com; https://wordpress.com"
198.52.179.196 - - [17/Aug/2026:13:50:40 -0600] "POST /xmlrpc.php HTTP/1.1" 200 403 "-" "Jetpack by WordPress.com"
198.52.179.196 - - [17/Aug/2026:13:50:51 -0600] "POST /xmlrpc.php HTTP/1.1" 200 403 "-" "Jetpack/12.0; WordPress/6.4; http://site78302426.com"
162.215.171.210 - - [17/Aug/2026:13:51:03 -0600] "POST /wp-cron.php?doing_wp_cron=1786996263.8799440860748291015625 HTTP/1.1" 200 - "-" "WordPress/7.0.4; https://swansondentalgroupreno.com"
198.52.179.196 - - [17/Aug/2026:13:51:03 -0600] "POST /xmlrpc.php HTTP/1.1" 200 403 "-" "Jetpack by WordPress.com"
198.52.179.196 - - [17/Aug/2026:13:51:13 -0600] "POST /xmlrpc.php HTTP/1.1" 200 403 "-" "Jetpack by WordPress.com (Jetpack 12.0; WordPress 6.4)"
198.52.179.196 - - [17/Aug/2026:13:51:24 -0600] "POST /xmlrpc.php HTTP/1.1" 200 403 "-" "Jetpack by WordPress.com (Jetpack 12.5; WordPress 6.1)"
198.52.179.196 - - [17/Aug/2026:13:51:35 -0600] "POST /xmlrpc.php HTTP/1.1" 200 403 "-" "WordPress.com; https://wordpress.com"
198.52.179.196 - - [17/Aug/2026:13:51:45 -0600] "POST /xmlrpc.php HTTP/1.1" 200 403 "-" "Jetpack by WordPress.com"
162.215.171.210 - - [17/Aug/2026:13:51:46 -0600] "POST /wp-cron.php?doing_wp_cron=1786996306.8895111083984375000000 HTTP/1.1" 200 - "-" "WordPress/7.0.4; https://swansondentalgroupreno.com"
162.215.171.210 - - [17/Aug/2026:13:51:58 -0600] "POST /wp-cron.php?doing_wp_cron=1786996318.3865370750427246093750 HTTP/1.1" 200 - "-" "WordPress/7.0.4; https://swansondentalgroupreno.com"
198.52.179.196 - - [17/Aug/2026:13:51:57 -0600] "POST /xmlrpc.php HTTP/1.1" 200 403 "-" "Jetpack by WordPress.com"
198.52.179.196 - - [17/Aug/2026:13:52:07 -0600] "POST /xmlrpc.php HTTP/1.1" 200 403 "-" "WordPress.com; https://wordpress.com"
198.52.179.196 - - [17/Aug/2026:13:52:18 -0600] "POST /xmlrpc.php HTTP/1.1" 200 403 "-" "WordPress.com; https://wordpress.com"
198.52.179.196 - - [17/Aug/2026:13:52:29 -0600] "POST /xmlrpc.php HTTP/1.1" 200 403 "-" "WordPress.com; https://wordpress.com"
198.52.179.196 - - [17/Aug/2026:13:52:40 -0600] "POST /xmlrpc.php HTTP/1.1" 200 403 "-" "Jetpack by WordPress.com"
198.52.179.196 - - [17/Aug/2026:13:52:51 -0600] "POST /xmlrpc.php HTTP/1.1" 200 403 "-" "WordPress.com; https://wordpress.com"
162.215.171.210 - - [17/Aug/2026:13:53:03 -0600] "POST /wp-cron.php?doing_wp_cron=1786996383.6493289470672607421875 HTTP/1.1" 200 - "-" "WordPress/7.0.4; https://swansondentalgroupreno.com"
198.52.179.196 - - [17/Aug/2026:13:53:02 -0600] "POST /xmlrpc.php HTTP/1.1" 200 403 "-" "Jetpack/13.0; WordPress/6.3; http://site22883094.com"
198.52.179.196 - - [17/Aug/2026:13:53:13 -0600] "POST /xmlrpc.php HTTP/1.1" 200 403 "-" "Jetpack/12.5; WordPress/6.4; http://site37876289.com"
198.52.179.196 - - [17/Aug/2026:13:53:23 -0600] "POST /xmlrpc.php HTTP/1.1" 200 403 "-" "WordPress.com; https://wordpress.com"
43.166.244.66 - - [17/Aug/2026:13:53:29 -0600] "GET /contact/ HTTP/1.1" 200 117914 "-" "Mozilla/5.0 (iPhone; CPU iPhone OS 13_2_3 like Mac OS X) AppleWebKit/605.1.15 (KHTML, like Gecko) Version/13.0.3 Mobile/15E148 Safari/604.1"
198.52.179.196 - - [17/Aug/2026:13:53:34 -0600] "POST /xmlrpc.php HTTP/1.1" 200 403 "-" "WordPress.com; https://wordpress.com"
198.52.179.196 - - [17/Aug/2026:13:53:45 -0600] "POST /xmlrpc.php HTTP/1.1" 200 403 "-" "Jetpack/12.1; WordPress/6.2; http://site20069162.com"
162.215.171.210 - - [17/Aug/2026:13:53:57 -0600] "POST /wp-cron.php?doing_wp_cron=1786996437.5461800098419189453125 HTTP/1.1" 200 - "-" "WordPress/7.0.4; https://swansondentalgroupreno.com"
198.52.179.196 - - [17/Aug/2026:13:53:56 -0600] "POST /xmlrpc.php HTTP/1.1" 200 403 "-" "Jetpack by WordPress.com"
198.52.179.196 - - [17/Aug/2026:13:54:07 -0600] "POST /xmlrpc.php HTTP/1.1" 200 403 "-" "Jetpack by WordPress.com (Jetpack 13.0; WordPress 6.2)"
198.52.179.196 - - [17/Aug/2026:13:54:18 -0600] "POST /xmlrpc.php HTTP/1.1" 200 403 "-" "WordPress.com; https://wordpress.com"
198.52.179.196 - - [17/Aug/2026:13:54:29 -0600] "POST /xmlrpc.php HTTP/1.1" 200 403 "-" "Jetpack/12.0; WordPress/6.1; http://site14317389.com"
198.52.179.196 - - [17/Aug/2026:13:54:40 -0600] "POST /xmlrpc.php HTTP/1.1" 200 403 "-" "Jetpack/12.1; WordPress/6.1; http://site31982838.com"
198.52.179.196 - - [17/Aug/2026:13:54:51 -0600] "POST /xmlrpc.php HTTP/1.1" 200 403 "-" "Jetpack by WordPress.com"
162.215.171.210 - - [17/Aug/2026:13:55:02 -0600] "POST /wp-cron.php?doing_wp_cron=1786996502.8467929363250732421875 HTTP/1.1" 200 - "-" "WordPress/7.0.4; https://swansondentalgroupreno.com"
198.52.179.196 - - [17/Aug/2026:13:55:01 -0600] "POST /xmlrpc.php HTTP/1.1" 200 403 "-" "Jetpack by WordPress.com (Jetpack 13.0; WordPress 6.3)"
198.52.179.196 - - [17/Aug/2026:13:55:13 -0600] "POST /xmlrpc.php HTTP/1.1" 200 403 "-" "Jetpack by WordPress.com"
198.52.179.196 - - [17/Aug/2026:13:55:23 -0600] "POST /xmlrpc.php HTTP/1.1" 200 403 "-" "Jetpack/12.5; WordPress/6.4; http://site43806949.com"
161.35.42.198 - - [17/Aug/2026:13:55:29 -0600] "POST /wp-login.php HTTP/1.1" 200 7497 "-" "Mozilla/5.0"
161.35.42.198 - - [17/Aug/2026:13:55:29 -0600] "POST /wp-login.php HTTP/1.1" 200 7558 "-" "Mozilla/5.0"
161.35.42.198 - - [17/Aug/2026:13:55:29 -0600] "POST /wp-login.php HTTP/1.1" 200 7554 "-" "Mozilla/5.0"
161.35.42.198 - - [17/Aug/2026:13:55:30 -0600] "POST /wp-login.php HTTP/1.1" 200 7554 "-" "Mozilla/5.0"
161.35.42.198 - - [17/Aug/2026:13:55:30 -0600] "POST /wp-login.php HTTP/1.1" 200 7554 "-" "Mozilla/5.0"
161.35.42.198 - - [17/Aug/2026:13:55:30 -0600] "POST /wp-login.php HTTP/1.1" 200 7554 "-" "Mozilla/5.0"
161.35.42.198 - - [17/Aug/2026:13:55:30 -0600] "POST /wp-login.php HTTP/1.1" 200 7554 "-" "Mozilla/5.0"
161.35.42.198 - - [17/Aug/2026:13:55:30 -0600] "POST /wp-login.php HTTP/1.1" 200 7560 "-" "Mozilla/5.0"
161.35.42.198 - - [17/Aug/2026:13:55:30 -0600] "POST /wp-login.php HTTP/1.1" 200 7554 "-" "Mozilla/5.0"
198.52.179.196 - - [17/Aug/2026:13:55:34 -0600] "POST /xmlrpc.php HTTP/1.1" 200 403 "-" "Jetpack by WordPress.com"
198.52.179.196 - - [17/Aug/2026:13:55:45 -0600] "POST /xmlrpc.php HTTP/1.1" 200 403 "-" "Jetpack/12.5; WordPress/6.3; http://site59778599.com"
162.215.171.210 - - [17/Aug/2026:13:55:57 -0600] "POST /wp-cron.php?doing_wp_cron=1786996557.3854351043701171875000 HTTP/1.1" 200 - "-" "WordPress/7.0.4; https://swansondentalgroupreno.com"
198.52.179.196 - - [17/Aug/2026:13:55:56 -0600] "POST /xmlrpc.php HTTP/1.1" 200 403 "-" "Jetpack by WordPress.com (Jetpack 12.5; WordPress 6.2)"
198.52.179.196 - - [17/Aug/2026:13:56:07 -0600] "POST /xmlrpc.php HTTP/1.1" 200 403 "-" "Jetpack/12.0; WordPress/6.2; http://site60266492.com"
198.52.179.196 - - [17/Aug/2026:13:56:18 -0600] "POST /xmlrpc.php HTTP/1.1" 200 403 "-" "Jetpack/13.0; WordPress/6.2; http://site73585815.com"
143.198.53.13 - - [17/Aug/2026:13:56:28 -0600] "POST /wp-login.php HTTP/1.1" 200 7560 "-" "Mozilla/5.0"
143.198.53.13 - - [17/Aug/2026:13:56:28 -0600] "POST /wp-login.php HTTP/1.1" 200 7558 "-" "Mozilla/5.0"
143.198.53.13 - - [17/Aug/2026:13:56:28 -0600] "POST /wp-login.php HTTP/1.1" 200 7497 "-" "Mozilla/5.0"
143.198.53.13 - - [17/Aug/2026:13:56:28 -0600] "POST /wp-login.php HTTP/1.1" 200 7554 "-" "Mozilla/5.0"
143.198.53.13 - - [17/Aug/2026:13:56:28 -0600] "POST /wp-login.php HTTP/1.1" 200 7554 "-" "Mozilla/5.0"
143.198.53.13 - - [17/Aug/2026:13:56:28 -0600] "POST /wp-login.php HTTP/1.1" 200 7554 "-" "Mozilla/5.0"
143.198.53.13 - - [17/Aug/2026:13:56:28 -0600] "POST /wp-login.php HTTP/1.1" 200 7554 "-" "Mozilla/5.0"
143.198.53.13 - - [17/Aug/2026:13:56:28 -0600] "POST /wp-login.php HTTP/1.1" 200 7554 "-" "Mozilla/5.0"
143.198.53.13 - - [17/Aug/2026:13:56:28 -0600] "POST /wp-login.php HTTP/1.1" 200 7554 "-" "Mozilla/5.0"
198.52.179.196 - - [17/Aug/2026:13:56:29 -0600] "POST /xmlrpc.php HTTP/1.1" 200 403 "-" "Jetpack by WordPress.com (Jetpack 13.0; WordPress 6.2)"
198.52.179.196 - - [17/Aug/2026:13:56:40 -0600] "POST /xmlrpc.php HTTP/1.1" 200 403 "-" "Jetpack by WordPress.com"
198.52.179.196 - - [17/Aug/2026:13:56:51 -0600] "POST /xmlrpc.php HTTP/1.1" 200 403 "-" "Jetpack by WordPress.com (Jetpack 13.0; WordPress 6.3)"
162.215.171.210 - - [17/Aug/2026:13:56:51 -0600] "POST /wp-cron.php?doing_wp_cron=1786996611.9522531032562255859375 HTTP/1.1" 200 - "-" "WordPress/7.0.4; https://swansondentalgroupreno.com"
162.215.171.210 - - [17/Aug/2026:13:57:02 -0600] "POST /wp-cron.php?doing_wp_cron=1786996622.6487679481506347656250 HTTP/1.1" 200 - "-" "WordPress/7.0.4; https://swansondentalgroupreno.com"
198.52.179.196 - - [17/Aug/2026:13:57:01 -0600] "POST /xmlrpc.php HTTP/1.1" 200 403 "-" "Jetpack by WordPress.com"
198.52.179.196 - - [17/Aug/2026:13:57:14 -0600] "POST /xmlrpc.php HTTP/1.1" 200 403 "-" "Jetpack/13.0; WordPress/6.2; http://site31351948.com"
198.52.179.196 - - [17/Aug/2026:13:57:25 -0600] "POST /xmlrpc.php HTTP/1.1" 200 403 "-" "Jetpack by WordPress.com (Jetpack 12.1; WordPress 6.1)"
198.52.179.196 - - [17/Aug/2026:13:57:34 -0600] "POST /xmlrpc.php HTTP/1.1" 200 403 "-" "WordPress.com; https://wordpress.com"
198.52.179.196 - - [17/Aug/2026:13:57:45 -0600] "POST /xmlrpc.php HTTP/1.1" 200 403 "-" "WordPress.com; https://wordpress.com"
162.215.171.210 - - [17/Aug/2026:13:57:57 -0600] "POST /wp-cron.php?doing_wp_cron=1786996677.4775049686431884765625 HTTP/1.1" 200 - "-" "WordPress/7.0.4; https://swansondentalgroupreno.com"
198.52.179.196 - - [17/Aug/2026:13:57:56 -0600] "POST /xmlrpc.php HTTP/1.1" 200 403 "-" "Jetpack by WordPress.com"
4.223.113.180 - - [17/Aug/2026:13:58:00 -0600] "GET /fxcexgle.php HTTP/1.1" 404 100819 "-" "Mozilla/5.0 (Windows NT 10.0; Win64; x64) AppleWebKit/537.36 (KHTML, like Gecko) Chrome/120.0.0.0 Safari/537.36"
4.223.113.180 - - [17/Aug/2026:13:58:01 -0600] "GET /locale.php HTTP/1.1" 404 100819 "-" "Mozilla/5.0 (Windows NT 10.0; Win64; x64) AppleWebKit/537.36 (KHTML, like Gecko) Chrome/120.0.0.0 Safari/537.36"
4.223.113.180 - - [17/Aug/2026:13:58:03 -0600] "GET /cache-base.php HTTP/1.1" 404 100819 "-" "Mozilla/5.0 (Windows NT 10.0; Win64; x64) AppleWebKit/537.36 (KHTML, like Gecko) Chrome/120.0.0.0 Safari/537.36"
4.223.113.180 - - [17/Aug/2026:13:58:04 -0600] "GET /lite.php HTTP/1.1" 404 100819 "-" "Mozilla/5.0 (Windows NT 10.0; Win64; x64) AppleWebKit/537.36 (KHTML, like Gecko) Chrome/120.0.0.0 Safari/537.36"
4.223.113.180 - - [17/Aug/2026:13:58:05 -0600] "GET /wp-good.php HTTP/1.1" 404 100819 "-" "Mozilla/5.0 (Windows NT 10.0; Win64; x64) AppleWebKit/537.36 (KHTML, like Gecko) Chrome/120.0.0.0 Safari/537.36"
198.52.179.196 - - [17/Aug/2026:13:58:07 -0600] "POST /xmlrpc.php HTTP/1.1" 200 403 "-" "Jetpack by WordPress.com (Jetpack 12.0; WordPress 6.2)"
4.223.113.180 - - [17/Aug/2026:13:58:07 -0600] "GET /goods.php HTTP/1.1" 404 100819 "-" "Mozilla/5.0 (Windows NT 10.0; Win64; x64) AppleWebKit/537.36 (KHTML, like Gecko) Chrome/120.0.0.0 Safari/537.36"
4.223.113.180 - - [17/Aug/2026:13:58:08 -0600] "GET /wp-includes/ID3/index.php HTTP/1.1" 301 - "-" "Mozilla/5.0 (Windows NT 10.0; Win64; x64) AppleWebKit/537.36 (KHTML, like Gecko) Chrome/120.0.0.0 Safari/537.36"
4.223.113.180 - - [17/Aug/2026:13:58:09 -0600] "GET /cv.php HTTP/1.1" 404 100819 "-" "Mozilla/5.0 (Windows NT 10.0; Win64; x64) AppleWebKit/537.36 (KHTML, like Gecko) Chrome/120.0.0.0 Safari/537.36"
4.223.113.180 - - [17/Aug/2026:13:58:11 -0600] "GET /core.php HTTP/1.1" 404 100819 "-" "Mozilla/5.0 (Windows NT 10.0; Win64; x64) AppleWebKit/537.36 (KHTML, like Gecko) Chrome/120.0.0.0 Safari/537.36"
4.223.113.180 - - [17/Aug/2026:13:58:12 -0600] "GET /ahax.php HTTP/1.1" 404 100819 "-" "Mozilla/5.0 (Windows NT 10.0; Win64; x64) AppleWebKit/537.36 (KHTML, like Gecko) Chrome/120.0.0.0 Safari/537.36"
35.162.140.124 - - [17/Aug/2026:13:58:13 -0600] "GET /?rnd=1786996692210 HTTP/1.1" 200 122968 "http://www.swansondentalgroupreno.com/?rnd=1786996692210" "Sucuri-UptimeMonitoring"
4.223.113.180 - - [17/Aug/2026:13:58:13 -0600] "GET /wp-admin/css/colors/midnight/ HTTP/1.1" 404 100819 "-" "Mozilla/5.0 (Windows NT 10.0; Win64; x64) AppleWebKit/537.36 (KHTML, like Gecko) Chrome/120.0.0.0 Safari/537.36"
4.223.113.180 - - [17/Aug/2026:13:58:15 -0600] "GET /contact_tpl.php HTTP/1.1" 404 100819 "-" "Mozilla/5.0 (Windows NT 10.0; Win64; x64) AppleWebKit/537.36 (KHTML, like Gecko) Chrome/120.0.0.0 Safari/537.36"
4.223.113.180 - - [17/Aug/2026:13:58:16 -0600] "GET /alfa-rex.php HTTP/1.1" 404 100819 "-" "Mozilla/5.0 (Windows NT 10.0; Win64; x64) AppleWebKit/537.36 (KHTML, like Gecko) Chrome/120.0.0.0 Safari/537.36"
198.52.179.196 - - [17/Aug/2026:13:58:18 -0600] "POST /xmlrpc.php HTTP/1.1" 200 403 "-" "Jetpack by WordPress.com"
4.223.113.180 - - [17/Aug/2026:13:58:18 -0600] "GET /wp-login.php HTTP/1.1" 200 7125 "-" "Mozilla/5.0 (Windows NT 10.0; Win64; x64) AppleWebKit/537.36 (KHTML, like Gecko) Chrome/120.0.0.0 Safari/537.36"
4.223.113.180 - - [17/Aug/2026:13:58:19 -0600] "GET /Auth.php HTTP/1.1" 404 100819 "-" "Mozilla/5.0 (Windows NT 10.0; Win64; x64) AppleWebKit/537.36 (KHTML, like Gecko) Chrome/120.0.0.0 Safari/537.36"
4.223.113.180 - - [17/Aug/2026:13:58:20 -0600] "GET /axx.php HTTP/1.1" 404 100819 "-" "Mozilla/5.0 (Windows NT 10.0; Win64; x64) AppleWebKit/537.36 (KHTML, like Gecko) Chrome/120.0.0.0 Safari/537.36"
4.223.113.180 - - [17/Aug/2026:13:58:22 -0600] "GET /disagraeed.php HTTP/1.1" 404 100819 "-" "Mozilla/5.0 (Windows NT 10.0; Win64; x64) AppleWebKit/537.36 (KHTML, like Gecko) Chrome/120.0.0.0 Safari/537.36"
185.198.240.214 - - [17/Aug/2026:13:58:23 -0600] "POST /wp-login.php HTTP/1.1" 200 7558 "-" "Mozilla/5.0 (Macintosh; Intel Mac OS X 10_15_7) AppleWebKit/605.1.15 Version/17.0 Safari/605.1.15"
185.198.240.206 - - [17/Aug/2026:13:58:23 -0600] "POST /wp-login.php HTTP/1.1" 200 7501 "-" "Mozilla/5.0 (Windows NT 10.0; Win64; rv:143.0) Gecko/20100101 Firefox/143.0"
45.131.195.228 - - [17/Aug/2026:13:58:23 -0600] "POST /wp-login.php HTTP/1.1" 200 7497 "-" "Mozilla/5.0 (Windows NT 10.0; Win64; rv:143.0) Gecko/20100101 Firefox/143.0"
185.198.240.225 - - [17/Aug/2026:13:58:23 -0600] "POST /wp-login.php HTTP/1.1" 200 7554 "-" "Mozilla/5.0 (Windows NT 10.0; Win64; x64) AppleWebKit/537.36 Chrome/129.0.0.0 Safari/537.36"
4.223.113.180 - - [17/Aug/2026:13:58:23 -0600] "GET /e69ovfsr.php HTTP/1.1" 404 100819 "-" "Mozilla/5.0 (Windows NT 10.0; Win64; x64) AppleWebKit/537.36 (KHTML, like Gecko) Chrome/120.0.0.0 Safari/537.36"
185.198.240.188 - - [17/Aug/2026:13:58:23 -0600] "POST /wp-login.php HTTP/1.1" 200 7554 "-" "Mozilla/5.0 (Windows NT 10.0; Win64; rv:143.0) Gecko/20100101 Firefox/143.0"
4.223.113.180 - - [17/Aug/2026:13:58:24 -0600] "GET /alfa-rex1.php HTTP/1.1" 404 100819 "-" "Mozilla/5.0 (Windows NT 10.0; Win64; x64) AppleWebKit/537.36 (KHTML, like Gecko) Chrome/120.0.0.0 Safari/537.36"
4.223.113.180 - - [17/Aug/2026:13:58:26 -0600] "GET /cd.php HTTP/1.1" 404 100819 "-" "Mozilla/5.0 (Windows NT 10.0; Win64; x64) AppleWebKit/537.36 (KHTML, like Gecko) Chrome/120.0.0.0 Safari/537.36"
44.235.221.120 - - [17/Aug/2026:13:58:27 -0600] "GET /?sucurianticache=1773707916 HTTP/1.1" 200 122977 "-" "Sucuri Uptime Monitor"
4.223.113.180 - - [17/Aug/2026:13:58:27 -0600] "GET /dropdown.php HTTP/1.1" 404 100819 "-" "Mozilla/5.0 (Windows NT 10.0; Win64; x64) AppleWebKit/537.36 (KHTML, like Gecko) Chrome/120.0.0.0 Safari/537.36"
198.52.179.196 - - [17/Aug/2026:13:58:28 -0600] "POST /xmlrpc.php HTTP/1.1" 200 403 "-" "Jetpack by WordPress.com"
4.223.113.180 - - [17/Aug/2026:13:58:28 -0600] "GET /22.php HTTP/1.1" 404 100819 "-" "Mozilla/5.0 (Windows NT 10.0; Win64; x64) AppleWebKit/537.36 (KHTML, like Gecko) Chrome/120.0.0.0 Safari/537.36"
40.77.167.70 - - [17/Aug/2026:13:58:29 -0600] "GET /sn8ofu37ivc HTTP/1.1" 404 100819 "-" "Mozilla/5.0 AppleWebKit/537.36 (KHTML, like Gecko; compatible; bingbot/2.0; +http://www.bing.com/bingbot.htm) Chrome/116.0.1938.76 Safari/537.36"
4.223.113.180 - - [17/Aug/2026:13:58:30 -0600] "GET /hkvkjguw.php HTTP/1.1" 404 100819 "-" "Mozilla/5.0 (Windows NT 10.0; Win64; x64) AppleWebKit/537.36 (KHTML, like Gecko) Chrome/120.0.0.0 Safari/537.36"
44.235.221.120 - - [17/Aug/2026:13:58:30 -0600] "GET /?sucurianticache=911515959 HTTP/1.1" 200 122976 "-" "Sucuri Uptime Monitor"
4.223.113.180 - - [17/Aug/2026:13:58:31 -0600] "GET /cadastro-2.php HTTP/1.1" 404 100819 "-" "Mozilla/5.0 (Windows NT 10.0; Win64; x64) AppleWebKit/537.36 (KHTML, like Gecko) Chrome/120.0.0.0 Safari/537.36"
4.223.113.180 - - [17/Aug/2026:13:58:32 -0600] "GET /backup.php HTTP/1.1" 404 100819 "-" "Mozilla/5.0 (Windows NT 10.0; Win64; x64) AppleWebKit/537.36 (KHTML, like Gecko) Chrome/120.0.0.0 Safari/537.36"
4.223.113.180 - - [17/Aug/2026:13:58:34 -0600] "GET /wp-content/themes/about.php HTTP/1.1" 404 100819 "-" "Mozilla/5.0 (Windows NT 10.0; Win64; x64) AppleWebKit/537.36 (KHTML, like Gecko) Chrome/120.0.0.0 Safari/537.36"
4.223.113.180 - - [17/Aug/2026:13:58:35 -0600] "GET /item.php HTTP/1.1" 404 100819 "-" "Mozilla/5.0 (Windows NT 10.0; Win64; x64) AppleWebKit/537.36 (KHTML, like Gecko) Chrome/120.0.0.0 Safari/537.36"
4.223.113.180 - - [17/Aug/2026:13:58:37 -0600] "GET /wp-includes/fonts/ HTTP/1.1" 404 100819 "-" "Mozilla/5.0 (Windows NT 10.0; Win64; x64) AppleWebKit/537.36 (KHTML, like Gecko) Chrome/120.0.0.0 Safari/537.36"
4.223.113.180 - - [17/Aug/2026:13:58:38 -0600] "GET /assets/images/doc.php HTTP/1.1" 404 100819 "-" "Mozilla/5.0 (Windows NT 10.0; Win64; x64) AppleWebKit/537.36 (KHTML, like Gecko) Chrome/120.0.0.0 Safari/537.36"
4.223.113.180 - - [17/Aug/2026:13:58:39 -0600] "GET /wp-load.php HTTP/1.1" 200 - "-" "Mozilla/5.0 (Windows NT 10.0; Win64; x64) AppleWebKit/537.36 (KHTML, like Gecko) Chrome/120.0.0.0 Safari/537.36"
198.52.179.196 - - [17/Aug/2026:13:58:39 -0600] "POST /xmlrpc.php HTTP/1.1" 200 403 "-" "Jetpack by WordPress.com (Jetpack 12.1; WordPress 6.3)"
4.223.113.180 - - [17/Aug/2026:13:58:40 -0600] "GET /r.php HTTP/1.1" 404 100819 "-" "Mozilla/5.0 (Windows NT 10.0; Win64; x64) AppleWebKit/537.36 (KHTML, like Gecko) Chrome/120.0.0.0 Safari/537.36"
4.223.113.180 - - [17/Aug/2026:13:58:41 -0600] "GET /vendor/ HTTP/1.1" 404 100819 "-" "Mozilla/5.0 (Windows NT 10.0; Win64; x64) AppleWebKit/537.36 (KHTML, like Gecko) Chrome/120.0.0.0 Safari/537.36"
4.223.113.180 - - [17/Aug/2026:13:58:43 -0600] "GET /root.php HTTP/1.1" 404 100819 "-" "Mozilla/5.0 (Windows NT 10.0; Win64; x64) AppleWebKit/537.36 (KHTML, like Gecko) Chrome/120.0.0.0 Safari/537.36"
4.223.113.180 - - [17/Aug/2026:13:58:44 -0600] "GET /a1.php HTTP/1.1" 404 100819 "-" "Mozilla/5.0 (Windows NT 10.0; Win64; x64) AppleWebKit/537.36 (KHTML, like Gecko) Chrome/120.0.0.0 Safari/537.36"
4.223.113.180 - - [17/Aug/2026:13:58:45 -0600] "GET /install.php HTTP/1.1" 404 100819 "-" "Mozilla/5.0 (Windows NT 10.0; Win64; x64) AppleWebKit/537.36 (KHTML, like Gecko) Chrome/120.0.0.0 Safari/537.36"
4.223.113.180 - - [17/Aug/2026:13:58:47 -0600] "GET /wp-includes/Text/Diff/ HTTP/1.1" 404 100819 "-" "Mozilla/5.0 (Windows NT 10.0; Win64; x64) AppleWebKit/537.36 (KHTML, like Gecko) Chrome/120.0.0.0 Safari/537.36"
4.223.113.180 - - [17/Aug/2026:13:58:48 -0600] "GET /file2.php HTTP/1.1" 404 100819 "-" "Mozilla/5.0 (Windows NT 10.0; Win64; x64) AppleWebKit/537.36 (KHTML, like Gecko) Chrome/120.0.0.0 Safari/537.36"
4.223.113.180 - - [17/Aug/2026:13:58:49 -0600] "GET //classwithtostring.php HTTP/1.1" 301 - "-" "Mozilla/5.0 (Windows NT 10.0; Win64; x64) AppleWebKit/537.36 (KHTML, like Gecko) Chrome/120.0.0.0 Safari/537.36"
198.52.179.196 - - [17/Aug/2026:13:58:50 -0600] "POST /xmlrpc.php HTTP/1.1" 200 403 "-" "Jetpack/13.0; WordPress/6.3; http://site24775373.com"
4.223.113.180 - - [17/Aug/2026:13:58:50 -0600] "GET /wp-includes/admin.php HTTP/1.1" 404 100819 "-" "Mozilla/5.0 (Windows NT 10.0; Win64; x64) AppleWebKit/537.36 (KHTML, like Gecko) Chrome/120.0.0.0 Safari/537.36"
4.223.113.180 - - [17/Aug/2026:13:58:52 -0600] "GET /123.php HTTP/1.1" 404 100819 "-" "Mozilla/5.0 (Windows NT 10.0; Win64; x64) AppleWebKit/537.36 (KHTML, like Gecko) Chrome/120.0.0.0 Safari/537.36"
4.223.113.180 - - [17/Aug/2026:13:58:53 -0600] "GET /cc.php HTTP/1.1" 404 100819 "-" "Mozilla/5.0 (Windows NT 10.0; Win64; x64) AppleWebKit/537.36 (KHTML, like Gecko) Chrome/120.0.0.0 Safari/537.36"
4.223.113.180 - - [17/Aug/2026:13:58:54 -0600] "GET /wp-logs.php HTTP/1.1" 404 100819 "-" "Mozilla/5.0 (Windows NT 10.0; Win64; x64) AppleWebKit/537.36 (KHTML, like Gecko) Chrome/120.0.0.0 Safari/537.36"
162.215.171.210 - - [17/Aug/2026:13:58:56 -0600] "POST /wp-cron.php?doing_wp_cron=1786996736.6313419342041015625000 HTTP/1.1" 200 - "-" "WordPress/7.0.4; https://swansondentalgroupreno.com"
4.223.113.180 - - [17/Aug/2026:13:58:55 -0600] "GET /wp-admin/maint/ HTTP/1.1" 404 100819 "-" "Mozilla/5.0 (Windows NT 10.0; Win64; x64) AppleWebKit/537.36 (KHTML, like Gecko) Chrome/120.0.0.0 Safari/537.36"
4.223.113.180 - - [17/Aug/2026:13:58:57 -0600] "GET /wp-admin/images/index.php HTTP/1.1" 301 - "-" "Mozilla/5.0 (Windows NT 10.0; Win64; x64) AppleWebKit/537.36 (KHTML, like Gecko) Chrome/120.0.0.0 Safari/537.36"
4.223.113.180 - - [17/Aug/2026:13:58:58 -0600] "GET /wp-content/upgrade/index.php HTTP/1.1" 301 - "-" "Mozilla/5.0 (Windows NT 10.0; Win64; x64) AppleWebKit/537.36 (KHTML, like Gecko) Chrome/120.0.0.0 Safari/537.36"
4.223.113.180 - - [17/Aug/2026:13:58:59 -0600] "GET /wp-content/plugins/admin.php HTTP/1.1" 404 100819 "-" "Mozilla/5.0 (Windows NT 10.0; Win64; x64) AppleWebKit/537.36 (KHTML, like Gecko) Chrome/120.0.0.0 Safari/537.36"
4.223.113.180 - - [17/Aug/2026:13:59:01 -0600] "GET /wp-includes/fonts/admin.php HTTP/1.1" 404 100819 "-" "Mozilla/5.0 (Windows NT 10.0; Win64; x64) AppleWebKit/537.36 (KHTML, like Gecko) Chrome/120.0.0.0 Safari/537.36"
198.52.179.196 - - [17/Aug/2026:13:59:01 -0600] "POST /xmlrpc.php HTTP/1.1" 200 403 "-" "Jetpack/13.0; WordPress/6.3; http://site70129712.com"
4.223.113.180 - - [17/Aug/2026:13:59:02 -0600] "GET /av.php HTTP/1.1" 404 100819 "-" "Mozilla/5.0 (Windows NT 10.0; Win64; x64) AppleWebKit/537.36 (KHTML, like Gecko) Chrome/120.0.0.0 Safari/537.36"
4.223.113.180 - - [17/Aug/2026:13:59:03 -0600] "GET /admin.php HTTP/1.1" 404 100819 "-" "Mozilla/5.0 (Windows NT 10.0; Win64; x64) AppleWebKit/537.36 (KHTML, like Gecko) Chrome/120.0.0.0 Safari/537.36"
4.223.113.180 - - [17/Aug/2026:13:59:04 -0600] "GET /wp-includes/pomo/ HTTP/1.1" 404 100819 "-" "Mozilla/5.0 (Windows NT 10.0; Win64; x64) AppleWebKit/537.36 (KHTML, like Gecko) Chrome/120.0.0.0 Safari/537.36"
4.223.113.180 - - [17/Aug/2026:13:59:06 -0600] "GET /wp-the.php HTTP/1.1" 404 100819 "-" "Mozilla/5.0 (Windows NT 10.0; Win64; x64) AppleWebKit/537.36 (KHTML, like Gecko) Chrome/120.0.0.0 Safari/537.36"
4.223.113.180 - - [17/Aug/2026:13:59:07 -0600] "GET /wp-admin/maint/index.php HTTP/1.1" 301 - "-" "Mozilla/5.0 (Windows NT 10.0; Win64; x64) AppleWebKit/537.36 (KHTML, like Gecko) Chrome/120.0.0.0 Safari/537.36"
4.223.113.180 - - [17/Aug/2026:13:59:08 -0600] "GET /adminfuns.php HTTP/1.1" 404 100819 "-" "Mozilla/5.0 (Windows NT 10.0; Win64; x64) AppleWebKit/537.36 (KHTML, like Gecko) Chrome/120.0.0.0 Safari/537.36"
4.223.113.180 - - [17/Aug/2026:13:59:10 -0600] "GET /admin/controller/extension/ HTTP/1.1" 404 100819 "-" "Mozilla/5.0 (Windows NT 10.0; Win64; x64) AppleWebKit/537.36 (KHTML, like Gecko) Chrome/120.0.0.0 Safari/537.36"
4.223.113.180 - - [17/Aug/2026:13:59:12 -0600] "GET /3.php HTTP/1.1" 404 100819 "-" "Mozilla/5.0 (Windows NT 10.0; Win64; x64) AppleWebKit/537.36 (KHTML, like Gecko) Chrome/120.0.0.0 Safari/537.36"
198.52.179.196 - - [17/Aug/2026:13:59:12 -0600] "POST /xmlrpc.php HTTP/1.1" 200 403 "-" "Jetpack by WordPress.com (Jetpack 13.0; WordPress 6.3)"
4.223.113.180 - - [17/Aug/2026:13:59:13 -0600] "GET /wp-includes/Requests/library/ HTTP/1.1" 404 100819 "-" "Mozilla/5.0 (Windows NT 10.0; Win64; x64) AppleWebKit/537.36 (KHTML, like Gecko) Chrome/120.0.0.0 Safari/537.36"
4.223.113.180 - - [17/Aug/2026:13:59:15 -0600] "GET /wp-includes/index.php HTTP/1.1" 301 - "-" "Mozilla/5.0 (Windows NT 10.0; Win64; x64) AppleWebKit/537.36 (KHTML, like Gecko) Chrome/120.0.0.0 Safari/537.36"
4.223.113.180 - - [17/Aug/2026:13:59:15 -0600] "GET /wp-includes/Text/about.php HTTP/1.1" 404 100819 "-" "Mozilla/5.0 (Windows NT 10.0; Win64; x64) AppleWebKit/537.36 (KHTML, like Gecko) Chrome/120.0.0.0 Safari/537.36"
4.223.113.180 - - [17/Aug/2026:13:59:17 -0600] "GET /403.php HTTP/1.1" 404 100819 "-" "Mozilla/5.0 (Windows NT 10.0; Win64; x64) AppleWebKit/537.36 (KHTML, like Gecko) Chrome/120.0.0.0 Safari/537.36"
4.223.113.180 - - [17/Aug/2026:13:59:18 -0600] "GET /wp-admin/js/widgets/index.php HTTP/1.1" 301 - "-" "Mozilla/5.0 (Windows NT 10.0; Win64; x64) AppleWebKit/537.36 (KHTML, like Gecko) Chrome/120.0.0.0 Safari/537.36"
4.223.113.180 - - [17/Aug/2026:13:59:19 -0600] "GET /test1.php HTTP/1.1" 404 100819 "-" "Mozilla/5.0 (Windows NT 10.0; Win64; x64) AppleWebKit/537.36 (KHTML, like Gecko) Chrome/120.0.0.0 Safari/537.36"
4.223.113.180 - - [17/Aug/2026:13:59:21 -0600] "GET /asd.php HTTP/1.1" 404 100819 "-" "Mozilla/5.0 (Windows NT 10.0; Win64; x64) AppleWebKit/537.36 (KHTML, like Gecko) Chrome/120.0.0.0 Safari/537.36"
4.223.113.180 - - [17/Aug/2026:13:59:22 -0600] "GET /wp-includes/html-api/ HTTP/1.1" 404 100819 "-" "Mozilla/5.0 (Windows NT 10.0; Win64; x64) AppleWebKit/537.36 (KHTML, like Gecko) Chrome/120.0.0.0 Safari/537.36"
198.52.179.196 - - [17/Aug/2026:13:59:22 -0600] "POST /xmlrpc.php HTTP/1.1" 200 403 "-" "Jetpack by WordPress.com (Jetpack 12.0; WordPress 6.1)"
4.223.113.180 - - [17/Aug/2026:13:59:23 -0600] "GET /wp-includes/blocks/block/ HTTP/1.1" 404 100819 "-" "Mozilla/5.0 (Windows NT 10.0; Win64; x64) AppleWebKit/537.36 (KHTML, like Gecko) Chrome/120.0.0.0 Safari/537.36"
4.223.113.180 - - [17/Aug/2026:13:59:25 -0600] "GET /wp-admin/network/index.php HTTP/1.1" 302 - "-" "Mozilla/5.0 (Windows NT 10.0; Win64; x64) AppleWebKit/537.36 (KHTML, like Gecko) Chrome/120.0.0.0 Safari/537.36"
4.223.113.180 - - [17/Aug/2026:13:59:25 -0600] "GET /gg.php HTTP/1.1" 404 100819 "-" "Mozilla/5.0 (Windows NT 10.0; Win64; x64) AppleWebKit/537.36 (KHTML, like Gecko) Chrome/120.0.0.0 Safari/537.36"
4.223.113.180 - - [17/Aug/2026:13:59:27 -0600] "GET /wp-admin/file.php HTTP/1.1" 404 100819 "-" "Mozilla/5.0 (Windows NT 10.0; Win64; x64) AppleWebKit/537.36 (KHTML, like Gecko) Chrome/120.0.0.0 Safari/537.36"
4.223.113.180 - - [17/Aug/2026:13:59:28 -0600] "GET /index/function.php HTTP/1.1" 404 100819 "-" "Mozilla/5.0 (Windows NT 10.0; Win64; x64) AppleWebKit/537.36 (KHTML, like Gecko) Chrome/120.0.0.0 Safari/537.36"
4.223.113.180 - - [17/Aug/2026:13:59:30 -0600] "GET /getid3-core.php HTTP/1.1" 404 100819 "-" "Mozilla/5.0 (Windows NT 10.0; Win64; x64) AppleWebKit/537.36 (KHTML, like Gecko) Chrome/120.0.0.0 Safari/537.36"
4.223.113.180 - - [17/Aug/2026:13:59:32 -0600] "GET /wp-content/uploads/ HTTP/1.1" 404 100819 "-" "Mozilla/5.0 (Windows NT 10.0; Win64; x64) AppleWebKit/537.36 (KHTML, like Gecko) Chrome/120.0.0.0 Safari/537.36"
4.223.113.180 - - [17/Aug/2026:13:59:33 -0600] "GET /edit.php HTTP/1.1" 404 100819 "-" "Mozilla/5.0 (Windows NT 10.0; Win64; x64) AppleWebKit/537.36 (KHTML, like Gecko) Chrome/120.0.0.0 Safari/537.36"
198.52.179.196 - - [17/Aug/2026:13:59:34 -0600] "POST /xmlrpc.php HTTP/1.1" 200 403 "-" "Jetpack by WordPress.com (Jetpack 13.0; WordPress 6.1)"
4.223.113.180 - - [17/Aug/2026:13:59:35 -0600] "GET /wp-admin/js/widgets/ HTTP/1.1" 404 100819 "-" "Mozilla/5.0 (Windows NT 10.0; Win64; x64) AppleWebKit/537.36 (KHTML, like Gecko) Chrome/120.0.0.0 Safari/537.36"
4.223.113.180 - - [17/Aug/2026:13:59:36 -0600] "GET /wp-includes/PHPMailer/admin.php HTTP/1.1" 404 100819 "-" "Mozilla/5.0 (Windows NT 10.0; Win64; x64) AppleWebKit/537.36 (KHTML, like Gecko) Chrome/120.0.0.0 Safari/537.36"
4.223.113.180 - - [17/Aug/2026:13:59:37 -0600] "GET /wp-content/uploads/admin.php HTTP/1.1" 404 100819 "-" "Mozilla/5.0 (Windows NT 10.0; Win64; x64) AppleWebKit/537.36 (KHTML, like Gecko) Chrome/120.0.0.0 Safari/537.36"
4.223.113.180 - - [17/Aug/2026:13:59:38 -0600] "GET /wp-includes/js/crop/ HTTP/1.1" 404 100819 "-" "Mozilla/5.0 (Windows NT 10.0; Win64; x64) AppleWebKit/537.36 (KHTML, like Gecko) Chrome/120.0.0.0 Safari/537.36"
4.223.113.180 - - [17/Aug/2026:13:59:39 -0600] "GET /wp-file.php HTTP/1.1" 404 100819 "-" "Mozilla/5.0 (Windows NT 10.0; Win64; x64) AppleWebKit/537.36 (KHTML, like Gecko) Chrome/120.0.0.0 Safari/537.36"
4.223.113.180 - - [17/Aug/2026:13:59:41 -0600] "GET /checkbox.php HTTP/1.1" 404 100819 "-" "Mozilla/5.0 (Windows NT 10.0; Win64; x64) AppleWebKit/537.36 (KHTML, like Gecko) Chrome/120.0.0.0 Safari/537.36"
4.223.113.180 - - [17/Aug/2026:13:59:42 -0600] "GET /wso112233.php HTTP/1.1" 404 100819 "-" "Mozilla/5.0 (Windows NT 10.0; Win64; x64) AppleWebKit/537.36 (KHTML, like Gecko) Chrome/120.0.0.0 Safari/537.36"
4.223.113.180 - - [17/Aug/2026:13:59:43 -0600] "GET /wp-mail.php HTTP/1.1" 403 2546 "-" "Mozilla/5.0 (Windows NT 10.0; Win64; x64) AppleWebKit/537.36 (KHTML, like Gecko) Chrome/120.0.0.0 Safari/537.36"
198.52.179.196 - - [17/Aug/2026:13:59:44 -0600] "POST /xmlrpc.php HTTP/1.1" 200 403 "-" "Jetpack/12.1; WordPress/6.4; http://site83229242.com"
4.223.113.180 - - [17/Aug/2026:13:59:44 -0600] "GET /gecko.php HTTP/1.1" 404 100819 "-" "Mozilla/5.0 (Windows NT 10.0; Win64; x64) AppleWebKit/537.36 (KHTML, like Gecko) Chrome/120.0.0.0 Safari/537.36"
4.223.113.180 - - [17/Aug/2026:13:59:46 -0600] "GET /catuploadcsv.php HTTP/1.1" 404 100819 "-" "Mozilla/5.0 (Windows NT 10.0; Win64; x64) AppleWebKit/537.36 (KHTML, like Gecko) Chrome/120.0.0.0 Safari/537.36"
4.223.113.180 - - [17/Aug/2026:13:59:47 -0600] "GET /info.php HTTP/1.1" 404 100819 "-" "Mozilla/5.0 (Windows NT 10.0; Win64; x64) AppleWebKit/537.36 (KHTML, like Gecko) Chrome/120.0.0.0 Safari/537.36"
4.223.113.180 - - [17/Aug/2026:13:59:48 -0600] "GET /jquery.php HTTP/1.1" 404 100819 "-" "Mozilla/5.0 (Windows NT 10.0; Win64; x64) AppleWebKit/537.36 (KHTML, like Gecko) Chrome/120.0.0.0 Safari/537.36"
4.223.113.180 - - [17/Aug/2026:13:59:50 -0600] "GET /5173e.php HTTP/1.1" 404 100819 "-" "Mozilla/5.0 (Windows NT 10.0; Win64; x64) AppleWebKit/537.36 (KHTML, like Gecko) Chrome/120.0.0.0 Safari/537.36"
4.223.113.180 - - [17/Aug/2026:13:59:51 -0600] "GET /class_api.php HTTP/1.1" 404 100819 "-" "Mozilla/5.0 (Windows NT 10.0; Win64; x64) AppleWebKit/537.36 (KHTML, like Gecko) Chrome/120.0.0.0 Safari/537.36"
4.223.113.180 - - [17/Aug/2026:13:59:53 -0600] "GET /word.php HTTP/1.1" 404 100819 "-" "Mozilla/5.0 (Windows NT 10.0; Win64; x64) AppleWebKit/537.36 (KHTML, like Gecko) Chrome/120.0.0.0 Safari/537.36"
4.223.113.180 - - [17/Aug/2026:13:59:54 -0600] "GET /wp-index.php HTTP/1.1" 404 100819 "-" "Mozilla/5.0 (Windows NT 10.0; Win64; x64) AppleWebKit/537.36 (KHTML, like Gecko) Chrome/120.0.0.0 Safari/537.36"
198.52.179.196 - - [17/Aug/2026:13:59:55 -0600] "POST /xmlrpc.php HTTP/1.1" 200 403 "-" "Jetpack by WordPress.com (Jetpack 12.0; WordPress 6.4)"
162.215.171.210 - - [17/Aug/2026:13:59:56 -0600] "POST /wp-cron.php?doing_wp_cron=1786996796.3753700256347656250000 HTTP/1.1" 200 - "-" "WordPress/7.0.4; https://swansondentalgroupreno.com"
4.223.113.180 - - [17/Aug/2026:13:59:55 -0600] "GET /bypass.php HTTP/1.1" 404 100819 "-" "Mozilla/5.0 (Windows NT 10.0; Win64; x64) AppleWebKit/537.36 (KHTML, like Gecko) Chrome/120.0.0.0 Safari/537.36"
4.223.113.180 - - [17/Aug/2026:13:59:57 -0600] "GET /alfanew.php7 HTTP/1.1" 404 100819 "-" "Mozilla/5.0 (Windows NT 10.0; Win64; x64) AppleWebKit/537.36 (KHTML, like Gecko) Chrome/120.0.0.0 Safari/537.36"
4.223.113.180 - - [17/Aug/2026:13:59:58 -0600] "GET /admin-header.php HTTP/1.1" 404 100819 "-" "Mozilla/5.0 (Windows NT 10.0; Win64; x64) AppleWebKit/537.36 (KHTML, like Gecko) Chrome/120.0.0.0 Safari/537.36"
4.223.113.180 - - [17/Aug/2026:13:59:59 -0600] "GET /83064.php HTTP/1.1" 404 100819 "-" "Mozilla/5.0 (Windows NT 10.0; Win64; x64) AppleWebKit/537.36 (KHTML, like Gecko) Chrome/120.0.0.0 Safari/537.36"
4.223.113.180 - - [17/Aug/2026:14:00:01 -0600] "GET /wp-trackback.php HTTP/1.1" 404 135 "-" "Mozilla/5.0 (Windows NT 10.0; Win64; x64) AppleWebKit/537.36 (KHTML, like Gecko) Chrome/120.0.0.0 Safari/537.36"
4.223.113.180 - - [17/Aug/2026:14:00:02 -0600] "GET /dxc.php HTTP/1.1" 404 100819 "-" "Mozilla/5.0 (Windows NT 10.0; Win64; x64) AppleWebKit/537.36 (KHTML, like Gecko) Chrome/120.0.0.0 Safari/537.36"
4.223.113.180 - - [17/Aug/2026:14:00:03 -0600] "GET /v4.php HTTP/1.1" 404 100819 "-" "Mozilla/5.0 (Windows NT 10.0; Win64; x64) AppleWebKit/537.36 (KHTML, like Gecko) Chrome/120.0.0.0 Safari/537.36"
4.223.113.180 - - [17/Aug/2026:14:00:04 -0600] "GET /error.php HTTP/1.1" 404 100819 "-" "Mozilla/5.0 (Windows NT 10.0; Win64; x64) AppleWebKit/537.36 (KHTML, like Gecko) Chrome/120.0.0.0 Safari/537.36"
4.223.113.180 - - [17/Aug/2026:14:00:06 -0600] "GET /disagrsod.php HTTP/1.1" 404 100819 "-" "Mozilla/5.0 (Windows NT 10.0; Win64; x64) AppleWebKit/537.36 (KHTML, like Gecko) Chrome/120.0.0.0 Safari/537.36"
198.52.179.196 - - [17/Aug/2026:14:00:06 -0600] "POST /xmlrpc.php HTTP/1.1" 200 403 "-" "Jetpack by WordPress.com (Jetpack 12.0; WordPress 6.4)"
4.223.113.180 - - [17/Aug/2026:14:00:07 -0600] "GET /eNtnKM.php HTTP/1.1" 404 100819 "-" "Mozilla/5.0 (Windows NT 10.0; Win64; x64) AppleWebKit/537.36 (KHTML, like Gecko) Chrome/120.0.0.0 Safari/537.36"
4.223.113.180 - - [17/Aug/2026:14:00:08 -0600] "GET /buy.php HTTP/1.1" 404 100819 "-" "Mozilla/5.0 (Windows NT 10.0; Win64; x64) AppleWebKit/537.36 (KHTML, like Gecko) Chrome/120.0.0.0 Safari/537.36"
4.223.113.180 - - [17/Aug/2026:14:00:09 -0600] "GET /ae.php HTTP/1.1" 404 100819 "-" "Mozilla/5.0 (Windows NT 10.0; Win64; x64) AppleWebKit/537.36 (KHTML, like Gecko) Chrome/120.0.0.0 Safari/537.36"
4.223.113.180 - - [17/Aug/2026:14:00:11 -0600] "GET /raf.php HTTP/1.1" 404 100819 "-" "Mozilla/5.0 (Windows NT 10.0; Win64; x64) AppleWebKit/537.36 (KHTML, like Gecko) Chrome/120.0.0.0 Safari/537.36"
4.223.113.180 - - [17/Aug/2026:14:00:12 -0600] "GET /cloud.php HTTP/1.1" 404 100819 "-" "Mozilla/5.0 (Windows NT 10.0; Win64; x64) AppleWebKit/537.36 (KHTML, like Gecko) Chrome/120.0.0.0 Safari/537.36"
198.52.179.196 - - [17/Aug/2026:14:00:17 -0600] "POST /xmlrpc.php HTTP/1.1" 200 403 "-" "WordPress.com; https://wordpress.com"
4.223.113.180 - - [17/Aug/2026:14:00:17 -0600] "GET /cookie.php HTTP/1.1" 404 100819 "-" "Mozilla/5.0 (Windows NT 10.0; Win64; x64) AppleWebKit/537.36 (KHTML, like Gecko) Chrome/120.0.0.0 Safari/537.36"
4.223.113.180 - - [17/Aug/2026:14:00:19 -0600] "GET /aleXus.php HTTP/1.1" 404 100819 "-" "Mozilla/5.0 (Windows NT 10.0; Win64; x64) AppleWebKit/537.36 (KHTML, like Gecko) Chrome/120.0.0.0 Safari/537.36"
4.223.113.180 - - [17/Aug/2026:14:00:20 -0600] "GET /wp-signup.php HTTP/1.1" 302 - "-" "Mozilla/5.0 (Windows NT 10.0; Win64; x64) AppleWebKit/537.36 (KHTML, like Gecko) Chrome/120.0.0.0 Safari/537.36"
4.223.113.180 - - [17/Aug/2026:14:00:21 -0600] "GET /moon.php HTTP/1.1" 404 100819 "-" "Mozilla/5.0 (Windows NT 10.0; Win64; x64) AppleWebKit/537.36 (KHTML, like Gecko) Chrome/120.0.0.0 Safari/537.36"
4.223.113.180 - - [17/Aug/2026:14:00:22 -0600] "GET /exif.php HTTP/1.1" 404 100819 "-" "Mozilla/5.0 (Windows NT 10.0; Win64; x64) AppleWebKit/537.36 (KHTML, like Gecko) Chrome/120.0.0.0 Safari/537.36"
4.223.113.180 - - [17/Aug/2026:14:00:24 -0600] "GET /0.php HTTP/1.1" 404 100819 "-" "Mozilla/5.0 (Windows NT 10.0; Win64; x64) AppleWebKit/537.36 (KHTML, like Gecko) Chrome/120.0.0.0 Safari/537.36"
4.223.113.180 - - [17/Aug/2026:14:00:26 -0600] "GET /embed.php HTTP/1.1" 404 100819 "-" "Mozilla/5.0 (Windows NT 10.0; Win64; x64) AppleWebKit/537.36 (KHTML, like Gecko) Chrome/120.0.0.0 Safari/537.36"
198.52.179.196 - - [17/Aug/2026:14:00:28 -0600] "POST /xmlrpc.php HTTP/1.1" 200 403 "-" "Jetpack by WordPress.com"
198.52.179.196 - - [17/Aug/2026:14:00:39 -0600] "POST /xmlrpc.php HTTP/1.1" 200 403 "-" "Jetpack by WordPress.com (Jetpack 12.0; WordPress 6.1)"
198.52.179.196 - - [17/Aug/2026:14:00:50 -0600] "POST /xmlrpc.php HTTP/1.1" 200 403 "-" "WordPress.com; https://wordpress.com"
162.215.171.210 - - [17/Aug/2026:14:01:01 -0600] "POST /wp-cron.php?doing_wp_cron=1786996861.9608259201049804687500 HTTP/1.1" 200 - "-" "WordPress/7.0.4; https://swansondentalgroupreno.com"
198.52.179.196 - - [17/Aug/2026:14:01:01 -0600] "POST /xmlrpc.php HTTP/1.1" 200 403 "-" "WordPress.com; https://wordpress.com"
198.52.179.196 - - [17/Aug/2026:14:01:12 -0600] "POST /xmlrpc.php HTTP/1.1" 200 403 "-" "WordPress.com; https://wordpress.com"
198.52.179.196 - - [17/Aug/2026:14:01:22 -0600] "POST /xmlrpc.php HTTP/1.1" 200 403 "-" "WordPress.com; https://wordpress.com"
198.52.179.196 - - [17/Aug/2026:14:01:33 -0600] "POST /xmlrpc.php HTTP/1.1" 200 403 "-" "Jetpack by WordPress.com"
198.52.179.196 - - [17/Aug/2026:14:01:44 -0600] "POST /xmlrpc.php HTTP/1.1" 200 403 "-" "Jetpack by WordPress.com (Jetpack 13.0; WordPress 6.3)"
162.215.171.210 - - [17/Aug/2026:14:01:45 -0600] "POST /wp-cron.php?doing_wp_cron=1786996905.6731979846954345703125 HTTP/1.1" 200 - "-" "WordPress/7.0.4; https://swansondentalgroupreno.com"
162.215.171.210 - - [17/Aug/2026:14:01:56 -0600] "POST /wp-cron.php?doing_wp_cron=1786996916.2081100940704345703125 HTTP/1.1" 200 - "-" "WordPress/7.0.4; https://swansondentalgroupreno.com"
198.52.179.196 - - [17/Aug/2026:14:01:55 -0600] "POST /xmlrpc.php HTTP/1.1" 200 403 "-" "Jetpack by WordPress.com"
198.52.179.196 - - [17/Aug/2026:14:02:06 -0600] "POST /xmlrpc.php HTTP/1.1" 200 403 "-" "Jetpack by WordPress.com (Jetpack 12.5; WordPress 6.4)"
198.52.179.196 - - [17/Aug/2026:14:02:17 -0600] "POST /xmlrpc.php HTTP/1.1" 200 403 "-" "Jetpack by WordPress.com (Jetpack 13.0; WordPress 6.3)"
198.52.179.196 - - [17/Aug/2026:14:02:28 -0600] "POST /xmlrpc.php HTTP/1.1" 200 403 "-" "Jetpack/12.1; WordPress/6.1; http://site14714137.com"
198.52.179.196 - - [17/Aug/2026:14:02:39 -0600] "POST /xmlrpc.php HTTP/1.1" 200 403 "-" "Jetpack by WordPress.com"
170.106.179.68 - - [17/Aug/2026:14:02:41 -0600] "GET /?p=99 HTTP/1.1" 301 - "-" "Mozilla/5.0 (iPhone; CPU iPhone OS 13_2_3 like Mac OS X) AppleWebKit/605.1.15 (KHTML, like Gecko) Version/13.0.3 Mobile/15E148 Safari/604.1"
170.106.179.68 - - [17/Aug/2026:14:02:46 -0600] "GET /service/root-canal-therapy/ HTTP/1.1" 200 119045 "https://swansondentalgroupreno.com/?p=99" "Mozilla/5.0 (iPhone; CPU iPhone OS 13_2_3 like Mac OS X) AppleWebKit/605.1.15 (KHTML, like Gecko) Version/13.0.3 Mobile/15E148 Safari/604.1"
198.52.179.196 - - [17/Aug/2026:14:02:49 -0600] "POST /xmlrpc.php HTTP/1.1" 200 403 "-" "Jetpack/12.5; WordPress/6.4; http://site57126466.com"
162.215.171.210 - - [17/Aug/2026:14:03:01 -0600] "POST /wp-cron.php?doing_wp_cron=1786996981.3725180625915527343750 HTTP/1.1" 200 - "-" "WordPress/7.0.4; https://swansondentalgroupreno.com"
198.52.179.196 - - [17/Aug/2026:14:03:00 -0600] "POST /xmlrpc.php HTTP/1.1" 200 403 "-" "Jetpack by WordPress.com (Jetpack 12.1; WordPress 6.3)"
198.52.179.196 - - [17/Aug/2026:14:03:11 -0600] "POST /xmlrpc.php HTTP/1.1" 200 403 "-" "Jetpack by WordPress.com"
198.52.179.196 - - [17/Aug/2026:14:03:23 -0600] "POST /xmlrpc.php HTTP/1.1" 200 403 "-" "Jetpack/12.5; WordPress/6.2; http://site74406052.com"
198.52.179.196 - - [17/Aug/2026:14:03:33 -0600] "POST /xmlrpc.php HTTP/1.1" 200 403 "-" "Jetpack/12.0; WordPress/6.1; http://site55189560.com"
198.52.179.196 - - [17/Aug/2026:14:03:44 -0600] "POST /xmlrpc.php HTTP/1.1" 200 403 "-" "WordPress.com; https://wordpress.com"
162.215.171.210 - - [17/Aug/2026:14:03:56 -0600] "POST /wp-cron.php?doing_wp_cron=1786997036.0280020236968994140625 HTTP/1.1" 200 - "-" "WordPress/7.0.4; https://swansondentalgroupreno.com"
198.52.179.196 - - [17/Aug/2026:14:03:55 -0600] "POST /xmlrpc.php HTTP/1.1" 200 403 "-" "Jetpack/13.0; WordPress/6.4; http://site56942058.com"
198.52.179.196 - - [17/Aug/2026:14:04:05 -0600] "POST /xmlrpc.php HTTP/1.1" 200 403 "-" "Jetpack/13.0; WordPress/6.2; http://site97607927.com"
198.52.179.196 - - [17/Aug/2026:14:04:16 -0600] "POST /xmlrpc.php HTTP/1.1" 200 403 "-" "Jetpack by WordPress.com (Jetpack 12.5; WordPress 6.4)"
198.52.179.196 - - [17/Aug/2026:14:04:27 -0600] "POST /xmlrpc.php HTTP/1.1" 200 403 "-" "Jetpack by WordPress.com (Jetpack 12.0; WordPress 6.2)"
198.52.179.196 - - [17/Aug/2026:14:04:38 -0600] "POST /xmlrpc.php HTTP/1.1" 200 403 "-" "WordPress.com; https://wordpress.com"
198.52.179.196 - - [17/Aug/2026:14:04:49 -0600] "POST /xmlrpc.php HTTP/1.1" 200 403 "-" "Jetpack by WordPress.com (Jetpack 13.0; WordPress 6.1)"
198.52.179.196 - - [17/Aug/2026:14:05:00 -0600] "POST /xmlrpc.php HTTP/1.1" 200 403 "-" "Jetpack by WordPress.com"
162.215.171.210 - - [17/Aug/2026:14:05:01 -0600] "POST /wp-cron.php?doing_wp_cron=1786997101.4054970741271972656250 HTTP/1.1" 200 - "-" "WordPress/7.0.4; https://swansondentalgroupreno.com"
198.52.179.196 - - [17/Aug/2026:14:05:11 -0600] "POST /xmlrpc.php HTTP/1.1" 200 403 "-" "Jetpack/12.0; WordPress/6.3; http://site42241237.com"
198.52.179.196 - - [17/Aug/2026:14:05:21 -0600] "POST /xmlrpc.php HTTP/1.1" 200 403 "-" "Jetpack/12.5; WordPress/6.3; http://site96396300.com"
198.52.179.196 - - [17/Aug/2026:14:05:33 -0600] "POST /xmlrpc.php HTTP/1.1" 200 403 "-" "Jetpack/12.5; WordPress/6.4; http://site72819532.com"
198.52.179.196 - - [17/Aug/2026:14:05:43 -0600] "POST /xmlrpc.php HTTP/1.1" 200 403 "-" "Jetpack by WordPress.com"
161.35.42.198 - - [17/Aug/2026:14:05:50 -0600] "POST /wp-login.php HTTP/1.1" 200 7497 "-" "Mozilla/5.0"
161.35.42.198 - - [17/Aug/2026:14:05:50 -0600] "POST /wp-login.php HTTP/1.1" 200 7554 "-" "Mozilla/5.0"
161.35.42.198 - - [17/Aug/2026:14:05:50 -0600] "POST /wp-login.php HTTP/1.1" 200 7554 "-" "Mozilla/5.0"
161.35.42.198 - - [17/Aug/2026:14:05:50 -0600] "POST /wp-login.php HTTP/1.1" 200 7554 "-" "Mozilla/5.0"
161.35.42.198 - - [17/Aug/2026:14:05:50 -0600] "POST /wp-login.php HTTP/1.1" 200 7560 "-" "Mozilla/5.0"
161.35.42.198 - - [17/Aug/2026:14:05:50 -0600] "POST /wp-login.php HTTP/1.1" 200 7554 "-" "Mozilla/5.0"
161.35.42.198 - - [17/Aug/2026:14:05:50 -0600] "POST /wp-login.php HTTP/1.1" 200 7554 "-" "Mozilla/5.0"
161.35.42.198 - - [17/Aug/2026:14:05:50 -0600] "POST /wp-login.php HTTP/1.1" 200 7558 "-" "Mozilla/5.0"
161.35.42.198 - - [17/Aug/2026:14:05:50 -0600] "POST /wp-login.php HTTP/1.1" 200 7554 "-" "Mozilla/5.0"
198.52.179.196 - - [17/Aug/2026:14:05:54 -0600] "POST /xmlrpc.php HTTP/1.1" 200 403 "-" "WordPress.com; https://wordpress.com"
162.215.171.210 - - [17/Aug/2026:14:06:06 -0600] "POST /wp-cron.php?doing_wp_cron=1786997166.6858661174774169921875 HTTP/1.1" 200 - "-" "WordPress/7.0.4; https://swansondentalgroupreno.com"
198.52.179.196 - - [17/Aug/2026:14:06:05 -0600] "POST /xmlrpc.php HTTP/1.1" 200 403 "-" "WordPress.com; https://wordpress.com"
198.52.179.196 - - [17/Aug/2026:14:06:16 -0600] "POST /xmlrpc.php HTTP/1.1" 200 403 "-" "Jetpack/12.0; WordPress/6.1; http://site35095608.com"
198.52.179.196 - - [17/Aug/2026:14:06:27 -0600] "POST /xmlrpc.php HTTP/1.1" 200 403 "-" "WordPress.com; https://wordpress.com"
198.52.179.196 - - [17/Aug/2026:14:06:38 -0600] "POST /xmlrpc.php HTTP/1.1" 200 403 "-" "WordPress.com; https://wordpress.com"
198.52.179.196 - - [17/Aug/2026:14:06:48 -0600] "POST /xmlrpc.php HTTP/1.1" 200 403 "-" "WordPress.com; https://wordpress.com"
162.215.171.210 - - [17/Aug/2026:14:06:49 -0600] "POST /wp-cron.php?doing_wp_cron=1786997209.8386979103088378906250 HTTP/1.1" 200 - "-" "WordPress/7.0.4; https://swansondentalgroupreno.com"
162.215.171.210 - - [17/Aug/2026:14:07:02 -0600] "POST /wp-cron.php?doing_wp_cron=1786997222.3547658920288085937500 HTTP/1.1" 200 - "-" "WordPress/7.0.4; https://swansondentalgroupreno.com"
198.52.179.196 - - [17/Aug/2026:14:06:59 -0600] "POST /xmlrpc.php HTTP/1.1" 200 403 "-" "Jetpack by WordPress.com (Jetpack 12.1; WordPress 6.2)"
198.52.179.196 - - [17/Aug/2026:14:07:12 -0600] "POST /xmlrpc.php HTTP/1.1" 200 403 "-" "Jetpack by WordPress.com (Jetpack 12.5; WordPress 6.3)"
185.198.240.215 - - [17/Aug/2026:14:07:16 -0600] "POST /wp-login.php HTTP/1.1" 200 7501 "-" "Mozilla/5.0 (Macintosh; Intel Mac OS X 10_15_7) AppleWebKit/605.1.15 Version/17.0 Safari/605.1.15"
45.131.195.232 - - [17/Aug/2026:14:07:16 -0600] "POST /wp-login.php HTTP/1.1" 200 7554 "-" "Mozilla/5.0 (Windows NT 10.0; Win64; rv:143.0) Gecko/20100101 Firefox/143.0"
185.198.240.218 - - [17/Aug/2026:14:07:16 -0600] "POST /wp-login.php HTTP/1.1" 200 7554 "-" "Mozilla/5.0 (Macintosh; Intel Mac OS X 10_15_7) AppleWebKit/605.1.15 Version/17.0 Safari/605.1.15"
185.198.240.188 - - [17/Aug/2026:14:07:16 -0600] "POST /wp-login.php HTTP/1.1" 200 7558 "-" "Mozilla/5.0 (Windows NT 10.0; Win64; rv:143.0) Gecko/20100101 Firefox/143.0"
185.198.240.194 - - [17/Aug/2026:14:07:16 -0600] "POST /wp-login.php HTTP/1.1" 200 7497 "-" "Mozilla/5.0 (Macintosh; Intel Mac OS X 10_15_7) AppleWebKit/605.1.15 Version/17.0 Safari/605.1.15"
198.52.179.196 - - [17/Aug/2026:14:07:21 -0600] "POST /xmlrpc.php HTTP/1.1" 200 403 "-" "Jetpack/12.1; WordPress/6.2; http://site57783493.com"
198.52.179.196 - - [17/Aug/2026:14:07:32 -0600] "POST /xmlrpc.php HTTP/1.1" 200 403 "-" "Jetpack/12.0; WordPress/6.3; http://site40002080.com"
198.52.179.196 - - [17/Aug/2026:14:07:43 -0600] "POST /xmlrpc.php HTTP/1.1" 200 403 "-" "WordPress.com; https://wordpress.com"
198.52.179.196 - - [17/Aug/2026:14:07:54 -0600] "POST /xmlrpc.php HTTP/1.1" 200 403 "-" "Jetpack by WordPress.com (Jetpack 12.0; WordPress 6.1)"
198.52.179.196 - - [17/Aug/2026:14:08:05 -0600] "POST /xmlrpc.php HTTP/1.1" 200 403 "-" "WordPress.com; https://wordpress.com"
162.215.171.210 - - [17/Aug/2026:14:08:06 -0600] "POST /wp-cron.php?doing_wp_cron=1786997286.2339930534362792968750 HTTP/1.1" 200 - "-" "WordPress/7.0.4; https://swansondentalgroupreno.com"
198.52.179.196 - - [17/Aug/2026:14:08:16 -0600] "POST /xmlrpc.php HTTP/1.1" 200 403 "-" "Jetpack by WordPress.com (Jetpack 12.5; WordPress 6.3)"
198.52.179.196 - - [17/Aug/2026:14:08:27 -0600] "POST /xmlrpc.php HTTP/1.1" 200 403 "-" "WordPress.com; https://wordpress.com"
198.52.179.196 - - [17/Aug/2026:14:08:38 -0600] "POST /xmlrpc.php HTTP/1.1" 200 403 "-" "WordPress.com; https://wordpress.com"
198.52.179.196 - - [17/Aug/2026:14:08:49 -0600] "POST /xmlrpc.php HTTP/1.1" 200 403 "-" "Jetpack by WordPress.com"
217.113.194.47 - - [17/Aug/2026:14:08:55 -0600] "GET /robots.txt HTTP/1.1" 200 244 "-" "Mozilla/5.0 (compatible; Barkrowler/0.9; +https://babbar.tech/crawler)"
162.215.171.210 - - [17/Aug/2026:14:09:01 -0600] "POST /wp-cron.php?doing_wp_cron=1786997341.2207019329071044921875 HTTP/1.1" 200 - "-" "WordPress/7.0.4; https://swansondentalgroupreno.com"
198.52.179.196 - - [17/Aug/2026:14:09:00 -0600] "POST /xmlrpc.php HTTP/1.1" 200 403 "-" "WordPress.com; https://wordpress.com"
198.52.179.196 - - [17/Aug/2026:14:09:10 -0600] "POST /xmlrpc.php HTTP/1.1" 200 403 "-" "Jetpack by WordPress.com"
217.113.194.244 - - [17/Aug/2026:14:09:11 -0600] "GET /contact HTTP/1.1" 301 - "-" "Mozilla/5.0 (compatible; Barkrowler/0.9; +https://babbar.tech/crawler)"
198.52.179.196 - - [17/Aug/2026:14:09:21 -0600] "POST /xmlrpc.php HTTP/1.1" 200 403 "-" "Jetpack/12.5; WordPress/6.4; http://site48976312.com"
217.113.194.252 - - [17/Aug/2026:14:09:27 -0600] "GET /2024/news/ HTTP/1.1" 301 - "-" "Mozilla/5.0 (compatible; Barkrowler/0.9; +https://babbar.tech/crawler)"
198.52.179.196 - - [17/Aug/2026:14:09:32 -0600] "POST /xmlrpc.php HTTP/1.1" 200 403 "-" "WordPress.com; https://wordpress.com"
198.52.179.196 - - [17/Aug/2026:14:09:43 -0600] "POST /xmlrpc.php HTTP/1.1" 200 403 "-" "WordPress.com; https://wordpress.com"
198.52.179.196 - - [17/Aug/2026:14:09:54 -0600] "POST /xmlrpc.php HTTP/1.1" 200 403 "-" "WordPress.com; https://wordpress.com"
162.215.171.210 - - [17/Aug/2026:14:10:06 -0600] "POST /wp-cron.php?doing_wp_cron=1786997406.5434260368347167968750 HTTP/1.1" 200 - "-" "WordPress/7.0.4; https://swansondentalgroupreno.com"
198.52.179.196 - - [17/Aug/2026:14:10:05 -0600] "POST /xmlrpc.php HTTP/1.1" 200 403 "-" "Jetpack by WordPress.com (Jetpack 12.5; WordPress 6.3)"
198.52.179.196 - - [17/Aug/2026:14:10:16 -0600] "POST /xmlrpc.php HTTP/1.1" 200 403 "-" "Jetpack by WordPress.com (Jetpack 13.0; WordPress 6.3)"
198.52.179.196 - - [17/Aug/2026:14:10:27 -0600] "POST /xmlrpc.php HTTP/1.1" 200 403 "-" "Jetpack by WordPress.com (Jetpack 12.0; WordPress 6.3)"
198.52.179.196 - - [17/Aug/2026:14:10:37 -0600] "POST /xmlrpc.php HTTP/1.1" 200 403 "-" "Jetpack by WordPress.com (Jetpack 12.5; WordPress 6.2)"
198.52.179.196 - - [17/Aug/2026:14:10:48 -0600] "POST /xmlrpc.php HTTP/1.1" 200 403 "-" "Jetpack by WordPress.com (Jetpack 12.1; WordPress 6.1)"
162.215.171.210 - - [17/Aug/2026:14:11:00 -0600] "POST /wp-cron.php?doing_wp_cron=1786997460.4770491123199462890625 HTTP/1.1" 200 - "-" "WordPress/7.0.4; https://swansondentalgroupreno.com"
198.52.179.196 - - [17/Aug/2026:14:10:59 -0600] "POST /xmlrpc.php HTTP/1.1" 200 403 "-" "Jetpack by WordPress.com (Jetpack 12.1; WordPress 6.3)"
198.52.179.196 - - [17/Aug/2026:14:11:11 -0600] "POST /xmlrpc.php HTTP/1.1" 200 403 "-" "WordPress.com; https://wordpress.com"
198.52.179.196 - - [17/Aug/2026:14:11:21 -0600] "POST /xmlrpc.php HTTP/1.1" 200 403 "-" "Jetpack by WordPress.com"
198.52.179.196 - - [17/Aug/2026:14:11:32 -0600] "POST /xmlrpc.php HTTP/1.1" 200 403 "-" "Jetpack/12.1; WordPress/6.3; http://site24706737.com"
198.52.179.196 - - [17/Aug/2026:14:11:43 -0600] "POST /xmlrpc.php HTTP/1.1" 200 403 "-" "WordPress.com; https://wordpress.com"
