52.34.76.65 - - [17/Aug/2026:14:39:12 -0600] "GET /wp-content/themes/swanson/images/closecall.svg HTTP/1.1" 200 5176 "https://swansondentalgroupreno.com/" "Mozilla/5.0 (Windows NT 10.0; Win64; x64) AppleWebKit/537.36 (KHTML, like Gecko) Chrome/148.0.0.0 Safari/537.36"
52.34.76.65 - - [17/Aug/2026:14:39:12 -0600] "GET /wp-content/uploads/2026/02/qr-code.png HTTP/1.1" 200 650 "https://swansondentalgroupreno.com/" "Mozilla/5.0 (Windows NT 10.0; Win64; x64) AppleWebKit/537.36 (KHTML, like Gecko) Chrome/148.0.0.0 Safari/537.36"
52.34.76.65 - - [17/Aug/2026:14:39:12 -0600] "GET /wp-content/uploads/2024/04/homeoffice@2x.jpg HTTP/1.1" 200 532884 "https://swansondentalgroupreno.com/" "Mozilla/5.0 (Windows NT 10.0; Win64; x64) AppleWebKit/537.36 (KHTML, like Gecko) Chrome/148.0.0.0 Safari/537.36"
52.34.76.65 - - [17/Aug/2026:14:39:13 -0600] "GET /wp-content/uploads/2024/04/reviewsbg.jpg HTTP/1.1" 200 287206 "https://swansondentalgroupreno.com/" "Mozilla/5.0 (Windows NT 10.0; Win64; x64) AppleWebKit/537.36 (KHTML, like Gecko) Chrome/148.0.0.0 Safari/537.36"
52.34.76.65 - - [17/Aug/2026:14:39:15 -0600] "GET /wp-content/uploads/2025/12/slider1b-1.png HTTP/1.1" 200 566660 "https://swansondentalgroupreno.com/" "Mozilla/5.0 (Windows NT 10.0; Win64; x64) AppleWebKit/537.36 (KHTML, like Gecko) Chrome/148.0.0.0 Safari/537.36"
52.34.76.65 - - [17/Aug/2026:14:39:15 -0600] "GET /wp-content/uploads/2025/12/Mask-group-2-1.png HTTP/1.1" 200 711518 "https://swansondentalgroupreno.com/" "Mozilla/5.0 (Windows NT 10.0; Win64; x64) AppleWebKit/537.36 (KHTML, like Gecko) Chrome/148.0.0.0 Safari/537.36"
52.34.76.65 - - [17/Aug/2026:14:39:15 -0600] "GET /wp-json/contact-form-7/v1/contact-forms/39/feedback/schema HTTP/1.1" 200 946 "https://swansondentalgroupreno.com/" "Mozilla/5.0 (Windows NT 10.0; Win64; x64) AppleWebKit/537.36 (KHTML, like Gecko) Chrome/148.0.0.0 Safari/537.36"
52.34.76.65 - - [17/Aug/2026:14:39:16 -0600] "GET /wp-content/uploads/2025/12/slider-mobile1.png HTTP/1.1" 200 625378 "https://swansondentalgroupreno.com/" "Mozilla/5.0 (Windows NT 10.0; Win64; x64) AppleWebKit/537.36 (KHTML, like Gecko) Chrome/148.0.0.0 Safari/537.36"
52.34.76.65 - - [17/Aug/2026:14:39:16 -0600] "GET /wp-content/uploads/2025/12/mobileee-1.png HTTP/1.1" 200 1123252 "https://swansondentalgroupreno.com/" "Mozilla/5.0 (Windows NT 10.0; Win64; x64) AppleWebKit/537.36 (KHTML, like Gecko) Chrome/148.0.0.0 Safari/537.36"
52.34.76.65 - - [17/Aug/2026:14:39:19 -0600] "GET /wp-includes/js/wp-emoji-release.min.js?ver=7.0.4 HTTP/1.1" 200 22752 "https://swansondentalgroupreno.com/" "Mozilla/5.0 (Windows NT 10.0; Win64; x64) AppleWebKit/537.36 (KHTML, like Gecko) Chrome/148.0.0.0 Safari/537.36"
20.100.169.31 - - [17/Aug/2026:14:41:53 -0600] "GET / HTTP/1.1" 200 122950 "-" "Mozilla/5.0 (Windows NT 10.0; Win64; x64) AppleWebKit/537.36 (KHTML, like Gecko) Chrome/120.0.0.0 Safari/537.36"
162.215.171.210 - - [17/Aug/2026:14:41:54 -0600] "POST /wp-cron.php?doing_wp_cron=1786999314.3807408809661865234375 HTTP/1.1" 200 - "-" "WordPress/7.0.4; https://swansondentalgroupreno.com"
20.100.169.31 - - [17/Aug/2026:14:41:55 -0600] "GET /class.php HTTP/1.1" 404 100819 "-" "Mozilla/5.0 (Windows NT 10.0; Win64; x64) AppleWebKit/537.36 (KHTML, like Gecko) Chrome/120.0.0.0 Safari/537.36"
20.100.169.31 - - [17/Aug/2026:14:41:56 -0600] "GET /cloud.php HTTP/1.1" 404 100819 "-" "Mozilla/5.0 (Windows NT 10.0; Win64; x64) AppleWebKit/537.36 (KHTML, like Gecko) Chrome/120.0.0.0 Safari/537.36"
162.215.171.210 - - [17/Aug/2026:14:41:58 -0600] "POST /wp-cron.php?doing_wp_cron=1786999318.1480710506439208984375 HTTP/1.1" 200 - "-" "WordPress/7.0.4; https://swansondentalgroupreno.com"
40.77.167.158 - - [17/Aug/2026:14:41:58 -0600] "GET /sitemap.xml HTTP/1.1" 404 100883 "-" "Mozilla/5.0 AppleWebKit/537.36 (KHTML, like Gecko; compatible; bingbot/2.0; +http://www.bing.com/bingbot.htm) Chrome/116.0.1938.76 Safari/537.36"
20.100.169.31 - - [17/Aug/2026:14:41:59 -0600] "GET /configs.php HTTP/1.1" 404 100819 "-" "Mozilla/5.0 (Windows NT 10.0; Win64; x64) AppleWebKit/537.36 (KHTML, like Gecko) Chrome/120.0.0.0 Safari/537.36"
20.100.169.31 - - [17/Aug/2026:14:42:01 -0600] "GET /cong.php HTTP/1.1" 404 100819 "-" "Mozilla/5.0 (Windows NT 10.0; Win64; x64) AppleWebKit/537.36 (KHTML, like Gecko) Chrome/120.0.0.0 Safari/537.36"
20.100.169.31 - - [17/Aug/2026:14:42:02 -0600] "GET /content.php HTTP/1.1" 404 100819 "-" "Mozilla/5.0 (Windows NT 10.0; Win64; x64) AppleWebKit/537.36 (KHTML, like Gecko) Chrome/120.0.0.0 Safari/537.36"
20.100.169.31 - - [17/Aug/2026:14:42:04 -0600] "GET /core.php HTTP/1.1" 404 100819 "-" "Mozilla/5.0 (Windows NT 10.0; Win64; x64) AppleWebKit/537.36 (KHTML, like Gecko) Chrome/120.0.0.0 Safari/537.36"
20.100.169.31 - - [17/Aug/2026:14:42:06 -0600] "GET /cron.php HTTP/1.1" 404 100819 "-" "Mozilla/5.0 (Windows NT 10.0; Win64; x64) AppleWebKit/537.36 (KHTML, like Gecko) Chrome/120.0.0.0 Safari/537.36"
20.100.169.31 - - [17/Aug/2026:14:42:07 -0600] "GET /css.php HTTP/1.1" 404 100819 "-" "Mozilla/5.0 (Windows NT 10.0; Win64; x64) AppleWebKit/537.36 (KHTML, like Gecko) Chrome/120.0.0.0 Safari/537.36"
20.100.169.31 - - [17/Aug/2026:14:42:09 -0600] "GET /css/item.php HTTP/1.1" 404 100819 "-" "Mozilla/5.0 (Windows NT 10.0; Win64; x64) AppleWebKit/537.36 (KHTML, like Gecko) Chrome/120.0.0.0 Safari/537.36"
20.100.169.31 - - [17/Aug/2026:14:42:10 -0600] "GET /db.php HTTP/1.1" 404 100819 "-" "Mozilla/5.0 (Windows NT 10.0; Win64; x64) AppleWebKit/537.36 (KHTML, like Gecko) Chrome/120.0.0.0 Safari/537.36"
20.100.169.31 - - [17/Aug/2026:14:42:12 -0600] "GET /default.php HTTP/1.1" 404 100819 "-" "Mozilla/5.0 (Windows NT 10.0; Win64; x64) AppleWebKit/537.36 (KHTML, like Gecko) Chrome/120.0.0.0 Safari/537.36"
20.100.169.31 - - [17/Aug/2026:14:42:13 -0600] "GET /doc.php HTTP/1.1" 404 100819 "-" "Mozilla/5.0 (Windows NT 10.0; Win64; x64) AppleWebKit/537.36 (KHTML, like Gecko) Chrome/120.0.0.0 Safari/537.36"
20.100.169.31 - - [17/Aug/2026:14:42:15 -0600] "GET /dropdown.php HTTP/1.1" 404 100819 "-" "Mozilla/5.0 (Windows NT 10.0; Win64; x64) AppleWebKit/537.36 (KHTML, like Gecko) Chrome/120.0.0.0 Safari/537.36"
20.100.169.31 - - [17/Aug/2026:14:42:17 -0600] "GET /edit.php HTTP/1.1" 404 100819 "-" "Mozilla/5.0 (Windows NT 10.0; Win64; x64) AppleWebKit/537.36 (KHTML, like Gecko) Chrome/120.0.0.0 Safari/537.36"
20.100.169.31 - - [17/Aug/2026:14:42:18 -0600] "GET /favicon.php HTTP/1.1" 404 100819 "-" "Mozilla/5.0 (Windows NT 10.0; Win64; x64) AppleWebKit/537.36 (KHTML, like Gecko) Chrome/120.0.0.0 Safari/537.36"
20.100.169.31 - - [17/Aug/2026:14:42:20 -0600] "GET /file/function.php HTTP/1.1" 404 100819 "-" "Mozilla/5.0 (Windows NT 10.0; Win64; x64) AppleWebKit/537.36 (KHTML, like Gecko) Chrome/120.0.0.0 Safari/537.36"
20.100.169.31 - - [17/Aug/2026:14:42:21 -0600] "GET /file2.php HTTP/1.1" 404 100819 "-" "Mozilla/5.0 (Windows NT 10.0; Win64; x64) AppleWebKit/537.36 (KHTML, like Gecko) Chrome/120.0.0.0 Safari/537.36"
20.100.169.31 - - [17/Aug/2026:14:42:23 -0600] "GET /k.php HTTP/1.1" 404 100819 "-" "Mozilla/5.0 (Windows NT 10.0; Win64; x64) AppleWebKit/537.36 (KHTML, like Gecko) Chrome/120.0.0.0 Safari/537.36"
20.100.169.31 - - [17/Aug/2026:14:42:24 -0600] "GET /file5.php HTTP/1.1" 404 100819 "-" "Mozilla/5.0 (Windows NT 10.0; Win64; x64) AppleWebKit/537.36 (KHTML, like Gecko) Chrome/120.0.0.0 Safari/537.36"
20.100.169.31 - - [17/Aug/2026:14:42:26 -0600] "GET /atomlib.php HTTP/1.1" 404 100819 "-" "Mozilla/5.0 (Windows NT 10.0; Win64; x64) AppleWebKit/537.36 (KHTML, like Gecko) Chrome/120.0.0.0 Safari/537.36"
20.100.169.31 - - [17/Aug/2026:14:42:27 -0600] "GET /files.php HTTP/1.1" 404 100819 "-" "Mozilla/5.0 (Windows NT 10.0; Win64; x64) AppleWebKit/537.36 (KHTML, like Gecko) Chrome/120.0.0.0 Safari/537.36"
20.100.169.31 - - [17/Aug/2026:14:42:28 -0600] "GET /files/berlin.php HTTP/1.1" 404 100819 "-" "Mozilla/5.0 (Windows NT 10.0; Win64; x64) AppleWebKit/537.36 (KHTML, like Gecko) Chrome/120.0.0.0 Safari/537.36"
20.100.169.31 - - [17/Aug/2026:14:42:30 -0600] "GET /fix.php HTTP/1.1" 404 100819 "-" "Mozilla/5.0 (Windows NT 10.0; Win64; x64) AppleWebKit/537.36 (KHTML, like Gecko) Chrome/120.0.0.0 Safari/537.36"
20.100.169.31 - - [17/Aug/2026:14:42:31 -0600] "GET /flower.php HTTP/1.1" 404 100819 "-" "Mozilla/5.0 (Windows NT 10.0; Win64; x64) AppleWebKit/537.36 (KHTML, like Gecko) Chrome/120.0.0.0 Safari/537.36"
20.100.169.31 - - [17/Aug/2026:14:42:32 -0600] "GET /functions.php HTTP/1.1" 404 100819 "-" "Mozilla/5.0 (Windows NT 10.0; Win64; x64) AppleWebKit/537.36 (KHTML, like Gecko) Chrome/120.0.0.0 Safari/537.36"
20.100.169.31 - - [17/Aug/2026:14:42:34 -0600] "GET /gecko.php HTTP/1.1" 404 100819 "-" "Mozilla/5.0 (Windows NT 10.0; Win64; x64) AppleWebKit/537.36 (KHTML, like Gecko) Chrome/120.0.0.0 Safari/537.36"
20.100.169.31 - - [17/Aug/2026:14:42:35 -0600] "GET /gelay.php HTTP/1.1" 404 100819 "-" "Mozilla/5.0 (Windows NT 10.0; Win64; x64) AppleWebKit/537.36 (KHTML, like Gecko) Chrome/120.0.0.0 Safari/537.36"
20.100.169.31 - - [17/Aug/2026:14:42:36 -0600] "GET /gg.php HTTP/1.1" 404 100819 "-" "Mozilla/5.0 (Windows NT 10.0; Win64; x64) AppleWebKit/537.36 (KHTML, like Gecko) Chrome/120.0.0.0 Safari/537.36"
143.198.53.13 - - [17/Aug/2026:14:42:37 -0600] "POST /wp-login.php HTTP/1.1" 200 7497 "-" "Mozilla/5.0"
143.198.53.13 - - [17/Aug/2026:14:42:37 -0600] "POST /wp-login.php HTTP/1.1" 200 7558 "-" "Mozilla/5.0"
143.198.53.13 - - [17/Aug/2026:14:42:37 -0600] "POST /wp-login.php HTTP/1.1" 200 7554 "-" "Mozilla/5.0"
143.198.53.13 - - [17/Aug/2026:14:42:37 -0600] "POST /wp-login.php HTTP/1.1" 200 7554 "-" "Mozilla/5.0"
143.198.53.13 - - [17/Aug/2026:14:42:37 -0600] "POST /wp-login.php HTTP/1.1" 200 7560 "-" "Mozilla/5.0"
143.198.53.13 - - [17/Aug/2026:14:42:37 -0600] "POST /wp-login.php HTTP/1.1" 200 7554 "-" "Mozilla/5.0"
143.198.53.13 - - [17/Aug/2026:14:42:37 -0600] "POST /wp-login.php HTTP/1.1" 200 7554 "-" "Mozilla/5.0"
143.198.53.13 - - [17/Aug/2026:14:42:37 -0600] "POST /wp-login.php HTTP/1.1" 200 7554 "-" "Mozilla/5.0"
143.198.53.13 - - [17/Aug/2026:14:42:37 -0600] "POST /wp-login.php HTTP/1.1" 200 7554 "-" "Mozilla/5.0"
20.100.169.31 - - [17/Aug/2026:14:42:38 -0600] "GET /images/about.php HTTP/1.1" 404 100819 "-" "Mozilla/5.0 (Windows NT 10.0; Win64; x64) AppleWebKit/537.36 (KHTML, like Gecko) Chrome/120.0.0.0 Safari/537.36"
20.100.169.31 - - [17/Aug/2026:14:42:40 -0600] "GET /images/alfa-rex.php HTTP/1.1" 404 100819 "-" "Mozilla/5.0 (Windows NT 10.0; Win64; x64) AppleWebKit/537.36 (KHTML, like Gecko) Chrome/120.0.0.0 Safari/537.36"
20.100.169.31 - - [17/Aug/2026:14:42:41 -0600] "GET /images/photo.php HTTP/1.1" 404 100819 "-" "Mozilla/5.0 (Windows NT 10.0; Win64; x64) AppleWebKit/537.36 (KHTML, like Gecko) Chrome/120.0.0.0 Safari/537.36"
20.100.169.31 - - [17/Aug/2026:14:42:42 -0600] "GET /img//classwithtostring.php HTTP/1.1" 301 - "-" "Mozilla/5.0 (Windows NT 10.0; Win64; x64) AppleWebKit/537.36 (KHTML, like Gecko) Chrome/120.0.0.0 Safari/537.36"
20.100.169.31 - - [17/Aug/2026:14:42:43 -0600] "GET /img/post.php HTTP/1.1" 404 100819 "-" "Mozilla/5.0 (Windows NT 10.0; Win64; x64) AppleWebKit/537.36 (KHTML, like Gecko) Chrome/120.0.0.0 Safari/537.36"
20.100.169.31 - - [17/Aug/2026:14:42:45 -0600] "GET /img/wp-admin/class.php HTTP/1.1" 404 100819 "-" "Mozilla/5.0 (Windows NT 10.0; Win64; x64) AppleWebKit/537.36 (KHTML, like Gecko) Chrome/120.0.0.0 Safari/537.36"
20.100.169.31 - - [17/Aug/2026:14:42:46 -0600] "GET /index/admin.php HTTP/1.1" 404 100819 "-" "Mozilla/5.0 (Windows NT 10.0; Win64; x64) AppleWebKit/537.36 (KHTML, like Gecko) Chrome/120.0.0.0 Safari/537.36"
20.100.169.31 - - [17/Aug/2026:14:42:47 -0600] "GET /install.php HTTP/1.1" 404 100819 "-" "Mozilla/5.0 (Windows NT 10.0; Win64; x64) AppleWebKit/537.36 (KHTML, like Gecko) Chrome/120.0.0.0 Safari/537.36"
20.100.169.31 - - [17/Aug/2026:14:42:49 -0600] "GET /item.php HTTP/1.1" 404 100819 "-" "Mozilla/5.0 (Windows NT 10.0; Win64; x64) AppleWebKit/537.36 (KHTML, like Gecko) Chrome/120.0.0.0 Safari/537.36"
20.100.169.31 - - [17/Aug/2026:14:42:51 -0600] "GET /jquery.php HTTP/1.1" 404 100819 "-" "Mozilla/5.0 (Windows NT 10.0; Win64; x64) AppleWebKit/537.36 (KHTML, like Gecko) Chrome/120.0.0.0 Safari/537.36"
20.100.169.31 - - [17/Aug/2026:14:42:52 -0600] "GET /k.php HTTP/1.1" 404 100819 "-" "Mozilla/5.0 (Windows NT 10.0; Win64; x64) AppleWebKit/537.36 (KHTML, like Gecko) Chrome/120.0.0.0 Safari/537.36"
20.100.169.31 - - [17/Aug/2026:14:42:54 -0600] "GET /ku.php HTTP/1.1" 404 100819 "-" "Mozilla/5.0 (Windows NT 10.0; Win64; x64) AppleWebKit/537.36 (KHTML, like Gecko) Chrome/120.0.0.0 Safari/537.36"
185.198.240.224 - - [17/Aug/2026:14:42:58 -0600] "POST /wp-login.php HTTP/1.1" 200 7558 "-" "Mozilla/5.0 (Windows NT 10.0; Win64; x64) AppleWebKit/537.36 Chrome/129.0.0.0 Safari/537.36"
185.198.240.189 - - [17/Aug/2026:14:42:58 -0600] "POST /wp-login.php HTTP/1.1" 200 7497 "-" "Mozilla/5.0 (Windows NT 10.0; Win64; rv:143.0) Gecko/20100101 Firefox/143.0"
45.131.195.232 - - [17/Aug/2026:14:42:58 -0600] "POST /wp-login.php HTTP/1.1" 200 7554 "-" "Mozilla/5.0 (Windows NT 10.0; Win64; rv:143.0) Gecko/20100101 Firefox/143.0"
162.215.171.210 - - [17/Aug/2026:14:42:58 -0600] "POST /wp-cron.php?doing_wp_cron=1786999378.9707930088043212890625 HTTP/1.1" 200 - "-" "WordPress/7.0.4; https://swansondentalgroupreno.com"
185.198.240.227 - - [17/Aug/2026:14:42:58 -0600] "POST /wp-login.php HTTP/1.1" 200 7501 "-" "Mozilla/5.0 (Macintosh; Intel Mac OS X 10_15_7) AppleWebKit/605.1.15 Version/17.0 Safari/605.1.15"
176.20.192.183 - - [17/Aug/2026:14:43:23 -0600] "GET /wp-content/uploads/2024/04/nitrousoxide2@2x.jpg HTTP/1.1" 200 171236 "-" "Mozilla/5.0 (compatible; crawler)"
51.195.183.18 - - [17/Aug/2026:14:45:20 -0600] "GET /robots.txt HTTP/1.1" 200 244 "-" "Mozilla/5.0 (compatible; AhrefsBot/7.0; +http://ahrefs.com/robot/)"
162.215.171.210 - - [17/Aug/2026:14:45:23 -0600] "POST /wp-cron.php?doing_wp_cron=1786999523.7327311038970947265625 HTTP/1.1" 200 - "-" "WordPress/7.0.4; https://swansondentalgroupreno.com"
148.113.130.180 - - [17/Aug/2026:14:45:22 -0600] "GET /ey6j0p0z HTTP/1.1" 404 100819 "-" "Mozilla/5.0 (compatible; AhrefsBot/7.0; +http://ahrefs.com/robot/)"
161.35.42.198 - - [17/Aug/2026:14:47:25 -0600] "POST /wp-login.php HTTP/1.1" 200 7497 "-" "Mozilla/5.0"
161.35.42.198 - - [17/Aug/2026:14:47:25 -0600] "POST /wp-login.php HTTP/1.1" 200 7560 "-" "Mozilla/5.0"
161.35.42.198 - - [17/Aug/2026:14:47:25 -0600] "POST /wp-login.php HTTP/1.1" 200 7554 "-" "Mozilla/5.0"
161.35.42.198 - - [17/Aug/2026:14:47:25 -0600] "POST /wp-login.php HTTP/1.1" 200 7554 "-" "Mozilla/5.0"
161.35.42.198 - - [17/Aug/2026:14:47:25 -0600] "POST /wp-login.php HTTP/1.1" 200 7554 "-" "Mozilla/5.0"
161.35.42.198 - - [17/Aug/2026:14:47:25 -0600] "POST /wp-login.php HTTP/1.1" 200 7554 "-" "Mozilla/5.0"
161.35.42.198 - - [17/Aug/2026:14:47:25 -0600] "POST /wp-login.php HTTP/1.1" 200 7554 "-" "Mozilla/5.0"
161.35.42.198 - - [17/Aug/2026:14:47:25 -0600] "POST /wp-login.php HTTP/1.1" 200 7554 "-" "Mozilla/5.0"
161.35.42.198 - - [17/Aug/2026:14:47:25 -0600] "POST /wp-login.php HTTP/1.1" 200 7558 "-" "Mozilla/5.0"
162.215.171.210 - - [17/Aug/2026:14:47:26 -0600] "POST /wp-cron.php?doing_wp_cron=1786999646.3902440071105957031250 HTTP/1.1" 200 - "-" "WordPress/7.0.4; https://swansondentalgroupreno.com"
52.167.144.168 - - [17/Aug/2026:14:51:31 -0600] "GET /ruk4asyw HTTP/1.1" 404 100819 "-" "Mozilla/5.0 AppleWebKit/537.36 (KHTML, like Gecko; compatible; bingbot/2.0; +http://www.bing.com/bingbot.htm) Chrome/116.0.1938.76 Safari/537.36"
162.215.171.210 - - [17/Aug/2026:14:51:34 -0600] "POST /wp-cron.php?doing_wp_cron=1786999894.3871390819549560546875 HTTP/1.1" 200 - "-" "WordPress/7.0.4; https://swansondentalgroupreno.com"
185.198.240.196 - - [17/Aug/2026:14:51:56 -0600] "POST /wp-login.php HTTP/1.1" 200 7558 "-" "Mozilla/5.0 (Windows NT 10.0; Win64; rv:143.0) Gecko/20100101 Firefox/143.0"
185.198.240.214 - - [17/Aug/2026:14:51:56 -0600] "POST /wp-login.php HTTP/1.1" 200 7501 "-" "Mozilla/5.0 (Windows NT 10.0; Win64; rv:143.0) Gecko/20100101 Firefox/143.0"
185.198.240.214 - - [17/Aug/2026:14:51:56 -0600] "POST /wp-login.php HTTP/1.1" 200 7497 "-" "Mozilla/5.0 (Windows NT 10.0; Win64; rv:143.0) Gecko/20100101 Firefox/143.0"
45.131.195.228 - - [17/Aug/2026:14:51:56 -0600] "POST /wp-login.php HTTP/1.1" 200 7554 "-" "Mozilla/5.0 (Windows NT 10.0; Win64; x64) AppleWebKit/537.36 Chrome/129.0.0.0 Safari/537.36"
45.131.195.228 - - [17/Aug/2026:14:51:56 -0600] "POST /wp-login.php HTTP/1.1" 200 7554 "-" "Mozilla/5.0 (Windows NT 10.0; Win64; x64) AppleWebKit/537.36 Chrome/129.0.0.0 Safari/537.36"
162.215.171.210 - - [17/Aug/2026:14:51:58 -0600] "POST /wp-cron.php?doing_wp_cron=1786999918.0980761051177978515625 HTTP/1.1" 200 - "-" "WordPress/7.0.4; https://swansondentalgroupreno.com"
51.89.15.49 - - [17/Aug/2026:14:54:24 -0600] "GET /wp-content/plugins/cidaas-pro-master/composer.json HTTP/1.1" 404 100819 "-" "Mozilla/5.0 (X11; Linux x86_64) AppleWebKit/537.36 (KHTML, like Gecko) Chrome/149.0.0.0 Safari/537.36"
162.215.171.210 - - [17/Aug/2026:14:54:25 -0600] "POST /wp-cron.php?doing_wp_cron=1787000065.4894719123840332031250 HTTP/1.1" 200 - "-" "WordPress/7.0.4; https://swansondentalgroupreno.com"
51.89.15.49 - - [17/Aug/2026:14:55:50 -0600] "GET /wp-content/plugins/pods/ui/styles/dist/pods-query-monitor.css HTTP/1.1" 200 159 "-" "Mozilla/5.0 (X11; Linux x86_64) AppleWebKit/537.36 (KHTML, like Gecko) Chrome/147.0.0.0 Safari/537.36"
40.77.167.154 - - [17/Aug/2026:14:57:12 -0600] "GET /product/J?2191726=nmesorectalu HTTP/1.1" 404 100819 "-" "Mozilla/5.0 AppleWebKit/537.36 (KHTML, like Gecko; compatible; bingbot/2.0; +http://www.bing.com/bingbot.htm) Chrome/116.0.1938.76 Safari/537.36"
162.215.171.210 - - [17/Aug/2026:14:57:13 -0600] "POST /wp-cron.php?doing_wp_cron=1787000233.6558129787445068359375 HTTP/1.1" 200 - "-" "WordPress/7.0.4; https://swansondentalgroupreno.com"
52.167.144.168 - - [17/Aug/2026:14:57:22 -0600] "GET /service/implants/?813284=zpreferrerl HTTP/1.1" 200 120863 "-" "Mozilla/5.0 AppleWebKit/537.36 (KHTML, like Gecko; compatible; bingbot/2.0; +http://www.bing.com/bingbot.htm) Chrome/116.0.1938.76 Safari/537.36"
161.35.42.198 - - [17/Aug/2026:14:57:47 -0600] "POST /wp-login.php HTTP/1.1" 200 7558 "-" "Mozilla/5.0"
161.35.42.198 - - [17/Aug/2026:14:57:47 -0600] "POST /wp-login.php HTTP/1.1" 200 7497 "-" "Mozilla/5.0"
161.35.42.198 - - [17/Aug/2026:14:57:47 -0600] "POST /wp-login.php HTTP/1.1" 200 7554 "-" "Mozilla/5.0"
161.35.42.198 - - [17/Aug/2026:14:57:47 -0600] "POST /wp-login.php HTTP/1.1" 200 7554 "-" "Mozilla/5.0"
161.35.42.198 - - [17/Aug/2026:14:57:47 -0600] "POST /wp-login.php HTTP/1.1" 200 7554 "-" "Mozilla/5.0"
161.35.42.198 - - [17/Aug/2026:14:57:47 -0600] "POST /wp-login.php HTTP/1.1" 200 7554 "-" "Mozilla/5.0"
161.35.42.198 - - [17/Aug/2026:14:57:47 -0600] "POST /wp-login.php HTTP/1.1" 200 7554 "-" "Mozilla/5.0"
161.35.42.198 - - [17/Aug/2026:14:57:47 -0600] "POST /wp-login.php HTTP/1.1" 200 7560 "-" "Mozilla/5.0"
161.35.42.198 - - [17/Aug/2026:14:57:48 -0600] "POST /wp-login.php HTTP/1.1" 200 7554 "-" "Mozilla/5.0"
143.198.53.13 - - [17/Aug/2026:14:57:51 -0600] "POST /wp-login.php HTTP/1.1" 200 7497 "-" "Mozilla/5.0"
143.198.53.13 - - [17/Aug/2026:14:57:51 -0600] "POST /wp-login.php HTTP/1.1" 200 7554 "-" "Mozilla/5.0"
143.198.53.13 - - [17/Aug/2026:14:57:51 -0600] "POST /wp-login.php HTTP/1.1" 200 7558 "-" "Mozilla/5.0"
143.198.53.13 - - [17/Aug/2026:14:57:51 -0600] "POST /wp-login.php HTTP/1.1" 200 7554 "-" "Mozilla/5.0"
143.198.53.13 - - [17/Aug/2026:14:57:51 -0600] "POST /wp-login.php HTTP/1.1" 200 7560 "-" "Mozilla/5.0"
143.198.53.13 - - [17/Aug/2026:14:57:51 -0600] "POST /wp-login.php HTTP/1.1" 200 7554 "-" "Mozilla/5.0"
143.198.53.13 - - [17/Aug/2026:14:57:51 -0600] "POST /wp-login.php HTTP/1.1" 200 7554 "-" "Mozilla/5.0"
143.198.53.13 - - [17/Aug/2026:14:57:51 -0600] "POST /wp-login.php HTTP/1.1" 200 7554 "-" "Mozilla/5.0"
143.198.53.13 - - [17/Aug/2026:14:57:51 -0600] "POST /wp-login.php HTTP/1.1" 200 7554 "-" "Mozilla/5.0"
136.119.35.120 - - [17/Aug/2026:14:58:00 -0600] "GET /wp-json/oembed/1.0/embed?url=https://swansondentalgroupreno.com/services/specialty-services/ HTTP/1.1" 200 2556 "-" "Mozilla/5.0 (Macintosh; Intel Mac OS X 10_15_7) AppleWebKit/537.36 (KHTML, like Gecko) Chrome/120.0.0.0 Safari/537.36"
162.215.171.210 - - [17/Aug/2026:14:58:01 -0600] "POST /wp-cron.php?doing_wp_cron=1787000281.2624130249023437500000 HTTP/1.1" 200 - "-" "WordPress/7.0.4; https://swansondentalgroupreno.com"
40.77.167.154 - - [17/Aug/2026:14:58:07 -0600] "GET /patient-center/?3308322=hswordslipperz HTTP/1.1" 200 112890 "-" "Mozilla/5.0 AppleWebKit/537.36 (KHTML, like Gecko; compatible; bingbot/2.0; +http://www.bing.com/bingbot.htm) Chrome/116.0.1938.76 Safari/537.36"
54.184.226.94 - - [17/Aug/2026:14:58:51 -0600] "GET /?rnd=1787000329750 HTTP/1.1" 200 122968 "http://www.swansondentalgroupreno.com/?rnd=1787000329750" "Sucuri-UptimeMonitoring"
50.116.47.181 - - [17/Aug/2026:14:59:09 -0600] "GET /?sucurianticache=1010292921 HTTP/1.1" 200 122977 "-" "Sucuri Uptime Monitor"
54.190.214.215 - - [17/Aug/2026:14:59:12 -0600] "GET /?sucurianticache=1670927212 HTTP/1.1" 200 122977 "-" "Sucuri Uptime Monitor"
94.229.214.223 - - [17/Aug/2026:14:59:30 -0600] "GET /llms.txt HTTP/1.1" 200 2074 "-" "Mozilla/5.0 AppleWebKit/537.36 (KHTML, like Gecko); compatible; SEOJuice-SearchBot/1.0; +https://seojuice.io/bot"
94.229.214.223 - - [17/Aug/2026:14:59:31 -0600] "GET /ai.txt HTTP/1.1" 404 100819 "-" "Mozilla/5.0 AppleWebKit/537.36 (KHTML, like Gecko); compatible; SEOJuice-SearchBot/1.0; +https://seojuice.io/bot"
94.229.214.223 - - [17/Aug/2026:14:59:33 -0600] "GET / HTTP/1.1" 200 122950 "-" "Mozilla/5.0 AppleWebKit/537.36 (KHTML, like Gecko); compatible; SEOJuice-SearchBot/1.0; +https://seojuice.io/bot"
216.69.161.39 - - [17/Aug/2026:15:00:00 -0600] "HEAD / HTTP/1.1" 301 - "https://www.medsnews.com" "WPMU DEV Broken Link Checker Local Engine"
162.215.171.210 - - [17/Aug/2026:15:00:01 -0600] "POST /wp-cron.php?doing_wp_cron=1787000401.7424590587615966796875 HTTP/1.1" 200 - "-" "WordPress/7.0.4; https://swansondentalgroupreno.com"
216.69.161.39 - - [17/Aug/2026:15:00:02 -0600] "HEAD / HTTP/1.1" 200 - "https://www.medsnews.com" "WPMU DEV Broken Link Checker Local Engine"
216.69.161.39 - - [17/Aug/2026:15:00:03 -0600] "GET / HTTP/1.1" 301 - "https://www.medsnews.com" "WPMU DEV Broken Link Checker Local Engine"
216.69.161.39 - - [17/Aug/2026:15:00:05 -0600] "GET / HTTP/1.1" 200 122950 "https://www.medsnews.com" "WPMU DEV Broken Link Checker Local Engine"
57.141.0.42 - - [17/Aug/2026:15:00:28 -0600] "GET /sitemap.txt HTTP/1.1" 404 100819 "-" "Mozilla/5.0 (Macintosh; Intel Mac OS X 10_15_7) AppleWebKit/537.36 (KHTML, like Gecko) Chrome/145.0.0.0 Safari/537.36 (compatible; meta-externalagent/1.1 (+https://developers.facebook.com/docs/sharing/webmasters/crawler))"
185.198.240.187 - - [17/Aug/2026:15:00:54 -0600] "POST /wp-login.php HTTP/1.1" 200 7497 "-" "Mozilla/5.0 (Windows NT 10.0; Win64; rv:143.0) Gecko/20100101 Firefox/143.0"
185.198.240.224 - - [17/Aug/2026:15:00:54 -0600] "POST /wp-login.php HTTP/1.1" 200 7501 "-" "Mozilla/5.0 (Macintosh; Intel Mac OS X 10_15_7) AppleWebKit/605.1.15 Version/17.0 Safari/605.1.15"
45.131.195.228 - - [17/Aug/2026:15:00:54 -0600] "POST /wp-login.php HTTP/1.1" 200 7558 "-" "Mozilla/5.0 (Macintosh; Intel Mac OS X 10_15_7) AppleWebKit/605.1.15 Version/17.0 Safari/605.1.15"
185.198.240.196 - - [17/Aug/2026:15:00:54 -0600] "POST /wp-login.php HTTP/1.1" 200 7554 "-" "Mozilla/5.0 (Windows NT 10.0; Win64; x64) AppleWebKit/537.36 Chrome/129.0.0.0 Safari/537.36"
185.198.240.191 - - [17/Aug/2026:15:00:54 -0600] "POST /wp-login.php HTTP/1.1" 200 7554 "-" "Mozilla/5.0 (Macintosh; Intel Mac OS X 10_15_7) AppleWebKit/605.1.15 Version/17.0 Safari/605.1.15"
40.77.167.149 - - [17/Aug/2026:15:04:00 -0600] "GET /block-tests/?3459232=bcheongsaml HTTP/1.1" 200 102340 "-" "Mozilla/5.0 AppleWebKit/537.36 (KHTML, like Gecko; compatible; bingbot/2.0; +http://www.bing.com/bingbot.htm) Chrome/116.0.1938.76 Safari/537.36"
162.215.171.210 - - [17/Aug/2026:15:04:02 -0600] "POST /wp-cron.php?doing_wp_cron=1787000642.1139640808105468750000 HTTP/1.1" 200 - "-" "WordPress/7.0.4; https://swansondentalgroupreno.com"
40.74.68.220 - - [17/Aug/2026:15:04:20 -0600] "GET / HTTP/1.1" 200 122950 "-" "Mozilla/5.0 (Windows NT 10.0; Win64; x64) AppleWebKit/537.36 (KHTML, like Gecko) Chrome/120.0.0.0 Safari/537.36"
40.74.68.220 - - [17/Aug/2026:15:04:21 -0600] "GET /.dj/index.php HTTP/1.1" 301 - "-" "Mozilla/5.0 (Windows NT 10.0; Win64; x64) AppleWebKit/537.36 (KHTML, like Gecko) Chrome/120.0.0.0 Safari/537.36"
40.74.68.220 - - [17/Aug/2026:15:04:22 -0600] "GET /.tmb/ HTTP/1.1" 404 100819 "-" "Mozilla/5.0 (Windows NT 10.0; Win64; x64) AppleWebKit/537.36 (KHTML, like Gecko) Chrome/120.0.0.0 Safari/537.36"
40.74.68.220 - - [17/Aug/2026:15:04:24 -0600] "GET /.vscode/class-wp-http-client.php HTTP/1.1" 404 100819 "-" "Mozilla/5.0 (Windows NT 10.0; Win64; x64) AppleWebKit/537.36 (KHTML, like Gecko) Chrome/120.0.0.0 Safari/537.36"
40.74.68.220 - - [17/Aug/2026:15:04:25 -0600] "GET /.well-known/ HTTP/1.1" 404 100819 "-" "Mozilla/5.0 (Windows NT 10.0; Win64; x64) AppleWebKit/537.36 (KHTML, like Gecko) Chrome/120.0.0.0 Safari/537.36"
40.74.68.220 - - [17/Aug/2026:15:04:27 -0600] "GET /.well-known/about.php HTTP/1.1" 404 100819 "-" "Mozilla/5.0 (Windows NT 10.0; Win64; x64) AppleWebKit/537.36 (KHTML, like Gecko) Chrome/120.0.0.0 Safari/537.36"
40.74.68.220 - - [17/Aug/2026:15:04:29 -0600] "GET /.well-known/acme-challenge/ HTTP/1.1" 404 100819 "-" "Mozilla/5.0 (Windows NT 10.0; Win64; x64) AppleWebKit/537.36 (KHTML, like Gecko) Chrome/120.0.0.0 Safari/537.36"
40.74.68.220 - - [17/Aug/2026:15:04:30 -0600] "GET /.well-known/acme-challenge/block-supports/ HTTP/1.1" 404 100819 "-" "Mozilla/5.0 (Windows NT 10.0; Win64; x64) AppleWebKit/537.36 (KHTML, like Gecko) Chrome/120.0.0.0 Safari/537.36"
40.74.68.220 - - [17/Aug/2026:15:04:31 -0600] "GET /.well-known/acme-challenge/muse.php HTTP/1.1" 404 100819 "-" "Mozilla/5.0 (Windows NT 10.0; Win64; x64) AppleWebKit/537.36 (KHTML, like Gecko) Chrome/120.0.0.0 Safari/537.36"
40.74.68.220 - - [17/Aug/2026:15:04:33 -0600] "GET /.well-known/bdkr28_61cohkhh.php HTTP/1.1" 404 100819 "-" "Mozilla/5.0 (Windows NT 10.0; Win64; x64) AppleWebKit/537.36 (KHTML, like Gecko) Chrome/120.0.0.0 Safari/537.36"
40.74.68.220 - - [17/Aug/2026:15:04:34 -0600] "GET /.well-known/class-wp-http-client.php HTTP/1.1" 404 100819 "-" "Mozilla/5.0 (Windows NT 10.0; Win64; x64) AppleWebKit/537.36 (KHTML, like Gecko) Chrome/120.0.0.0 Safari/537.36"
40.74.68.220 - - [17/Aug/2026:15:04:36 -0600] "GET /.well-known/gecko-litespeed.php HTTP/1.1" 404 100819 "-" "Mozilla/5.0 (Windows NT 10.0; Win64; x64) AppleWebKit/537.36 (KHTML, like Gecko) Chrome/120.0.0.0 Safari/537.36"
40.74.68.220 - - [17/Aug/2026:15:04:39 -0600] "GET /.well-known/index.php HTTP/1.1" 301 - "-" "Mozilla/5.0 (Windows NT 10.0; Win64; x64) AppleWebKit/537.36 (KHTML, like Gecko) Chrome/120.0.0.0 Safari/537.36"
40.74.68.220 - - [17/Aug/2026:15:04:40 -0600] "GET /.well-known/ws.php HTTP/1.1" 404 100819 "-" "Mozilla/5.0 (Windows NT 10.0; Win64; x64) AppleWebKit/537.36 (KHTML, like Gecko) Chrome/120.0.0.0 Safari/537.36"
40.74.68.220 - - [17/Aug/2026:15:04:43 -0600] "GET /.xa/class-wp-http-client.php HTTP/1.1" 404 100819 "-" "Mozilla/5.0 (Windows NT 10.0; Win64; x64) AppleWebKit/537.36 (KHTML, like Gecko) Chrome/120.0.0.0 Safari/537.36"
40.74.68.220 - - [17/Aug/2026:15:04:45 -0600] "GET /0.php HTTP/1.1" 404 100819 "-" "Mozilla/5.0 (Windows NT 10.0; Win64; x64) AppleWebKit/537.36 (KHTML, like Gecko) Chrome/120.0.0.0 Safari/537.36"
40.74.68.220 - - [17/Aug/2026:15:04:47 -0600] "GET /000.php HTTP/1.1" 404 100819 "-" "Mozilla/5.0 (Windows NT 10.0; Win64; x64) AppleWebKit/537.36 (KHTML, like Gecko) Chrome/120.0.0.0 Safari/537.36"
40.74.68.220 - - [17/Aug/2026:15:04:50 -0600] "GET /002.php HTTP/1.1" 404 100819 "-" "Mozilla/5.0 (Windows NT 10.0; Win64; x64) AppleWebKit/537.36 (KHTML, like Gecko) Chrome/120.0.0.0 Safari/537.36"
40.74.68.220 - - [17/Aug/2026:15:04:52 -0600] "GET /0x.php HTTP/1.1" 404 100819 "-" "Mozilla/5.0 (Windows NT 10.0; Win64; x64) AppleWebKit/537.36 (KHTML, like Gecko) Chrome/120.0.0.0 Safari/537.36"
40.74.68.220 - - [17/Aug/2026:15:04:54 -0600] "GET /0xd.php HTTP/1.1" 404 100819 "-" "Mozilla/5.0 (Windows NT 10.0; Win64; x64) AppleWebKit/537.36 (KHTML, like Gecko) Chrome/120.0.0.0 Safari/537.36"
162.215.171.210 - - [17/Aug/2026:15:04:56 -0600] "POST /wp-cron.php?doing_wp_cron=1787000696.8008799552917480468750 HTTP/1.1" 200 - "-" "WordPress/7.0.4; https://swansondentalgroupreno.com"
40.74.68.220 - - [17/Aug/2026:15:04:55 -0600] "GET /1.php HTTP/1.1" 404 100819 "-" "Mozilla/5.0 (Windows NT 10.0; Win64; x64) AppleWebKit/537.36 (KHTML, like Gecko) Chrome/120.0.0.0 Safari/537.36"
40.74.68.220 - - [17/Aug/2026:15:04:57 -0600] "GET /100.php HTTP/1.1" 404 100819 "-" "Mozilla/5.0 (Windows NT 10.0; Win64; x64) AppleWebKit/537.36 (KHTML, like Gecko) Chrome/120.0.0.0 Safari/537.36"
40.74.68.220 - - [17/Aug/2026:15:04:59 -0600] "GET /12.php HTTP/1.1" 404 100819 "-" "Mozilla/5.0 (Windows NT 10.0; Win64; x64) AppleWebKit/537.36 (KHTML, like Gecko) Chrome/120.0.0.0 Safari/537.36"
40.74.68.220 - - [17/Aug/2026:15:05:00 -0600] "GET /123.php HTTP/1.1" 404 100819 "-" "Mozilla/5.0 (Windows NT 10.0; Win64; x64) AppleWebKit/537.36 (KHTML, like Gecko) Chrome/120.0.0.0 Safari/537.36"
40.74.68.220 - - [17/Aug/2026:15:05:02 -0600] "GET /13.php HTTP/1.1" 404 100819 "-" "Mozilla/5.0 (Windows NT 10.0; Win64; x64) AppleWebKit/537.36 (KHTML, like Gecko) Chrome/120.0.0.0 Safari/537.36"
40.74.68.220 - - [17/Aug/2026:15:05:03 -0600] "GET /133.php HTTP/1.1" 404 100819 "-" "Mozilla/5.0 (Windows NT 10.0; Win64; x64) AppleWebKit/537.36 (KHTML, like Gecko) Chrome/120.0.0.0 Safari/537.36"
40.74.68.220 - - [17/Aug/2026:15:05:04 -0600] "GET /155.php HTTP/1.1" 404 100819 "-" "Mozilla/5.0 (Windows NT 10.0; Win64; x64) AppleWebKit/537.36 (KHTML, like Gecko) Chrome/120.0.0.0 Safari/537.36"
40.74.68.220 - - [17/Aug/2026:15:05:06 -0600] "GET /166.php HTTP/1.1" 404 100819 "-" "Mozilla/5.0 (Windows NT 10.0; Win64; x64) AppleWebKit/537.36 (KHTML, like Gecko) Chrome/120.0.0.0 Safari/537.36"
40.74.68.220 - - [17/Aug/2026:15:05:07 -0600] "GET /2.php HTTP/1.1" 404 100819 "-" "Mozilla/5.0 (Windows NT 10.0; Win64; x64) AppleWebKit/537.36 (KHTML, like Gecko) Chrome/120.0.0.0 Safari/537.36"
40.74.68.220 - - [17/Aug/2026:15:05:09 -0600] "GET /2026w.php HTTP/1.1" 404 100819 "-" "Mozilla/5.0 (Windows NT 10.0; Win64; x64) AppleWebKit/537.36 (KHTML, like Gecko) Chrome/120.0.0.0 Safari/537.36"
40.74.68.220 - - [17/Aug/2026:15:05:10 -0600] "GET /222.php HTTP/1.1" 404 100819 "-" "Mozilla/5.0 (Windows NT 10.0; Win64; x64) AppleWebKit/537.36 (KHTML, like Gecko) Chrome/120.0.0.0 Safari/537.36"
40.74.68.220 - - [17/Aug/2026:15:05:11 -0600] "GET /2p.php HTTP/1.1" 404 100819 "-" "Mozilla/5.0 (Windows NT 10.0; Win64; x64) AppleWebKit/537.36 (KHTML, like Gecko) Chrome/120.0.0.0 Safari/537.36"
40.74.68.220 - - [17/Aug/2026:15:05:12 -0600] "GET /2p.update.php HTTP/1.1" 404 100819 "-" "Mozilla/5.0 (Windows NT 10.0; Win64; x64) AppleWebKit/537.36 (KHTML, like Gecko) Chrome/120.0.0.0 Safari/537.36"
40.74.68.220 - - [17/Aug/2026:15:05:14 -0600] "GET /3pjcpmfsd8b.php HTTP/1.1" 404 100819 "-" "Mozilla/5.0 (Windows NT 10.0; Win64; x64) AppleWebKit/537.36 (KHTML, like Gecko) Chrome/120.0.0.0 Safari/537.36"
40.74.68.220 - - [17/Aug/2026:15:05:15 -0600] "GET /403.php HTTP/1.1" 404 100819 "-" "Mozilla/5.0 (Windows NT 10.0; Win64; x64) AppleWebKit/537.36 (KHTML, like Gecko) Chrome/120.0.0.0 Safari/537.36"
40.74.68.220 - - [17/Aug/2026:15:05:17 -0600] "GET /404.php HTTP/1.1" 404 100819 "-" "Mozilla/5.0 (Windows NT 10.0; Win64; x64) AppleWebKit/537.36 (KHTML, like Gecko) Chrome/120.0.0.0 Safari/537.36"
40.74.68.220 - - [17/Aug/2026:15:05:18 -0600] "GET /4pjcpmfsd8b.php HTTP/1.1" 404 100819 "-" "Mozilla/5.0 (Windows NT 10.0; Win64; x64) AppleWebKit/537.36 (KHTML, like Gecko) Chrome/120.0.0.0 Safari/537.36"
40.74.68.220 - - [17/Aug/2026:15:05:20 -0600] "GET /666.php HTTP/1.1" 404 100819 "-" "Mozilla/5.0 (Windows NT 10.0; Win64; x64) AppleWebKit/537.36 (KHTML, like Gecko) Chrome/120.0.0.0 Safari/537.36"
40.74.68.220 - - [17/Aug/2026:15:05:21 -0600] "GET /7.php HTTP/1.1" 404 100819 "-" "Mozilla/5.0 (Windows NT 10.0; Win64; x64) AppleWebKit/537.36 (KHTML, like Gecko) Chrome/120.0.0.0 Safari/537.36"
40.74.68.220 - - [17/Aug/2026:15:05:23 -0600] "GET /8.php HTTP/1.1" 404 100819 "-" "Mozilla/5.0 (Windows NT 10.0; Win64; x64) AppleWebKit/537.36 (KHTML, like Gecko) Chrome/120.0.0.0 Safari/537.36"
40.74.68.220 - - [17/Aug/2026:15:05:24 -0600] "GET /87.php HTTP/1.1" 404 100819 "-" "Mozilla/5.0 (Windows NT 10.0; Win64; x64) AppleWebKit/537.36 (KHTML, like Gecko) Chrome/120.0.0.0 Safari/537.36"
40.74.68.220 - - [17/Aug/2026:15:05:26 -0600] "GET /99.php HTTP/1.1" 404 100819 "-" "Mozilla/5.0 (Windows NT 10.0; Win64; x64) AppleWebKit/537.36 (KHTML, like Gecko) Chrome/120.0.0.0 Safari/537.36"
40.74.68.220 - - [17/Aug/2026:15:05:27 -0600] "GET /a.php HTTP/1.1" 404 100819 "-" "Mozilla/5.0 (Windows NT 10.0; Win64; x64) AppleWebKit/537.36 (KHTML, like Gecko) Chrome/120.0.0.0 Safari/537.36"
40.74.68.220 - - [17/Aug/2026:15:05:29 -0600] "GET /a4.php HTTP/1.1" 404 100819 "-" "Mozilla/5.0 (Windows NT 10.0; Win64; x64) AppleWebKit/537.36 (KHTML, like Gecko) Chrome/120.0.0.0 Safari/537.36"
40.74.68.220 - - [17/Aug/2026:15:05:30 -0600] "GET /a7.php HTTP/1.1" 404 100819 "-" "Mozilla/5.0 (Windows NT 10.0; Win64; x64) AppleWebKit/537.36 (KHTML, like Gecko) Chrome/120.0.0.0 Safari/537.36"
40.74.68.220 - - [17/Aug/2026:15:05:32 -0600] "GET /aa.php HTTP/1.1" 404 100819 "-" "Mozilla/5.0 (Windows NT 10.0; Win64; x64) AppleWebKit/537.36 (KHTML, like Gecko) Chrome/120.0.0.0 Safari/537.36"
40.74.68.220 - - [17/Aug/2026:15:05:33 -0600] "GET /aaa.php HTTP/1.1" 404 100819 "-" "Mozilla/5.0 (Windows NT 10.0; Win64; x64) AppleWebKit/537.36 (KHTML, like Gecko) Chrome/120.0.0.0 Safari/537.36"
40.74.68.220 - - [17/Aug/2026:15:05:35 -0600] "GET /ab.php HTTP/1.1" 404 100819 "-" "Mozilla/5.0 (Windows NT 10.0; Win64; x64) AppleWebKit/537.36 (KHTML, like Gecko) Chrome/120.0.0.0 Safari/537.36"
40.74.68.220 - - [17/Aug/2026:15:05:36 -0600] "GET /abc.php HTTP/1.1" 404 100819 "-" "Mozilla/5.0 (Windows NT 10.0; Win64; x64) AppleWebKit/537.36 (KHTML, like Gecko) Chrome/120.0.0.0 Safari/537.36"
40.74.68.220 - - [17/Aug/2026:15:05:38 -0600] "GET /abcd.php HTTP/1.1" 404 100819 "-" "Mozilla/5.0 (Windows NT 10.0; Win64; x64) AppleWebKit/537.36 (KHTML, like Gecko) Chrome/120.0.0.0 Safari/537.36"
40.74.68.220 - - [17/Aug/2026:15:05:39 -0600] "GET /about.php HTTP/1.1" 404 100819 "-" "Mozilla/5.0 (Windows NT 10.0; Win64; x64) AppleWebKit/537.36 (KHTML, like Gecko) Chrome/120.0.0.0 Safari/537.36"
57.141.0.21 - - [17/Aug/2026:15:07:02 -0600] "GET /author-sitemap.xml HTTP/1.1" 200 758 "-" "Mozilla/5.0 (Windows NT 10.0; Win64; x64) AppleWebKit/537.36 (KHTML, like Gecko) Chrome/145.0.0.0 Safari/537.36 (compatible; meta-externalagent/1.1 (+https://developers.facebook.com/docs/sharing/webmasters/crawler))"
162.215.171.210 - - [17/Aug/2026:15:07:02 -0600] "POST /wp-cron.php?doing_wp_cron=1787000822.9189779758453369140625 HTTP/1.1" 200 - "-" "WordPress/7.0.4; https://swansondentalgroupreno.com"
161.35.42.198 - - [17/Aug/2026:15:08:09 -0600] "POST /wp-login.php HTTP/1.1" 200 7497 "-" "Mozilla/5.0"
161.35.42.198 - - [17/Aug/2026:15:08:09 -0600] "POST /wp-login.php HTTP/1.1" 200 7554 "-" "Mozilla/5.0"
161.35.42.198 - - [17/Aug/2026:15:08:09 -0600] "POST /wp-login.php HTTP/1.1" 200 7558 "-" "Mozilla/5.0"
161.35.42.198 - - [17/Aug/2026:15:08:09 -0600] "POST /wp-login.php HTTP/1.1" 200 7554 "-" "Mozilla/5.0"
161.35.42.198 - - [17/Aug/2026:15:08:09 -0600] "POST /wp-login.php HTTP/1.1" 200 7560 "-" "Mozilla/5.0"
161.35.42.198 - - [17/Aug/2026:15:08:09 -0600] "POST /wp-login.php HTTP/1.1" 200 7554 "-" "Mozilla/5.0"
161.35.42.198 - - [17/Aug/2026:15:08:09 -0600] "POST /wp-login.php HTTP/1.1" 200 7554 "-" "Mozilla/5.0"
161.35.42.198 - - [17/Aug/2026:15:08:09 -0600] "POST /wp-login.php HTTP/1.1" 200 7554 "-" "Mozilla/5.0"
162.215.171.210 - - [17/Aug/2026:15:08:10 -0600] "POST /wp-cron.php?doing_wp_cron=1787000890.7668099403381347656250 HTTP/1.1" 200 - "-" "WordPress/7.0.4; https://swansondentalgroupreno.com"
161.35.42.198 - - [17/Aug/2026:15:08:09 -0600] "POST /wp-login.php HTTP/1.1" 200 7554 "-" "Mozilla/5.0"
185.198.240.192 - - [17/Aug/2026:15:09:48 -0600] "POST /wp-login.php HTTP/1.1" 200 7558 "-" "Mozilla/5.0 (Windows NT 10.0; Win64; x64) AppleWebKit/537.36 Chrome/129.0.0.0 Safari/537.36"
185.198.240.198 - - [17/Aug/2026:15:09:48 -0600] "POST /wp-login.php HTTP/1.1" 200 7497 "-" "Mozilla/5.0 (Windows NT 10.0; Win64; x64) AppleWebKit/537.36 Chrome/129.0.0.0 Safari/537.36"
185.198.240.189 - - [17/Aug/2026:15:09:48 -0600] "POST /wp-login.php HTTP/1.1" 200 7554 "-" "Mozilla/5.0 (Windows NT 10.0; Win64; x64) AppleWebKit/537.36 Chrome/129.0.0.0 Safari/537.36"
185.198.240.217 - - [17/Aug/2026:15:09:48 -0600] "POST /wp-login.php HTTP/1.1" 200 7554 "-" "Mozilla/5.0 (Windows NT 10.0; Win64; x64) AppleWebKit/537.36 Chrome/129.0.0.0 Safari/537.36"
162.215.171.210 - - [17/Aug/2026:15:09:49 -0600] "POST /wp-cron.php?doing_wp_cron=1787000989.3304009437561035156250 HTTP/1.1" 200 - "-" "WordPress/7.0.4; https://swansondentalgroupreno.com"
185.198.240.211 - - [17/Aug/2026:15:09:48 -0600] "POST /wp-login.php HTTP/1.1" 200 7501 "-" "Mozilla/5.0 (Macintosh; Intel Mac OS X 10_15_7) AppleWebKit/605.1.15 Version/17.0 Safari/605.1.15"
51.68.236.93 - - [17/Aug/2026:15:09:57 -0600] "GET /robots.txt HTTP/1.1" 200 244 "-" "Mozilla/5.0 (compatible; MJ12bot/v2.0.5; http://mj12bot.com/)"
51.68.236.93 - - [17/Aug/2026:15:09:57 -0600] "GET / HTTP/1.1" 200 122950 "-" "Mozilla/5.0 (compatible; MJ12bot/v2.0.5; http://mj12bot.com/)"
162.215.171.210 - - [17/Aug/2026:15:09:58 -0600] "POST /wp-cron.php?doing_wp_cron=1787000998.2972009181976318359375 HTTP/1.1" 200 - "-" "WordPress/7.0.4; https://swansondentalgroupreno.com"
162.215.171.210 - - [17/Aug/2026:15:11:00 -0600] "POST /wp-cron.php?doing_wp_cron=1787001060.8022770881652832031250 HTTP/1.1" 200 - "-" "WordPress/7.0.4; https://swansondentalgroupreno.com"
34.171.68.95 - - [17/Aug/2026:15:10:59 -0600] "GET /wp-json/oembed/1.0/embed?format=xml&url=https://swansondentalgroupreno.com/service/custom-teeth-whitening/ HTTP/1.1" 200 2949 "-" "Mozilla/5.0 (Macintosh; Intel Mac OS X 10_15_7) AppleWebKit/537.36 (KHTML, like Gecko) Chrome/120.0.0.0 Safari/537.36"
143.198.53.13 - - [17/Aug/2026:15:13:16 -0600] "POST /wp-login.php HTTP/1.1" 200 7558 "-" "Mozilla/5.0"
143.198.53.13 - - [17/Aug/2026:15:13:16 -0600] "POST /wp-login.php HTTP/1.1" 200 7554 "-" "Mozilla/5.0"
143.198.53.13 - - [17/Aug/2026:15:13:16 -0600] "POST /wp-login.php HTTP/1.1" 200 7554 "-" "Mozilla/5.0"
143.198.53.13 - - [17/Aug/2026:15:13:16 -0600] "POST /wp-login.php HTTP/1.1" 200 7560 "-" "Mozilla/5.0"
143.198.53.13 - - [17/Aug/2026:15:13:16 -0600] "POST /wp-login.php HTTP/1.1" 200 7554 "-" "Mozilla/5.0"
143.198.53.13 - - [17/Aug/2026:15:13:16 -0600] "POST /wp-login.php HTTP/1.1" 200 7554 "-" "Mozilla/5.0"
143.198.53.13 - - [17/Aug/2026:15:13:16 -0600] "POST /wp-login.php HTTP/1.1" 200 7554 "-" "Mozilla/5.0"
143.198.53.13 - - [17/Aug/2026:15:13:16 -0600] "POST /wp-login.php HTTP/1.1" 200 7554 "-" "Mozilla/5.0"
143.198.53.13 - - [17/Aug/2026:15:13:16 -0600] "POST /wp-login.php HTTP/1.1" 200 7497 "-" "Mozilla/5.0"
162.215.171.210 - - [17/Aug/2026:15:13:17 -0600] "POST /wp-cron.php?doing_wp_cron=1787001197.8900389671325683593750 HTTP/1.1" 200 - "-" "WordPress/7.0.4; https://swansondentalgroupreno.com"
54.39.136.141 - - [17/Aug/2026:15:13:26 -0600] "GET /sitemap_index.xml HTTP/1.1" 200 973 "-" "Mozilla/5.0 (compatible; AhrefsBot/7.0; +http://ahrefs.com/robot/)"
54.39.89.253 - - [17/Aug/2026:15:13:29 -0600] "GET /post-sitemap.xml HTTP/1.1" 200 1603 "-" "Mozilla/5.0 (compatible; AhrefsBot/7.0; +http://ahrefs.com/robot/)"
43.157.188.74 - - [17/Aug/2026:15:13:30 -0600] "GET / HTTP/1.1" 200 122950 "http://www.swansondentalgroupreno.com" "Mozilla/5.0 (iPhone; CPU iPhone OS 13_2_3 like Mac OS X) AppleWebKit/605.1.15 (KHTML, like Gecko) Version/13.0.3 Mobile/15E148 Safari/604.1"
142.44.228.110 - - [17/Aug/2026:15:13:32 -0600] "GET /page-sitemap.xml HTTP/1.1" 200 2551 "-" "Mozilla/5.0 (compatible; AhrefsBot/7.0; +http://ahrefs.com/robot/)"
167.114.139.228 - - [17/Aug/2026:15:13:34 -0600] "GET /service-sitemap.xml HTTP/1.1" 200 4296 "-" "Mozilla/5.0 (compatible; AhrefsBot/7.0; +http://ahrefs.com/robot/)"
54.39.136.208 - - [17/Aug/2026:15:13:37 -0600] "GET /category-sitemap.xml HTTP/1.1" 200 1321 "-" "Mozilla/5.0 (compatible; AhrefsBot/7.0; +http://ahrefs.com/robot/)"
148.113.130.115 - - [17/Aug/2026:15:13:39 -0600] "GET /author-sitemap.xml HTTP/1.1" 200 758 "-" "Mozilla/5.0 (compatible; AhrefsBot/7.0; +http://ahrefs.com/robot/)"
52.35.117.102 - - [17/Aug/2026:15:14:12 -0600] "HEAD / HTTP/1.1" 200 - "-" "python-requests/2.34.2"
51.89.15.49 - - [17/Aug/2026:15:14:27 -0600] "GET /sh286744?url=http://hilla-unc.edu.iq/hilla.js HTTP/1.1" 404 100819 "-" "Mozilla/5.0 (X11; Linux x86_64) AppleWebKit/537.36 (KHTML, like Gecko) Chrome/148.0.0.0 Safari/537.36"
40.77.167.149 - - [17/Aug/2026:15:17:25 -0600] "GET /patient-center/?2616098=abiblismp HTTP/1.1" 200 112885 "-" "Mozilla/5.0 AppleWebKit/537.36 (KHTML, like Gecko; compatible; bingbot/2.0; +http://www.bing.com/bingbot.htm) Chrome/116.0.1938.76 Safari/537.36"
162.215.171.210 - - [17/Aug/2026:15:17:26 -0600] "POST /wp-cron.php?doing_wp_cron=1787001446.2460949420928955078125 HTTP/1.1" 200 - "-" "WordPress/7.0.4; https://swansondentalgroupreno.com"
40.77.167.149 - - [17/Aug/2026:15:17:27 -0600] "GET /product/L?2184080=pflagellantt HTTP/1.1" 404 100819 "-" "Mozilla/5.0 AppleWebKit/537.36 (KHTML, like Gecko; compatible; bingbot/2.0; +http://www.bing.com/bingbot.htm) Chrome/116.0.1938.76 Safari/537.36"
40.77.167.149 - - [17/Aug/2026:15:17:28 -0600] "GET /2rvzce HTTP/1.1" 404 100819 "-" "Mozilla/5.0 AppleWebKit/537.36 (KHTML, like Gecko; compatible; bingbot/2.0; +http://www.bing.com/bingbot.htm) Chrome/116.0.1938.76 Safari/537.36"
161.35.42.198 - - [17/Aug/2026:15:18:25 -0600] "POST /wp-login.php HTTP/1.1" 200 7497 "-" "Mozilla/5.0"
161.35.42.198 - - [17/Aug/2026:15:18:25 -0600] "POST /wp-login.php HTTP/1.1" 200 7554 "-" "Mozilla/5.0"
161.35.42.198 - - [17/Aug/2026:15:18:25 -0600] "POST /wp-login.php HTTP/1.1" 200 7554 "-" "Mozilla/5.0"
161.35.42.198 - - [17/Aug/2026:15:18:25 -0600] "POST /wp-login.php HTTP/1.1" 200 7554 "-" "Mozilla/5.0"
161.35.42.198 - - [17/Aug/2026:15:18:25 -0600] "POST /wp-login.php HTTP/1.1" 200 7554 "-" "Mozilla/5.0"
161.35.42.198 - - [17/Aug/2026:15:18:25 -0600] "POST /wp-login.php HTTP/1.1" 200 7554 "-" "Mozilla/5.0"
161.35.42.198 - - [17/Aug/2026:15:18:25 -0600] "POST /wp-login.php HTTP/1.1" 200 7560 "-" "Mozilla/5.0"
161.35.42.198 - - [17/Aug/2026:15:18:25 -0600] "POST /wp-login.php HTTP/1.1" 200 7554 "-" "Mozilla/5.0"
161.35.42.198 - - [17/Aug/2026:15:18:25 -0600] "POST /wp-login.php HTTP/1.1" 200 7558 "-" "Mozilla/5.0"
162.215.171.210 - - [17/Aug/2026:15:18:26 -0600] "POST /wp-cron.php?doing_wp_cron=1787001506.3668749332427978515625 HTTP/1.1" 200 - "-" "WordPress/7.0.4; https://swansondentalgroupreno.com"
92.255.209.234 - - [17/Aug/2026:15:18:39 -0600] "GET /3f3f4fd7d554.php HTTP/1.1" 200 7 "-" "Mozilla/5.0 (X11; Ubuntu; Linux i686 on x86_64) AppleWebKit/537.36 (KHTML, like Gecko) Chrome/52.0.2746.21 Safari/537.36"
185.198.240.194 - - [17/Aug/2026:15:18:42 -0600] "POST /wp-login.php HTTP/1.1" 200 7501 "-" "Mozilla/5.0 (Windows NT 10.0; Win64; rv:143.0) Gecko/20100101 Firefox/143.0"
185.198.240.209 - - [17/Aug/2026:15:18:42 -0600] "POST /wp-login.php HTTP/1.1" 200 7558 "-" "Mozilla/5.0 (Macintosh; Intel Mac OS X 10_15_7) AppleWebKit/605.1.15 Version/17.0 Safari/605.1.15"
185.198.240.199 - - [17/Aug/2026:15:18:42 -0600] "POST /wp-login.php HTTP/1.1" 200 7554 "-" "Mozilla/5.0 (Windows NT 10.0; Win64; rv:143.0) Gecko/20100101 Firefox/143.0"
185.198.240.186 - - [17/Aug/2026:15:18:42 -0600] "POST /wp-login.php HTTP/1.1" 200 7554 "-" "Mozilla/5.0 (Windows NT 10.0; Win64; rv:143.0) Gecko/20100101 Firefox/143.0"
92.255.209.234 - - [17/Aug/2026:15:18:59 -0600] "POST /3f3f4fd7d554.php HTTP/1.1" 200 9 "https://swansondentalgroupreno.com/3f3f4fd7d554.php" "Mozilla/5.0 (X11; Ubuntu; Linux i686 on x86_64) AppleWebKit/537.36 (KHTML, like Gecko) Chrome/52.0.2746.21 Safari/537.36"
162.215.171.210 - - [17/Aug/2026:15:19:05 -0600] "POST /wp-cron.php?doing_wp_cron=1787001545.6390099525451660156250 HTTP/1.1" 200 - "-" "WordPress/7.0.4; https://swansondentalgroupreno.com"
185.198.240.223 - - [17/Aug/2026:15:19:04 -0600] "POST /wp-login.php HTTP/1.1" 200 7497 "-" "Mozilla/5.0 (Windows NT 10.0; Win64; x64) AppleWebKit/537.36 Chrome/129.0.0.0 Safari/537.36"
62.210.113.151 - - [17/Aug/2026:15:19:29 -0600] "GET /3f3f4fd7d554.php HTTP/1.1" 200 7 "-" "Mozilla/5.0 (X11; Ubuntu; Linux i686 on x86_64; rv:49.0) Gecko/20100101 Firefox/49.0"
62.210.113.151 - - [17/Aug/2026:15:19:31 -0600] "POST /3f3f4fd7d554.php HTTP/1.1" 200 9 "https://swansondentalgroupreno.com/3f3f4fd7d554.php" "Mozilla/5.0 (X11; Ubuntu; Linux i686 on x86_64; rv:49.0) Gecko/20100101 Firefox/49.0"
64.233.172.171 - - [17/Aug/2026:15:19:36 -0600] "GET /.well-known/traffic-advice HTTP/1.1" 404 100819 "-" "Chrome Privacy Preserving Prefetch Proxy"
193.186.4.228 - - [17/Aug/2026:15:19:36 -0600] "GET / HTTP/1.1" 200 122950 "https://www.google.com/" "Mozilla/5.0 (Linux; Android 10; K) AppleWebKit/537.36 (KHTML, like Gecko) Chrome/151.0.0.0 Mobile Safari/537.36"
109.107.178.102 - - [17/Aug/2026:15:19:45 -0600] "GET /3f3f4fd7d554.php HTTP/1.1" 200 7 "-" "Mozilla/5.0 (Windows NT 5.1) AppleWebKit/537.36 (KHTML, like Gecko) Chrome/55.0.2898.36 Safari/537.36"
109.107.178.102 - - [17/Aug/2026:15:19:47 -0600] "POST /3f3f4fd7d554.php HTTP/1.1" 200 9 "https://swansondentalgroupreno.com/3f3f4fd7d554.php" "Mozilla/5.0 (Windows NT 5.1) AppleWebKit/537.36 (KHTML, like Gecko) Chrome/55.0.2898.36 Safari/537.36"
192.36.61.172 - - [17/Aug/2026:15:19:52 -0600] "GET /3f3f4fd7d554.php HTTP/1.1" 200 7 "-" "Mozilla/5.0 (Windows NT 6.2; rv:48.0) Gecko/20100101 Firefox/48.0"
192.36.61.172 - - [17/Aug/2026:15:19:53 -0600] "POST /3f3f4fd7d554.php HTTP/1.1" 200 9 "https://swansondentalgroupreno.com/3f3f4fd7d554.php" "Mozilla/5.0 (Windows NT 6.2; rv:48.0) Gecko/20100101 Firefox/48.0"
185.198.240.216 - - [17/Aug/2026:15:27:29 -0600] "POST /wp-login.php HTTP/1.1" 200 7554 "-" "Mozilla/5.0 (Windows NT 10.0; Win64; x64) AppleWebKit/537.36 Chrome/129.0.0.0 Safari/537.36"
185.198.240.211 - - [17/Aug/2026:15:27:29 -0600] "POST /wp-login.php HTTP/1.1" 200 7501 "-" "Mozilla/5.0 (Windows NT 10.0; Win64; x64) AppleWebKit/537.36 Chrome/129.0.0.0 Safari/537.36"
185.198.240.214 - - [17/Aug/2026:15:27:29 -0600] "POST /wp-login.php HTTP/1.1" 200 7554 "-" "Mozilla/5.0 (Macintosh; Intel Mac OS X 10_15_7) AppleWebKit/605.1.15 Version/17.0 Safari/605.1.15"
185.198.240.197 - - [17/Aug/2026:15:27:29 -0600] "POST /wp-login.php HTTP/1.1" 200 7558 "-" "Mozilla/5.0 (Macintosh; Intel Mac OS X 10_15_7) AppleWebKit/605.1.15 Version/17.0 Safari/605.1.15"
185.198.240.221 - - [17/Aug/2026:15:27:29 -0600] "POST /wp-login.php HTTP/1.1" 200 7497 "-" "Mozilla/5.0 (Windows NT 10.0; Win64; rv:143.0) Gecko/20100101 Firefox/143.0"
162.215.171.210 - - [17/Aug/2026:15:27:30 -0600] "POST /wp-cron.php?doing_wp_cron=1787002050.0911180973052978515625 HTTP/1.1" 200 - "-" "WordPress/7.0.4; https://swansondentalgroupreno.com"
143.198.53.13 - - [17/Aug/2026:15:28:35 -0600] "POST /wp-login.php HTTP/1.1" 200 7558 "-" "Mozilla/5.0"
143.198.53.13 - - [17/Aug/2026:15:28:35 -0600] "POST /wp-login.php HTTP/1.1" 200 7554 "-" "Mozilla/5.0"
143.198.53.13 - - [17/Aug/2026:15:28:35 -0600] "POST /wp-login.php HTTP/1.1" 200 7554 "-" "Mozilla/5.0"
143.198.53.13 - - [17/Aug/2026:15:28:35 -0600] "POST /wp-login.php HTTP/1.1" 200 7560 "-" "Mozilla/5.0"
143.198.53.13 - - [17/Aug/2026:15:28:35 -0600] "POST /wp-login.php HTTP/1.1" 200 7554 "-" "Mozilla/5.0"
143.198.53.13 - - [17/Aug/2026:15:28:35 -0600] "POST /wp-login.php HTTP/1.1" 200 7554 "-" "Mozilla/5.0"
143.198.53.13 - - [17/Aug/2026:15:28:35 -0600] "POST /wp-login.php HTTP/1.1" 200 7554 "-" "Mozilla/5.0"
143.198.53.13 - - [17/Aug/2026:15:28:35 -0600] "POST /wp-login.php HTTP/1.1" 200 7554 "-" "Mozilla/5.0"
143.198.53.13 - - [17/Aug/2026:15:28:35 -0600] "POST /wp-login.php HTTP/1.1" 200 7497 "-" "Mozilla/5.0"
162.215.171.210 - - [17/Aug/2026:15:28:36 -0600] "POST /wp-cron.php?doing_wp_cron=1787002116.5590870380401611328125 HTTP/1.1" 200 - "-" "WordPress/7.0.4; https://swansondentalgroupreno.com"
161.35.42.198 - - [17/Aug/2026:15:28:44 -0600] "POST /wp-login.php HTTP/1.1" 200 7497 "-" "Mozilla/5.0"
161.35.42.198 - - [17/Aug/2026:15:28:44 -0600] "POST /wp-login.php HTTP/1.1" 200 7558 "-" "Mozilla/5.0"
161.35.42.198 - - [17/Aug/2026:15:28:44 -0600] "POST /wp-login.php HTTP/1.1" 200 7554 "-" "Mozilla/5.0"
161.35.42.198 - - [17/Aug/2026:15:28:44 -0600] "POST /wp-login.php HTTP/1.1" 200 7554 "-" "Mozilla/5.0"
161.35.42.198 - - [17/Aug/2026:15:28:44 -0600] "POST /wp-login.php HTTP/1.1" 200 7554 "-" "Mozilla/5.0"
161.35.42.198 - - [17/Aug/2026:15:28:44 -0600] "POST /wp-login.php HTTP/1.1" 200 7560 "-" "Mozilla/5.0"
161.35.42.198 - - [17/Aug/2026:15:28:44 -0600] "POST /wp-login.php HTTP/1.1" 200 7554 "-" "Mozilla/5.0"
161.35.42.198 - - [17/Aug/2026:15:28:44 -0600] "POST /wp-login.php HTTP/1.1" 200 7554 "-" "Mozilla/5.0"
161.35.42.198 - - [17/Aug/2026:15:28:44 -0600] "POST /wp-login.php HTTP/1.1" 200 7554 "-" "Mozilla/5.0"
162.215.171.210 - - [17/Aug/2026:15:29:36 -0600] "POST /wp-cron.php?doing_wp_cron=1787002176.4125719070434570312500 HTTP/1.1" 200 - "-" "WordPress/7.0.4; https://swansondentalgroupreno.com"
