93.86.237.211 - - [17/Aug/2026:08:00:41 -0600] "POST /xmlrpc.php HTTP/1.1" 200 403 "-" "Jetpack/12.1; WordPress/6.4; http://site69238584.com"
161.35.42.198 - - [17/Aug/2026:08:00:48 -0600] "POST /wp-login.php HTTP/1.1" 200 7558 "-" "Mozilla/5.0"
161.35.42.198 - - [17/Aug/2026:08:00:48 -0600] "POST /wp-login.php HTTP/1.1" 200 7497 "-" "Mozilla/5.0"
161.35.42.198 - - [17/Aug/2026:08:00:49 -0600] "POST /wp-login.php HTTP/1.1" 200 7560 "-" "Mozilla/5.0"
161.35.42.198 - - [17/Aug/2026:08:00:49 -0600] "POST /wp-login.php HTTP/1.1" 200 7554 "-" "Mozilla/5.0"
161.35.42.198 - - [17/Aug/2026:08:00:49 -0600] "POST /wp-login.php HTTP/1.1" 200 7554 "-" "Mozilla/5.0"
161.35.42.198 - - [17/Aug/2026:08:00:49 -0600] "POST /wp-login.php HTTP/1.1" 200 7554 "-" "Mozilla/5.0"
161.35.42.198 - - [17/Aug/2026:08:00:49 -0600] "POST /wp-login.php HTTP/1.1" 200 7554 "-" "Mozilla/5.0"
161.35.42.198 - - [17/Aug/2026:08:00:49 -0600] "POST /wp-login.php HTTP/1.1" 200 7554 "-" "Mozilla/5.0"
161.35.42.198 - - [17/Aug/2026:08:00:49 -0600] "POST /wp-login.php HTTP/1.1" 200 7554 "-" "Mozilla/5.0"
162.215.171.210 - - [17/Aug/2026:08:00:57 -0600] "POST /wp-cron.php?doing_wp_cron=1786975257.7167909145355224609375 HTTP/1.1" 200 - "-" "WordPress/7.0.4; https://swansondentalgroupreno.com"
124.29.251.85 - - [17/Aug/2026:08:00:56 -0600] "POST /xmlrpc.php HTTP/1.1" 200 403 "-" "Jetpack by WordPress.com (Jetpack 12.5; WordPress 6.4)"
93.86.237.211 - - [17/Aug/2026:08:01:03 -0600] "POST /xmlrpc.php HTTP/1.1" 200 403 "-" "WordPress.com; https://wordpress.com"
93.86.237.211 - - [17/Aug/2026:08:01:23 -0600] "POST /xmlrpc.php HTTP/1.1" 200 403 "-" "WordPress.com; https://wordpress.com"
93.86.237.211 - - [17/Aug/2026:08:01:45 -0600] "POST /xmlrpc.php HTTP/1.1" 200 403 "-" "Jetpack/12.0; WordPress/6.4; http://site84530729.com"
162.215.171.210 - - [17/Aug/2026:08:01:46 -0600] "POST /wp-cron.php?doing_wp_cron=1786975306.5965099334716796875000 HTTP/1.1" 200 - "-" "WordPress/7.0.4; https://swansondentalgroupreno.com"
162.215.171.210 - - [17/Aug/2026:08:01:56 -0600] "POST /wp-cron.php?doing_wp_cron=1786975316.2184031009674072265625 HTTP/1.1" 200 - "-" "WordPress/7.0.4; https://swansondentalgroupreno.com"
93.86.237.211 - - [17/Aug/2026:08:01:55 -0600] "POST /xmlrpc.php HTTP/1.1" 200 403 "-" "Jetpack by WordPress.com"
93.86.237.211 - - [17/Aug/2026:08:02:17 -0600] "POST /xmlrpc.php HTTP/1.1" 200 403 "-" "Jetpack by WordPress.com"
93.86.237.211 - - [17/Aug/2026:08:02:37 -0600] "POST /xmlrpc.php HTTP/1.1" 200 403 "-" "WordPress.com; https://wordpress.com"
217.113.196.47 - - [17/Aug/2026:08:02:39 -0600] "GET /robots.txt HTTP/1.1" 200 244 "-" "Mozilla/5.0 (compatible; IbouBot/1.0; +bot@ibou.io; +https://ibou.io/iboubot.html)"
217.113.196.98 - - [17/Aug/2026:08:02:55 -0600] "GET /services/preventative-care/ HTTP/1.1" 200 112099 "-" "Mozilla/5.0 (compatible; IbouBot/1.0; +bot@ibou.io; +https://ibou.io/iboubot.html)"
162.215.171.210 - - [17/Aug/2026:08:03:00 -0600] "POST /wp-cron.php?doing_wp_cron=1786975380.6148850917816162109375 HTTP/1.1" 200 - "-" "WordPress/7.0.4; https://swansondentalgroupreno.com"
93.86.237.211 - - [17/Aug/2026:08:02:59 -0600] "POST /xmlrpc.php HTTP/1.1" 200 403 "-" "Jetpack by WordPress.com"
143.198.53.13 - - [17/Aug/2026:08:03:09 -0600] "POST /wp-login.php HTTP/1.1" 200 7497 "-" "Mozilla/5.0"
143.198.53.13 - - [17/Aug/2026:08:03:09 -0600] "POST /wp-login.php HTTP/1.1" 200 7558 "-" "Mozilla/5.0"
143.198.53.13 - - [17/Aug/2026:08:03:09 -0600] "POST /wp-login.php HTTP/1.1" 200 7554 "-" "Mozilla/5.0"
143.198.53.13 - - [17/Aug/2026:08:03:09 -0600] "POST /wp-login.php HTTP/1.1" 200 7554 "-" "Mozilla/5.0"
143.198.53.13 - - [17/Aug/2026:08:03:09 -0600] "POST /wp-login.php HTTP/1.1" 200 7560 "-" "Mozilla/5.0"
143.198.53.13 - - [17/Aug/2026:08:03:09 -0600] "POST /wp-login.php HTTP/1.1" 200 7554 "-" "Mozilla/5.0"
143.198.53.13 - - [17/Aug/2026:08:03:09 -0600] "POST /wp-login.php HTTP/1.1" 200 7554 "-" "Mozilla/5.0"
143.198.53.13 - - [17/Aug/2026:08:03:09 -0600] "POST /wp-login.php HTTP/1.1" 200 7554 "-" "Mozilla/5.0"
143.198.53.13 - - [17/Aug/2026:08:03:09 -0600] "POST /wp-login.php HTTP/1.1" 200 7554 "-" "Mozilla/5.0"
217.113.196.215 - - [17/Aug/2026:08:03:11 -0600] "GET /service/custom-teeth-whitening/ HTTP/1.1" 200 117454 "-" "Mozilla/5.0 (compatible; IbouBot/1.0; +bot@ibou.io; +https://ibou.io/iboubot.html)"
93.86.237.211 - - [17/Aug/2026:08:03:19 -0600] "POST /xmlrpc.php HTTP/1.1" 200 403 "-" "Jetpack/12.0; WordPress/6.3; http://site73111830.com"
124.29.251.85 - - [17/Aug/2026:08:03:24 -0600] "POST /xmlrpc.php HTTP/1.1" 200 403 "-" "WordPress.com; https://wordpress.com"
217.113.196.53 - - [17/Aug/2026:08:03:29 -0600] "GET /am-i-brushing-too-hard/ HTTP/1.1" 200 114291 "-" "Mozilla/5.0 (compatible; IbouBot/1.0; +bot@ibou.io; +https://ibou.io/iboubot.html)"
93.86.237.211 - - [17/Aug/2026:08:03:31 -0600] "POST /xmlrpc.php HTTP/1.1" 200 403 "-" "WordPress.com; https://wordpress.com"
93.86.237.211 - - [17/Aug/2026:08:03:44 -0600] "POST /xmlrpc.php HTTP/1.1" 200 403 "-" "Jetpack/13.0; WordPress/6.1; http://site10361422.com"
217.113.196.191 - - [17/Aug/2026:08:03:45 -0600] "GET /community-blood-drive-7-9-2020/ HTTP/1.1" 200 112408 "-" "Mozilla/5.0 (compatible; IbouBot/1.0; +bot@ibou.io; +https://ibou.io/iboubot.html)"
93.86.237.211 - - [17/Aug/2026:08:03:51 -0600] "POST /xmlrpc.php HTTP/1.1" 200 403 "-" "Jetpack by WordPress.com (Jetpack 12.0; WordPress 6.2)"
162.215.171.210 - - [17/Aug/2026:08:04:01 -0600] "POST /wp-cron.php?doing_wp_cron=1786975441.0257380008697509765625 HTTP/1.1" 200 - "-" "WordPress/7.0.4; https://swansondentalgroupreno.com"
114.119.130.217 - - [17/Aug/2026:08:04:00 -0600] "GET /services/restorative-treatments HTTP/1.1" 301 - "https://www.swansondentalgroupreno.com/service/composite-resin-fillings" "Mozilla/5.0 (Linux; Android 7.0;) AppleWebKit/537.36 (HTML, like Gecko) Mobile Safari/537.36 (compatible; PetalBot;+https://webmaster.petalsearch.com/site/petalbot)"
114.119.130.217 - - [17/Aug/2026:08:04:02 -0600] "GET /services/restorative-treatments/ HTTP/1.1" 200 122349 "https://www.swansondentalgroupreno.com/service/composite-resin-fillings" "Mozilla/5.0 (Linux; Android 7.0;) AppleWebKit/537.36 (HTML, like Gecko) Mobile Safari/537.36 (compatible; PetalBot;+https://webmaster.petalsearch.com/site/petalbot)"
217.113.196.81 - - [17/Aug/2026:08:04:02 -0600] "GET /covid-19-and-swanson-dental-group/ HTTP/1.1" 200 121866 "-" "Mozilla/5.0 (compatible; IbouBot/1.0; +bot@ibou.io; +https://ibou.io/iboubot.html)"
93.86.237.211 - - [17/Aug/2026:08:04:13 -0600] "POST /xmlrpc.php HTTP/1.1" 200 403 "-" "Jetpack/12.5; WordPress/6.4; http://site46824371.com"
124.29.251.85 - - [17/Aug/2026:08:04:38 -0600] "POST /xmlrpc.php HTTP/1.1" 200 403 "-" "Jetpack by WordPress.com (Jetpack 12.1; WordPress 6.1)"
162.215.171.210 - - [17/Aug/2026:08:05:06 -0600] "POST /wp-cron.php?doing_wp_cron=1786975506.5666499137878417968750 HTTP/1.1" 200 - "-" "WordPress/7.0.4; https://swansondentalgroupreno.com"
93.86.237.211 - - [17/Aug/2026:08:05:05 -0600] "POST /xmlrpc.php HTTP/1.1" 200 403 "-" "Jetpack by WordPress.com"
93.86.237.211 - - [17/Aug/2026:08:05:16 -0600] "POST /xmlrpc.php HTTP/1.1" 200 403 "-" "Jetpack/12.5; WordPress/6.1; http://site33381468.com"
114.119.136.143 - - [17/Aug/2026:08:05:23 -0600] "GET /contact/ HTTP/1.1" 200 117914 "https://www.swansondentalgroupreno.com/privacy-policy" "Mozilla/5.0 (Linux; Android 7.0;) AppleWebKit/537.36 (HTML, like Gecko) Mobile Safari/537.36 (compatible; PetalBot;+https://webmaster.petalsearch.com/site/petalbot)"
93.86.237.211 - - [17/Aug/2026:08:05:27 -0600] "POST /xmlrpc.php HTTP/1.1" 200 403 "-" "Jetpack by WordPress.com (Jetpack 13.0; WordPress 6.3)"
93.86.237.211 - - [17/Aug/2026:08:05:47 -0600] "POST /xmlrpc.php HTTP/1.1" 200 403 "-" "WordPress.com; https://wordpress.com"
162.215.171.210 - - [17/Aug/2026:08:06:10 -0600] "POST /wp-cron.php?doing_wp_cron=1786975570.5556359291076660156250 HTTP/1.1" 200 - "-" "WordPress/7.0.4; https://swansondentalgroupreno.com"
93.86.237.211 - - [17/Aug/2026:08:06:09 -0600] "POST /xmlrpc.php HTTP/1.1" 200 403 "-" "Jetpack by WordPress.com (Jetpack 12.0; WordPress 6.3)"
124.29.251.85 - - [17/Aug/2026:08:06:13 -0600] "POST /xmlrpc.php HTTP/1.1" 200 403 "-" "WordPress.com; https://wordpress.com"
124.29.251.85 - - [17/Aug/2026:08:06:23 -0600] "POST /xmlrpc.php HTTP/1.1" 200 403 "-" "Jetpack by WordPress.com (Jetpack 12.5; WordPress 6.1)"
93.86.237.211 - - [17/Aug/2026:08:06:29 -0600] "POST /xmlrpc.php HTTP/1.1" 200 403 "-" "WordPress.com; https://wordpress.com"
114.119.157.178 - - [17/Aug/2026:08:06:47 -0600] "GET /category/cosmetic-dentistry/ HTTP/1.1" 200 101837 "https://swansondentalgroupreno.com/category/cosmetic-dentistry/" "Mozilla/5.0 (Linux; Android 7.0;) AppleWebKit/537.36 (HTML, like Gecko) Mobile Safari/537.36 (compatible; PetalBot;+https://webmaster.petalsearch.com/site/petalbot)"
162.215.171.210 - - [17/Aug/2026:08:06:47 -0600] "POST /wp-cron.php?doing_wp_cron=1786975607.8439071178436279296875 HTTP/1.1" 200 - "-" "WordPress/7.0.4; https://swansondentalgroupreno.com"
93.86.237.211 - - [17/Aug/2026:08:06:54 -0600] "POST /xmlrpc.php HTTP/1.1" 200 403 "-" "Jetpack by WordPress.com"
162.215.171.210 - - [17/Aug/2026:08:07:02 -0600] "POST /wp-cron.php?doing_wp_cron=1786975622.4577639102935791015625 HTTP/1.1" 200 - "-" "WordPress/7.0.4; https://swansondentalgroupreno.com"
93.86.237.211 - - [17/Aug/2026:08:07:01 -0600] "POST /xmlrpc.php HTTP/1.1" 200 403 "-" "Jetpack by WordPress.com"
93.86.237.211 - - [17/Aug/2026:08:07:23 -0600] "POST /xmlrpc.php HTTP/1.1" 200 403 "-" "WordPress.com; https://wordpress.com"
93.86.237.211 - - [17/Aug/2026:08:07:43 -0600] "POST /xmlrpc.php HTTP/1.1" 200 403 "-" "Jetpack/12.1; WordPress/6.4; http://site13866955.com"
162.215.171.210 - - [17/Aug/2026:08:07:59 -0600] "POST /wp-cron.php?doing_wp_cron=1786975679.3823668956756591796875 HTTP/1.1" 200 - "-" "WordPress/7.0.4; https://swansondentalgroupreno.com"
124.29.251.85 - - [17/Aug/2026:08:07:58 -0600] "POST /xmlrpc.php HTTP/1.1" 200 403 "-" "Jetpack/12.1; WordPress/6.3; http://site30224047.com"
93.86.237.211 - - [17/Aug/2026:08:08:05 -0600] "POST /xmlrpc.php HTTP/1.1" 200 403 "-" "Jetpack by WordPress.com (Jetpack 12.1; WordPress 6.1)"
124.29.251.85 - - [17/Aug/2026:08:08:08 -0600] "POST /xmlrpc.php HTTP/1.1" 200 403 "-" "Jetpack by WordPress.com"
114.119.129.143 - - [17/Aug/2026:08:08:11 -0600] "GET / HTTP/1.1" 200 122950 "http://nndhp.org/dental-volunteers/" "Mozilla/5.0 (Linux; Android 7.0;) AppleWebKit/537.36 (HTML, like Gecko) Mobile Safari/537.36 (compatible; PetalBot;+https://webmaster.petalsearch.com/site/petalbot)"
93.86.237.211 - - [17/Aug/2026:08:08:17 -0600] "POST /xmlrpc.php HTTP/1.1" 200 403 "-" "WordPress.com; https://wordpress.com"
124.29.251.85 - - [17/Aug/2026:08:08:19 -0600] "POST /xmlrpc.php HTTP/1.1" 200 403 "-" "WordPress.com; https://wordpress.com"
124.29.251.85 - - [17/Aug/2026:08:08:29 -0600] "POST /xmlrpc.php HTTP/1.1" 200 403 "-" "Jetpack/12.1; WordPress/6.3; http://site38680167.com"
162.215.171.210 - - [17/Aug/2026:08:09:55 -0600] "POST /wp-cron.php?doing_wp_cron=1786975795.1238679885864257812500 HTTP/1.1" 200 - "-" "WordPress/7.0.4; https://swansondentalgroupreno.com"
124.29.251.85 - - [17/Aug/2026:08:09:54 -0600] "POST /xmlrpc.php HTTP/1.1" 200 403 "-" "Jetpack by WordPress.com (Jetpack 12.1; WordPress 6.4)"
162.215.171.210 - - [17/Aug/2026:08:10:05 -0600] "POST /wp-cron.php?doing_wp_cron=1786975805.7392079830169677734375 HTTP/1.1" 200 - "-" "WordPress/7.0.4; https://swansondentalgroupreno.com"
124.29.251.85 - - [17/Aug/2026:08:10:04 -0600] "POST /xmlrpc.php HTTP/1.1" 200 403 "-" "Jetpack by WordPress.com"
161.35.42.198 - - [17/Aug/2026:08:10:29 -0600] "POST /wp-login.php HTTP/1.1" 200 7497 "-" "Mozilla/5.0"
161.35.42.198 - - [17/Aug/2026:08:10:29 -0600] "POST /wp-login.php HTTP/1.1" 200 7558 "-" "Mozilla/5.0"
161.35.42.198 - - [17/Aug/2026:08:10:29 -0600] "POST /wp-login.php HTTP/1.1" 200 7554 "-" "Mozilla/5.0"
161.35.42.198 - - [17/Aug/2026:08:10:29 -0600] "POST /wp-login.php HTTP/1.1" 200 7554 "-" "Mozilla/5.0"
161.35.42.198 - - [17/Aug/2026:08:10:29 -0600] "POST /wp-login.php HTTP/1.1" 200 7554 "-" "Mozilla/5.0"
161.35.42.198 - - [17/Aug/2026:08:10:29 -0600] "POST /wp-login.php HTTP/1.1" 200 7554 "-" "Mozilla/5.0"
161.35.42.198 - - [17/Aug/2026:08:10:29 -0600] "POST /wp-login.php HTTP/1.1" 200 7554 "-" "Mozilla/5.0"
161.35.42.198 - - [17/Aug/2026:08:10:29 -0600] "POST /wp-login.php HTTP/1.1" 200 7560 "-" "Mozilla/5.0"
161.35.42.198 - - [17/Aug/2026:08:10:29 -0600] "POST /wp-login.php HTTP/1.1" 200 7554 "-" "Mozilla/5.0"
136.144.19.9 - - [17/Aug/2026:08:10:40 -0600] "POST /wp-login.php HTTP/1.1" 200 7501 "-" "Mozilla/5.0 (Macintosh; Intel Mac OS X 10_15_7) AppleWebKit/605.1.15 Version/17.0 Safari/605.1.15"
136.144.19.242 - - [17/Aug/2026:08:10:40 -0600] "POST /wp-login.php HTTP/1.1" 200 7558 "-" "Mozilla/5.0 (Macintosh; Intel Mac OS X 10_15_7) AppleWebKit/605.1.15 Version/17.0 Safari/605.1.15"
136.144.19.216 - - [17/Aug/2026:08:10:40 -0600] "POST /wp-login.php HTTP/1.1" 200 7497 "-" "Mozilla/5.0 (Macintosh; Intel Mac OS X 10_15_7) AppleWebKit/605.1.15 Version/17.0 Safari/605.1.15"
136.144.19.218 - - [17/Aug/2026:08:10:40 -0600] "POST /wp-login.php HTTP/1.1" 200 7554 "-" "Mozilla/5.0 (Macintosh; Intel Mac OS X 10_15_7) AppleWebKit/605.1.15 Version/17.0 Safari/605.1.15"
136.144.19.213 - - [17/Aug/2026:08:10:40 -0600] "POST /wp-login.php HTTP/1.1" 200 7554 "-" "Mozilla/5.0 (Macintosh; Intel Mac OS X 10_15_7) AppleWebKit/605.1.15 Version/17.0 Safari/605.1.15"
34.198.37.209 - - [17/Aug/2026:08:11:32 -0600] "GET /robots.txt HTTP/1.1" 200 244 "-" "Apache-HttpClient/4.5.9 (Java/1.8.0_492)"
162.215.171.210 - - [17/Aug/2026:08:11:40 -0600] "POST /wp-cron.php?doing_wp_cron=1786975900.9689440727233886718750 HTTP/1.1" 200 - "-" "WordPress/7.0.4; https://swansondentalgroupreno.com"
124.29.251.85 - - [17/Aug/2026:08:11:40 -0600] "POST /xmlrpc.php HTTP/1.1" 200 403 "-" "Jetpack by WordPress.com"
40.88.21.235 - - [17/Aug/2026:08:11:52 -0600] "GET / HTTP/1.1" 200 122950 "http://swansondentalgroupreno.com" "DuckDuckBot/1.1; (+http://duckduckgo.com/duckduckbot.html)"
40.88.21.235 - - [17/Aug/2026:08:11:54 -0600] "GET /wp-content/themes/swanson/images/swansonfavicon-32x32.png HTTP/1.1" 200 1366 "-" "DuckDuckBot/1.1; (+http://duckduckgo.com/duckduckbot.html)"
155.117.163.21 - - [17/Aug/2026:08:12:02 -0600] "GET /wp-content/themes/swanson/images/serviceback.svg HTTP/1.1" 200 449 "https://swansondentalgroupreno.com/" "Mozilla/5.0 (Windows NT 10.0; Win64; x64) AppleWebKit/537.36 (KHTML, like Gecko) Chrome/117.0.0.0 Safari/537.36"
162.215.171.210 - - [17/Aug/2026:08:12:01 -0600] "POST /wp-cron.php?doing_wp_cron=1786975921.6801590919494628906250 HTTP/1.1" 200 - "-" "WordPress/7.0.4; https://swansondentalgroupreno.com"
124.29.251.85 - - [17/Aug/2026:08:12:00 -0600] "POST /xmlrpc.php HTTP/1.1" 200 403 "-" "Jetpack/12.0; WordPress/6.3; http://site25842741.com"
167.148.117.36 - - [17/Aug/2026:08:12:02 -0600] "GET /wp-content/themes/swanson/images/closecall.svg HTTP/1.1" 200 5176 "https://swansondentalgroupreno.com/" "Mozilla/5.0 (Windows NT 10.0; Win64; x64) AppleWebKit/537.36 (KHTML, like Gecko) Chrome/117.0.0.0 Safari/537.36"
124.29.251.85 - - [17/Aug/2026:08:12:53 -0600] "POST /xmlrpc.php HTTP/1.1" 200 403 "-" "Jetpack by WordPress.com"
162.215.171.210 - - [17/Aug/2026:08:15:26 -0600] "POST /wp-cron.php?doing_wp_cron=1786976126.5647909641265869140625 HTTP/1.1" 200 - "-" "WordPress/7.0.4; https://swansondentalgroupreno.com"
40.77.167.136 - - [17/Aug/2026:08:15:25 -0600] "GET /product/X?2184073=hpridesr HTTP/1.1" 404 100819 "-" "Mozilla/5.0 AppleWebKit/537.36 (KHTML, like Gecko; compatible; bingbot/2.0; +http://www.bing.com/bingbot.htm) Chrome/116.0.1938.76 Safari/537.36"
143.198.53.13 - - [17/Aug/2026:08:17:53 -0600] "POST /wp-login.php HTTP/1.1" 200 7554 "-" "Mozilla/5.0"
143.198.53.13 - - [17/Aug/2026:08:17:53 -0600] "POST /wp-login.php HTTP/1.1" 200 7554 "-" "Mozilla/5.0"
143.198.53.13 - - [17/Aug/2026:08:17:53 -0600] "POST /wp-login.php HTTP/1.1" 200 7554 "-" "Mozilla/5.0"
143.198.53.13 - - [17/Aug/2026:08:17:52 -0600] "POST /wp-login.php HTTP/1.1" 200 7497 "-" "Mozilla/5.0"
143.198.53.13 - - [17/Aug/2026:08:17:53 -0600] "POST /wp-login.php HTTP/1.1" 200 7554 "-" "Mozilla/5.0"
143.198.53.13 - - [17/Aug/2026:08:17:53 -0600] "POST /wp-login.php HTTP/1.1" 200 7554 "-" "Mozilla/5.0"
143.198.53.13 - - [17/Aug/2026:08:17:53 -0600] "POST /wp-login.php HTTP/1.1" 200 7554 "-" "Mozilla/5.0"
143.198.53.13 - - [17/Aug/2026:08:17:52 -0600] "POST /wp-login.php HTTP/1.1" 200 7558 "-" "Mozilla/5.0"
143.198.53.13 - - [17/Aug/2026:08:17:53 -0600] "POST /wp-login.php HTTP/1.1" 200 7560 "-" "Mozilla/5.0"
162.215.171.210 - - [17/Aug/2026:08:17:54 -0600] "POST /wp-cron.php?doing_wp_cron=1786976274.1540179252624511718750 HTTP/1.1" 200 - "-" "WordPress/7.0.4; https://swansondentalgroupreno.com"
162.215.171.210 - - [17/Aug/2026:08:17:54 -0600] "POST /wp-cron.php?doing_wp_cron=1786976274.2031788825988769531250 HTTP/1.1" 200 - "-" "WordPress/7.0.4; https://swansondentalgroupreno.com"
162.215.171.210 - - [17/Aug/2026:08:19:36 -0600] "POST /wp-cron.php?doing_wp_cron=1786976376.9010040760040283203125 HTTP/1.1" 200 - "-" "WordPress/7.0.4; https://swansondentalgroupreno.com"
77.75.77.17 - - [17/Aug/2026:08:19:35 -0600] "GET /sitemap_index.xml HTTP/1.1" 200 973 "-" "Mozilla/5.0 (compatible; SeznamBot/4.0; +https://o-seznam.cz/napoveda/vyhledavani/en/seznambot-crawler/)"
161.35.42.198 - - [17/Aug/2026:08:19:59 -0600] "POST /wp-login.php HTTP/1.1" 200 7497 "-" "Mozilla/5.0"
161.35.42.198 - - [17/Aug/2026:08:19:59 -0600] "POST /wp-login.php HTTP/1.1" 200 7554 "-" "Mozilla/5.0"
161.35.42.198 - - [17/Aug/2026:08:19:59 -0600] "POST /wp-login.php HTTP/1.1" 200 7554 "-" "Mozilla/5.0"
161.35.42.198 - - [17/Aug/2026:08:19:59 -0600] "POST /wp-login.php HTTP/1.1" 200 7560 "-" "Mozilla/5.0"
161.35.42.198 - - [17/Aug/2026:08:19:59 -0600] "POST /wp-login.php HTTP/1.1" 200 7554 "-" "Mozilla/5.0"
161.35.42.198 - - [17/Aug/2026:08:19:59 -0600] "POST /wp-login.php HTTP/1.1" 200 7554 "-" "Mozilla/5.0"
161.35.42.198 - - [17/Aug/2026:08:19:59 -0600] "POST /wp-login.php HTTP/1.1" 200 7554 "-" "Mozilla/5.0"
161.35.42.198 - - [17/Aug/2026:08:19:59 -0600] "POST /wp-login.php HTTP/1.1" 200 7554 "-" "Mozilla/5.0"
161.35.42.198 - - [17/Aug/2026:08:19:59 -0600] "POST /wp-login.php HTTP/1.1" 200 7558 "-" "Mozilla/5.0"
162.215.171.210 - - [17/Aug/2026:08:20:00 -0600] "POST /wp-cron.php?doing_wp_cron=1786976400.2847149372100830078125 HTTP/1.1" 200 - "-" "WordPress/7.0.4; https://swansondentalgroupreno.com"
84.54.44.19 - - [17/Aug/2026:08:20:19 -0600] "GET / HTTP/1.0" 200 122950 "https://swansondentalgroupreno.com/" "Mozilla/5.0 (Windows NT 10.0; Win64; x64) AppleWebKit/537.36 (KHTML, like Gecko) Chrome/130.0.0.0 Safari/537.36"
84.54.44.19 - - [17/Aug/2026:08:20:29 -0600] "POST / HTTP/1.0" 200 125624 "https://swansondentalgroupreno.com/" "Mozilla/5.0 (Windows NT 10.0; Win64; x64) AppleWebKit/537.36 (KHTML, like Gecko) Chrome/130.0.0.0 Safari/537.36"
101.128.98.179 - - [17/Aug/2026:08:20:32 -0600] "GET /contact/ HTTP/1.1" 200 117914 "-" "Mozilla/5.0 (Macintosh; Intel Mac OS X 11.2; rv:136.0) Gecko/20100101 Firefox/136.0"
136.144.19.246 - - [17/Aug/2026:08:21:56 -0600] "POST /wp-login.php HTTP/1.1" 200 7497 "-" "Mozilla/5.0 (Windows NT 10.0; Win64; x64) AppleWebKit/537.36 Chrome/129.0.0.0 Safari/537.36"
136.144.19.33 - - [17/Aug/2026:08:21:56 -0600] "POST /wp-login.php HTTP/1.1" 200 7554 "-" "Mozilla/5.0 (Windows NT 10.0; Win64; x64) AppleWebKit/537.36 Chrome/129.0.0.0 Safari/537.36"
216.24.219.140 - - [17/Aug/2026:08:21:56 -0600] "POST /wp-login.php HTTP/1.1" 200 7554 "-" "Mozilla/5.0 (Windows NT 10.0; Win64; rv:143.0) Gecko/20100101 Firefox/143.0"
216.24.219.122 - - [17/Aug/2026:08:21:56 -0600] "POST /wp-login.php HTTP/1.1" 200 7558 "-" "Mozilla/5.0 (Windows NT 10.0; Win64; rv:143.0) Gecko/20100101 Firefox/143.0"
216.24.219.138 - - [17/Aug/2026:08:21:56 -0600] "POST /wp-login.php HTTP/1.1" 200 7501 "-" "Mozilla/5.0 (Windows NT 10.0; Win64; rv:143.0) Gecko/20100101 Firefox/143.0"
162.215.171.210 - - [17/Aug/2026:08:21:57 -0600] "POST /wp-cron.php?doing_wp_cron=1786976517.3467500209808349609375 HTTP/1.1" 200 - "-" "WordPress/7.0.4; https://swansondentalgroupreno.com"
216.73.217.0 - - [17/Aug/2026:08:26:17 -0600] "GET /robots.txt HTTP/1.1" 200 244 "-" "Mozilla/5.0 AppleWebKit/537.36 (KHTML, like Gecko; compatible; ClaudeBot/1.0; +claudebot@anthropic.com)"
162.215.171.210 - - [17/Aug/2026:08:26:18 -0600] "POST /wp-cron.php?doing_wp_cron=1786976778.7831230163574218750000 HTTP/1.1" 200 - "-" "WordPress/7.0.4; https://swansondentalgroupreno.com"
216.73.217.0 - - [17/Aug/2026:08:26:17 -0600] "GET /sitemap_index.xml HTTP/1.1" 200 973 "-" "Mozilla/5.0 AppleWebKit/537.36 (KHTML, like Gecko; compatible; ClaudeBot/1.0; +claudebot@anthropic.com)"
44.225.73.253 - - [17/Aug/2026:08:26:44 -0600] "GET /?sucurianticache=1248164106 HTTP/1.1" 200 122977 "-" "Sucuri Uptime Monitor"
162.215.171.210 - - [17/Aug/2026:08:26:45 -0600] "POST /wp-cron.php?doing_wp_cron=1786976805.2570130825042724609375 HTTP/1.1" 200 - "-" "WordPress/7.0.4; https://swansondentalgroupreno.com"
52.11.79.209 - - [17/Aug/2026:08:26:47 -0600] "GET /?sucurianticache=118210473 HTTP/1.1" 200 122976 "-" "Sucuri Uptime Monitor"
52.167.144.195 - - [17/Aug/2026:08:29:22 -0600] "GET /service/emergency-service-and-extractions/?709892=yguayulesp HTTP/1.1" 200 115879 "-" "Mozilla/5.0 AppleWebKit/537.36 (KHTML, like Gecko; compatible; bingbot/2.0; +http://www.bing.com/bingbot.htm) Chrome/116.0.1938.76 Safari/537.36"
162.215.171.210 - - [17/Aug/2026:08:29:23 -0600] "POST /wp-cron.php?doing_wp_cron=1786976963.8375020027160644531250 HTTP/1.1" 200 - "-" "WordPress/7.0.4; https://swansondentalgroupreno.com"
161.35.42.198 - - [17/Aug/2026:08:29:27 -0600] "POST /wp-login.php HTTP/1.1" 200 7558 "-" "Mozilla/5.0"
161.35.42.198 - - [17/Aug/2026:08:29:27 -0600] "POST /wp-login.php HTTP/1.1" 200 7497 "-" "Mozilla/5.0"
161.35.42.198 - - [17/Aug/2026:08:29:27 -0600] "POST /wp-login.php HTTP/1.1" 200 7554 "-" "Mozilla/5.0"
161.35.42.198 - - [17/Aug/2026:08:29:28 -0600] "POST /wp-login.php HTTP/1.1" 200 7554 "-" "Mozilla/5.0"
161.35.42.198 - - [17/Aug/2026:08:29:28 -0600] "POST /wp-login.php HTTP/1.1" 200 7560 "-" "Mozilla/5.0"
161.35.42.198 - - [17/Aug/2026:08:29:28 -0600] "POST /wp-login.php HTTP/1.1" 200 7554 "-" "Mozilla/5.0"
161.35.42.198 - - [17/Aug/2026:08:29:28 -0600] "POST /wp-login.php HTTP/1.1" 200 7554 "-" "Mozilla/5.0"
161.35.42.198 - - [17/Aug/2026:08:29:28 -0600] "POST /wp-login.php HTTP/1.1" 200 7554 "-" "Mozilla/5.0"
161.35.42.198 - - [17/Aug/2026:08:29:28 -0600] "POST /wp-login.php HTTP/1.1" 200 7554 "-" "Mozilla/5.0"
172.167.31.187 - - [17/Aug/2026:08:29:32 -0600] "GET /wp-json/gravitysmtp/v1/tests/mock-data?page=gravitysmtp-settings HTTP/1.1" 404 114 "-" "Mozilla/5.0 (X11; Ubuntu; Linux i686; rv:31.0) Gecko/20100101 Firefox/31.0"
136.114.178.12 - - [17/Aug/2026:08:29:53 -0600] "GET /wp-json/wp/v2/service/61 HTTP/1.1" 200 16815 "-" "Mozilla/5.0 (Macintosh; Intel Mac OS X 10_15_7) AppleWebKit/537.36 (KHTML, like Gecko) Chrome/120.0.0.0 Safari/537.36"
57.141.0.30 - - [17/Aug/2026:08:30:40 -0600] "GET /wp-content/uploads/2024/06/swansonstaff.jpg HTTP/1.1" 200 670334 "-" "Mozilla/5.0 (Windows NT 10.0; Win64; x64) AppleWebKit/537.36 (KHTML, like Gecko) Chrome/145.0.0.0 Safari/537.36 (compatible; meta-externalagent/1.1 (+https://developers.facebook.com/docs/sharing/webmasters/crawler))"
143.198.53.13 - - [17/Aug/2026:08:32:47 -0600] "POST /wp-login.php HTTP/1.1" 200 7558 "-" "Mozilla/5.0"
143.198.53.13 - - [17/Aug/2026:08:32:47 -0600] "POST /wp-login.php HTTP/1.1" 200 7554 "-" "Mozilla/5.0"
143.198.53.13 - - [17/Aug/2026:08:32:47 -0600] "POST /wp-login.php HTTP/1.1" 200 7554 "-" "Mozilla/5.0"
143.198.53.13 - - [17/Aug/2026:08:32:47 -0600] "POST /wp-login.php HTTP/1.1" 200 7554 "-" "Mozilla/5.0"
143.198.53.13 - - [17/Aug/2026:08:32:47 -0600] "POST /wp-login.php HTTP/1.1" 200 7554 "-" "Mozilla/5.0"
143.198.53.13 - - [17/Aug/2026:08:32:47 -0600] "POST /wp-login.php HTTP/1.1" 200 7560 "-" "Mozilla/5.0"
143.198.53.13 - - [17/Aug/2026:08:32:47 -0600] "POST /wp-login.php HTTP/1.1" 200 7554 "-" "Mozilla/5.0"
143.198.53.13 - - [17/Aug/2026:08:32:47 -0600] "POST /wp-login.php HTTP/1.1" 200 7554 "-" "Mozilla/5.0"
143.198.53.13 - - [17/Aug/2026:08:32:47 -0600] "POST /wp-login.php HTTP/1.1" 200 7497 "-" "Mozilla/5.0"
162.215.171.210 - - [17/Aug/2026:08:32:48 -0600] "POST /wp-cron.php?doing_wp_cron=1786977168.1136679649353027343750 HTTP/1.1" 200 - "-" "WordPress/7.0.4; https://swansondentalgroupreno.com"
162.215.171.210 - - [17/Aug/2026:08:33:04 -0600] "POST /wp-cron.php?doing_wp_cron=1786977184.5570180416107177734375 HTTP/1.1" 200 - "-" "WordPress/7.0.4; https://swansondentalgroupreno.com"
52.167.144.166 - - [17/Aug/2026:08:33:03 -0600] "GET /sb7mix2t HTTP/1.1" 301 - "-" "Mozilla/5.0 AppleWebKit/537.36 (KHTML, like Gecko; compatible; bingbot/2.0; +http://www.bing.com/bingbot.htm) Chrome/116.0.1938.76 Safari/537.36"
216.24.219.165 - - [17/Aug/2026:08:33:09 -0600] "POST /wp-login.php HTTP/1.1" 200 7558 "-" "Mozilla/5.0 (Macintosh; Intel Mac OS X 10_15_7) AppleWebKit/605.1.15 Version/17.0 Safari/605.1.15"
216.24.219.121 - - [17/Aug/2026:08:33:09 -0600] "POST /wp-login.php HTTP/1.1" 200 7554 "-" "Mozilla/5.0 (Macintosh; Intel Mac OS X 10_15_7) AppleWebKit/605.1.15 Version/17.0 Safari/605.1.15"
136.144.19.18 - - [17/Aug/2026:08:33:09 -0600] "POST /wp-login.php HTTP/1.1" 200 7497 "-" "Mozilla/5.0 (Windows NT 10.0; Win64; rv:143.0) Gecko/20100101 Firefox/143.0"
136.144.19.9 - - [17/Aug/2026:08:33:09 -0600] "POST /wp-login.php HTTP/1.1" 200 7554 "-" "Mozilla/5.0 (Windows NT 10.0; Win64; rv:143.0) Gecko/20100101 Firefox/143.0"
216.24.219.122 - - [17/Aug/2026:08:33:09 -0600] "POST /wp-login.php HTTP/1.1" 200 7501 "-" "Mozilla/5.0 (Macintosh; Intel Mac OS X 10_15_7) AppleWebKit/605.1.15 Version/17.0 Safari/605.1.15"
52.167.144.168 - - [17/Aug/2026:08:35:12 -0600] "GET /?3372092=soverdrawsy HTTP/1.1" 200 122970 "-" "Mozilla/5.0 AppleWebKit/537.36 (KHTML, like Gecko; compatible; bingbot/2.0; +http://www.bing.com/bingbot.htm) Chrome/116.0.1938.76 Safari/537.36"
162.215.171.210 - - [17/Aug/2026:08:35:13 -0600] "POST /wp-cron.php?doing_wp_cron=1786977313.4413130283355712890625 HTTP/1.1" 200 - "-" "WordPress/7.0.4; https://swansondentalgroupreno.com"
52.167.144.168 - - [17/Aug/2026:08:35:15 -0600] "GET /ai9yjiy9qx HTTP/1.1" 404 100819 "-" "Mozilla/5.0 AppleWebKit/537.36 (KHTML, like Gecko; compatible; bingbot/2.0; +http://www.bing.com/bingbot.htm) Chrome/116.0.1938.76 Safari/537.36"
142.44.225.251 - - [17/Aug/2026:08:38:55 -0600] "GET /service/root-canal-therapy/ HTTP/1.1" 200 119045 "-" "Mozilla/5.0 (compatible; AhrefsBot/7.0; +http://ahrefs.com/robot/)"
162.215.171.210 - - [17/Aug/2026:08:38:56 -0600] "POST /wp-cron.php?doing_wp_cron=1786977536.8464899063110351562500 HTTP/1.1" 200 - "-" "WordPress/7.0.4; https://swansondentalgroupreno.com"
161.35.42.198 - - [17/Aug/2026:08:39:05 -0600] "POST /wp-login.php HTTP/1.1" 200 7558 "-" "Mozilla/5.0"
161.35.42.198 - - [17/Aug/2026:08:39:05 -0600] "POST /wp-login.php HTTP/1.1" 200 7497 "-" "Mozilla/5.0"
161.35.42.198 - - [17/Aug/2026:08:39:05 -0600] "POST /wp-login.php HTTP/1.1" 200 7554 "-" "Mozilla/5.0"
161.35.42.198 - - [17/Aug/2026:08:39:05 -0600] "POST /wp-login.php HTTP/1.1" 200 7554 "-" "Mozilla/5.0"
161.35.42.198 - - [17/Aug/2026:08:39:05 -0600] "POST /wp-login.php HTTP/1.1" 200 7560 "-" "Mozilla/5.0"
161.35.42.198 - - [17/Aug/2026:08:39:05 -0600] "POST /wp-login.php HTTP/1.1" 200 7554 "-" "Mozilla/5.0"
161.35.42.198 - - [17/Aug/2026:08:39:05 -0600] "POST /wp-login.php HTTP/1.1" 200 7554 "-" "Mozilla/5.0"
161.35.42.198 - - [17/Aug/2026:08:39:05 -0600] "POST /wp-login.php HTTP/1.1" 200 7554 "-" "Mozilla/5.0"
161.35.42.198 - - [17/Aug/2026:08:39:05 -0600] "POST /wp-login.php HTTP/1.1" 200 7554 "-" "Mozilla/5.0"
57.141.0.49 - - [17/Aug/2026:08:39:15 -0600] "GET /wp-content/uploads/2024/05/DSC_4032-copy-300x231.jpg HTTP/1.1" 200 12492 "-" "Mozilla/5.0 (X11; Linux x86_64) AppleWebKit/537.36 (KHTML, like Gecko) Chrome/145.0.0.0 Safari/537.36 (compatible; meta-externalagent/1.1 (+https://developers.facebook.com/docs/sharing/webmasters/crawler))"
162.215.171.210 - - [17/Aug/2026:08:41:27 -0600] "POST /wp-cron.php?doing_wp_cron=1786977687.2672441005706787109375 HTTP/1.1" 200 - "-" "WordPress/7.0.4; https://swansondentalgroupreno.com"
34.123.149.87 - - [17/Aug/2026:08:41:26 -0600] "GET /?p=101 HTTP/1.1" 301 - "-" "Mozilla/5.0 (Macintosh; Intel Mac OS X 10_15_7) AppleWebKit/537.36 (KHTML, like Gecko) Chrome/120.0.0.0 Safari/537.36"
136.144.19.1 - - [17/Aug/2026:08:44:24 -0600] "POST /wp-login.php HTTP/1.1" 200 7497 "-" "Mozilla/5.0 (Macintosh; Intel Mac OS X 10_15_7) AppleWebKit/605.1.15 Version/17.0 Safari/605.1.15"
136.144.19.20 - - [17/Aug/2026:08:44:24 -0600] "POST /wp-login.php HTTP/1.1" 200 7554 "-" "Mozilla/5.0 (Windows NT 10.0; Win64; x64) AppleWebKit/537.36 Chrome/129.0.0.0 Safari/537.36"
136.144.19.14 - - [17/Aug/2026:08:44:24 -0600] "POST /wp-login.php HTTP/1.1" 200 7558 "-" "Mozilla/5.0 (Windows NT 10.0; Win64; rv:143.0) Gecko/20100101 Firefox/143.0"
136.144.19.22 - - [17/Aug/2026:08:44:24 -0600] "POST /wp-login.php HTTP/1.1" 200 7501 "-" "Mozilla/5.0 (Windows NT 10.0; Win64; rv:143.0) Gecko/20100101 Firefox/143.0"
162.215.171.210 - - [17/Aug/2026:08:44:25 -0600] "POST /wp-cron.php?doing_wp_cron=1786977865.7360060214996337890625 HTTP/1.1" 200 - "-" "WordPress/7.0.4; https://swansondentalgroupreno.com"
143.198.53.13 - - [17/Aug/2026:08:47:31 -0600] "POST /wp-login.php HTTP/1.1" 200 7554 "-" "Mozilla/5.0"
143.198.53.13 - - [17/Aug/2026:08:47:31 -0600] "POST /wp-login.php HTTP/1.1" 200 7554 "-" "Mozilla/5.0"
143.198.53.13 - - [17/Aug/2026:08:47:31 -0600] "POST /wp-login.php HTTP/1.1" 200 7558 "-" "Mozilla/5.0"
143.198.53.13 - - [17/Aug/2026:08:47:31 -0600] "POST /wp-login.php HTTP/1.1" 200 7554 "-" "Mozilla/5.0"
143.198.53.13 - - [17/Aug/2026:08:47:31 -0600] "POST /wp-login.php HTTP/1.1" 200 7554 "-" "Mozilla/5.0"
143.198.53.13 - - [17/Aug/2026:08:47:31 -0600] "POST /wp-login.php HTTP/1.1" 200 7554 "-" "Mozilla/5.0"
143.198.53.13 - - [17/Aug/2026:08:47:31 -0600] "POST /wp-login.php HTTP/1.1" 200 7554 "-" "Mozilla/5.0"
143.198.53.13 - - [17/Aug/2026:08:47:31 -0600] "POST /wp-login.php HTTP/1.1" 200 7560 "-" "Mozilla/5.0"
143.198.53.13 - - [17/Aug/2026:08:47:31 -0600] "POST /wp-login.php HTTP/1.1" 200 7497 "-" "Mozilla/5.0"
162.215.171.210 - - [17/Aug/2026:08:47:32 -0600] "POST /wp-cron.php?doing_wp_cron=1786978052.7135810852050781250000 HTTP/1.1" 200 - "-" "WordPress/7.0.4; https://swansondentalgroupreno.com"
44.220.2.97 - - [17/Aug/2026:08:47:43 -0600] "GET /wp-json/oembed/1.0/embed?format=xml&url=https://swansondentalgroupreno.com/service/nitrous-oxide/ HTTP/1.1" 200 2796 "-" "Mozilla/5.0 AppleWebKit/537.36 (KHTML, like Gecko; compatible; Amazonbot/0.1; +https://developer.amazon.com/support/amazonbot) Chrome/119.0.6045.214 Safari/537.36"
162.215.171.210 - - [17/Aug/2026:08:48:15 -0600] "POST /wp-cron.php?doing_wp_cron=1786978095.6978580951690673828125 HTTP/1.1" 200 - "-" "WordPress/7.0.4; https://swansondentalgroupreno.com"
34.56.53.225 - - [17/Aug/2026:08:48:14 -0600] "GET /wp-json/oembed/1.0/embed?url=https://swansondentalgroupreno.com/service/periodontal-treatment/ HTTP/1.1" 200 2647 "-" "Mozilla/5.0 (Macintosh; Intel Mac OS X 10_15_7) AppleWebKit/537.36 (KHTML, like Gecko) Chrome/120.0.0.0 Safari/537.36"
161.35.42.198 - - [17/Aug/2026:08:48:57 -0600] "POST /wp-login.php HTTP/1.1" 200 7554 "-" "Mozilla/5.0"
161.35.42.198 - - [17/Aug/2026:08:48:57 -0600] "POST /wp-login.php HTTP/1.1" 200 7554 "-" "Mozilla/5.0"
161.35.42.198 - - [17/Aug/2026:08:48:57 -0600] "POST /wp-login.php HTTP/1.1" 200 7558 "-" "Mozilla/5.0"
161.35.42.198 - - [17/Aug/2026:08:48:57 -0600] "POST /wp-login.php HTTP/1.1" 200 7554 "-" "Mozilla/5.0"
161.35.42.198 - - [17/Aug/2026:08:48:57 -0600] "POST /wp-login.php HTTP/1.1" 200 7554 "-" "Mozilla/5.0"
161.35.42.198 - - [17/Aug/2026:08:48:57 -0600] "POST /wp-login.php HTTP/1.1" 200 7560 "-" "Mozilla/5.0"
161.35.42.198 - - [17/Aug/2026:08:48:57 -0600] "POST /wp-login.php HTTP/1.1" 200 7554 "-" "Mozilla/5.0"
161.35.42.198 - - [17/Aug/2026:08:48:57 -0600] "POST /wp-login.php HTTP/1.1" 200 7554 "-" "Mozilla/5.0"
162.215.171.210 - - [17/Aug/2026:08:48:59 -0600] "POST /wp-cron.php?doing_wp_cron=1786978139.0260419845581054687500 HTTP/1.1" 200 - "-" "WordPress/7.0.4; https://swansondentalgroupreno.com"
161.35.42.198 - - [17/Aug/2026:08:48:57 -0600] "POST /wp-login.php HTTP/1.1" 200 7497 "-" "Mozilla/5.0"
35.162.140.124 - - [17/Aug/2026:08:52:23 -0600] "GET /?rnd=1786978341066 HTTP/1.1" 200 122968 "http://www.swansondentalgroupreno.com/?rnd=1786978341066" "Sucuri-UptimeMonitoring"
162.215.171.210 - - [17/Aug/2026:08:54:00 -0600] "POST /wp-cron.php?doing_wp_cron=1786978440.0479979515075683593750 HTTP/1.1" 200 - "-" "WordPress/7.0.4; https://swansondentalgroupreno.com"
52.167.144.232 - - [17/Aug/2026:08:53:59 -0600] "GET /service/implants/?725831=vsolidusd HTTP/1.1" 200 120863 "-" "Mozilla/5.0 AppleWebKit/537.36 (KHTML, like Gecko; compatible; bingbot/2.0; +http://www.bing.com/bingbot.htm) Chrome/116.0.1938.76 Safari/537.36"
136.144.19.216 - - [17/Aug/2026:08:55:35 -0600] "POST /wp-login.php HTTP/1.1" 200 7554 "-" "Mozilla/5.0 (Windows NT 10.0; Win64; x64) AppleWebKit/537.36 Chrome/129.0.0.0 Safari/537.36"
136.144.19.22 - - [17/Aug/2026:08:55:35 -0600] "POST /wp-login.php HTTP/1.1" 200 7554 "-" "Mozilla/5.0 (Windows NT 10.0; Win64; x64) AppleWebKit/537.36 Chrome/129.0.0.0 Safari/537.36"
136.144.19.25 - - [17/Aug/2026:08:55:35 -0600] "POST /wp-login.php HTTP/1.1" 200 7558 "-" "Mozilla/5.0 (Windows NT 10.0; Win64; rv:143.0) Gecko/20100101 Firefox/143.0"
136.144.19.20 - - [17/Aug/2026:08:55:35 -0600] "POST /wp-login.php HTTP/1.1" 200 7497 "-" "Mozilla/5.0 (Windows NT 10.0; Win64; x64) AppleWebKit/537.36 Chrome/129.0.0.0 Safari/537.36"
136.144.19.130 - - [17/Aug/2026:08:55:35 -0600] "POST /wp-login.php HTTP/1.1" 200 7501 "-" "Mozilla/5.0 (Windows NT 10.0; Win64; x64) AppleWebKit/537.36 Chrome/129.0.0.0 Safari/537.36"
162.215.171.210 - - [17/Aug/2026:08:55:36 -0600] "POST /wp-cron.php?doing_wp_cron=1786978536.2329568862915039062500 HTTP/1.1" 200 - "-" "WordPress/7.0.4; https://swansondentalgroupreno.com"
106.221.148.104 - - [17/Aug/2026:08:57:46 -0600] "POST /xmlrpc.php HTTP/1.1" 200 403 "-" "Jetpack/13.0; WordPress/6.4; http://site68183135.com"
162.215.171.210 - - [17/Aug/2026:08:57:47 -0600] "POST /wp-cron.php?doing_wp_cron=1786978667.4799749851226806640625 HTTP/1.1" 200 - "-" "WordPress/7.0.4; https://swansondentalgroupreno.com"
161.35.42.198 - - [17/Aug/2026:08:58:44 -0600] "POST /wp-login.php HTTP/1.1" 200 7497 "-" "Mozilla/5.0"
161.35.42.198 - - [17/Aug/2026:08:58:45 -0600] "POST /wp-login.php HTTP/1.1" 200 7554 "-" "Mozilla/5.0"
161.35.42.198 - - [17/Aug/2026:08:58:44 -0600] "POST /wp-login.php HTTP/1.1" 200 7554 "-" "Mozilla/5.0"
161.35.42.198 - - [17/Aug/2026:08:58:44 -0600] "POST /wp-login.php HTTP/1.1" 200 7560 "-" "Mozilla/5.0"
161.35.42.198 - - [17/Aug/2026:08:58:45 -0600] "POST /wp-login.php HTTP/1.1" 200 7554 "-" "Mozilla/5.0"
161.35.42.198 - - [17/Aug/2026:08:58:45 -0600] "POST /wp-login.php HTTP/1.1" 200 7554 "-" "Mozilla/5.0"
161.35.42.198 - - [17/Aug/2026:08:58:45 -0600] "POST /wp-login.php HTTP/1.1" 200 7554 "-" "Mozilla/5.0"
161.35.42.198 - - [17/Aug/2026:08:58:45 -0600] "POST /wp-login.php HTTP/1.1" 200 7554 "-" "Mozilla/5.0"
162.215.171.210 - - [17/Aug/2026:08:58:46 -0600] "POST /wp-cron.php?doing_wp_cron=1786978726.0054769515991210937500 HTTP/1.1" 200 - "-" "WordPress/7.0.4; https://swansondentalgroupreno.com"
161.35.42.198 - - [17/Aug/2026:08:58:44 -0600] "POST /wp-login.php HTTP/1.1" 200 7558 "-" "Mozilla/5.0"
106.221.148.104 - - [17/Aug/2026:08:58:51 -0600] "POST /xmlrpc.php HTTP/1.1" 200 403 "-" "Jetpack by WordPress.com (Jetpack 12.5; WordPress 6.2)"
143.198.53.13 - - [17/Aug/2026:09:02:24 -0600] "POST /wp-login.php HTTP/1.1" 200 7554 "-" "Mozilla/5.0"
143.198.53.13 - - [17/Aug/2026:09:02:24 -0600] "POST /wp-login.php HTTP/1.1" 200 7558 "-" "Mozilla/5.0"
143.198.53.13 - - [17/Aug/2026:09:02:24 -0600] "POST /wp-login.php HTTP/1.1" 200 7560 "-" "Mozilla/5.0"
143.198.53.13 - - [17/Aug/2026:09:02:24 -0600] "POST /wp-login.php HTTP/1.1" 200 7554 "-" "Mozilla/5.0"
143.198.53.13 - - [17/Aug/2026:09:02:24 -0600] "POST /wp-login.php HTTP/1.1" 200 7554 "-" "Mozilla/5.0"
143.198.53.13 - - [17/Aug/2026:09:02:24 -0600] "POST /wp-login.php HTTP/1.1" 200 7554 "-" "Mozilla/5.0"
143.198.53.13 - - [17/Aug/2026:09:02:24 -0600] "POST /wp-login.php HTTP/1.1" 200 7554 "-" "Mozilla/5.0"
143.198.53.13 - - [17/Aug/2026:09:02:24 -0600] "POST /wp-login.php HTTP/1.1" 200 7554 "-" "Mozilla/5.0"
162.215.171.210 - - [17/Aug/2026:09:02:25 -0600] "POST /wp-cron.php?doing_wp_cron=1786978945.6417069435119628906250 HTTP/1.1" 200 - "-" "WordPress/7.0.4; https://swansondentalgroupreno.com"
143.198.53.13 - - [17/Aug/2026:09:02:24 -0600] "POST /wp-login.php HTTP/1.1" 200 7497 "-" "Mozilla/5.0"
216.24.219.122 - - [17/Aug/2026:09:06:43 -0600] "POST /wp-login.php HTTP/1.1" 200 7554 "-" "Mozilla/5.0 (Macintosh; Intel Mac OS X 10_15_7) AppleWebKit/605.1.15 Version/17.0 Safari/605.1.15"
216.24.219.118 - - [17/Aug/2026:09:06:43 -0600] "POST /wp-login.php HTTP/1.1" 200 7501 "-" "Mozilla/5.0 (Windows NT 10.0; Win64; x64) AppleWebKit/537.36 Chrome/129.0.0.0 Safari/537.36"
136.144.19.39 - - [17/Aug/2026:09:06:43 -0600] "POST /wp-login.php HTTP/1.1" 200 7558 "-" "Mozilla/5.0 (Macintosh; Intel Mac OS X 10_15_7) AppleWebKit/605.1.15 Version/17.0 Safari/605.1.15"
136.144.19.21 - - [17/Aug/2026:09:06:43 -0600] "POST /wp-login.php HTTP/1.1" 200 7554 "-" "Mozilla/5.0 (Windows NT 10.0; Win64; rv:143.0) Gecko/20100101 Firefox/143.0"
136.144.19.20 - - [17/Aug/2026:09:06:43 -0600] "POST /wp-login.php HTTP/1.1" 200 7497 "-" "Mozilla/5.0 (Windows NT 10.0; Win64; rv:143.0) Gecko/20100101 Firefox/143.0"
162.215.171.210 - - [17/Aug/2026:09:06:44 -0600] "POST /wp-cron.php?doing_wp_cron=1786979204.5205309391021728515625 HTTP/1.1" 200 - "-" "WordPress/7.0.4; https://swansondentalgroupreno.com"
161.35.42.198 - - [17/Aug/2026:09:08:36 -0600] "POST /wp-login.php HTTP/1.1" 200 7554 "-" "Mozilla/5.0"
161.35.42.198 - - [17/Aug/2026:09:08:36 -0600] "POST /wp-login.php HTTP/1.1" 200 7558 "-" "Mozilla/5.0"
161.35.42.198 - - [17/Aug/2026:09:08:36 -0600] "POST /wp-login.php HTTP/1.1" 200 7554 "-" "Mozilla/5.0"
161.35.42.198 - - [17/Aug/2026:09:08:36 -0600] "POST /wp-login.php HTTP/1.1" 200 7560 "-" "Mozilla/5.0"
161.35.42.198 - - [17/Aug/2026:09:08:36 -0600] "POST /wp-login.php HTTP/1.1" 200 7554 "-" "Mozilla/5.0"
161.35.42.198 - - [17/Aug/2026:09:08:36 -0600] "POST /wp-login.php HTTP/1.1" 200 7554 "-" "Mozilla/5.0"
161.35.42.198 - - [17/Aug/2026:09:08:36 -0600] "POST /wp-login.php HTTP/1.1" 200 7554 "-" "Mozilla/5.0"
161.35.42.198 - - [17/Aug/2026:09:08:36 -0600] "POST /wp-login.php HTTP/1.1" 200 7554 "-" "Mozilla/5.0"
161.35.42.198 - - [17/Aug/2026:09:08:36 -0600] "POST /wp-login.php HTTP/1.1" 200 7497 "-" "Mozilla/5.0"
162.215.171.210 - - [17/Aug/2026:09:08:37 -0600] "POST /wp-cron.php?doing_wp_cron=1786979317.8231000900268554687500 HTTP/1.1" 200 - "-" "WordPress/7.0.4; https://swansondentalgroupreno.com"
15.235.98.197 - - [17/Aug/2026:09:12:56 -0600] "GET /sitemap_index.xml HTTP/1.1" 200 973 "-" "Mozilla/5.0 (compatible; AhrefsBot/7.0; +http://ahrefs.com/robot/)"
162.215.171.210 - - [17/Aug/2026:09:12:57 -0600] "POST /wp-cron.php?doing_wp_cron=1786979577.7914710044860839843750 HTTP/1.1" 200 - "-" "WordPress/7.0.4; https://swansondentalgroupreno.com"
54.39.89.214 - - [17/Aug/2026:09:13:00 -0600] "GET /post-sitemap.xml HTTP/1.1" 200 1603 "-" "Mozilla/5.0 (compatible; AhrefsBot/7.0; +http://ahrefs.com/robot/)"
142.44.228.230 - - [17/Aug/2026:09:13:02 -0600] "GET /page-sitemap.xml HTTP/1.1" 200 2551 "-" "Mozilla/5.0 (compatible; AhrefsBot/7.0; +http://ahrefs.com/robot/)"
51.161.37.247 - - [17/Aug/2026:09:13:05 -0600] "GET /service-sitemap.xml HTTP/1.1" 200 4296 "-" "Mozilla/5.0 (compatible; AhrefsBot/7.0; +http://ahrefs.com/robot/)"
142.44.233.108 - - [17/Aug/2026:09:13:07 -0600] "GET /category-sitemap.xml HTTP/1.1" 200 1321 "-" "Mozilla/5.0 (compatible; AhrefsBot/7.0; +http://ahrefs.com/robot/)"
54.39.136.77 - - [17/Aug/2026:09:13:10 -0600] "GET /author-sitemap.xml HTTP/1.1" 200 758 "-" "Mozilla/5.0 (compatible; AhrefsBot/7.0; +http://ahrefs.com/robot/)"
69.91.134.129 - - [17/Aug/2026:09:13:59 -0600] "GET /wp-content/uploads/2024/04/cosmeticdentistry.svg HTTP/1.1" 200 3180 "-" "Mozilla/5.0 (compatible; crawler)"
162.215.171.210 - - [17/Aug/2026:09:14:49 -0600] "POST /wp-cron.php?doing_wp_cron=1786979689.0782148838043212890625 HTTP/1.1" 200 - "-" "WordPress/7.0.4; https://swansondentalgroupreno.com"
34.239.197.197 - - [17/Aug/2026:09:14:47 -0600] "GET /wp-json/wp/v2/service/101 HTTP/1.1" 200 24152 "-" "Mozilla/5.0 AppleWebKit/537.36 (KHTML, like Gecko; compatible; Amazonbot/0.1; +https://developer.amazon.com/support/amazonbot) Chrome/119.0.6045.214 Safari/537.36"
20.79.204.6 - - [17/Aug/2026:09:17:14 -0600] "GET / HTTP/1.1" 200 122950 "-" "Mozilla/5.0 (Windows NT 10.0; Win64; x64) AppleWebKit/537.36 (KHTML, like Gecko) Chrome/120.0.0.0 Safari/537.36"
162.215.171.210 - - [17/Aug/2026:09:17:15 -0600] "POST /wp-cron.php?doing_wp_cron=1786979835.0526769161224365234375 HTTP/1.1" 200 - "-" "WordPress/7.0.4; https://swansondentalgroupreno.com"
20.79.204.6 - - [17/Aug/2026:09:17:15 -0600] "GET /.trash7206/index.php HTTP/1.1" 301 - "-" "Mozilla/5.0 (Windows NT 10.0; Win64; x64) AppleWebKit/537.36 (KHTML, like Gecko) Chrome/120.0.0.0 Safari/537.36"
20.79.204.6 - - [17/Aug/2026:09:17:16 -0600] "GET /.well-known/logs233/index.php?p= HTTP/1.1" 301 - "-" "Mozilla/5.0 (Windows NT 10.0; Win64; x64) AppleWebKit/537.36 (KHTML, like Gecko) Chrome/120.0.0.0 Safari/537.36"
20.79.204.6 - - [17/Aug/2026:09:17:17 -0600] "GET /wp-content/themes/haha.php HTTP/1.1" 404 100819 "-" "Mozilla/5.0 (Windows NT 10.0; Win64; x64) AppleWebKit/537.36 (KHTML, like Gecko) Chrome/120.0.0.0 Safari/537.36"
20.79.204.6 - - [17/Aug/2026:09:17:18 -0600] "GET /wp-content/themes/theme/about.php HTTP/1.1" 404 100819 "-" "Mozilla/5.0 (Windows NT 10.0; Win64; x64) AppleWebKit/537.36 (KHTML, like Gecko) Chrome/120.0.0.0 Safari/537.36"
20.79.204.6 - - [17/Aug/2026:09:17:20 -0600] "GET /wp-content/plugins/plugin/index.php HTTP/1.1" 301 - "-" "Mozilla/5.0 (Windows NT 10.0; Win64; x64) AppleWebKit/537.36 (KHTML, like Gecko) Chrome/120.0.0.0 Safari/537.36"
20.79.204.6 - - [17/Aug/2026:09:17:21 -0600] "GET /xmr.php HTTP/1.1" 404 100819 "-" "Mozilla/5.0 (Windows NT 10.0; Win64; x64) AppleWebKit/537.36 (KHTML, like Gecko) Chrome/120.0.0.0 Safari/537.36"
143.198.53.13 - - [17/Aug/2026:09:17:22 -0600] "POST /wp-login.php HTTP/1.1" 200 7558 "-" "Mozilla/5.0"
20.79.204.6 - - [17/Aug/2026:09:17:22 -0600] "GET /about.php HTTP/1.1" 404 100819 "-" "Mozilla/5.0 (Windows NT 10.0; Win64; x64) AppleWebKit/537.36 (KHTML, like Gecko) Chrome/120.0.0.0 Safari/537.36"
143.198.53.13 - - [17/Aug/2026:09:17:22 -0600] "POST /wp-login.php HTTP/1.1" 200 7554 "-" "Mozilla/5.0"
143.198.53.13 - - [17/Aug/2026:09:17:22 -0600] "POST /wp-login.php HTTP/1.1" 200 7554 "-" "Mozilla/5.0"
143.198.53.13 - - [17/Aug/2026:09:17:22 -0600] "POST /wp-login.php HTTP/1.1" 200 7554 "-" "Mozilla/5.0"
143.198.53.13 - - [17/Aug/2026:09:17:22 -0600] "POST /wp-login.php HTTP/1.1" 200 7497 "-" "Mozilla/5.0"
143.198.53.13 - - [17/Aug/2026:09:17:22 -0600] "POST /wp-login.php HTTP/1.1" 200 7554 "-" "Mozilla/5.0"
143.198.53.13 - - [17/Aug/2026:09:17:22 -0600] "POST /wp-login.php HTTP/1.1" 200 7560 "-" "Mozilla/5.0"
143.198.53.13 - - [17/Aug/2026:09:17:22 -0600] "POST /wp-login.php HTTP/1.1" 200 7554 "-" "Mozilla/5.0"
143.198.53.13 - - [17/Aug/2026:09:17:22 -0600] "POST /wp-login.php HTTP/1.1" 200 7554 "-" "Mozilla/5.0"
20.79.204.6 - - [17/Aug/2026:09:17:24 -0600] "GET /admin.php HTTP/1.1" 404 100819 "-" "Mozilla/5.0 (Windows NT 10.0; Win64; x64) AppleWebKit/537.36 (KHTML, like Gecko) Chrome/120.0.0.0 Safari/537.36"
20.79.204.6 - - [17/Aug/2026:09:17:26 -0600] "GET /adminfuns.php HTTP/1.1" 404 100819 "-" "Mozilla/5.0 (Windows NT 10.0; Win64; x64) AppleWebKit/537.36 (KHTML, like Gecko) Chrome/120.0.0.0 Safari/537.36"
20.79.204.6 - - [17/Aug/2026:09:17:27 -0600] "GET /as.php HTTP/1.1" 404 100819 "-" "Mozilla/5.0 (Windows NT 10.0; Win64; x64) AppleWebKit/537.36 (KHTML, like Gecko) Chrome/120.0.0.0 Safari/537.36"
20.79.204.6 - - [17/Aug/2026:09:17:28 -0600] "GET /bolt.php HTTP/1.1" 404 100819 "-" "Mozilla/5.0 (Windows NT 10.0; Win64; x64) AppleWebKit/537.36 (KHTML, like Gecko) Chrome/120.0.0.0 Safari/537.36"
20.79.204.6 - - [17/Aug/2026:09:17:30 -0600] "GET /cgi-bin/ HTTP/1.1" 404 100819 "-" "Mozilla/5.0 (Windows NT 10.0; Win64; x64) AppleWebKit/537.36 (KHTML, like Gecko) Chrome/120.0.0.0 Safari/537.36"
20.79.204.6 - - [17/Aug/2026:09:17:31 -0600] "GET /class-t.api.php HTTP/1.1" 404 100819 "-" "Mozilla/5.0 (Windows NT 10.0; Win64; x64) AppleWebKit/537.36 (KHTML, like Gecko) Chrome/120.0.0.0 Safari/537.36"
20.79.204.6 - - [17/Aug/2026:09:17:32 -0600] "GET /edit.php HTTP/1.1" 404 100819 "-" "Mozilla/5.0 (Windows NT 10.0; Win64; x64) AppleWebKit/537.36 (KHTML, like Gecko) Chrome/120.0.0.0 Safari/537.36"
20.79.204.6 - - [17/Aug/2026:09:17:34 -0600] "GET /ff1.php HTTP/1.1" 404 100819 "-" "Mozilla/5.0 (Windows NT 10.0; Win64; x64) AppleWebKit/537.36 (KHTML, like Gecko) Chrome/120.0.0.0 Safari/537.36"
20.79.204.6 - - [17/Aug/2026:09:17:35 -0600] "GET /fff.php HTTP/1.1" 404 100819 "-" "Mozilla/5.0 (Windows NT 10.0; Win64; x64) AppleWebKit/537.36 (KHTML, like Gecko) Chrome/120.0.0.0 Safari/537.36"
20.79.204.6 - - [17/Aug/2026:09:17:37 -0600] "GET /inputs.php?p= HTTP/1.1" 301 - "-" "Mozilla/5.0 (Windows NT 10.0; Win64; x64) AppleWebKit/537.36 (KHTML, like Gecko) Chrome/120.0.0.0 Safari/537.36"
20.79.204.6 - - [17/Aug/2026:09:17:38 -0600] "GET /ioxi-o.php HTTP/1.1" 404 100819 "-" "Mozilla/5.0 (Windows NT 10.0; Win64; x64) AppleWebKit/537.36 (KHTML, like Gecko) Chrome/120.0.0.0 Safari/537.36"
20.79.204.6 - - [17/Aug/2026:09:17:39 -0600] "GET /lite.php HTTP/1.1" 404 100819 "-" "Mozilla/5.0 (Windows NT 10.0; Win64; x64) AppleWebKit/537.36 (KHTML, like Gecko) Chrome/120.0.0.0 Safari/537.36"
20.79.204.6 - - [17/Aug/2026:09:17:41 -0600] "GET /ms-edit.php HTTP/1.1" 404 100819 "-" "Mozilla/5.0 (Windows NT 10.0; Win64; x64) AppleWebKit/537.36 (KHTML, like Gecko) Chrome/120.0.0.0 Safari/537.36"
20.79.204.6 - - [17/Aug/2026:09:17:42 -0600] "GET /rip.php HTTP/1.1" 404 100819 "-" "Mozilla/5.0 (Windows NT 10.0; Win64; x64) AppleWebKit/537.36 (KHTML, like Gecko) Chrome/120.0.0.0 Safari/537.36"
20.79.204.6 - - [17/Aug/2026:09:17:44 -0600] "GET /update/da222.php HTTP/1.1" 404 100819 "-" "Mozilla/5.0 (Windows NT 10.0; Win64; x64) AppleWebKit/537.36 (KHTML, like Gecko) Chrome/120.0.0.0 Safari/537.36"
20.79.204.6 - - [17/Aug/2026:09:17:46 -0600] "GET /upload.php HTTP/1.1" 404 100819 "-" "Mozilla/5.0 (Windows NT 10.0; Win64; x64) AppleWebKit/537.36 (KHTML, like Gecko) Chrome/120.0.0.0 Safari/537.36"
20.79.204.6 - - [17/Aug/2026:09:17:47 -0600] "GET /wk/index.php HTTP/1.1" 301 - "-" "Mozilla/5.0 (Windows NT 10.0; Win64; x64) AppleWebKit/537.36 (KHTML, like Gecko) Chrome/120.0.0.0 Safari/537.36"
20.79.204.6 - - [17/Aug/2026:09:17:48 -0600] "GET /wp-act.php HTTP/1.1" 404 100819 "-" "Mozilla/5.0 (Windows NT 10.0; Win64; x64) AppleWebKit/537.36 (KHTML, like Gecko) Chrome/120.0.0.0 Safari/537.36"
20.79.204.6 - - [17/Aug/2026:09:17:50 -0600] "GET /wp-admin/css/bolt.php HTTP/1.1" 404 100819 "-" "Mozilla/5.0 (Windows NT 10.0; Win64; x64) AppleWebKit/537.36 (KHTML, like Gecko) Chrome/120.0.0.0 Safari/537.36"
20.79.204.6 - - [17/Aug/2026:09:17:52 -0600] "GET /wp-admin/js/ HTTP/1.1" 404 100819 "-" "Mozilla/5.0 (Windows NT 10.0; Win64; x64) AppleWebKit/537.36 (KHTML, like Gecko) Chrome/120.0.0.0 Safari/537.36"
20.79.204.6 - - [17/Aug/2026:09:17:53 -0600] "GET /wp-admin/js/widgets/ HTTP/1.1" 404 100819 "-" "Mozilla/5.0 (Windows NT 10.0; Win64; x64) AppleWebKit/537.36 (KHTML, like Gecko) Chrome/120.0.0.0 Safari/537.36"
20.79.204.6 - - [17/Aug/2026:09:17:54 -0600] "GET /wp-admin/maint/ HTTP/1.1" 404 100819 "-" "Mozilla/5.0 (Windows NT 10.0; Win64; x64) AppleWebKit/537.36 (KHTML, like Gecko) Chrome/120.0.0.0 Safari/537.36"
162.215.171.210 - - [17/Aug/2026:09:17:57 -0600] "POST /wp-cron.php?doing_wp_cron=1786979877.4200429916381835937500 HTTP/1.1" 200 - "-" "WordPress/7.0.4; https://swansondentalgroupreno.com"
20.79.204.6 - - [17/Aug/2026:09:17:56 -0600] "GET /wp-admin/ HTTP/1.1" 302 - "-" "Mozilla/5.0 (Windows NT 10.0; Win64; x64) AppleWebKit/537.36 (KHTML, like Gecko) Chrome/120.0.0.0 Safari/537.36"
20.79.204.6 - - [17/Aug/2026:09:17:58 -0600] "GET /wp-content/themes/ HTTP/1.1" 200 - "-" "Mozilla/5.0 (Windows NT 10.0; Win64; x64) AppleWebKit/537.36 (KHTML, like Gecko) Chrome/120.0.0.0 Safari/537.36"
20.79.204.6 - - [17/Aug/2026:09:17:58 -0600] "GET /wp-content/themes/admin.php HTTP/1.1" 404 100819 "-" "Mozilla/5.0 (Windows NT 10.0; Win64; x64) AppleWebKit/537.36 (KHTML, like Gecko) Chrome/120.0.0.0 Safari/537.36"
20.79.204.6 - - [17/Aug/2026:09:18:00 -0600] "GET /wp-content/uploads/ HTTP/1.1" 404 100819 "-" "Mozilla/5.0 (Windows NT 10.0; Win64; x64) AppleWebKit/537.36 (KHTML, like Gecko) Chrome/120.0.0.0 Safari/537.36"
20.79.204.6 - - [17/Aug/2026:09:18:02 -0600] "GET /wp-content/uploads/admin.php HTTP/1.1" 404 100819 "-" "Mozilla/5.0 (Windows NT 10.0; Win64; x64) AppleWebKit/537.36 (KHTML, like Gecko) Chrome/120.0.0.0 Safari/537.36"
20.79.204.6 - - [17/Aug/2026:09:18:03 -0600] "GET /wp-includes/ HTTP/1.1" 404 100819 "-" "Mozilla/5.0 (Windows NT 10.0; Win64; x64) AppleWebKit/537.36 (KHTML, like Gecko) Chrome/120.0.0.0 Safari/537.36"
20.79.204.6 - - [17/Aug/2026:09:18:04 -0600] "GET /wp-includes/js/crop/ HTTP/1.1" 404 100819 "-" "Mozilla/5.0 (Windows NT 10.0; Win64; x64) AppleWebKit/537.36 (KHTML, like Gecko) Chrome/120.0.0.0 Safari/537.36"
