54.200.209.20 - - [17/Aug/2026:17:52:14 -0600] "GET /wp-content/themes/swanson/images/bluecall.svg HTTP/1.1" 200 515 "https://swansondentalgroupreno.com/" "Mozilla/5.0 (Windows NT 10.0; Win64; x64; rv:109.0) Gecko/20100101 Firefox/109.0"
54.200.209.20 - - [17/Aug/2026:17:52:14 -0600] "GET /wp-includes/js/dist/hooks.min.js?ver=7496969728ca0f95732d HTTP/1.1" 200 5050 "https://swansondentalgroupreno.com/" "Mozilla/5.0 (Windows NT 10.0; Win64; x64; rv:109.0) Gecko/20100101 Firefox/109.0"
54.200.209.20 - - [17/Aug/2026:17:52:14 -0600] "GET /wp-content/uploads/2024/04/preventativecare.svg HTTP/1.1" 200 3825 "https://swansondentalgroupreno.com/" "Mozilla/5.0 (Windows NT 10.0; Win64; x64; rv:109.0) Gecko/20100101 Firefox/109.0"
54.200.209.20 - - [17/Aug/2026:17:52:14 -0600] "GET /wp-content/uploads/2024/04/cosmeticdentistry.svg HTTP/1.1" 200 3180 "https://swansondentalgroupreno.com/" "Mozilla/5.0 (Windows NT 10.0; Win64; x64; rv:109.0) Gecko/20100101 Firefox/109.0"
54.200.209.20 - - [17/Aug/2026:17:52:14 -0600] "GET /wp-content/uploads/2024/04/restorativetreatments.svg HTTP/1.1" 200 3504 "https://swansondentalgroupreno.com/" "Mozilla/5.0 (Windows NT 10.0; Win64; x64; rv:109.0) Gecko/20100101 Firefox/109.0"
54.200.209.20 - - [17/Aug/2026:17:52:14 -0600] "GET /wp-includes/js/dist/i18n.min.js?ver=781d11515ad3d91786ec HTTP/1.1" 200 5732 "https://swansondentalgroupreno.com/" "Mozilla/5.0 (Windows NT 10.0; Win64; x64; rv:109.0) Gecko/20100101 Firefox/109.0"
54.200.209.20 - - [17/Aug/2026:17:52:14 -0600] "GET /wp-content/themes/swanson/images/facebook.svg HTTP/1.1" 200 404 "https://swansondentalgroupreno.com/" "Mozilla/5.0 (Windows NT 10.0; Win64; x64; rv:109.0) Gecko/20100101 Firefox/109.0"
54.200.209.20 - - [17/Aug/2026:17:52:14 -0600] "GET /wp-content/uploads/2025/08/Insta-white.svg HTTP/1.1" 200 2225 "https://swansondentalgroupreno.com/" "Mozilla/5.0 (Windows NT 10.0; Win64; x64; rv:109.0) Gecko/20100101 Firefox/109.0"
54.200.209.20 - - [17/Aug/2026:17:52:14 -0600] "GET /wp-content/uploads/2025/08/x-white.svg HTTP/1.1" 200 413 "https://swansondentalgroupreno.com/" "Mozilla/5.0 (Windows NT 10.0; Win64; x64; rv:109.0) Gecko/20100101 Firefox/109.0"
54.200.209.20 - - [17/Aug/2026:17:52:14 -0600] "GET /wp-content/plugins/contact-form-7/includes/swv/js/index.js?ver=6.1.6 HTTP/1.1" 200 12512 "https://swansondentalgroupreno.com/" "Mozilla/5.0 (Windows NT 10.0; Win64; x64; rv:109.0) Gecko/20100101 Firefox/109.0"
54.200.209.20 - - [17/Aug/2026:17:52:14 -0600] "GET /wp-content/plugins/contact-form-7/includes/js/index.js?ver=6.1.6 HTTP/1.1" 200 13452 "https://swansondentalgroupreno.com/" "Mozilla/5.0 (Windows NT 10.0; Win64; x64; rv:109.0) Gecko/20100101 Firefox/109.0"
54.200.209.20 - - [17/Aug/2026:17:52:14 -0600] "GET /wp-content/plugins/contact-form-7-honeypot/legacy-honeypot/includes/js/honeypot-refill.js?ver=3.6.1 HTTP/1.1" 200 3821 "https://swansondentalgroupreno.com/" "Mozilla/5.0 (Windows NT 10.0; Win64; x64; rv:109.0) Gecko/20100101 Firefox/109.0"
54.200.209.20 - - [17/Aug/2026:17:52:14 -0600] "GET /wp-content/plugins/genesis-blocks/dist/assets/js/dismiss.js?ver=1781276667 HTTP/1.1" 200 923 "https://swansondentalgroupreno.com/" "Mozilla/5.0 (Windows NT 10.0; Win64; x64; rv:109.0) Gecko/20100101 Firefox/109.0"
54.200.209.20 - - [17/Aug/2026:17:52:14 -0600] "GET /wp-content/plugins/maxslider/assets/vendor/slick/slick.js?ver=1.6.0 HTTP/1.1" 200 84265 "https://swansondentalgroupreno.com/" "Mozilla/5.0 (Windows NT 10.0; Win64; x64; rv:109.0) Gecko/20100101 Firefox/109.0"
54.200.209.20 - - [17/Aug/2026:17:52:14 -0600] "GET /wp-content/plugins/maxslider/assets/js/maxslider.js?ver=1.2.4 HTTP/1.1" 200 1209 "https://swansondentalgroupreno.com/" "Mozilla/5.0 (Windows NT 10.0; Win64; x64; rv:109.0) Gecko/20100101 Firefox/109.0"
54.200.209.20 - - [17/Aug/2026:17:52:14 -0600] "GET /wp-content/plugins/contact-form-7/modules/recaptcha/index.js?ver=6.1.6 HTTP/1.1" 200 934 "https://swansondentalgroupreno.com/" "Mozilla/5.0 (Windows NT 10.0; Win64; x64; rv:109.0) Gecko/20100101 Firefox/109.0"
54.200.209.20 - - [17/Aug/2026:17:52:14 -0600] "GET /wp-includes/js/dist/vendor/wp-polyfill.min.js?ver=3.15.0 HTTP/1.1" 200 33744 "https://swansondentalgroupreno.com/" "Mozilla/5.0 (Windows NT 10.0; Win64; x64; rv:109.0) Gecko/20100101 Firefox/109.0"
54.200.209.20 - - [17/Aug/2026:17:52:14 -0600] "GET /wp-content/uploads/2024/04/specialtyservices.svg HTTP/1.1" 200 4000 "https://swansondentalgroupreno.com/" "Mozilla/5.0 (Windows NT 10.0; Win64; x64; rv:109.0) Gecko/20100101 Firefox/109.0"
54.200.209.20 - - [17/Aug/2026:17:52:14 -0600] "GET /wp-content/plugins/elfsight-slider-cc/assets/elfsight-slider.js?ver=1.1.0 HTTP/1.1" 200 467217 "https://swansondentalgroupreno.com/" "Mozilla/5.0 (Windows NT 10.0; Win64; x64; rv:109.0) Gecko/20100101 Firefox/109.0"
54.200.209.20 - - [17/Aug/2026:17:52:14 -0600] "GET /wp-content/themes/swanson/images/closecall.svg HTTP/1.1" 200 5176 "https://swansondentalgroupreno.com/" "Mozilla/5.0 (Windows NT 10.0; Win64; x64; rv:109.0) Gecko/20100101 Firefox/109.0"
54.200.209.20 - - [17/Aug/2026:17:52:14 -0600] "GET /wp-content/uploads/2026/02/qr-code.png HTTP/1.1" 200 650 "https://swansondentalgroupreno.com/" "Mozilla/5.0 (Windows NT 10.0; Win64; x64; rv:109.0) Gecko/20100101 Firefox/109.0"
54.200.209.20 - - [17/Aug/2026:17:52:14 -0600] "GET /wp-content/uploads/2024/05/DSC_9616.jpg HTTP/1.1" 200 149508 "https://swansondentalgroupreno.com/" "Mozilla/5.0 (Windows NT 10.0; Win64; x64; rv:109.0) Gecko/20100101 Firefox/109.0"
54.200.209.20 - - [17/Aug/2026:17:52:14 -0600] "GET /wp-content/uploads/2024/04/homeoffice@2x.jpg HTTP/1.1" 200 532884 "https://swansondentalgroupreno.com/" "Mozilla/5.0 (Windows NT 10.0; Win64; x64; rv:109.0) Gecko/20100101 Firefox/109.0"
54.200.209.20 - - [17/Aug/2026:17:52:14 -0600] "GET /wp-content/uploads/2024/04/reviewsbg.jpg HTTP/1.1" 200 287206 "https://swansondentalgroupreno.com/" "Mozilla/5.0 (Windows NT 10.0; Win64; x64; rv:109.0) Gecko/20100101 Firefox/109.0"
54.200.209.20 - - [17/Aug/2026:17:52:14 -0600] "GET /wp-content/uploads/2025/12/slider1b-1.png HTTP/1.1" 200 566660 "https://swansondentalgroupreno.com/" "Mozilla/5.0 (Windows NT 10.0; Win64; x64; rv:109.0) Gecko/20100101 Firefox/109.0"
54.200.209.20 - - [17/Aug/2026:17:52:14 -0600] "GET /wp-content/uploads/2025/12/Mask-group-2-1.png HTTP/1.1" 200 711518 "https://swansondentalgroupreno.com/" "Mozilla/5.0 (Windows NT 10.0; Win64; x64; rv:109.0) Gecko/20100101 Firefox/109.0"
54.200.209.20 - - [17/Aug/2026:17:52:14 -0600] "GET /wp-content/uploads/2025/12/slider-mobile1.png HTTP/1.1" 200 625378 "https://swansondentalgroupreno.com/" "Mozilla/5.0 (Windows NT 10.0; Win64; x64; rv:109.0) Gecko/20100101 Firefox/109.0"
54.200.209.20 - - [17/Aug/2026:17:52:14 -0600] "GET /wp-content/uploads/2025/12/mobileee-1.png HTTP/1.1" 200 1123252 "https://swansondentalgroupreno.com/" "Mozilla/5.0 (Windows NT 10.0; Win64; x64; rv:109.0) Gecko/20100101 Firefox/109.0"
54.200.209.20 - - [17/Aug/2026:17:52:15 -0600] "GET /wp-includes/js/wp-emoji-release.min.js?ver=7.0.4 HTTP/1.1" 200 22752 "https://swansondentalgroupreno.com/" "Mozilla/5.0 (Windows NT 10.0; Win64; x64; rv:109.0) Gecko/20100101 Firefox/109.0"
54.200.209.20 - - [17/Aug/2026:17:52:15 -0600] "GET /wp-content/themes/swanson/images/swansonfavicon.ico HTTP/1.1" 200 5430 "https://swansondentalgroupreno.com/" "Mozilla/5.0 (Windows NT 10.0; Win64; x64; rv:109.0) Gecko/20100101 Firefox/109.0"
54.200.209.20 - - [17/Aug/2026:17:52:14 -0600] "GET /wp-json/contact-form-7/v1/contact-forms/39/feedback/schema HTTP/1.1" 200 946 "https://swansondentalgroupreno.com/" "Mozilla/5.0 (Windows NT 10.0; Win64; x64; rv:109.0) Gecko/20100101 Firefox/109.0"
117.214.120.88 - - [17/Aug/2026:17:52:16 -0600] "POST /xmlrpc.php HTTP/1.1" 200 403 "-" "WordPress.com; https://wordpress.com"
54.200.209.20 - - [17/Aug/2026:17:52:20 -0600] "GET /wp-content/uploads/2024/05/cropped-SDlogoSmall-32x32-1.png HTTP/1.1" 200 1350 "-" "Mozilla/5.0 (Windows NT 10.0; Win64; x64) AppleWebKit/537.36 (KHTML, like Gecko) Chrome/138.0.0.0 Safari/537.36"
117.214.120.88 - - [17/Aug/2026:17:52:29 -0600] "POST /xmlrpc.php HTTP/1.1" 200 403 "-" "Jetpack by WordPress.com (Jetpack 12.5; WordPress 6.2)"
117.214.120.88 - - [17/Aug/2026:17:52:43 -0600] "POST /xmlrpc.php HTTP/1.1" 200 403 "-" "Jetpack/12.1; WordPress/6.2; http://site28862707.com"
62.210.113.151 - - [17/Aug/2026:17:52:53 -0600] "POST /3f3f4fd7d554.php HTTP/1.1" 200 16 "-" "Mozilla/5.0 (compatible; MSIE 10.0; Windows NT 6.2; WOW64; Trident/6.0)"
62.210.113.151 - - [17/Aug/2026:17:52:53 -0600] "POST /3f3f4fd7d554.php HTTP/1.1" 200 9 "https://swansondentalgroupreno.com/3f3f4fd7d554.php" "Mozilla/5.0 (compatible; MSIE 10.0; Windows NT 6.2; WOW64; Trident/6.0)"
62.210.113.151 - - [17/Aug/2026:17:52:54 -0600] "GET /31cb3d67d0index.php HTTP/1.1" 200 40476 "https://swansondentalgroupreno.com/3f3f4fd7d554.php" "Mozilla/5.0 (compatible; MSIE 10.0; Windows NT 6.2; WOW64; Trident/6.0)"
62.210.113.151 - - [17/Aug/2026:17:52:55 -0600] "GET /31cb3d67d0index.php HTTP/1.1" 200 40476 "https://swansondentalgroupreno.com/31cb3d67d0index.php" "Mozilla/5.0 (compatible; MSIE 10.0; Windows NT 6.2; WOW64; Trident/6.0)"
62.210.113.151 - - [17/Aug/2026:17:52:55 -0600] "GET /31cb3d67d0index.php HTTP/1.1" 200 40476 "https://swansondentalgroupreno.com/31cb3d67d0index.php" "Mozilla/5.0 (compatible; MSIE 10.0; Windows NT 6.2; WOW64; Trident/6.0)"
117.214.120.88 - - [17/Aug/2026:17:52:55 -0600] "POST /xmlrpc.php HTTP/1.1" 200 403 "-" "Jetpack by WordPress.com"
162.215.171.210 - - [17/Aug/2026:17:52:56 -0600] "POST /wp-cron.php?doing_wp_cron=1787010776.9403040409088134765625 HTTP/1.1" 200 - "-" "WordPress/7.0.4; https://swansondentalgroupreno.com"
74.7.241.146 - - [17/Aug/2026:17:53:08 -0600] "GET /robots.txt HTTP/1.1" 200 244 "-" "Mozilla/5.0 (Macintosh; Intel Mac OS X 10_15_7) AppleWebKit/537.36 (KHTML, like Gecko) Chrome/131.0.0.0 Safari/537.36; compatible; OAI-SearchBot/1.4; robots.txt; +https://openai.com/searchbot"
117.214.120.88 - - [17/Aug/2026:17:53:08 -0600] "POST /xmlrpc.php HTTP/1.1" 200 403 "-" "Jetpack by WordPress.com (Jetpack 13.0; WordPress 6.1)"
66.42.38.87 - - [17/Aug/2026:17:53:14 -0600] "GET /b846d/index.php HTTP/1.1" 200 4931 "-" "Mozilla/5.0 (compatible; MSIE 9.0; Windows NT 6.1; WOW64; Trident/5.0)"
117.214.120.88 - - [17/Aug/2026:17:53:22 -0600] "POST /xmlrpc.php HTTP/1.1" 200 403 "-" "WordPress.com; https://wordpress.com"
117.214.120.88 - - [17/Aug/2026:17:53:34 -0600] "POST /xmlrpc.php HTTP/1.1" 200 403 "-" "Jetpack/12.5; WordPress/6.1; http://site37304537.com"
117.214.120.88 - - [17/Aug/2026:17:53:46 -0600] "POST /xmlrpc.php HTTP/1.1" 200 403 "-" "Jetpack/13.0; WordPress/6.1; http://site45922632.com"
117.214.120.88 - - [17/Aug/2026:17:53:59 -0600] "POST /xmlrpc.php HTTP/1.1" 200 403 "-" "Jetpack by WordPress.com (Jetpack 12.1; WordPress 6.1)"
162.215.171.210 - - [17/Aug/2026:17:54:00 -0600] "POST /wp-cron.php?doing_wp_cron=1787010840.8926448822021484375000 HTTP/1.1" 200 - "-" "WordPress/7.0.4; https://swansondentalgroupreno.com"
117.214.120.88 - - [17/Aug/2026:17:54:12 -0600] "POST /xmlrpc.php HTTP/1.1" 200 403 "-" "Jetpack/12.1; WordPress/6.2; http://site65227001.com"
117.214.120.88 - - [17/Aug/2026:17:54:25 -0600] "POST /xmlrpc.php HTTP/1.1" 200 403 "-" "Jetpack by WordPress.com"
117.214.120.88 - - [17/Aug/2026:17:54:37 -0600] "POST /xmlrpc.php HTTP/1.1" 200 403 "-" "Jetpack by WordPress.com"
117.214.120.88 - - [17/Aug/2026:17:54:50 -0600] "POST /xmlrpc.php HTTP/1.1" 200 403 "-" "WordPress.com; https://wordpress.com"
162.215.171.210 - - [17/Aug/2026:17:55:04 -0600] "POST /wp-cron.php?doing_wp_cron=1787010904.0880560874938964843750 HTTP/1.1" 200 - "-" "WordPress/7.0.4; https://swansondentalgroupreno.com"
117.214.120.88 - - [17/Aug/2026:17:55:03 -0600] "POST /xmlrpc.php HTTP/1.1" 200 403 "-" "Jetpack by WordPress.com (Jetpack 12.1; WordPress 6.2)"
117.214.120.88 - - [17/Aug/2026:17:55:16 -0600] "POST /xmlrpc.php HTTP/1.1" 200 403 "-" "Jetpack/12.5; WordPress/6.1; http://site84194299.com"
117.214.120.88 - - [17/Aug/2026:17:55:29 -0600] "POST /xmlrpc.php HTTP/1.1" 200 403 "-" "Jetpack/13.0; WordPress/6.2; http://site64212140.com"
117.214.120.88 - - [17/Aug/2026:17:55:42 -0600] "POST /xmlrpc.php HTTP/1.1" 200 403 "-" "Jetpack by WordPress.com"
117.214.120.88 - - [17/Aug/2026:17:55:54 -0600] "POST /xmlrpc.php HTTP/1.1" 200 403 "-" "Jetpack by WordPress.com (Jetpack 13.0; WordPress 6.3)"
162.215.171.210 - - [17/Aug/2026:17:55:56 -0600] "POST /wp-cron.php?doing_wp_cron=1787010956.0554990768432617187500 HTTP/1.1" 200 - "-" "WordPress/7.0.4; https://swansondentalgroupreno.com"
117.214.120.88 - - [17/Aug/2026:17:56:06 -0600] "POST /xmlrpc.php HTTP/1.1" 200 403 "-" "Jetpack by WordPress.com (Jetpack 12.0; WordPress 6.2)"
117.214.120.88 - - [17/Aug/2026:17:56:20 -0600] "POST /xmlrpc.php HTTP/1.1" 200 403 "-" "WordPress.com; https://wordpress.com"
117.214.120.88 - - [17/Aug/2026:17:56:32 -0600] "POST /xmlrpc.php HTTP/1.1" 200 403 "-" "WordPress.com; https://wordpress.com"
117.214.120.88 - - [17/Aug/2026:17:56:45 -0600] "POST /xmlrpc.php HTTP/1.1" 200 403 "-" "Jetpack by WordPress.com"
162.215.171.210 - - [17/Aug/2026:17:56:46 -0600] "POST /wp-cron.php?doing_wp_cron=1787011006.4953079223632812500000 HTTP/1.1" 200 - "-" "WordPress/7.0.4; https://swansondentalgroupreno.com"
117.214.120.88 - - [17/Aug/2026:17:56:57 -0600] "POST /xmlrpc.php HTTP/1.1" 200 403 "-" "Jetpack/12.0; WordPress/6.2; http://site79817672.com"
162.215.171.210 - - [17/Aug/2026:17:56:58 -0600] "POST /wp-cron.php?doing_wp_cron=1787011018.9349560737609863281250 HTTP/1.1" 200 - "-" "WordPress/7.0.4; https://swansondentalgroupreno.com"
117.214.120.88 - - [17/Aug/2026:17:57:10 -0600] "POST /xmlrpc.php HTTP/1.1" 200 403 "-" "WordPress.com; https://wordpress.com"
117.214.120.88 - - [17/Aug/2026:17:57:21 -0600] "POST /xmlrpc.php HTTP/1.1" 200 403 "-" "Jetpack by WordPress.com"
117.214.120.88 - - [17/Aug/2026:17:57:34 -0600] "POST /xmlrpc.php HTTP/1.1" 200 403 "-" "Jetpack by WordPress.com (Jetpack 12.5; WordPress 6.1)"
117.214.120.88 - - [17/Aug/2026:17:57:47 -0600] "POST /xmlrpc.php HTTP/1.1" 200 403 "-" "WordPress.com; https://wordpress.com"
66.42.38.87 - - [17/Aug/2026:17:57:59 -0600] "GET /de538/index.php HTTP/1.1" 200 2733 "https://swansondentalgroupreno.com/de538/index.php" "Mozilla/4.0 (compatible; MSIE 9.0; Windows NT 6.1)"
162.215.171.210 - - [17/Aug/2026:17:58:01 -0600] "POST /wp-cron.php?doing_wp_cron=1787011081.4312241077423095703125 HTTP/1.1" 200 - "-" "WordPress/7.0.4; https://swansondentalgroupreno.com"
117.214.120.88 - - [17/Aug/2026:17:58:00 -0600] "POST /xmlrpc.php HTTP/1.1" 200 403 "-" "WordPress.com; https://wordpress.com"
117.214.120.88 - - [17/Aug/2026:17:58:12 -0600] "POST /xmlrpc.php HTTP/1.1" 200 403 "-" "Jetpack by WordPress.com (Jetpack 12.1; WordPress 6.3)"
117.214.120.88 - - [17/Aug/2026:17:58:26 -0600] "POST /xmlrpc.php HTTP/1.1" 200 403 "-" "Jetpack/12.5; WordPress/6.4; http://site14560698.com"
117.214.120.88 - - [17/Aug/2026:17:58:38 -0600] "POST /xmlrpc.php HTTP/1.1" 200 403 "-" "WordPress.com; https://wordpress.com"
117.214.120.88 - - [17/Aug/2026:17:58:51 -0600] "POST /xmlrpc.php HTTP/1.1" 200 403 "-" "WordPress.com; https://wordpress.com"
162.215.171.210 - - [17/Aug/2026:17:59:05 -0600] "POST /wp-cron.php?doing_wp_cron=1787011145.1767070293426513671875 HTTP/1.1" 200 - "-" "WordPress/7.0.4; https://swansondentalgroupreno.com"
117.214.120.88 - - [17/Aug/2026:17:59:04 -0600] "POST /xmlrpc.php HTTP/1.1" 200 403 "-" "WordPress.com; https://wordpress.com"
117.214.120.88 - - [17/Aug/2026:17:59:16 -0600] "POST /xmlrpc.php HTTP/1.1" 200 403 "-" "WordPress.com; https://wordpress.com"
117.214.120.88 - - [17/Aug/2026:17:59:28 -0600] "POST /xmlrpc.php HTTP/1.1" 200 403 "-" "WordPress.com; https://wordpress.com"
66.42.38.87 - - [17/Aug/2026:17:59:41 -0600] "GET /de538/index.php HTTP/1.1" 200 2733 "-" "Mozilla/5.0 (compatible; MSIE 9.0; Windows NT 6.1; WOW64; Trident/5.0)"
117.214.120.88 - - [17/Aug/2026:17:59:40 -0600] "POST /xmlrpc.php HTTP/1.1" 200 403 "-" "WordPress.com; https://wordpress.com"
117.214.120.88 - - [17/Aug/2026:17:59:54 -0600] "POST /xmlrpc.php HTTP/1.1" 200 403 "-" "Jetpack by WordPress.com (Jetpack 12.0; WordPress 6.1)"
162.215.171.210 - - [17/Aug/2026:18:00:07 -0600] "POST /wp-cron.php?doing_wp_cron=1787011207.3896360397338867187500 HTTP/1.1" 200 - "-" "WordPress/7.0.4; https://swansondentalgroupreno.com"
117.214.120.88 - - [17/Aug/2026:18:00:06 -0600] "POST /xmlrpc.php HTTP/1.1" 200 403 "-" "Jetpack by WordPress.com (Jetpack 12.5; WordPress 6.1)"
117.214.120.88 - - [17/Aug/2026:18:00:18 -0600] "POST /xmlrpc.php HTTP/1.1" 200 403 "-" "Jetpack/12.0; WordPress/6.1; http://site37332837.com"
117.214.120.88 - - [17/Aug/2026:18:00:31 -0600] "POST /xmlrpc.php HTTP/1.1" 200 403 "-" "Jetpack by WordPress.com"
35.162.140.124 - - [17/Aug/2026:18:00:43 -0600] "GET /?rnd=1787011242730 HTTP/1.1" 200 122968 "http://www.swansondentalgroupreno.com/?rnd=1787011242730" "Sucuri-UptimeMonitoring"
117.214.120.88 - - [17/Aug/2026:18:00:44 -0600] "POST /xmlrpc.php HTTP/1.1" 200 403 "-" "Jetpack by WordPress.com"
146.19.44.88 - - [17/Aug/2026:18:04:18 -0600] "GET / HTTP/1.1" 200 122950 "-" "Mozilla/5.0 (Macintosh; Intel Mac OS X 10.15; rv:147.0) Gecko/20100101 Firefox/147.0"
162.215.171.210 - - [17/Aug/2026:18:04:19 -0600] "POST /wp-cron.php?doing_wp_cron=1787011459.3516108989715576171875 HTTP/1.1" 200 - "-" "WordPress/7.0.4; https://swansondentalgroupreno.com"
40.77.167.158 - - [17/Aug/2026:18:08:29 -0600] "GET /patient-center/?1381945=lsertiveg HTTP/1.1" 200 112885 "-" "Mozilla/5.0 AppleWebKit/537.36 (KHTML, like Gecko; compatible; bingbot/2.0; +http://www.bing.com/bingbot.htm) Chrome/116.0.1938.76 Safari/537.36"
162.215.171.210 - - [17/Aug/2026:18:08:30 -0600] "POST /wp-cron.php?doing_wp_cron=1787011710.3632020950317382812500 HTTP/1.1" 200 - "-" "WordPress/7.0.4; https://swansondentalgroupreno.com"
162.215.171.210 - - [17/Aug/2026:18:10:24 -0600] "POST /wp-cron.php?doing_wp_cron=1787011824.3459439277648925781250 HTTP/1.1" 200 - "-" "WordPress/7.0.4; https://swansondentalgroupreno.com"
104.164.243.8 - - [17/Aug/2026:18:10:23 -0600] "POST /index.php?rest_route=/batch/v1 HTTP/1.1" 207 478 "-" "Mozilla/5.0 (Macintosh; Intel Mac OS X 10_15_7) AppleWebKit/537.36 (KHTML, like Gecko) Chrome/130.0.0.0 Safari/537.36"
57.141.0.43 - - [17/Aug/2026:18:12:25 -0600] "GET /wp-content/uploads/2025/08/x-white.svg HTTP/1.1" 200 413 "-" "Mozilla/5.0 (Windows NT 10.0; Win64; x64) AppleWebKit/537.36 (KHTML, like Gecko) Chrome/145.0.0.0 Safari/537.36 (compatible; meta-externalagent/1.1 (+https://developers.facebook.com/docs/sharing/webmasters/crawler))"
142.44.233.56 - - [17/Aug/2026:18:12:35 -0600] "GET /sitemap_index.xml HTTP/1.1" 200 973 "-" "Mozilla/5.0 (compatible; AhrefsBot/7.0; +http://ahrefs.com/robot/)"
162.215.171.210 - - [17/Aug/2026:18:12:36 -0600] "POST /wp-cron.php?doing_wp_cron=1787011956.6209070682525634765625 HTTP/1.1" 200 - "-" "WordPress/7.0.4; https://swansondentalgroupreno.com"
54.39.136.64 - - [17/Aug/2026:18:12:39 -0600] "GET /post-sitemap.xml HTTP/1.1" 200 1603 "-" "Mozilla/5.0 (compatible; AhrefsBot/7.0; +http://ahrefs.com/robot/)"
15.235.98.104 - - [17/Aug/2026:18:12:41 -0600] "GET /page-sitemap.xml HTTP/1.1" 200 2551 "-" "Mozilla/5.0 (compatible; AhrefsBot/7.0; +http://ahrefs.com/robot/)"
54.39.89.67 - - [17/Aug/2026:18:12:43 -0600] "GET /service-sitemap.xml HTTP/1.1" 200 4296 "-" "Mozilla/5.0 (compatible; AhrefsBot/7.0; +http://ahrefs.com/robot/)"
142.44.228.219 - - [17/Aug/2026:18:12:46 -0600] "GET /category-sitemap.xml HTTP/1.1" 200 1321 "-" "Mozilla/5.0 (compatible; AhrefsBot/7.0; +http://ahrefs.com/robot/)"
142.44.228.9 - - [17/Aug/2026:18:12:49 -0600] "GET /author-sitemap.xml HTTP/1.1" 200 758 "-" "Mozilla/5.0 (compatible; AhrefsBot/7.0; +http://ahrefs.com/robot/)"
47.224.232.165 - - [17/Aug/2026:18:13:40 -0600] "GET /favicon.ico HTTP/1.1" 302 - "-" "NetworkingExtension/8624.4.5.10.5 Network/5812.160.9 iOS/26.6"
47.224.232.165 - - [17/Aug/2026:18:13:40 -0600] "GET / HTTP/1.1" 200 122950 "-" "Mozilla/5.0 (Macintosh; Intel Mac OS X 10_11_1) AppleWebKit/601.2.4 (KHTML, like Gecko) Version/9.0.1 Safari/601.2.4 facebookexternalhit/1.1 Facebot Twitterbot/1.0"
47.224.232.165 - - [17/Aug/2026:18:13:40 -0600] "GET /apple-touch-icon.png HTTP/1.1" 404 100819 "-" "NetworkingExtension/8624.4.5.10.5 Network/5812.160.9 iOS/26.6"
47.224.232.165 - - [17/Aug/2026:18:13:41 -0600] "GET /wp-content/uploads/2024/05/cropped-SDlogoSmall-32x32-1.png HTTP/1.1" 200 1350 "-" "NetworkingExtension/8624.4.5.10.5 Network/5812.160.9 iOS/26.6"
47.224.232.165 - - [17/Aug/2026:18:13:41 -0600] "GET /wp-content/themes/swanson/images/swansonfavicon.ico HTTP/1.1" 200 5430 "-" "NetworkingExtension/8624.4.5.10.5 Network/5812.160.9 iOS/26.6"
47.224.232.165 - - [17/Aug/2026:18:13:41 -0600] "GET /wp-content/uploads/2024/05/cropped-SDlogoSmall-32x32-1.png HTTP/1.1" 200 1350 "-" "NetworkingExtension/8624.4.5.10.5 Network/5812.160.9 iOS/26.6"
47.224.232.165 - - [17/Aug/2026:18:13:41 -0600] "GET /wp-content/themes/swanson/images/swansonfavicon-16x16.png HTTP/1.1" 200 546 "-" "NetworkingExtension/8624.4.5.10.5 Network/5812.160.9 iOS/26.6"
47.224.232.165 - - [17/Aug/2026:18:13:41 -0600] "GET /wp-content/themes/swanson/images/swansonfavicon-32x32.png HTTP/1.1" 200 1366 "-" "NetworkingExtension/8624.4.5.10.5 Network/5812.160.9 iOS/26.6"
47.224.232.165 - - [17/Aug/2026:18:13:41 -0600] "GET /wp-content/uploads/2024/05/cropped-SDlogoSmall-32x32-1.png HTTP/1.1" 200 1350 "-" "NetworkingExtension/8624.4.5.10.5 Network/5812.160.9 iOS/26.6"
47.224.232.165 - - [17/Aug/2026:18:13:41 -0600] "GET /wp-content/uploads/2024/05/cropped-SDlogoSmall-32x32-1.png HTTP/1.1" 200 1350 "-" "NetworkingExtension/8624.4.5.10.5 Network/5812.160.9 iOS/26.6"
47.224.232.165 - - [17/Aug/2026:18:13:40 -0600] "GET /apple-touch-icon-precomposed.png HTTP/1.1" 404 100819 "-" "NetworkingExtension/8624.4.5.10.5 Network/5812.160.9 iOS/26.6"
162.215.171.210 - - [17/Aug/2026:18:13:41 -0600] "POST /wp-cron.php?doing_wp_cron=1787012021.2571270465850830078125 HTTP/1.1" 200 - "-" "WordPress/7.0.4; https://swansondentalgroupreno.com"
186.109.254.53 - - [17/Aug/2026:18:14:54 -0600] "GET / HTTP/1.1" 200 122950 "-" "Mozilla/5.0 (Windows NT 10.0; Win64; x64) AppleWebKit/537.36 (KHTML, like Gecko) Chrome/120.0 Safari/537.36"
162.215.171.210 - - [17/Aug/2026:18:15:49 -0600] "POST /wp-cron.php?doing_wp_cron=1787012149.9176790714263916015625 HTTP/1.1" 200 - "-" "WordPress/7.0.4; https://swansondentalgroupreno.com"
100.53.57.117 - - [17/Aug/2026:18:15:48 -0600] "HEAD / HTTP/1.1" 200 - "-" "Mozilla/5.0 (Macintosh; Intel Mac OS X 10_15_7) AppleWebKit/537.36 (KHTML, like Gecko) Chrome/120.0.0.0 Safari/537.36"
35.80.228.191 - - [17/Aug/2026:18:17:01 -0600] "GET /?sucurianticache=509040844 HTTP/1.1" 200 122976 "-" "Sucuri Uptime Monitor"
35.84.117.23 - - [17/Aug/2026:18:17:04 -0600] "GET /?sucurianticache=1344923139 HTTP/1.1" 200 122977 "-" "Sucuri Uptime Monitor"
162.215.171.210 - - [17/Aug/2026:18:19:28 -0600] "POST /wp-cron.php?doing_wp_cron=1787012368.6039059162139892578125 HTTP/1.1" 200 - "-" "WordPress/7.0.4; https://swansondentalgroupreno.com"
3.91.234.29 - - [17/Aug/2026:18:19:27 -0600] "GET / HTTP/1.1" 200 122950 "-" "Mozilla/5.0 (Windows NT 10.0; Win64; x64) AppleWebKit/537.36 (KHTML, like Gecko) Chrome/120.0.0.0 Safari/537.36"
162.215.171.210 - - [17/Aug/2026:18:21:10 -0600] "POST /wp-cron.php?doing_wp_cron=1787012470.3131120204925537109375 HTTP/1.1" 200 - "-" "WordPress/7.0.4; https://swansondentalgroupreno.com"
62.204.49.98 - - [17/Aug/2026:18:21:09 -0600] "GET / HTTP/1.1" 200 122950 "-" "Mozilla/5.0 (Windows NT 10.0; Win64; x64) AppleWebKit/537.36 (KHTML, like Gecko) Chrome/101.0.4951.64 Safari/537.36 Edg/101.0.1210.47"
216.73.217.9 - - [17/Aug/2026:18:33:59 -0600] "GET /robots.txt HTTP/1.1" 200 244 "-" "Mozilla/5.0 AppleWebKit/537.36 (KHTML, like Gecko; compatible; ClaudeBot/1.0; +claudebot@anthropic.com)"
216.73.217.9 - - [17/Aug/2026:18:33:59 -0600] "GET /sitemap_index.xml HTTP/1.1" 200 973 "-" "Mozilla/5.0 AppleWebKit/537.36 (KHTML, like Gecko; compatible; ClaudeBot/1.0; +claudebot@anthropic.com)"
162.215.171.210 - - [17/Aug/2026:18:34:00 -0600] "POST /wp-cron.php?doing_wp_cron=1787013240.0167450904846191406250 HTTP/1.1" 200 - "-" "WordPress/7.0.4; https://swansondentalgroupreno.com"
92.255.209.234 - - [17/Aug/2026:18:34:28 -0600] "POST /3f3f4fd7d554.php HTTP/1.1" 200 16 "-" "Mozilla/5.0 (X11; Ubuntu; Linux x86_64; rv:46.0) Gecko/20100101 Firefox/46.0"
92.255.209.234 - - [17/Aug/2026:18:34:29 -0600] "POST /3f3f4fd7d554.php HTTP/1.1" 200 9 "https://swansondentalgroupreno.com/3f3f4fd7d554.php" "Mozilla/5.0 (X11; Ubuntu; Linux x86_64; rv:46.0) Gecko/20100101 Firefox/46.0"
92.255.209.234 - - [17/Aug/2026:18:34:30 -0600] "GET /d1f5d6c5ccindex.php HTTP/1.1" 500 - "https://swansondentalgroupreno.com/3f3f4fd7d554.php" "Mozilla/5.0 (X11; Ubuntu; Linux x86_64; rv:46.0) Gecko/20100101 Firefox/46.0"
92.255.209.234 - - [17/Aug/2026:18:34:31 -0600] "POST /3f3f4fd7d554.php HTTP/1.1" 200 9 "https://swansondentalgroupreno.com/d1f5d6c5ccindex.php" "Mozilla/5.0 (X11; Ubuntu; Linux x86_64; rv:46.0) Gecko/20100101 Firefox/46.0"
92.255.209.234 - - [17/Aug/2026:18:34:32 -0600] "GET /d1f5d6c5ccindex.php HTTP/1.1" 500 - "https://swansondentalgroupreno.com/3f3f4fd7d554.php" "Mozilla/5.0 (X11; Ubuntu; Linux x86_64; rv:46.0) Gecko/20100101 Firefox/46.0"
162.215.171.210 - - [17/Aug/2026:18:35:53 -0600] "POST /wp-cron.php?doing_wp_cron=1787013353.4209160804748535156250 HTTP/1.1" 200 - "-" "WordPress/7.0.4; https://swansondentalgroupreno.com"
20.219.2.203 - - [17/Aug/2026:18:35:52 -0600] "GET / HTTP/1.1" 200 122950 "-" "Mozilla/5.0 (Windows NT 10.0; Win64; x64) AppleWebKit/537.36 (KHTML, like Gecko) Chrome/120.0.0.0 Safari/537.36"
20.219.2.203 - - [17/Aug/2026:18:35:54 -0600] "GET /about/function.php HTTP/1.1" 404 100819 "-" "Mozilla/5.0 (Windows NT 10.0; Win64; x64) AppleWebKit/537.36 (KHTML, like Gecko) Chrome/120.0.0.0 Safari/537.36"
162.215.171.210 - - [17/Aug/2026:18:35:57 -0600] "POST /wp-cron.php?doing_wp_cron=1787013357.0666809082031250000000 HTTP/1.1" 200 - "-" "WordPress/7.0.4; https://swansondentalgroupreno.com"
20.219.2.203 - - [17/Aug/2026:18:35:55 -0600] "GET /admiin.php HTTP/1.1" 404 100819 "-" "Mozilla/5.0 (Windows NT 10.0; Win64; x64) AppleWebKit/537.36 (KHTML, like Gecko) Chrome/120.0.0.0 Safari/537.36"
20.219.2.203 - - [17/Aug/2026:18:35:58 -0600] "GET /admin-main/class-wp-http-core.php HTTP/1.1" 404 100819 "-" "Mozilla/5.0 (Windows NT 10.0; Win64; x64) AppleWebKit/537.36 (KHTML, like Gecko) Chrome/120.0.0.0 Safari/537.36"
20.219.2.203 - - [17/Aug/2026:18:36:00 -0600] "GET /admin-post.php HTTP/1.1" 404 100819 "-" "Mozilla/5.0 (Windows NT 10.0; Win64; x64) AppleWebKit/537.36 (KHTML, like Gecko) Chrome/120.0.0.0 Safari/537.36"
20.219.2.203 - - [17/Aug/2026:18:36:02 -0600] "GET /admin.php HTTP/1.1" 404 100819 "-" "Mozilla/5.0 (Windows NT 10.0; Win64; x64) AppleWebKit/537.36 (KHTML, like Gecko) Chrome/120.0.0.0 Safari/537.36"
20.219.2.203 - - [17/Aug/2026:18:36:03 -0600] "GET /admin/controller/extension/ HTTP/1.1" 404 100819 "-" "Mozilla/5.0 (Windows NT 10.0; Win64; x64) AppleWebKit/537.36 (KHTML, like Gecko) Chrome/120.0.0.0 Safari/537.36"
20.219.2.203 - - [17/Aug/2026:18:36:05 -0600] "GET /admin/controller/extension/extension/ HTTP/1.1" 404 100819 "-" "Mozilla/5.0 (Windows NT 10.0; Win64; x64) AppleWebKit/537.36 (KHTML, like Gecko) Chrome/120.0.0.0 Safari/537.36"
20.219.2.203 - - [17/Aug/2026:18:36:07 -0600] "GET /admin/function.php HTTP/1.1" 404 100819 "-" "Mozilla/5.0 (Windows NT 10.0; Win64; x64) AppleWebKit/537.36 (KHTML, like Gecko) Chrome/120.0.0.0 Safari/537.36"
20.219.2.203 - - [17/Aug/2026:18:36:08 -0600] "GET /adminfuns.php HTTP/1.1" 404 100819 "-" "Mozilla/5.0 (Windows NT 10.0; Win64; x64) AppleWebKit/537.36 (KHTML, like Gecko) Chrome/120.0.0.0 Safari/537.36"
20.219.2.203 - - [17/Aug/2026:18:36:10 -0600] "GET /administrator/components/com_associations/layouts/joomla/searchtools/mainhack.php HTTP/1.1" 404 100819 "-" "Mozilla/5.0 (Windows NT 10.0; Win64; x64) AppleWebKit/537.36 (KHTML, like Gecko) Chrome/120.0.0.0 Safari/537.36"
20.219.2.203 - - [17/Aug/2026:18:36:12 -0600] "GET /ahax.php HTTP/1.1" 404 100819 "-" "Mozilla/5.0 (Windows NT 10.0; Win64; x64) AppleWebKit/537.36 (KHTML, like Gecko) Chrome/120.0.0.0 Safari/537.36"
20.219.2.203 - - [17/Aug/2026:18:36:15 -0600] "GET /ak.php HTTP/1.1" 404 100819 "-" "Mozilla/5.0 (Windows NT 10.0; Win64; x64) AppleWebKit/537.36 (KHTML, like Gecko) Chrome/120.0.0.0 Safari/537.36"
20.219.2.203 - - [17/Aug/2026:18:36:17 -0600] "GET /alfa-rex.php HTTP/1.1" 404 100819 "-" "Mozilla/5.0 (Windows NT 10.0; Win64; x64) AppleWebKit/537.36 (KHTML, like Gecko) Chrome/120.0.0.0 Safari/537.36"
20.219.2.203 - - [17/Aug/2026:18:36:19 -0600] "GET /alfa.php HTTP/1.1" 404 100819 "-" "Mozilla/5.0 (Windows NT 10.0; Win64; x64) AppleWebKit/537.36 (KHTML, like Gecko) Chrome/120.0.0.0 Safari/537.36"
20.219.2.203 - - [17/Aug/2026:18:36:20 -0600] "GET /amax.php HTTP/1.1" 404 100819 "-" "Mozilla/5.0 (Windows NT 10.0; Win64; x64) AppleWebKit/537.36 (KHTML, like Gecko) Chrome/120.0.0.0 Safari/537.36"
20.219.2.203 - - [17/Aug/2026:18:36:22 -0600] "GET /archive.php HTTP/1.1" 404 100819 "-" "Mozilla/5.0 (Windows NT 10.0; Win64; x64) AppleWebKit/537.36 (KHTML, like Gecko) Chrome/120.0.0.0 Safari/537.36"
20.219.2.203 - - [17/Aug/2026:18:36:24 -0600] "GET /as.php HTTP/1.1" 404 100819 "-" "Mozilla/5.0 (Windows NT 10.0; Win64; x64) AppleWebKit/537.36 (KHTML, like Gecko) Chrome/120.0.0.0 Safari/537.36"
20.219.2.203 - - [17/Aug/2026:18:36:25 -0600] "GET /asd.php HTTP/1.1" 404 100819 "-" "Mozilla/5.0 (Windows NT 10.0; Win64; x64) AppleWebKit/537.36 (KHTML, like Gecko) Chrome/120.0.0.0 Safari/537.36"
20.219.2.203 - - [17/Aug/2026:18:36:27 -0600] "GET /assets/ HTTP/1.1" 404 100819 "-" "Mozilla/5.0 (Windows NT 10.0; Win64; x64) AppleWebKit/537.36 (KHTML, like Gecko) Chrome/120.0.0.0 Safari/537.36"
20.219.2.203 - - [17/Aug/2026:18:36:29 -0600] "GET /assets/class-wp-http-client.php HTTP/1.1" 404 100819 "-" "Mozilla/5.0 (Windows NT 10.0; Win64; x64) AppleWebKit/537.36 (KHTML, like Gecko) Chrome/120.0.0.0 Safari/537.36"
20.219.2.203 - - [17/Aug/2026:18:36:31 -0600] "GET /atomlib.php HTTP/1.1" 404 100819 "-" "Mozilla/5.0 (Windows NT 10.0; Win64; x64) AppleWebKit/537.36 (KHTML, like Gecko) Chrome/120.0.0.0 Safari/537.36"
20.219.2.203 - - [17/Aug/2026:18:36:32 -0600] "GET /autoload_classmap.php HTTP/1.1" 404 100819 "-" "Mozilla/5.0 (Windows NT 10.0; Win64; x64) AppleWebKit/537.36 (KHTML, like Gecko) Chrome/120.0.0.0 Safari/537.36"
20.219.2.203 - - [17/Aug/2026:18:36:34 -0600] "GET /av.php HTTP/1.1" 404 100819 "-" "Mozilla/5.0 (Windows NT 10.0; Win64; x64) AppleWebKit/537.36 (KHTML, like Gecko) Chrome/120.0.0.0 Safari/537.36"
20.219.2.203 - - [17/Aug/2026:18:36:36 -0600] "GET /b.php HTTP/1.1" 404 100819 "-" "Mozilla/5.0 (Windows NT 10.0; Win64; x64) AppleWebKit/537.36 (KHTML, like Gecko) Chrome/120.0.0.0 Safari/537.36"
20.219.2.203 - - [17/Aug/2026:18:36:37 -0600] "GET /backup.php HTTP/1.1" 404 100819 "-" "Mozilla/5.0 (Windows NT 10.0; Win64; x64) AppleWebKit/537.36 (KHTML, like Gecko) Chrome/120.0.0.0 Safari/537.36"
20.219.2.203 - - [17/Aug/2026:18:36:39 -0600] "GET /baio/class-wp-http-client.php HTTP/1.1" 404 100819 "-" "Mozilla/5.0 (Windows NT 10.0; Win64; x64) AppleWebKit/537.36 (KHTML, like Gecko) Chrome/120.0.0.0 Safari/537.36"
20.219.2.203 - - [17/Aug/2026:18:36:41 -0600] "GET /bak.php HTTP/1.1" 404 100819 "-" "Mozilla/5.0 (Windows NT 10.0; Win64; x64) AppleWebKit/537.36 (KHTML, like Gecko) Chrome/120.0.0.0 Safari/537.36"
20.219.2.203 - - [17/Aug/2026:18:36:42 -0600] "GET /bdkr28wp.php HTTP/1.1" 404 100819 "-" "Mozilla/5.0 (Windows NT 10.0; Win64; x64) AppleWebKit/537.36 (KHTML, like Gecko) Chrome/120.0.0.0 Safari/537.36"
20.219.2.203 - - [17/Aug/2026:18:36:44 -0600] "GET /bgymj.php HTTP/1.1" 404 100819 "-" "Mozilla/5.0 (Windows NT 10.0; Win64; x64) AppleWebKit/537.36 (KHTML, like Gecko) Chrome/120.0.0.0 Safari/537.36"
162.215.171.210 - - [17/Aug/2026:18:36:45 -0600] "POST /wp-cron.php?doing_wp_cron=1787013405.1259610652923583984375 HTTP/1.1" 200 - "-" "WordPress/7.0.4; https://swansondentalgroupreno.com"
20.219.2.203 - - [17/Aug/2026:18:36:46 -0600] "GET /biufile.php HTTP/1.1" 404 100819 "-" "Mozilla/5.0 (Windows NT 10.0; Win64; x64) AppleWebKit/537.36 (KHTML, like Gecko) Chrome/120.0.0.0 Safari/537.36"
20.219.2.203 - - [17/Aug/2026:18:36:48 -0600] "GET /bless.php HTTP/1.1" 404 100819 "-" "Mozilla/5.0 (Windows NT 10.0; Win64; x64) AppleWebKit/537.36 (KHTML, like Gecko) Chrome/120.0.0.0 Safari/537.36"
20.219.2.203 - - [17/Aug/2026:18:36:49 -0600] "GET /bolt.php HTTP/1.1" 404 100819 "-" "Mozilla/5.0 (Windows NT 10.0; Win64; x64) AppleWebKit/537.36 (KHTML, like Gecko) Chrome/120.0.0.0 Safari/537.36"
20.219.2.203 - - [17/Aug/2026:18:36:51 -0600] "GET /bthil.php HTTP/1.1" 404 100819 "-" "Mozilla/5.0 (Windows NT 10.0; Win64; x64) AppleWebKit/537.36 (KHTML, like Gecko) Chrome/120.0.0.0 Safari/537.36"
20.219.2.203 - - [17/Aug/2026:18:36:52 -0600] "GET /buy.php HTTP/1.1" 404 100819 "-" "Mozilla/5.0 (Windows NT 10.0; Win64; x64) AppleWebKit/537.36 (KHTML, like Gecko) Chrome/120.0.0.0 Safari/537.36"
20.219.2.203 - - [17/Aug/2026:18:36:54 -0600] "GET /byp.php HTTP/1.1" 404 100819 "-" "Mozilla/5.0 (Windows NT 10.0; Win64; x64) AppleWebKit/537.36 (KHTML, like Gecko) Chrome/120.0.0.0 Safari/537.36"
162.215.171.210 - - [17/Aug/2026:18:36:57 -0600] "POST /wp-cron.php?doing_wp_cron=1787013417.0320229530334472656250 HTTP/1.1" 200 - "-" "WordPress/7.0.4; https://swansondentalgroupreno.com"
20.219.2.203 - - [17/Aug/2026:18:36:56 -0600] "GET /bypass.php HTTP/1.1" 404 100819 "-" "Mozilla/5.0 (Windows NT 10.0; Win64; x64) AppleWebKit/537.36 (KHTML, like Gecko) Chrome/120.0.0.0 Safari/537.36"
20.219.2.203 - - [17/Aug/2026:18:36:58 -0600] "GET /cache.php HTTP/1.1" 404 100819 "-" "Mozilla/5.0 (Windows NT 10.0; Win64; x64) AppleWebKit/537.36 (KHTML, like Gecko) Chrome/120.0.0.0 Safari/537.36"
20.219.2.203 - - [17/Aug/2026:18:36:59 -0600] "GET /cc.php HTTP/1.1" 404 100819 "-" "Mozilla/5.0 (Windows NT 10.0; Win64; x64) AppleWebKit/537.36 (KHTML, like Gecko) Chrome/120.0.0.0 Safari/537.36"
20.219.2.203 - - [17/Aug/2026:18:37:02 -0600] "GET /cgi-bin/ HTTP/1.1" 404 100819 "-" "Mozilla/5.0 (Windows NT 10.0; Win64; x64) AppleWebKit/537.36 (KHTML, like Gecko) Chrome/120.0.0.0 Safari/537.36"
20.219.2.203 - - [17/Aug/2026:18:37:04 -0600] "GET /cgi-bin/admin.php HTTP/1.1" 404 100819 "-" "Mozilla/5.0 (Windows NT 10.0; Win64; x64) AppleWebKit/537.36 (KHTML, like Gecko) Chrome/120.0.0.0 Safari/537.36"
20.219.2.203 - - [17/Aug/2026:18:37:05 -0600] "GET /cgi-bin/class-wp-http-client.php HTTP/1.1" 404 100819 "-" "Mozilla/5.0 (Windows NT 10.0; Win64; x64) AppleWebKit/537.36 (KHTML, like Gecko) Chrome/120.0.0.0 Safari/537.36"
20.219.2.203 - - [17/Aug/2026:18:37:07 -0600] "GET /chosen.php HTTP/1.1" 404 100819 "-" "Mozilla/5.0 (Windows NT 10.0; Win64; x64) AppleWebKit/537.36 (KHTML, like Gecko) Chrome/120.0.0.0 Safari/537.36"
20.219.2.203 - - [17/Aug/2026:18:37:08 -0600] "GET /class-t.api.php HTTP/1.1" 404 100819 "-" "Mozilla/5.0 (Windows NT 10.0; Win64; x64) AppleWebKit/537.36 (KHTML, like Gecko) Chrome/120.0.0.0 Safari/537.36"
20.219.2.203 - - [17/Aug/2026:18:37:11 -0600] "GET /class-walker-footer-dev.php HTTP/1.1" 404 100819 "-" "Mozilla/5.0 (Windows NT 10.0; Win64; x64) AppleWebKit/537.36 (KHTML, like Gecko) Chrome/120.0.0.0 Safari/537.36"
20.219.2.203 - - [17/Aug/2026:18:37:13 -0600] "GET /class-wp-http-client.php HTTP/1.1" 404 100819 "-" "Mozilla/5.0 (Windows NT 10.0; Win64; x64) AppleWebKit/537.36 (KHTML, like Gecko) Chrome/120.0.0.0 Safari/537.36"
20.219.2.203 - - [17/Aug/2026:18:37:15 -0600] "GET /class.php HTTP/1.1" 404 100819 "-" "Mozilla/5.0 (Windows NT 10.0; Win64; x64) AppleWebKit/537.36 (KHTML, like Gecko) Chrome/120.0.0.0 Safari/537.36"
20.219.2.203 - - [17/Aug/2026:18:37:17 -0600] "GET /classsmtps.php HTTP/1.1" 404 100819 "-" "Mozilla/5.0 (Windows NT 10.0; Win64; x64) AppleWebKit/537.36 (KHTML, like Gecko) Chrome/120.0.0.0 Safari/537.36"
20.219.2.203 - - [17/Aug/2026:18:37:18 -0600] "GET /classwithtostring.php HTTP/1.1" 404 100819 "-" "Mozilla/5.0 (Windows NT 10.0; Win64; x64) AppleWebKit/537.36 (KHTML, like Gecko) Chrome/120.0.0.0 Safari/537.36"
20.219.2.203 - - [17/Aug/2026:18:37:20 -0600] "GET /claude.php HTTP/1.1" 404 100819 "-" "Mozilla/5.0 (Windows NT 10.0; Win64; x64) AppleWebKit/537.36 (KHTML, like Gecko) Chrome/120.0.0.0 Safari/537.36"
20.219.2.203 - - [17/Aug/2026:18:37:22 -0600] "GET /config.php HTTP/1.1" 404 100819 "-" "Mozilla/5.0 (Windows NT 10.0; Win64; x64) AppleWebKit/537.36 (KHTML, like Gecko) Chrome/120.0.0.0 Safari/537.36"
114.119.147.129 - - [17/Aug/2026:18:42:38 -0600] "GET /am-i-brushing-too-hard HTTP/1.1" 301 - "https://www.swansondentalgroupreno.com/am-i-brushing-too-hard" "Mozilla/5.0 (Linux; Android 7.0;) AppleWebKit/537.36 (HTML, like Gecko) Mobile Safari/537.36 (compatible; PetalBot;+https://webmaster.petalsearch.com/site/petalbot)"
162.215.171.210 - - [17/Aug/2026:18:42:39 -0600] "POST /wp-cron.php?doing_wp_cron=1787013759.2085320949554443359375 HTTP/1.1" 200 - "-" "WordPress/7.0.4; https://swansondentalgroupreno.com"
114.119.147.129 - - [17/Aug/2026:18:42:41 -0600] "GET /am-i-brushing-too-hard/ HTTP/1.1" 200 114291 "https://www.swansondentalgroupreno.com/am-i-brushing-too-hard" "Mozilla/5.0 (Linux; Android 7.0;) AppleWebKit/537.36 (HTML, like Gecko) Mobile Safari/537.36 (compatible; PetalBot;+https://webmaster.petalsearch.com/site/petalbot)"
114.119.132.122 - - [17/Aug/2026:18:43:59 -0600] "GET /author/swansonreno HTTP/1.1" 301 - "https://swansondentalgroupreno.com/author/swansonreno" "Mozilla/5.0 (Linux; Android 7.0;) AppleWebKit/537.36 (HTML, like Gecko) Mobile Safari/537.36 (compatible; PetalBot;+https://webmaster.petalsearch.com/site/petalbot)"
162.215.171.210 - - [17/Aug/2026:18:44:00 -0600] "POST /wp-cron.php?doing_wp_cron=1787013840.6278030872344970703125 HTTP/1.1" 200 - "-" "WordPress/7.0.4; https://swansondentalgroupreno.com"
114.119.132.122 - - [17/Aug/2026:18:44:02 -0600] "GET /author/swansonreno/ HTTP/1.1" 200 109780 "https://swansondentalgroupreno.com/author/swansonreno" "Mozilla/5.0 (Linux; Android 7.0;) AppleWebKit/537.36 (HTML, like Gecko) Mobile Safari/537.36 (compatible; PetalBot;+https://webmaster.petalsearch.com/site/petalbot)"
47.128.20.173 - - [17/Aug/2026:18:45:08 -0600] "GET /category/news/ HTTP/1.1" 301 - "-" "Mozilla/5.0 (Linux; Android 5.0) AppleWebKit/537.36 (KHTML, like Gecko) Mobile Safari/537.36 (compatible; Bytespider; https://bytedance.sg.larkoffice.com/docx/K5bxdypulop3IIxrJb0lOjLVgFe)"
47.128.20.173 - - [17/Aug/2026:18:45:10 -0600] "GET /category/news/ HTTP/1.1" 404 100819 "-" "Mozilla/5.0 (Linux; Android 5.0) AppleWebKit/537.36 (KHTML, like Gecko) Mobile Safari/537.36 (compatible; Bytespider; https://bytedance.sg.larkoffice.com/docx/K5bxdypulop3IIxrJb0lOjLVgFe)"
162.215.171.210 - - [17/Aug/2026:18:46:11 -0600] "POST /wp-cron.php?doing_wp_cron=1787013971.8182930946350097656250 HTTP/1.1" 200 - "-" "WordPress/7.0.4; https://swansondentalgroupreno.com"
45.150.173.18 - - [17/Aug/2026:18:46:11 -0600] "GET / HTTP/1.1" 200 122950 "-" "Mozilla/5.0 (Windows NT 10.0; Win64; x64) AppleWebKit/537.36 (KHTML, like Gecko) Chrome/84.0.4147.89 Safari/537.36"
54.39.210.59 - - [17/Aug/2026:18:46:13 -0600] "GET /category/cosmetic-dentistry/ HTTP/1.1" 200 101837 "-" "Mozilla/5.0 (compatible; AhrefsBot/7.0; +http://ahrefs.com/robot/)"
35.153.53.182 - - [17/Aug/2026:18:46:26 -0600] "GET / HTTP/1.1" 301 - "-" "Mozilla/5.0 (Linux; Android 16; SM-S921U) AppleWebKit/537.36 (KHTML, like Gecko) Chrome/145.0.7632.6 Mobile Safari/537.36"
35.153.53.182 - - [17/Aug/2026:18:46:27 -0600] "GET / HTTP/1.1" 200 122950 "-" "Mozilla/5.0 (Linux; Android 16; SM-S921U) AppleWebKit/537.36 (KHTML, like Gecko) Chrome/145.0.7632.6 Mobile Safari/537.36"
35.153.53.182 - - [17/Aug/2026:18:46:28 -0600] "GET /wp-content/plugins/genesis-blocks/dist/style-blocks.build.css?ver=1781276667 HTTP/1.1" 200 41453 "https://swansondentalgroupreno.com/" "Mozilla/5.0 (Linux; Android 16; SM-S921U) AppleWebKit/537.36 (KHTML, like Gecko) Chrome/145.0.7632.6 Mobile Safari/537.36"
35.153.53.182 - - [17/Aug/2026:18:46:28 -0600] "GET /wp-content/plugins/contact-form-7/includes/css/styles.css?ver=6.1.6 HTTP/1.1" 200 2979 "https://swansondentalgroupreno.com/" "Mozilla/5.0 (Linux; Android 16; SM-S921U) AppleWebKit/537.36 (KHTML, like Gecko) Chrome/145.0.7632.6 Mobile Safari/537.36"
35.153.53.182 - - [17/Aug/2026:18:46:28 -0600] "GET /wp-content/plugins/maxslider/assets/vendor/slick/slick.css?ver=1.6.0 HTTP/1.1" 200 1729 "https://swansondentalgroupreno.com/" "Mozilla/5.0 (Linux; Android 16; SM-S921U) AppleWebKit/537.36 (KHTML, like Gecko) Chrome/145.0.7632.6 Mobile Safari/537.36"
35.153.53.182 - - [17/Aug/2026:18:46:28 -0600] "GET /wp-content/plugins/maxslider/assets/css/maxslider.css?ver=1.2.4 HTTP/1.1" 200 4687 "https://swansondentalgroupreno.com/" "Mozilla/5.0 (Linux; Android 16; SM-S921U) AppleWebKit/537.36 (KHTML, like Gecko) Chrome/145.0.7632.6 Mobile Safari/537.36"
35.153.53.182 - - [17/Aug/2026:18:46:28 -0600] "GET /wp-content/themes/swanson/style.css?ver=7.0.4 HTTP/1.1" 200 1874 "https://swansondentalgroupreno.com/" "Mozilla/5.0 (Linux; Android 16; SM-S921U) AppleWebKit/537.36 (KHTML, like Gecko) Chrome/145.0.7632.6 Mobile Safari/537.36"
35.153.53.182 - - [17/Aug/2026:18:46:28 -0600] "GET /wp-content/themes/swanson/js/hamburgers.min.css HTTP/1.1" 200 22458 "https://swansondentalgroupreno.com/" "Mozilla/5.0 (Linux; Android 16; SM-S921U) AppleWebKit/537.36 (KHTML, like Gecko) Chrome/145.0.7632.6 Mobile Safari/537.36"
35.153.53.182 - - [17/Aug/2026:18:46:29 -0600] "GET /wp-includes/js/jquery/jquery.min.js?ver=3.7.1 HTTP/1.1" 200 87553 "https://swansondentalgroupreno.com/" "Mozilla/5.0 (Linux; Android 16; SM-S921U) AppleWebKit/537.36 (KHTML, like Gecko) Chrome/145.0.7632.6 Mobile Safari/537.36"
35.153.53.182 - - [17/Aug/2026:18:46:29 -0600] "GET /wp-includes/js/jquery/jquery-migrate.min.js?ver=3.4.1 HTTP/1.1" 200 13577 "https://swansondentalgroupreno.com/" "Mozilla/5.0 (Linux; Android 16; SM-S921U) AppleWebKit/537.36 (KHTML, like Gecko) Chrome/145.0.7632.6 Mobile Safari/537.36"
35.153.53.182 - - [17/Aug/2026:18:46:29 -0600] "GET /wp-content/themes/swanson/js/jquery.matchHeight-min.js HTTP/1.1" 200 3380 "https://swansondentalgroupreno.com/" "Mozilla/5.0 (Linux; Android 16; SM-S921U) AppleWebKit/537.36 (KHTML, like Gecko) Chrome/145.0.7632.6 Mobile Safari/537.36"
35.153.53.182 - - [17/Aug/2026:18:46:29 -0600] "GET /wp-content/themes/swanson/images/logo@2x.png HTTP/1.1" 200 18926 "https://swansondentalgroupreno.com/" "Mozilla/5.0 (Linux; Android 16; SM-S921U) AppleWebKit/537.36 (KHTML, like Gecko) Chrome/145.0.7632.6 Mobile Safari/537.36"
35.153.53.182 - - [17/Aug/2026:18:46:29 -0600] "GET /wp-content/themes/swanson/images/bluecall.svg HTTP/1.1" 200 515 "https://swansondentalgroupreno.com/" "Mozilla/5.0 (Linux; Android 16; SM-S921U) AppleWebKit/537.36 (KHTML, like Gecko) Chrome/145.0.7632.6 Mobile Safari/537.36"
35.153.53.182 - - [17/Aug/2026:18:46:29 -0600] "GET /wp-content/uploads/2024/04/preventativecare.svg HTTP/1.1" 200 3825 "https://swansondentalgroupreno.com/" "Mozilla/5.0 (Linux; Android 16; SM-S921U) AppleWebKit/537.36 (KHTML, like Gecko) Chrome/145.0.7632.6 Mobile Safari/537.36"
35.153.53.182 - - [17/Aug/2026:18:46:29 -0600] "GET /wp-content/uploads/2024/04/restorativetreatments.svg HTTP/1.1" 200 3504 "https://swansondentalgroupreno.com/" "Mozilla/5.0 (Linux; Android 16; SM-S921U) AppleWebKit/537.36 (KHTML, like Gecko) Chrome/145.0.7632.6 Mobile Safari/537.36"
35.153.53.182 - - [17/Aug/2026:18:46:29 -0600] "GET /wp-content/uploads/2024/04/cosmeticdentistry.svg HTTP/1.1" 200 3180 "https://swansondentalgroupreno.com/" "Mozilla/5.0 (Linux; Android 16; SM-S921U) AppleWebKit/537.36 (KHTML, like Gecko) Chrome/145.0.7632.6 Mobile Safari/537.36"
35.153.53.182 - - [17/Aug/2026:18:46:29 -0600] "GET /wp-includes/js/dist/hooks.min.js?ver=7496969728ca0f95732d HTTP/1.1" 200 5050 "https://swansondentalgroupreno.com/" "Mozilla/5.0 (Linux; Android 16; SM-S921U) AppleWebKit/537.36 (KHTML, like Gecko) Chrome/145.0.7632.6 Mobile Safari/537.36"
35.153.53.182 - - [17/Aug/2026:18:46:29 -0600] "GET /wp-includes/js/dist/i18n.min.js?ver=781d11515ad3d91786ec HTTP/1.1" 200 5732 "https://swansondentalgroupreno.com/" "Mozilla/5.0 (Linux; Android 16; SM-S921U) AppleWebKit/537.36 (KHTML, like Gecko) Chrome/145.0.7632.6 Mobile Safari/537.36"
35.153.53.182 - - [17/Aug/2026:18:46:29 -0600] "GET /wp-content/plugins/contact-form-7/includes/swv/js/index.js?ver=6.1.6 HTTP/1.1" 200 12512 "https://swansondentalgroupreno.com/" "Mozilla/5.0 (Linux; Android 16; SM-S921U) AppleWebKit/537.36 (KHTML, like Gecko) Chrome/145.0.7632.6 Mobile Safari/537.36"
35.153.53.182 - - [17/Aug/2026:18:46:29 -0600] "GET /wp-content/themes/swanson/images/facebook.svg HTTP/1.1" 200 404 "https://swansondentalgroupreno.com/" "Mozilla/5.0 (Linux; Android 16; SM-S921U) AppleWebKit/537.36 (KHTML, like Gecko) Chrome/145.0.7632.6 Mobile Safari/537.36"
35.153.53.182 - - [17/Aug/2026:18:46:29 -0600] "GET /wp-content/uploads/2025/08/Insta-white.svg HTTP/1.1" 200 2225 "https://swansondentalgroupreno.com/" "Mozilla/5.0 (Linux; Android 16; SM-S921U) AppleWebKit/537.36 (KHTML, like Gecko) Chrome/145.0.7632.6 Mobile Safari/537.36"
35.153.53.182 - - [17/Aug/2026:18:46:29 -0600] "GET /wp-content/uploads/2025/08/x-white.svg HTTP/1.1" 200 413 "https://swansondentalgroupreno.com/" "Mozilla/5.0 (Linux; Android 16; SM-S921U) AppleWebKit/537.36 (KHTML, like Gecko) Chrome/145.0.7632.6 Mobile Safari/537.36"
35.153.53.182 - - [17/Aug/2026:18:46:29 -0600] "GET /wp-content/plugins/contact-form-7/includes/js/index.js?ver=6.1.6 HTTP/1.1" 200 13452 "https://swansondentalgroupreno.com/" "Mozilla/5.0 (Linux; Android 16; SM-S921U) AppleWebKit/537.36 (KHTML, like Gecko) Chrome/145.0.7632.6 Mobile Safari/537.36"
35.153.53.182 - - [17/Aug/2026:18:46:29 -0600] "GET /wp-content/plugins/contact-form-7-honeypot/legacy-honeypot/includes/js/honeypot-refill.js?ver=3.6.1 HTTP/1.1" 200 3821 "https://swansondentalgroupreno.com/" "Mozilla/5.0 (Linux; Android 16; SM-S921U) AppleWebKit/537.36 (KHTML, like Gecko) Chrome/145.0.7632.6 Mobile Safari/537.36"
35.153.53.182 - - [17/Aug/2026:18:46:29 -0600] "GET /wp-content/plugins/genesis-blocks/dist/assets/js/dismiss.js?ver=1781276667 HTTP/1.1" 200 923 "https://swansondentalgroupreno.com/" "Mozilla/5.0 (Linux; Android 16; SM-S921U) AppleWebKit/537.36 (KHTML, like Gecko) Chrome/145.0.7632.6 Mobile Safari/537.36"
35.153.53.182 - - [17/Aug/2026:18:46:29 -0600] "GET /wp-content/plugins/maxslider/assets/vendor/slick/slick.js?ver=1.6.0 HTTP/1.1" 200 84265 "https://swansondentalgroupreno.com/" "Mozilla/5.0 (Linux; Android 16; SM-S921U) AppleWebKit/537.36 (KHTML, like Gecko) Chrome/145.0.7632.6 Mobile Safari/537.36"
35.153.53.182 - - [17/Aug/2026:18:46:29 -0600] "GET /wp-content/plugins/maxslider/assets/js/maxslider.js?ver=1.2.4 HTTP/1.1" 200 1209 "https://swansondentalgroupreno.com/" "Mozilla/5.0 (Linux; Android 16; SM-S921U) AppleWebKit/537.36 (KHTML, like Gecko) Chrome/145.0.7632.6 Mobile Safari/537.36"
35.153.53.182 - - [17/Aug/2026:18:46:29 -0600] "GET /wp-includes/js/dist/vendor/wp-polyfill.min.js?ver=3.15.0 HTTP/1.1" 200 33744 "https://swansondentalgroupreno.com/" "Mozilla/5.0 (Linux; Android 16; SM-S921U) AppleWebKit/537.36 (KHTML, like Gecko) Chrome/145.0.7632.6 Mobile Safari/537.36"
35.153.53.182 - - [17/Aug/2026:18:46:29 -0600] "GET /wp-content/uploads/2024/04/specialtyservices.svg HTTP/1.1" 200 4000 "https://swansondentalgroupreno.com/" "Mozilla/5.0 (Linux; Android 16; SM-S921U) AppleWebKit/537.36 (KHTML, like Gecko) Chrome/145.0.7632.6 Mobile Safari/537.36"
35.153.53.182 - - [17/Aug/2026:18:46:29 -0600] "GET /wp-content/plugins/contact-form-7/modules/recaptcha/index.js?ver=6.1.6 HTTP/1.1" 200 934 "https://swansondentalgroupreno.com/" "Mozilla/5.0 (Linux; Android 16; SM-S921U) AppleWebKit/537.36 (KHTML, like Gecko) Chrome/145.0.7632.6 Mobile Safari/537.36"
35.153.53.182 - - [17/Aug/2026:18:46:29 -0600] "GET /wp-content/themes/swanson/images/closecall.svg HTTP/1.1" 200 5176 "https://swansondentalgroupreno.com/" "Mozilla/5.0 (Linux; Android 16; SM-S921U) AppleWebKit/537.36 (KHTML, like Gecko) Chrome/145.0.7632.6 Mobile Safari/537.36"
35.153.53.182 - - [17/Aug/2026:18:46:29 -0600] "GET /wp-content/uploads/2026/02/qr-code.png HTTP/1.1" 200 650 "https://swansondentalgroupreno.com/" "Mozilla/5.0 (Linux; Android 16; SM-S921U) AppleWebKit/537.36 (KHTML, like Gecko) Chrome/145.0.7632.6 Mobile Safari/537.36"
35.153.53.182 - - [17/Aug/2026:18:46:29 -0600] "GET /wp-content/uploads/2024/04/homeoffice@2x.jpg HTTP/1.1" 200 532884 "https://swansondentalgroupreno.com/" "Mozilla/5.0 (Linux; Android 16; SM-S921U) AppleWebKit/537.36 (KHTML, like Gecko) Chrome/145.0.7632.6 Mobile Safari/537.36"
35.153.53.182 - - [17/Aug/2026:18:46:29 -0600] "GET /wp-content/plugins/elfsight-slider-cc/assets/elfsight-slider.js?ver=1.1.0 HTTP/1.1" 200 467217 "https://swansondentalgroupreno.com/" "Mozilla/5.0 (Linux; Android 16; SM-S921U) AppleWebKit/537.36 (KHTML, like Gecko) Chrome/145.0.7632.6 Mobile Safari/537.36"
35.153.53.182 - - [17/Aug/2026:18:46:29 -0600] "GET /wp-content/uploads/2024/05/DSC_9616.jpg HTTP/1.1" 200 149508 "https://swansondentalgroupreno.com/" "Mozilla/5.0 (Linux; Android 16; SM-S921U) AppleWebKit/537.36 (KHTML, like Gecko) Chrome/145.0.7632.6 Mobile Safari/537.36"
35.153.53.182 - - [17/Aug/2026:18:46:29 -0600] "GET /wp-content/uploads/2024/04/reviewsbg.jpg HTTP/1.1" 200 287206 "https://swansondentalgroupreno.com/" "Mozilla/5.0 (Linux; Android 16; SM-S921U) AppleWebKit/537.36 (KHTML, like Gecko) Chrome/145.0.7632.6 Mobile Safari/537.36"
