34.181.200.223 - - [17/Aug/2026:15:38:46 -0600] "GET /wp-content/plugins/maxslider/assets/css/maxslider.css?ver=1.2.4 HTTP/1.1" 200 4687 "https://swansondentalgroupreno.com/" "Mozilla/5.0 (Windows NT 10.0; Win64; x64) AppleWebKit/537.36 (KHTML, like Gecko) Chrome/124.0.0.0 Safari/537.36 Edg/124.0.0.0"
34.181.200.223 - - [17/Aug/2026:15:38:46 -0600] "GET /wp-content/themes/swanson/style.css?ver=7.0.4 HTTP/1.1" 200 1874 "https://swansondentalgroupreno.com/" "Mozilla/5.0 (Windows NT 10.0; Win64; x64) AppleWebKit/537.36 (KHTML, like Gecko) Chrome/124.0.0.0 Safari/537.36 Edg/124.0.0.0"
34.181.200.223 - - [17/Aug/2026:15:38:46 -0600] "GET /wp-content/plugins/maxslider/assets/vendor/slick/slick.css?ver=1.6.0 HTTP/1.1" 200 1729 "https://swansondentalgroupreno.com/" "Mozilla/5.0 (Windows NT 10.0; Win64; x64) AppleWebKit/537.36 (KHTML, like Gecko) Chrome/124.0.0.0 Safari/537.36 Edg/124.0.0.0"
34.181.200.223 - - [17/Aug/2026:15:38:46 -0600] "GET /wp-content/themes/swanson/js/hamburgers.min.css HTTP/1.1" 200 22458 "https://swansondentalgroupreno.com/" "Mozilla/5.0 (Windows NT 10.0; Win64; x64) AppleWebKit/537.36 (KHTML, like Gecko) Chrome/124.0.0.0 Safari/537.36 Edg/124.0.0.0"
34.181.200.223 - - [17/Aug/2026:15:38:46 -0600] "GET /wp-includes/js/jquery/jquery-migrate.min.js?ver=3.4.1 HTTP/1.1" 200 13577 "https://swansondentalgroupreno.com/" "Mozilla/5.0 (Windows NT 10.0; Win64; x64) AppleWebKit/537.36 (KHTML, like Gecko) Chrome/124.0.0.0 Safari/537.36 Edg/124.0.0.0"
34.181.200.223 - - [17/Aug/2026:15:38:46 -0600] "GET /wp-content/themes/swanson/images/logo@2x.png HTTP/1.1" 200 18926 "https://swansondentalgroupreno.com/" "Mozilla/5.0 (Windows NT 10.0; Win64; x64) AppleWebKit/537.36 (KHTML, like Gecko) Chrome/124.0.0.0 Safari/537.36 Edg/124.0.0.0"
34.181.200.223 - - [17/Aug/2026:15:38:46 -0600] "GET /wp-content/themes/swanson/js/jquery.matchHeight-min.js HTTP/1.1" 200 3380 "https://swansondentalgroupreno.com/" "Mozilla/5.0 (Windows NT 10.0; Win64; x64) AppleWebKit/537.36 (KHTML, like Gecko) Chrome/124.0.0.0 Safari/537.36 Edg/124.0.0.0"
34.181.200.223 - - [17/Aug/2026:15:38:46 -0600] "GET /wp-includes/js/jquery/jquery.min.js?ver=3.7.1 HTTP/1.1" 200 87553 "https://swansondentalgroupreno.com/" "Mozilla/5.0 (Windows NT 10.0; Win64; x64) AppleWebKit/537.36 (KHTML, like Gecko) Chrome/124.0.0.0 Safari/537.36 Edg/124.0.0.0"
34.181.200.223 - - [17/Aug/2026:15:38:46 -0600] "GET /wp-content/themes/swanson/images/bluecall.svg HTTP/1.1" 200 515 "https://swansondentalgroupreno.com/" "Mozilla/5.0 (Windows NT 10.0; Win64; x64) AppleWebKit/537.36 (KHTML, like Gecko) Chrome/124.0.0.0 Safari/537.36 Edg/124.0.0.0"
34.181.200.223 - - [17/Aug/2026:15:38:46 -0600] "GET /wp-content/uploads/2024/04/preventativecare.svg HTTP/1.1" 200 3825 "https://swansondentalgroupreno.com/" "Mozilla/5.0 (Windows NT 10.0; Win64; x64) AppleWebKit/537.36 (KHTML, like Gecko) Chrome/124.0.0.0 Safari/537.36 Edg/124.0.0.0"
34.181.200.223 - - [17/Aug/2026:15:38:46 -0600] "GET /wp-content/uploads/2024/04/cosmeticdentistry.svg HTTP/1.1" 200 3180 "https://swansondentalgroupreno.com/" "Mozilla/5.0 (Windows NT 10.0; Win64; x64) AppleWebKit/537.36 (KHTML, like Gecko) Chrome/124.0.0.0 Safari/537.36 Edg/124.0.0.0"
34.181.200.223 - - [17/Aug/2026:15:38:46 -0600] "GET /wp-content/plugins/contact-form-7/includes/swv/js/index.js?ver=6.1.6 HTTP/1.1" 200 12512 "https://swansondentalgroupreno.com/" "Mozilla/5.0 (Windows NT 10.0; Win64; x64) AppleWebKit/537.36 (KHTML, like Gecko) Chrome/124.0.0.0 Safari/537.36 Edg/124.0.0.0"
34.181.200.223 - - [17/Aug/2026:15:38:46 -0600] "GET /wp-includes/js/dist/hooks.min.js?ver=7496969728ca0f95732d HTTP/1.1" 200 5050 "https://swansondentalgroupreno.com/" "Mozilla/5.0 (Windows NT 10.0; Win64; x64) AppleWebKit/537.36 (KHTML, like Gecko) Chrome/124.0.0.0 Safari/537.36 Edg/124.0.0.0"
34.181.200.223 - - [17/Aug/2026:15:38:46 -0600] "GET /wp-content/uploads/2024/04/restorativetreatments.svg HTTP/1.1" 200 3504 "https://swansondentalgroupreno.com/" "Mozilla/5.0 (Windows NT 10.0; Win64; x64) AppleWebKit/537.36 (KHTML, like Gecko) Chrome/124.0.0.0 Safari/537.36 Edg/124.0.0.0"
34.181.200.223 - - [17/Aug/2026:15:38:46 -0600] "GET /wp-includes/js/dist/i18n.min.js?ver=781d11515ad3d91786ec HTTP/1.1" 200 5732 "https://swansondentalgroupreno.com/" "Mozilla/5.0 (Windows NT 10.0; Win64; x64) AppleWebKit/537.36 (KHTML, like Gecko) Chrome/124.0.0.0 Safari/537.36 Edg/124.0.0.0"
34.181.200.223 - - [17/Aug/2026:15:38:46 -0600] "GET /wp-content/plugins/contact-form-7/includes/js/index.js?ver=6.1.6 HTTP/1.1" 200 13452 "https://swansondentalgroupreno.com/" "Mozilla/5.0 (Windows NT 10.0; Win64; x64) AppleWebKit/537.36 (KHTML, like Gecko) Chrome/124.0.0.0 Safari/537.36 Edg/124.0.0.0"
34.181.200.223 - - [17/Aug/2026:15:38:46 -0600] "GET /wp-content/plugins/genesis-blocks/dist/assets/js/dismiss.js?ver=1781276667 HTTP/1.1" 200 923 "https://swansondentalgroupreno.com/" "Mozilla/5.0 (Windows NT 10.0; Win64; x64) AppleWebKit/537.36 (KHTML, like Gecko) Chrome/124.0.0.0 Safari/537.36 Edg/124.0.0.0"
34.181.200.223 - - [17/Aug/2026:15:38:46 -0600] "GET /wp-content/plugins/contact-form-7-honeypot/legacy-honeypot/includes/js/honeypot-refill.js?ver=3.6.1 HTTP/1.1" 200 3821 "https://swansondentalgroupreno.com/" "Mozilla/5.0 (Windows NT 10.0; Win64; x64) AppleWebKit/537.36 (KHTML, like Gecko) Chrome/124.0.0.0 Safari/537.36 Edg/124.0.0.0"
34.181.200.223 - - [17/Aug/2026:15:38:46 -0600] "GET /wp-content/plugins/maxslider/assets/js/maxslider.js?ver=1.2.4 HTTP/1.1" 200 1209 "https://swansondentalgroupreno.com/" "Mozilla/5.0 (Windows NT 10.0; Win64; x64) AppleWebKit/537.36 (KHTML, like Gecko) Chrome/124.0.0.0 Safari/537.36 Edg/124.0.0.0"
34.181.200.223 - - [17/Aug/2026:15:38:46 -0600] "GET /wp-content/plugins/contact-form-7/modules/recaptcha/index.js?ver=6.1.6 HTTP/1.1" 200 934 "https://swansondentalgroupreno.com/" "Mozilla/5.0 (Windows NT 10.0; Win64; x64) AppleWebKit/537.36 (KHTML, like Gecko) Chrome/124.0.0.0 Safari/537.36 Edg/124.0.0.0"
34.181.200.223 - - [17/Aug/2026:15:38:46 -0600] "GET /wp-includes/js/dist/vendor/wp-polyfill.min.js?ver=3.15.0 HTTP/1.1" 200 33744 "https://swansondentalgroupreno.com/" "Mozilla/5.0 (Windows NT 10.0; Win64; x64) AppleWebKit/537.36 (KHTML, like Gecko) Chrome/124.0.0.0 Safari/537.36 Edg/124.0.0.0"
34.181.200.223 - - [17/Aug/2026:15:38:46 -0600] "GET /wp-content/uploads/2025/08/Insta-white.svg HTTP/1.1" 200 2225 "https://swansondentalgroupreno.com/" "Mozilla/5.0 (Windows NT 10.0; Win64; x64) AppleWebKit/537.36 (KHTML, like Gecko) Chrome/124.0.0.0 Safari/537.36 Edg/124.0.0.0"
34.181.200.223 - - [17/Aug/2026:15:38:46 -0600] "GET /wp-content/plugins/maxslider/assets/vendor/slick/slick.js?ver=1.6.0 HTTP/1.1" 200 84265 "https://swansondentalgroupreno.com/" "Mozilla/5.0 (Windows NT 10.0; Win64; x64) AppleWebKit/537.36 (KHTML, like Gecko) Chrome/124.0.0.0 Safari/537.36 Edg/124.0.0.0"
34.181.200.223 - - [17/Aug/2026:15:38:46 -0600] "GET /wp-content/themes/swanson/images/facebook.svg HTTP/1.1" 200 404 "https://swansondentalgroupreno.com/" "Mozilla/5.0 (Windows NT 10.0; Win64; x64) AppleWebKit/537.36 (KHTML, like Gecko) Chrome/124.0.0.0 Safari/537.36 Edg/124.0.0.0"
34.181.200.223 - - [17/Aug/2026:15:38:46 -0600] "GET /wp-content/uploads/2025/08/x-white.svg HTTP/1.1" 200 413 "https://swansondentalgroupreno.com/" "Mozilla/5.0 (Windows NT 10.0; Win64; x64) AppleWebKit/537.36 (KHTML, like Gecko) Chrome/124.0.0.0 Safari/537.36 Edg/124.0.0.0"
34.181.200.223 - - [17/Aug/2026:15:38:46 -0600] "GET /wp-content/uploads/2024/04/specialtyservices.svg HTTP/1.1" 200 4000 "https://swansondentalgroupreno.com/" "Mozilla/5.0 (Windows NT 10.0; Win64; x64) AppleWebKit/537.36 (KHTML, like Gecko) Chrome/124.0.0.0 Safari/537.36 Edg/124.0.0.0"
34.181.200.223 - - [17/Aug/2026:15:38:46 -0600] "GET /wp-content/plugins/elfsight-slider-cc/assets/elfsight-slider.js?ver=1.1.0 HTTP/1.1" 200 467217 "https://swansondentalgroupreno.com/" "Mozilla/5.0 (Windows NT 10.0; Win64; x64) AppleWebKit/537.36 (KHTML, like Gecko) Chrome/124.0.0.0 Safari/537.36 Edg/124.0.0.0"
34.181.200.223 - - [17/Aug/2026:15:38:46 -0600] "GET /wp-content/themes/swanson/images/closecall.svg HTTP/1.1" 200 5176 "https://swansondentalgroupreno.com/" "Mozilla/5.0 (Windows NT 10.0; Win64; x64) AppleWebKit/537.36 (KHTML, like Gecko) Chrome/124.0.0.0 Safari/537.36 Edg/124.0.0.0"
34.181.200.223 - - [17/Aug/2026:15:38:46 -0600] "GET /wp-content/uploads/2026/02/qr-code.png HTTP/1.1" 200 650 "https://swansondentalgroupreno.com/" "Mozilla/5.0 (Windows NT 10.0; Win64; x64) AppleWebKit/537.36 (KHTML, like Gecko) Chrome/124.0.0.0 Safari/537.36 Edg/124.0.0.0"
34.181.200.223 - - [17/Aug/2026:15:38:46 -0600] "GET /wp-content/uploads/2024/05/DSC_9616.jpg HTTP/1.1" 200 149508 "https://swansondentalgroupreno.com/" "Mozilla/5.0 (Windows NT 10.0; Win64; x64) AppleWebKit/537.36 (KHTML, like Gecko) Chrome/124.0.0.0 Safari/537.36 Edg/124.0.0.0"
34.181.200.223 - - [17/Aug/2026:15:38:46 -0600] "GET /wp-content/uploads/2024/04/reviewsbg.jpg HTTP/1.1" 200 287206 "https://swansondentalgroupreno.com/" "Mozilla/5.0 (Windows NT 10.0; Win64; x64) AppleWebKit/537.36 (KHTML, like Gecko) Chrome/124.0.0.0 Safari/537.36 Edg/124.0.0.0"
34.181.200.223 - - [17/Aug/2026:15:38:46 -0600] "GET /wp-content/uploads/2024/04/homeoffice@2x.jpg HTTP/1.1" 200 532884 "https://swansondentalgroupreno.com/" "Mozilla/5.0 (Windows NT 10.0; Win64; x64) AppleWebKit/537.36 (KHTML, like Gecko) Chrome/124.0.0.0 Safari/537.36 Edg/124.0.0.0"
20.119.58.187 - - [17/Aug/2026:15:38:46 -0600] "GET /libraries/phpmailer/f35.php HTTP/1.1" 404 100819 "-" "Mozilla/5.0 (Windows NT 10.0; Win64; x64) AppleWebKit/537.36 (KHTML, like Gecko) Chrome/120.0.0.0 Safari/537.36"
34.181.200.223 - - [17/Aug/2026:15:38:47 -0600] "GET /wp-content/uploads/2025/12/slider1b-1.png HTTP/1.1" 200 566660 "https://swansondentalgroupreno.com/" "Mozilla/5.0 (Windows NT 10.0; Win64; x64) AppleWebKit/537.36 (KHTML, like Gecko) Chrome/124.0.0.0 Safari/537.36 Edg/124.0.0.0"
34.181.200.223 - - [17/Aug/2026:15:38:47 -0600] "GET /wp-content/uploads/2025/12/Mask-group-2-1.png HTTP/1.1" 200 711518 "https://swansondentalgroupreno.com/" "Mozilla/5.0 (Windows NT 10.0; Win64; x64) AppleWebKit/537.36 (KHTML, like Gecko) Chrome/124.0.0.0 Safari/537.36 Edg/124.0.0.0"
34.181.200.223 - - [17/Aug/2026:15:38:47 -0600] "GET /wp-content/uploads/2025/12/slider-mobile1.png HTTP/1.1" 200 625378 "https://swansondentalgroupreno.com/" "Mozilla/5.0 (Windows NT 10.0; Win64; x64) AppleWebKit/537.36 (KHTML, like Gecko) Chrome/124.0.0.0 Safari/537.36 Edg/124.0.0.0"
34.181.200.223 - - [17/Aug/2026:15:38:47 -0600] "GET /wp-content/uploads/2025/12/mobileee-1.png HTTP/1.1" 200 1123252 "https://swansondentalgroupreno.com/" "Mozilla/5.0 (Windows NT 10.0; Win64; x64) AppleWebKit/537.36 (KHTML, like Gecko) Chrome/124.0.0.0 Safari/537.36 Edg/124.0.0.0"
34.181.200.223 - - [17/Aug/2026:15:38:47 -0600] "GET /wp-includes/js/wp-emoji-release.min.js?ver=7.0.4 HTTP/1.1" 200 22752 "https://swansondentalgroupreno.com/" "Mozilla/5.0 (Windows NT 10.0; Win64; x64) AppleWebKit/537.36 (KHTML, like Gecko) Chrome/124.0.0.0 Safari/537.36 Edg/124.0.0.0"
20.119.58.187 - - [17/Aug/2026:15:38:47 -0600] "GET /libraries/vendor/f35.php HTTP/1.1" 404 100819 "-" "Mozilla/5.0 (Windows NT 10.0; Win64; x64) AppleWebKit/537.36 (KHTML, like Gecko) Chrome/120.0.0.0 Safari/537.36"
34.181.200.223 - - [17/Aug/2026:15:38:47 -0600] "GET /wp-json/contact-form-7/v1/contact-forms/39/feedback/schema HTTP/1.1" 200 946 "https://swansondentalgroupreno.com/" "Mozilla/5.0 (Windows NT 10.0; Win64; x64) AppleWebKit/537.36 (KHTML, like Gecko) Chrome/124.0.0.0 Safari/537.36 Edg/124.0.0.0"
20.119.58.187 - - [17/Aug/2026:15:38:48 -0600] "GET /wp-admin/js/widgets/f35.php7 HTTP/1.1" 404 100819 "-" "Mozilla/5.0 (Windows NT 10.0; Win64; x64) AppleWebKit/537.36 (KHTML, like Gecko) Chrome/120.0.0.0 Safari/537.36"
34.181.200.223 - - [17/Aug/2026:15:38:49 -0600] "GET /wp-content/themes/swanson/images/swansonfavicon.ico HTTP/1.1" 200 5430 "https://swansondentalgroupreno.com/" "Mozilla/5.0 (Windows NT 10.0; Win64; x64) AppleWebKit/537.36 (KHTML, like Gecko) Chrome/124.0.0.0 Safari/537.36 Edg/124.0.0.0"
20.119.58.187 - - [17/Aug/2026:15:38:49 -0600] "GET /f35.php7 HTTP/1.1" 404 100819 "-" "Mozilla/5.0 (Windows NT 10.0; Win64; x64) AppleWebKit/537.36 (KHTML, like Gecko) Chrome/120.0.0.0 Safari/537.36"
20.119.58.187 - - [17/Aug/2026:15:38:50 -0600] "GET /wp-content/themes/pridmag/f35.php HTTP/1.1" 404 100819 "-" "Mozilla/5.0 (Windows NT 10.0; Win64; x64) AppleWebKit/537.36 (KHTML, like Gecko) Chrome/120.0.0.0 Safari/537.36"
20.119.58.187 - - [17/Aug/2026:15:38:51 -0600] "GET /wp-content/plugins/linkpreview/f35.php HTTP/1.1" 404 100819 "-" "Mozilla/5.0 (Windows NT 10.0; Win64; x64) AppleWebKit/537.36 (KHTML, like Gecko) Chrome/120.0.0.0 Safari/537.36"
104.197.69.115 - - [17/Aug/2026:15:38:52 -0600] "GET / HTTP/1.1" 301 - "-" "Mozilla/5.0 (Windows NT 10.0; Win64; x64) AppleWebKit/537.36 (KHTML, like Gecko) Chrome/125.0.6422.60 Safari/537.36 Edge/12.246"
20.119.58.187 - - [17/Aug/2026:15:38:52 -0600] "GET /wp-content/themes/seotheme/f35.php HTTP/1.1" 404 100819 "-" "Mozilla/5.0 (Windows NT 10.0; Win64; x64) AppleWebKit/537.36 (KHTML, like Gecko) Chrome/120.0.0.0 Safari/537.36"
20.119.58.187 - - [17/Aug/2026:15:38:54 -0600] "GET /wp-content/plugins/seoplugins/f35.php HTTP/1.1" 404 100819 "-" "Mozilla/5.0 (Windows NT 10.0; Win64; x64) AppleWebKit/537.36 (KHTML, like Gecko) Chrome/120.0.0.0 Safari/537.36"
162.215.171.210 - - [17/Aug/2026:15:38:56 -0600] "POST /wp-cron.php?doing_wp_cron=1787002736.2952001094818115234375 HTTP/1.1" 200 - "-" "WordPress/7.0.4; https://swansondentalgroupreno.com"
20.119.58.187 - - [17/Aug/2026:15:38:55 -0600] "GET /wp-includes/ID3/berlin.php HTTP/1.1" 404 100819 "-" "Mozilla/5.0 (Windows NT 10.0; Win64; x64) AppleWebKit/537.36 (KHTML, like Gecko) Chrome/120.0.0.0 Safari/537.36"
34.122.147.229 - - [17/Aug/2026:15:38:56 -0600] "GET / HTTP/1.1" 200 122950 "-" "Mozilla/5.0 (Windows NT 10.0; Win64; x64) AppleWebKit/537.36 (KHTML, like Gecko) Chrome/125.0.6422.60 Safari/537.36 Edge/12.246"
20.119.58.187 - - [17/Aug/2026:15:38:57 -0600] "GET /wp-includes/assets/autoload_classmap.php HTTP/1.1" 404 100819 "-" "Mozilla/5.0 (Windows NT 10.0; Win64; x64) AppleWebKit/537.36 (KHTML, like Gecko) Chrome/120.0.0.0 Safari/537.36"
34.122.147.229 - - [17/Aug/2026:15:38:58 -0600] "GET /wp-content/plugins/genesis-blocks/dist/style-blocks.build.css?ver=1781276667 HTTP/1.1" 200 41453 "https://swansondentalgroupreno.com/" "Mozilla/5.0 (Windows NT 10.0; Win64; x64) AppleWebKit/537.36 (KHTML, like Gecko) Chrome/125.0.6422.60 Safari/537.36 Edge/12.246"
34.72.176.129 - - [17/Aug/2026:15:38:58 -0600] "GET /wp-content/plugins/contact-form-7/includes/css/styles.css?ver=6.1.6 HTTP/1.1" 200 2979 "https://swansondentalgroupreno.com/" "Mozilla/5.0 (Windows NT 10.0; Win64; x64) AppleWebKit/537.36 (KHTML, like Gecko) Chrome/125.0.6422.60 Safari/537.36 Edge/12.246"
104.197.69.115 - - [17/Aug/2026:15:38:58 -0600] "GET /wp-content/plugins/maxslider/assets/vendor/slick/slick.css?ver=1.6.0 HTTP/1.1" 200 1729 "https://swansondentalgroupreno.com/" "Mozilla/5.0 (Windows NT 10.0; Win64; x64) AppleWebKit/537.36 (KHTML, like Gecko) Chrome/125.0.6422.60 Safari/537.36 Edge/12.246"
34.122.147.229 - - [17/Aug/2026:15:38:58 -0600] "GET /wp-content/plugins/maxslider/assets/css/maxslider.css?ver=1.2.4 HTTP/1.1" 200 4687 "https://swansondentalgroupreno.com/" "Mozilla/5.0 (Windows NT 10.0; Win64; x64) AppleWebKit/537.36 (KHTML, like Gecko) Chrome/125.0.6422.60 Safari/537.36 Edge/12.246"
34.72.176.129 - - [17/Aug/2026:15:38:58 -0600] "GET /wp-content/themes/swanson/style.css?ver=7.0.4 HTTP/1.1" 200 1874 "https://swansondentalgroupreno.com/" "Mozilla/5.0 (Windows NT 10.0; Win64; x64) AppleWebKit/537.36 (KHTML, like Gecko) Chrome/125.0.6422.60 Safari/537.36 Edge/12.246"
104.197.69.115 - - [17/Aug/2026:15:38:58 -0600] "GET /wp-content/themes/swanson/js/hamburgers.min.css HTTP/1.1" 200 22458 "https://swansondentalgroupreno.com/" "Mozilla/5.0 (Windows NT 10.0; Win64; x64) AppleWebKit/537.36 (KHTML, like Gecko) Chrome/125.0.6422.60 Safari/537.36 Edge/12.246"
34.72.176.129 - - [17/Aug/2026:15:38:58 -0600] "GET /wp-includes/js/jquery/jquery-migrate.min.js?ver=3.4.1 HTTP/1.1" 200 13577 "https://swansondentalgroupreno.com/" "Mozilla/5.0 (Windows NT 10.0; Win64; x64) AppleWebKit/537.36 (KHTML, like Gecko) Chrome/125.0.6422.60 Safari/537.36 Edge/12.246"
104.197.69.115 - - [17/Aug/2026:15:38:58 -0600] "GET /wp-content/themes/swanson/js/jquery.matchHeight-min.js HTTP/1.1" 200 3380 "https://swansondentalgroupreno.com/" "Mozilla/5.0 (Windows NT 10.0; Win64; x64) AppleWebKit/537.36 (KHTML, like Gecko) Chrome/125.0.6422.60 Safari/537.36 Edge/12.246"
34.72.176.129 - - [17/Aug/2026:15:38:58 -0600] "GET /wp-content/themes/swanson/images/logo@2x.png HTTP/1.1" 200 18926 "https://swansondentalgroupreno.com/" "Mozilla/5.0 (Windows NT 10.0; Win64; x64) AppleWebKit/537.36 (KHTML, like Gecko) Chrome/125.0.6422.60 Safari/537.36 Edge/12.246"
104.197.69.115 - - [17/Aug/2026:15:38:58 -0600] "GET /wp-content/themes/swanson/images/bluecall.svg HTTP/1.1" 200 515 "https://swansondentalgroupreno.com/" "Mozilla/5.0 (Windows NT 10.0; Win64; x64) AppleWebKit/537.36 (KHTML, like Gecko) Chrome/125.0.6422.60 Safari/537.36 Edge/12.246"
34.122.147.229 - - [17/Aug/2026:15:38:58 -0600] "GET /wp-includes/js/jquery/jquery.min.js?ver=3.7.1 HTTP/1.1" 200 87553 "https://swansondentalgroupreno.com/" "Mozilla/5.0 (Windows NT 10.0; Win64; x64) AppleWebKit/537.36 (KHTML, like Gecko) Chrome/125.0.6422.60 Safari/537.36 Edge/12.246"
34.122.147.229 - - [17/Aug/2026:15:38:58 -0600] "GET /wp-content/uploads/2024/04/preventativecare.svg HTTP/1.1" 200 3825 "https://swansondentalgroupreno.com/" "Mozilla/5.0 (Windows NT 10.0; Win64; x64) AppleWebKit/537.36 (KHTML, like Gecko) Chrome/125.0.6422.60 Safari/537.36 Edge/12.246"
34.72.176.129 - - [17/Aug/2026:15:38:58 -0600] "GET /wp-content/uploads/2024/04/restorativetreatments.svg HTTP/1.1" 200 3504 "https://swansondentalgroupreno.com/" "Mozilla/5.0 (Windows NT 10.0; Win64; x64) AppleWebKit/537.36 (KHTML, like Gecko) Chrome/125.0.6422.60 Safari/537.36 Edge/12.246"
104.197.69.115 - - [17/Aug/2026:15:38:58 -0600] "GET /wp-content/uploads/2024/04/cosmeticdentistry.svg HTTP/1.1" 200 3180 "https://swansondentalgroupreno.com/" "Mozilla/5.0 (Windows NT 10.0; Win64; x64) AppleWebKit/537.36 (KHTML, like Gecko) Chrome/125.0.6422.60 Safari/537.36 Edge/12.246"
34.72.176.129 - - [17/Aug/2026:15:38:58 -0600] "GET /wp-includes/js/dist/hooks.min.js?ver=7496969728ca0f95732d HTTP/1.1" 200 5050 "https://swansondentalgroupreno.com/" "Mozilla/5.0 (Windows NT 10.0; Win64; x64) AppleWebKit/537.36 (KHTML, like Gecko) Chrome/125.0.6422.60 Safari/537.36 Edge/12.246"
34.122.147.229 - - [17/Aug/2026:15:38:58 -0600] "GET /wp-content/uploads/2025/08/Insta-white.svg HTTP/1.1" 200 2225 "https://swansondentalgroupreno.com/" "Mozilla/5.0 (Windows NT 10.0; Win64; x64) AppleWebKit/537.36 (KHTML, like Gecko) Chrome/125.0.6422.60 Safari/537.36 Edge/12.246"
34.72.176.129 - - [17/Aug/2026:15:38:58 -0600] "GET /wp-content/uploads/2025/08/x-white.svg HTTP/1.1" 200 413 "https://swansondentalgroupreno.com/" "Mozilla/5.0 (Windows NT 10.0; Win64; x64) AppleWebKit/537.36 (KHTML, like Gecko) Chrome/125.0.6422.60 Safari/537.36 Edge/12.246"
104.197.69.115 - - [17/Aug/2026:15:38:58 -0600] "GET /wp-content/themes/swanson/images/facebook.svg HTTP/1.1" 200 404 "https://swansondentalgroupreno.com/" "Mozilla/5.0 (Windows NT 10.0; Win64; x64) AppleWebKit/537.36 (KHTML, like Gecko) Chrome/125.0.6422.60 Safari/537.36 Edge/12.246"
34.72.176.129 - - [17/Aug/2026:15:38:58 -0600] "GET /wp-includes/js/dist/i18n.min.js?ver=781d11515ad3d91786ec HTTP/1.1" 200 5732 "https://swansondentalgroupreno.com/" "Mozilla/5.0 (Windows NT 10.0; Win64; x64) AppleWebKit/537.36 (KHTML, like Gecko) Chrome/125.0.6422.60 Safari/537.36 Edge/12.246"
34.123.170.104 - - [17/Aug/2026:15:38:58 -0600] "GET /wp-content/plugins/contact-form-7/includes/swv/js/index.js?ver=6.1.6 HTTP/1.1" 200 12512 "https://swansondentalgroupreno.com/" "Mozilla/5.0 (Windows NT 10.0; Win64; x64) AppleWebKit/537.36 (KHTML, like Gecko) Chrome/125.0.6422.60 Safari/537.36 Edge/12.246"
104.197.69.115 - - [17/Aug/2026:15:38:58 -0600] "GET /wp-content/plugins/contact-form-7-honeypot/legacy-honeypot/includes/js/honeypot-refill.js?ver=3.6.1 HTTP/1.1" 200 3821 "https://swansondentalgroupreno.com/" "Mozilla/5.0 (Windows NT 10.0; Win64; x64) AppleWebKit/537.36 (KHTML, like Gecko) Chrome/125.0.6422.60 Safari/537.36 Edge/12.246"
34.72.176.129 - - [17/Aug/2026:15:38:58 -0600] "GET /wp-content/plugins/contact-form-7/includes/js/index.js?ver=6.1.6 HTTP/1.1" 200 13452 "https://swansondentalgroupreno.com/" "Mozilla/5.0 (Windows NT 10.0; Win64; x64) AppleWebKit/537.36 (KHTML, like Gecko) Chrome/125.0.6422.60 Safari/537.36 Edge/12.246"
34.122.147.229 - - [17/Aug/2026:15:38:58 -0600] "GET /wp-content/plugins/genesis-blocks/dist/assets/js/dismiss.js?ver=1781276667 HTTP/1.1" 200 923 "https://swansondentalgroupreno.com/" "Mozilla/5.0 (Windows NT 10.0; Win64; x64) AppleWebKit/537.36 (KHTML, like Gecko) Chrome/125.0.6422.60 Safari/537.36 Edge/12.246"
34.72.176.129 - - [17/Aug/2026:15:38:58 -0600] "GET /wp-content/plugins/maxslider/assets/vendor/slick/slick.js?ver=1.6.0 HTTP/1.1" 200 84265 "https://swansondentalgroupreno.com/" "Mozilla/5.0 (Windows NT 10.0; Win64; x64) AppleWebKit/537.36 (KHTML, like Gecko) Chrome/125.0.6422.60 Safari/537.36 Edge/12.246"
34.72.176.129 - - [17/Aug/2026:15:38:58 -0600] "GET /wp-content/plugins/maxslider/assets/js/maxslider.js?ver=1.2.4 HTTP/1.1" 200 1209 "https://swansondentalgroupreno.com/" "Mozilla/5.0 (Windows NT 10.0; Win64; x64) AppleWebKit/537.36 (KHTML, like Gecko) Chrome/125.0.6422.60 Safari/537.36 Edge/12.246"
104.197.69.115 - - [17/Aug/2026:15:38:58 -0600] "GET /wp-includes/js/dist/vendor/wp-polyfill.min.js?ver=3.15.0 HTTP/1.1" 200 33744 "https://swansondentalgroupreno.com/" "Mozilla/5.0 (Windows NT 10.0; Win64; x64) AppleWebKit/537.36 (KHTML, like Gecko) Chrome/125.0.6422.60 Safari/537.36 Edge/12.246"
34.122.147.229 - - [17/Aug/2026:15:38:58 -0600] "GET /wp-content/plugins/contact-form-7/modules/recaptcha/index.js?ver=6.1.6 HTTP/1.1" 200 934 "https://swansondentalgroupreno.com/" "Mozilla/5.0 (Windows NT 10.0; Win64; x64) AppleWebKit/537.36 (KHTML, like Gecko) Chrome/125.0.6422.60 Safari/537.36 Edge/12.246"
34.72.176.129 - - [17/Aug/2026:15:38:58 -0600] "GET /wp-content/uploads/2024/04/specialtyservices.svg HTTP/1.1" 200 4000 "https://swansondentalgroupreno.com/" "Mozilla/5.0 (Windows NT 10.0; Win64; x64) AppleWebKit/537.36 (KHTML, like Gecko) Chrome/125.0.6422.60 Safari/537.36 Edge/12.246"
104.197.69.115 - - [17/Aug/2026:15:38:59 -0600] "GET /wp-content/themes/swanson/images/closecall.svg HTTP/1.1" 200 5176 "https://swansondentalgroupreno.com/" "Mozilla/5.0 (Windows NT 10.0; Win64; x64) AppleWebKit/537.36 (KHTML, like Gecko) Chrome/125.0.6422.60 Safari/537.36 Edge/12.246"
34.72.176.129 - - [17/Aug/2026:15:38:59 -0600] "GET /wp-content/uploads/2026/02/qr-code.png HTTP/1.1" 200 650 "https://swansondentalgroupreno.com/" "Mozilla/5.0 (Windows NT 10.0; Win64; x64) AppleWebKit/537.36 (KHTML, like Gecko) Chrome/125.0.6422.60 Safari/537.36 Edge/12.246"
34.72.176.129 - - [17/Aug/2026:15:38:59 -0600] "GET /wp-content/uploads/2024/04/homeoffice@2x.jpg HTTP/1.1" 200 532884 "https://swansondentalgroupreno.com/" "Mozilla/5.0 (Windows NT 10.0; Win64; x64) AppleWebKit/537.36 (KHTML, like Gecko) Chrome/125.0.6422.60 Safari/537.36 Edge/12.246"
34.122.147.229 - - [17/Aug/2026:15:38:59 -0600] "GET /wp-content/uploads/2024/05/DSC_9616.jpg HTTP/1.1" 200 149508 "https://swansondentalgroupreno.com/" "Mozilla/5.0 (Windows NT 10.0; Win64; x64) AppleWebKit/537.36 (KHTML, like Gecko) Chrome/125.0.6422.60 Safari/537.36 Edge/12.246"
34.72.176.129 - - [17/Aug/2026:15:38:59 -0600] "GET /wp-content/uploads/2024/04/reviewsbg.jpg HTTP/1.1" 200 287206 "https://swansondentalgroupreno.com/" "Mozilla/5.0 (Windows NT 10.0; Win64; x64) AppleWebKit/537.36 (KHTML, like Gecko) Chrome/125.0.6422.60 Safari/537.36 Edge/12.246"
20.119.58.187 - - [17/Aug/2026:15:38:58 -0600] "GET /y.php HTTP/1.1" 404 100819 "-" "Mozilla/5.0 (Windows NT 10.0; Win64; x64) AppleWebKit/537.36 (KHTML, like Gecko) Chrome/120.0.0.0 Safari/537.36"
34.123.170.104 - - [17/Aug/2026:15:38:58 -0600] "GET /wp-content/plugins/elfsight-slider-cc/assets/elfsight-slider.js?ver=1.1.0 HTTP/1.1" 200 467217 "https://swansondentalgroupreno.com/" "Mozilla/5.0 (Windows NT 10.0; Win64; x64) AppleWebKit/537.36 (KHTML, like Gecko) Chrome/125.0.6422.60 Safari/537.36 Edge/12.246"
34.72.176.129 - - [17/Aug/2026:15:38:59 -0600] "GET /wp-content/uploads/2025/12/slider1b-1.png HTTP/1.1" 200 566660 "https://swansondentalgroupreno.com/" "Mozilla/5.0 (Windows NT 10.0; Win64; x64) AppleWebKit/537.36 (KHTML, like Gecko) Chrome/125.0.6422.60 Safari/537.36 Edge/12.246"
34.72.176.129 - - [17/Aug/2026:15:39:00 -0600] "GET /wp-content/uploads/2025/12/slider-mobile1.png HTTP/1.1" 200 625378 "https://swansondentalgroupreno.com/" "Mozilla/5.0 (Windows NT 10.0; Win64; x64) AppleWebKit/537.36 (KHTML, like Gecko) Chrome/125.0.6422.60 Safari/537.36 Edge/12.246"
104.197.69.115 - - [17/Aug/2026:15:39:00 -0600] "GET /wp-content/uploads/2025/12/mobileee-1.png HTTP/1.1" 200 1123252 "https://swansondentalgroupreno.com/" "Mozilla/5.0 (Windows NT 10.0; Win64; x64) AppleWebKit/537.36 (KHTML, like Gecko) Chrome/125.0.6422.60 Safari/537.36 Edge/12.246"
104.197.69.115 - - [17/Aug/2026:15:39:00 -0600] "GET /wp-includes/js/wp-emoji-release.min.js?ver=7.0.4 HTTP/1.1" 200 22752 "https://swansondentalgroupreno.com/" "Mozilla/5.0 (Windows NT 10.0; Win64; x64) AppleWebKit/537.36 (KHTML, like Gecko) Chrome/125.0.6422.60 Safari/537.36 Edge/12.246"
34.122.147.229 - - [17/Aug/2026:15:38:59 -0600] "GET /wp-content/uploads/2025/12/Mask-group-2-1.png HTTP/1.1" 200 711518 "https://swansondentalgroupreno.com/" "Mozilla/5.0 (Windows NT 10.0; Win64; x64) AppleWebKit/537.36 (KHTML, like Gecko) Chrome/125.0.6422.60 Safari/537.36 Edge/12.246"
20.119.58.187 - - [17/Aug/2026:15:38:59 -0600] "GET /.well-known/acme-challenge/index.php HTTP/1.1" 301 - "-" "Mozilla/5.0 (Windows NT 10.0; Win64; x64) AppleWebKit/537.36 (KHTML, like Gecko) Chrome/120.0.0.0 Safari/537.36"
34.123.170.104 - - [17/Aug/2026:15:38:59 -0600] "GET /wp-json/contact-form-7/v1/contact-forms/39/feedback/schema HTTP/1.1" 200 946 "https://swansondentalgroupreno.com/" "Mozilla/5.0 (Windows NT 10.0; Win64; x64) AppleWebKit/537.36 (KHTML, like Gecko) Chrome/125.0.6422.60 Safari/537.36 Edge/12.246"
20.119.58.187 - - [17/Aug/2026:15:39:00 -0600] "GET /ggfi.php HTTP/1.1" 404 100819 "-" "Mozilla/5.0 (Windows NT 10.0; Win64; x64) AppleWebKit/537.36 (KHTML, like Gecko) Chrome/120.0.0.0 Safari/537.36"
20.119.58.187 - - [17/Aug/2026:15:39:02 -0600] "GET /wp-content/plugins/erinyani/baxa1.php HTTP/1.1" 404 100819 "-" "Mozilla/5.0 (Windows NT 10.0; Win64; x64) AppleWebKit/537.36 (KHTML, like Gecko) Chrome/120.0.0.0 Safari/537.36"
20.119.58.187 - - [17/Aug/2026:15:39:03 -0600] "GET /wp-content/themes/autoload_classmap.php HTTP/1.1" 404 100819 "-" "Mozilla/5.0 (Windows NT 10.0; Win64; x64) AppleWebKit/537.36 (KHTML, like Gecko) Chrome/120.0.0.0 Safari/537.36"
20.119.58.187 - - [17/Aug/2026:15:39:04 -0600] "GET /.well-known/autoload_classmap.php HTTP/1.1" 404 100819 "-" "Mozilla/5.0 (Windows NT 10.0; Win64; x64) AppleWebKit/537.36 (KHTML, like Gecko) Chrome/120.0.0.0 Safari/537.36"
20.119.58.187 - - [17/Aug/2026:15:39:05 -0600] "GET /wp-add.php HTTP/1.1" 404 100819 "-" "Mozilla/5.0 (Windows NT 10.0; Win64; x64) AppleWebKit/537.36 (KHTML, like Gecko) Chrome/120.0.0.0 Safari/537.36"
20.119.58.187 - - [17/Aug/2026:15:39:06 -0600] "GET /wp-content/autoload_classmap.php HTTP/1.1" 404 100819 "-" "Mozilla/5.0 (Windows NT 10.0; Win64; x64) AppleWebKit/537.36 (KHTML, like Gecko) Chrome/120.0.0.0 Safari/537.36"
20.119.58.187 - - [17/Aug/2026:15:39:07 -0600] "GET /ds.php HTTP/1.1" 404 100819 "-" "Mozilla/5.0 (Windows NT 10.0; Win64; x64) AppleWebKit/537.36 (KHTML, like Gecko) Chrome/120.0.0.0 Safari/537.36"
20.119.58.187 - - [17/Aug/2026:15:39:08 -0600] "GET /wp-content/uploads/chosen.php HTTP/1.1" 404 100819 "-" "Mozilla/5.0 (Windows NT 10.0; Win64; x64) AppleWebKit/537.36 (KHTML, like Gecko) Chrome/120.0.0.0 Safari/537.36"
161.35.42.198 - - [17/Aug/2026:15:39:09 -0600] "POST /wp-login.php HTTP/1.1" 200 7554 "-" "Mozilla/5.0"
161.35.42.198 - - [17/Aug/2026:15:39:09 -0600] "POST /wp-login.php HTTP/1.1" 200 7554 "-" "Mozilla/5.0"
161.35.42.198 - - [17/Aug/2026:15:39:09 -0600] "POST /wp-login.php HTTP/1.1" 200 7497 "-" "Mozilla/5.0"
161.35.42.198 - - [17/Aug/2026:15:39:09 -0600] "POST /wp-login.php HTTP/1.1" 200 7558 "-" "Mozilla/5.0"
161.35.42.198 - - [17/Aug/2026:15:39:09 -0600] "POST /wp-login.php HTTP/1.1" 200 7554 "-" "Mozilla/5.0"
161.35.42.198 - - [17/Aug/2026:15:39:09 -0600] "POST /wp-login.php HTTP/1.1" 200 7554 "-" "Mozilla/5.0"
161.35.42.198 - - [17/Aug/2026:15:39:09 -0600] "POST /wp-login.php HTTP/1.1" 200 7560 "-" "Mozilla/5.0"
161.35.42.198 - - [17/Aug/2026:15:39:09 -0600] "POST /wp-login.php HTTP/1.1" 200 7554 "-" "Mozilla/5.0"
161.35.42.198 - - [17/Aug/2026:15:39:09 -0600] "POST /wp-login.php HTTP/1.1" 200 7554 "-" "Mozilla/5.0"
20.119.58.187 - - [17/Aug/2026:15:39:10 -0600] "GET /NewFile.php HTTP/1.1" 404 100819 "-" "Mozilla/5.0 (Windows NT 10.0; Win64; x64) AppleWebKit/537.36 (KHTML, like Gecko) Chrome/120.0.0.0 Safari/537.36"
20.119.58.187 - - [17/Aug/2026:15:39:12 -0600] "GET /wp-admin/js/flower.php HTTP/1.1" 404 100819 "-" "Mozilla/5.0 (Windows NT 10.0; Win64; x64) AppleWebKit/537.36 (KHTML, like Gecko) Chrome/120.0.0.0 Safari/537.36"
34.57.162.91 - - [17/Aug/2026:15:39:12 -0600] "GET /wp-json/wp/v2/pages/73 HTTP/1.1" 200 15693 "-" "Mozilla/5.0 (Macintosh; Intel Mac OS X 10_15_7) AppleWebKit/537.36 (KHTML, like Gecko) Chrome/120.0.0.0 Safari/537.36"
20.119.58.187 - - [17/Aug/2026:15:39:13 -0600] "GET /wp-content/plugins/sphinx/randkeyword.php HTTP/1.1" 404 100819 "-" "Mozilla/5.0 (Windows NT 10.0; Win64; x64) AppleWebKit/537.36 (KHTML, like Gecko) Chrome/120.0.0.0 Safari/537.36"
20.119.58.187 - - [17/Aug/2026:15:39:14 -0600] "GET /c.php HTTP/1.1" 404 100819 "-" "Mozilla/5.0 (Windows NT 10.0; Win64; x64) AppleWebKit/537.36 (KHTML, like Gecko) Chrome/120.0.0.0 Safari/537.36"
20.119.58.187 - - [17/Aug/2026:15:39:16 -0600] "GET /wp-includes/style-engine/autoload_classmap.php HTTP/1.1" 404 100819 "-" "Mozilla/5.0 (Windows NT 10.0; Win64; x64) AppleWebKit/537.36 (KHTML, like Gecko) Chrome/120.0.0.0 Safari/537.36"
20.119.58.187 - - [17/Aug/2026:15:39:17 -0600] "GET /wp-content/plugins/dummyyummy/wp-signup.php HTTP/1.1" 404 100819 "-" "Mozilla/5.0 (Windows NT 10.0; Win64; x64) AppleWebKit/537.36 (KHTML, like Gecko) Chrome/120.0.0.0 Safari/537.36"
20.119.58.187 - - [17/Aug/2026:15:39:18 -0600] "GET /auth.php HTTP/1.1" 404 100819 "-" "Mozilla/5.0 (Windows NT 10.0; Win64; x64) AppleWebKit/537.36 (KHTML, like Gecko) Chrome/120.0.0.0 Safari/537.36"
20.119.58.187 - - [17/Aug/2026:15:39:20 -0600] "GET /class-wp-lock.php HTTP/1.1" 404 100819 "-" "Mozilla/5.0 (Windows NT 10.0; Win64; x64) AppleWebKit/537.36 (KHTML, like Gecko) Chrome/120.0.0.0 Safari/537.36"
20.119.58.187 - - [17/Aug/2026:15:39:21 -0600] "GET /wp-includes/ID3/index.php HTTP/1.1" 301 - "-" "Mozilla/5.0 (Windows NT 10.0; Win64; x64) AppleWebKit/537.36 (KHTML, like Gecko) Chrome/120.0.0.0 Safari/537.36"
20.119.58.187 - - [17/Aug/2026:15:39:22 -0600] "GET /wp/xleet.php HTTP/1.1" 404 100819 "-" "Mozilla/5.0 (Windows NT 10.0; Win64; x64) AppleWebKit/537.36 (KHTML, like Gecko) Chrome/120.0.0.0 Safari/537.36"
20.119.58.187 - - [17/Aug/2026:15:39:23 -0600] "GET /wp-includes/rest-api/autoload_classmap.php HTTP/1.1" 404 100819 "-" "Mozilla/5.0 (Windows NT 10.0; Win64; x64) AppleWebKit/537.36 (KHTML, like Gecko) Chrome/120.0.0.0 Safari/537.36"
20.119.58.187 - - [17/Aug/2026:15:39:24 -0600] "GET /wp-content/plugins/autoload_classmap.php HTTP/1.1" 404 100819 "-" "Mozilla/5.0 (Windows NT 10.0; Win64; x64) AppleWebKit/537.36 (KHTML, like Gecko) Chrome/120.0.0.0 Safari/537.36"
20.119.58.187 - - [17/Aug/2026:15:39:26 -0600] "GET /wp-content/themes/digital-download/new.php HTTP/1.1" 404 100819 "-" "Mozilla/5.0 (Windows NT 10.0; Win64; x64) AppleWebKit/537.36 (KHTML, like Gecko) Chrome/120.0.0.0 Safari/537.36"
20.119.58.187 - - [17/Aug/2026:15:39:27 -0600] "GET /wp-content/upgrade/about.php HTTP/1.1" 404 100819 "-" "Mozilla/5.0 (Windows NT 10.0; Win64; x64) AppleWebKit/537.36 (KHTML, like Gecko) Chrome/120.0.0.0 Safari/537.36"
20.119.58.187 - - [17/Aug/2026:15:39:28 -0600] "GET /wp-content/upgrade/autoload_classmap.php HTTP/1.1" 404 100819 "-" "Mozilla/5.0 (Windows NT 10.0; Win64; x64) AppleWebKit/537.36 (KHTML, like Gecko) Chrome/120.0.0.0 Safari/537.36"
20.119.58.187 - - [17/Aug/2026:15:39:29 -0600] "GET /wp-content/languages/index.php HTTP/1.1" 301 - "-" "Mozilla/5.0 (Windows NT 10.0; Win64; x64) AppleWebKit/537.36 (KHTML, like Gecko) Chrome/120.0.0.0 Safari/537.36"
20.119.58.187 - - [17/Aug/2026:15:39:30 -0600] "GET /wp-includes/assets/index.php HTTP/1.1" 301 - "-" "Mozilla/5.0 (Windows NT 10.0; Win64; x64) AppleWebKit/537.36 (KHTML, like Gecko) Chrome/120.0.0.0 Safari/537.36"
20.119.58.187 - - [17/Aug/2026:15:39:31 -0600] "GET /c99.php? HTTP/1.1" 404 100819 "-" "Mozilla/5.0 (Windows NT 10.0; Win64; x64) AppleWebKit/537.36 (KHTML, like Gecko) Chrome/120.0.0.0 Safari/537.36"
20.119.58.187 - - [17/Aug/2026:15:39:33 -0600] "GET /wp-includes/blocks/autoload_classmap.php HTTP/1.1" 404 100819 "-" "Mozilla/5.0 (Windows NT 10.0; Win64; x64) AppleWebKit/537.36 (KHTML, like Gecko) Chrome/120.0.0.0 Safari/537.36"
20.119.58.187 - - [17/Aug/2026:15:39:34 -0600] "GET /12.php HTTP/1.1" 404 100819 "-" "Mozilla/5.0 (Windows NT 10.0; Win64; x64) AppleWebKit/537.36 (KHTML, like Gecko) Chrome/120.0.0.0 Safari/537.36"
20.119.58.187 - - [17/Aug/2026:15:39:35 -0600] "GET /wp-admin/js/widgets/xleet.php HTTP/1.1" 404 100819 "-" "Mozilla/5.0 (Windows NT 10.0; Win64; x64) AppleWebKit/537.36 (KHTML, like Gecko) Chrome/120.0.0.0 Safari/537.36"
20.119.58.187 - - [17/Aug/2026:15:39:36 -0600] "GET /files/autoload_classmap.php HTTP/1.1" 404 100819 "-" "Mozilla/5.0 (Windows NT 10.0; Win64; x64) AppleWebKit/537.36 (KHTML, like Gecko) Chrome/120.0.0.0 Safari/537.36"
20.119.58.187 - - [17/Aug/2026:15:39:38 -0600] "GET /wp-admin/images/autoload_classmap.php HTTP/1.1" 404 100819 "-" "Mozilla/5.0 (Windows NT 10.0; Win64; x64) AppleWebKit/537.36 (KHTML, like Gecko) Chrome/120.0.0.0 Safari/537.36"
20.119.58.187 - - [17/Aug/2026:15:39:39 -0600] "GET /wp-includes/IXR/autoload_classmap.php HTTP/1.1" 404 100819 "-" "Mozilla/5.0 (Windows NT 10.0; Win64; x64) AppleWebKit/537.36 (KHTML, like Gecko) Chrome/120.0.0.0 Safari/537.36"
20.119.58.187 - - [17/Aug/2026:15:39:40 -0600] "GET /wp-includes/PHPMailer/autoload_classmap.php HTTP/1.1" 404 100819 "-" "Mozilla/5.0 (Windows NT 10.0; Win64; x64) AppleWebKit/537.36 (KHTML, like Gecko) Chrome/120.0.0.0 Safari/537.36"
20.119.58.187 - - [17/Aug/2026:15:39:41 -0600] "GET /wp-admin/user/autoload_classmap.php HTTP/1.1" 404 100819 "-" "Mozilla/5.0 (Windows NT 10.0; Win64; x64) AppleWebKit/537.36 (KHTML, like Gecko) Chrome/120.0.0.0 Safari/537.36"
20.119.58.187 - - [17/Aug/2026:15:39:43 -0600] "GET /GOD.php HTTP/1.1" 404 100819 "-" "Mozilla/5.0 (Windows NT 10.0; Win64; x64) AppleWebKit/537.36 (KHTML, like Gecko) Chrome/120.0.0.0 Safari/537.36"
20.119.58.187 - - [17/Aug/2026:15:39:44 -0600] "GET /wp-admin/js/autoload_classmap.php HTTP/1.1" 404 100819 "-" "Mozilla/5.0 (Windows NT 10.0; Win64; x64) AppleWebKit/537.36 (KHTML, like Gecko) Chrome/120.0.0.0 Safari/537.36"
20.119.58.187 - - [17/Aug/2026:15:39:45 -0600] "GET /wp-content/berlin.php HTTP/1.1" 404 100819 "-" "Mozilla/5.0 (Windows NT 10.0; Win64; x64) AppleWebKit/537.36 (KHTML, like Gecko) Chrome/120.0.0.0 Safari/537.36"
20.119.58.187 - - [17/Aug/2026:15:39:46 -0600] "GET /wp-admin/maint/flower.php HTTP/1.1" 404 100819 "-" "Mozilla/5.0 (Windows NT 10.0; Win64; x64) AppleWebKit/537.36 (KHTML, like Gecko) Chrome/120.0.0.0 Safari/537.36"
20.119.58.187 - - [17/Aug/2026:15:39:47 -0600] "GET /wp-includes/Text/autoload_classmap.php HTTP/1.1" 404 100819 "-" "Mozilla/5.0 (Windows NT 10.0; Win64; x64) AppleWebKit/537.36 (KHTML, like Gecko) Chrome/120.0.0.0 Safari/537.36"
20.119.58.187 - - [17/Aug/2026:15:39:48 -0600] "GET /byp.php HTTP/1.1" 404 100819 "-" "Mozilla/5.0 (Windows NT 10.0; Win64; x64) AppleWebKit/537.36 (KHTML, like Gecko) Chrome/120.0.0.0 Safari/537.36"
20.119.58.187 - - [17/Aug/2026:15:39:50 -0600] "GET /css/autoload_classmap.php HTTP/1.1" 404 100819 "-" "Mozilla/5.0 (Windows NT 10.0; Win64; x64) AppleWebKit/537.36 (KHTML, like Gecko) Chrome/120.0.0.0 Safari/537.36"
20.119.58.187 - - [17/Aug/2026:15:39:51 -0600] "GET /wander.php HTTP/1.1" 404 100819 "-" "Mozilla/5.0 (Windows NT 10.0; Win64; x64) AppleWebKit/537.36 (KHTML, like Gecko) Chrome/120.0.0.0 Safari/537.36"
20.119.58.187 - - [17/Aug/2026:15:39:52 -0600] "GET /wp-admin/includes/flower.php HTTP/1.1" 404 100819 "-" "Mozilla/5.0 (Windows NT 10.0; Win64; x64) AppleWebKit/537.36 (KHTML, like Gecko) Chrome/120.0.0.0 Safari/537.36"
20.119.58.187 - - [17/Aug/2026:15:39:53 -0600] "GET /wp-admin/network/xleet.php HTTP/1.1" 404 100819 "-" "Mozilla/5.0 (Windows NT 10.0; Win64; x64) AppleWebKit/537.36 (KHTML, like Gecko) Chrome/120.0.0.0 Safari/537.36"
20.119.58.187 - - [17/Aug/2026:15:39:54 -0600] "GET /wp-includes/images/autoload_classmap.php HTTP/1.1" 404 100819 "-" "Mozilla/5.0 (Windows NT 10.0; Win64; x64) AppleWebKit/537.36 (KHTML, like Gecko) Chrome/120.0.0.0 Safari/537.36"
162.215.171.210 - - [17/Aug/2026:15:39:57 -0600] "POST /wp-cron.php?doing_wp_cron=1787002797.1240799427032470703125 HTTP/1.1" 200 - "-" "WordPress/7.0.4; https://swansondentalgroupreno.com"
20.119.58.187 - - [17/Aug/2026:15:39:56 -0600] "GET /en.php HTTP/1.1" 404 100819 "-" "Mozilla/5.0 (Windows NT 10.0; Win64; x64) AppleWebKit/537.36 (KHTML, like Gecko) Chrome/120.0.0.0 Safari/537.36"
20.119.58.187 - - [17/Aug/2026:15:39:58 -0600] "GET /help.php HTTP/1.1" 404 100819 "-" "Mozilla/5.0 (Windows NT 10.0; Win64; x64) AppleWebKit/537.36 (KHTML, like Gecko) Chrome/120.0.0.0 Safari/537.36"
20.119.58.187 - - [17/Aug/2026:15:39:59 -0600] "GET /wp-admin/file.php HTTP/1.1" 404 100819 "-" "Mozilla/5.0 (Windows NT 10.0; Win64; x64) AppleWebKit/537.36 (KHTML, like Gecko) Chrome/120.0.0.0 Safari/537.36"
20.119.58.187 - - [17/Aug/2026:15:40:00 -0600] "GET /control.php HTTP/1.1" 404 100819 "-" "Mozilla/5.0 (Windows NT 10.0; Win64; x64) AppleWebKit/537.36 (KHTML, like Gecko) Chrome/120.0.0.0 Safari/537.36"
20.119.58.187 - - [17/Aug/2026:15:40:01 -0600] "GET /wp-content/plugins/Duplicatepost/src/ui/sidwso.php HTTP/1.1" 404 100819 "-" "Mozilla/5.0 (Windows NT 10.0; Win64; x64) AppleWebKit/537.36 (KHTML, like Gecko) Chrome/120.0.0.0 Safari/537.36"
20.119.58.187 - - [17/Aug/2026:15:40:03 -0600] "GET /wp-includes/block-supports/autoload_classmap.php HTTP/1.1" 404 100819 "-" "Mozilla/5.0 (Windows NT 10.0; Win64; x64) AppleWebKit/537.36 (KHTML, like Gecko) Chrome/120.0.0.0 Safari/537.36"
20.119.58.187 - - [17/Aug/2026:15:40:04 -0600] "GET /wp-includes/ID3/autoload_classmap.php HTTP/1.1" 404 100819 "-" "Mozilla/5.0 (Windows NT 10.0; Win64; x64) AppleWebKit/537.36 (KHTML, like Gecko) Chrome/120.0.0.0 Safari/537.36"
20.119.58.187 - - [17/Aug/2026:15:40:05 -0600] "GET /wp-includes/defaults.php HTTP/1.1" 404 100819 "-" "Mozilla/5.0 (Windows NT 10.0; Win64; x64) AppleWebKit/537.36 (KHTML, like Gecko) Chrome/120.0.0.0 Safari/537.36"
20.119.58.187 - - [17/Aug/2026:15:40:06 -0600] "GET //wp-2019.php HTTP/1.1" 301 - "-" "Mozilla/5.0 (Windows NT 10.0; Win64; x64) AppleWebKit/537.36 (KHTML, like Gecko) Chrome/120.0.0.0 Safari/537.36"
20.119.58.187 - - [17/Aug/2026:15:40:07 -0600] "GET //wp-content/themes/about.php HTTP/1.1" 301 - "-" "Mozilla/5.0 (Windows NT 10.0; Win64; x64) AppleWebKit/537.36 (KHTML, like Gecko) Chrome/120.0.0.0 Safari/537.36"
20.119.58.187 - - [17/Aug/2026:15:40:08 -0600] "GET /doc.php HTTP/1.1" 404 100819 "-" "Mozilla/5.0 (Windows NT 10.0; Win64; x64) AppleWebKit/537.36 (KHTML, like Gecko) Chrome/120.0.0.0 Safari/537.36"
20.119.58.187 - - [17/Aug/2026:15:40:09 -0600] "GET /ee.php HTTP/1.1" 404 100819 "-" "Mozilla/5.0 (Windows NT 10.0; Win64; x64) AppleWebKit/537.36 (KHTML, like Gecko) Chrome/120.0.0.0 Safari/537.36"
20.119.58.187 - - [17/Aug/2026:15:40:10 -0600] "GET /images/wp-login.php HTTP/1.1" 404 100819 "-" "Mozilla/5.0 (Windows NT 10.0; Win64; x64) AppleWebKit/537.36 (KHTML, like Gecko) Chrome/120.0.0.0 Safari/537.36"
20.119.58.187 - - [17/Aug/2026:15:40:11 -0600] "GET /s.php HTTP/1.1" 404 100819 "-" "Mozilla/5.0 (Windows NT 10.0; Win64; x64) AppleWebKit/537.36 (KHTML, like Gecko) Chrome/120.0.0.0 Safari/537.36"
20.119.58.187 - - [17/Aug/2026:15:40:12 -0600] "GET /sim.php/wp-includes/certificates/plugins.php HTTP/1.1" 404 100819 "-" "Mozilla/5.0 (Windows NT 10.0; Win64; x64) AppleWebKit/537.36 (KHTML, like Gecko) Chrome/120.0.0.0 Safari/537.36"
20.119.58.187 - - [17/Aug/2026:15:40:13 -0600] "GET /themes/zMousse/otuz1.php HTTP/1.1" 404 100819 "-" "Mozilla/5.0 (Windows NT 10.0; Win64; x64) AppleWebKit/537.36 (KHTML, like Gecko) Chrome/120.0.0.0 Safari/537.36"
20.119.58.187 - - [17/Aug/2026:15:40:14 -0600] "GET /webadmin.php HTTP/1.1" 404 100819 "-" "Mozilla/5.0 (Windows NT 10.0; Win64; x64) AppleWebKit/537.36 (KHTML, like Gecko) Chrome/120.0.0.0 Safari/537.36"
20.119.58.187 - - [17/Aug/2026:15:40:16 -0600] "GET /wp-admin/images/install.php HTTP/1.1" 404 100819 "-" "Mozilla/5.0 (Windows NT 10.0; Win64; x64) AppleWebKit/537.36 (KHTML, like Gecko) Chrome/120.0.0.0 Safari/537.36"
20.119.58.187 - - [17/Aug/2026:15:40:17 -0600] "GET /wp-admin/maint/wp-login.php HTTP/1.1" 404 100819 "-" "Mozilla/5.0 (Windows NT 10.0; Win64; x64) AppleWebKit/537.36 (KHTML, like Gecko) Chrome/120.0.0.0 Safari/537.36"
20.119.58.187 - - [17/Aug/2026:15:40:18 -0600] "GET /wp-configs.php HTTP/1.1" 404 100819 "-" "Mozilla/5.0 (Windows NT 10.0; Win64; x64) AppleWebKit/537.36 (KHTML, like Gecko) Chrome/120.0.0.0 Safari/537.36"
20.119.58.187 - - [17/Aug/2026:15:40:19 -0600] "GET /wp-content/install.php HTTP/1.1" 404 100819 "-" "Mozilla/5.0 (Windows NT 10.0; Win64; x64) AppleWebKit/537.36 (KHTML, like Gecko) Chrome/120.0.0.0 Safari/537.36"
20.119.58.187 - - [17/Aug/2026:15:40:20 -0600] "GET /wp-content/plugins/linkpreview/index.php HTTP/1.1" 301 - "-" "Mozilla/5.0 (Windows NT 10.0; Win64; x64) AppleWebKit/537.36 (KHTML, like Gecko) Chrome/120.0.0.0 Safari/537.36"
20.119.58.187 - - [17/Aug/2026:15:40:21 -0600] "GET /wp-includes/Text/autoload_classmap.php HTTP/1.1" 404 100819 "-" "Mozilla/5.0 (Windows NT 10.0; Win64; x64) AppleWebKit/537.36 (KHTML, like Gecko) Chrome/120.0.0.0 Safari/537.36"
20.119.58.187 - - [17/Aug/2026:15:40:22 -0600] "GET /wp-includes/certificates/wp-login.php HTTP/1.1" 404 100819 "-" "Mozilla/5.0 (Windows NT 10.0; Win64; x64) AppleWebKit/537.36 (KHTML, like Gecko) Chrome/120.0.0.0 Safari/537.36"
20.119.58.187 - - [17/Aug/2026:15:40:23 -0600] "GET /wsa.php HTTP/1.1" 404 100819 "-" "Mozilla/5.0 (Windows NT 10.0; Win64; x64) AppleWebKit/537.36 (KHTML, like Gecko) Chrome/120.0.0.0 Safari/537.36"
20.119.58.187 - - [17/Aug/2026:15:40:24 -0600] "GET /version.php HTTP/1.1" 404 100819 "-" "Mozilla/5.0 (Windows NT 10.0; Win64; x64) AppleWebKit/537.36 (KHTML, like Gecko) Chrome/120.0.0.0 Safari/537.36"
20.119.58.187 - - [17/Aug/2026:15:40:25 -0600] "GET /xxx.php HTTP/1.1" 404 100819 "-" "Mozilla/5.0 (Windows NT 10.0; Win64; x64) AppleWebKit/537.36 (KHTML, like Gecko) Chrome/120.0.0.0 Safari/537.36"
20.119.58.187 - - [17/Aug/2026:15:40:26 -0600] "GET /wp-includes/js/jcrop/Jcrop.php HTTP/1.1" 404 100819 "-" "Mozilla/5.0 (Windows NT 10.0; Win64; x64) AppleWebKit/537.36 (KHTML, like Gecko) Chrome/120.0.0.0 Safari/537.36"
20.119.58.187 - - [17/Aug/2026:15:40:27 -0600] "GET /alfanew.PHP7 HTTP/1.1" 404 100819 "-" "Mozilla/5.0 (Windows NT 10.0; Win64; x64) AppleWebKit/537.36 (KHTML, like Gecko) Chrome/120.0.0.0 Safari/537.36"
20.119.58.187 - - [17/Aug/2026:15:40:28 -0600] "GET /b0.php HTTP/1.1" 404 100819 "-" "Mozilla/5.0 (Windows NT 10.0; Win64; x64) AppleWebKit/537.36 (KHTML, like Gecko) Chrome/120.0.0.0 Safari/537.36"
20.119.58.187 - - [17/Aug/2026:15:40:29 -0600] "GET /bala.php HTTP/1.1" 404 100819 "-" "Mozilla/5.0 (Windows NT 10.0; Win64; x64) AppleWebKit/537.36 (KHTML, like Gecko) Chrome/120.0.0.0 Safari/537.36"
20.119.58.187 - - [17/Aug/2026:15:40:31 -0600] "GET /wp-content/plugins/TOPXOH/wDR.php HTTP/1.1" 404 100819 "-" "Mozilla/5.0 (Windows NT 10.0; Win64; x64) AppleWebKit/537.36 (KHTML, like Gecko) Chrome/120.0.0.0 Safari/537.36"
20.119.58.187 - - [17/Aug/2026:15:40:32 -0600] "GET /wp-content/plugins/sid/sidwso.php HTTP/1.1" 404 100819 "-" "Mozilla/5.0 (Windows NT 10.0; Win64; x64) AppleWebKit/537.36 (KHTML, like Gecko) Chrome/120.0.0.0 Safari/537.36"
20.119.58.187 - - [17/Aug/2026:15:40:33 -0600] "GET /wp-includes/css/thems.php HTTP/1.1" 404 100819 "-" "Mozilla/5.0 (Windows NT 10.0; Win64; x64) AppleWebKit/537.36 (KHTML, like Gecko) Chrome/120.0.0.0 Safari/537.36"
20.119.58.187 - - [17/Aug/2026:15:40:34 -0600] "GET /xl2023.php.php HTTP/1.1" 404 100819 "-" "Mozilla/5.0 (Windows NT 10.0; Win64; x64) AppleWebKit/537.36 (KHTML, like Gecko) Chrome/120.0.0.0 Safari/537.36"
20.119.58.187 - - [17/Aug/2026:15:40:35 -0600] "GET /.tmb/cloud.php HTTP/1.1" 404 100819 "-" "Mozilla/5.0 (Windows NT 10.0; Win64; x64) AppleWebKit/537.36 (KHTML, like Gecko) Chrome/120.0.0.0 Safari/537.36"
20.119.58.187 - - [17/Aug/2026:15:40:36 -0600] "GET /.well-known/ HTTP/1.1" 404 100819 "-" "Mozilla/5.0 (Windows NT 10.0; Win64; x64) AppleWebKit/537.36 (KHTML, like Gecko) Chrome/120.0.0.0 Safari/537.36"
20.119.58.187 - - [17/Aug/2026:15:40:37 -0600] "GET /120f9.php HTTP/1.1" 404 100819 "-" "Mozilla/5.0 (Windows NT 10.0; Win64; x64) AppleWebKit/537.36 (KHTML, like Gecko) Chrome/120.0.0.0 Safari/537.36"
20.119.58.187 - - [17/Aug/2026:15:40:38 -0600] "GET /back.php HTTP/1.1" 404 100819 "-" "Mozilla/5.0 (Windows NT 10.0; Win64; x64) AppleWebKit/537.36 (KHTML, like Gecko) Chrome/120.0.0.0 Safari/537.36"
20.119.58.187 - - [17/Aug/2026:15:40:39 -0600] "GET /credits.php HTTP/1.1" 404 100819 "-" "Mozilla/5.0 (Windows NT 10.0; Win64; x64) AppleWebKit/537.36 (KHTML, like Gecko) Chrome/120.0.0.0 Safari/537.36"
20.119.58.187 - - [17/Aug/2026:15:40:40 -0600] "GET /data.php HTTP/1.1" 404 100819 "-" "Mozilla/5.0 (Windows NT 10.0; Win64; x64) AppleWebKit/537.36 (KHTML, like Gecko) Chrome/120.0.0.0 Safari/537.36"
20.119.58.187 - - [17/Aug/2026:15:40:41 -0600] "GET /gzak2w.php HTTP/1.1" 404 100819 "-" "Mozilla/5.0 (Windows NT 10.0; Win64; x64) AppleWebKit/537.36 (KHTML, like Gecko) Chrome/120.0.0.0 Safari/537.36"
20.119.58.187 - - [17/Aug/2026:15:40:43 -0600] "GET /hehehehe.php HTTP/1.1" 404 100819 "-" "Mozilla/5.0 (Windows NT 10.0; Win64; x64) AppleWebKit/537.36 (KHTML, like Gecko) Chrome/120.0.0.0 Safari/537.36"
20.119.58.187 - - [17/Aug/2026:15:40:44 -0600] "GET /mah/function.php HTTP/1.1" 404 100819 "-" "Mozilla/5.0 (Windows NT 10.0; Win64; x64) AppleWebKit/537.36 (KHTML, like Gecko) Chrome/120.0.0.0 Safari/537.36"
20.119.58.187 - - [17/Aug/2026:15:40:45 -0600] "GET /ova.php HTTP/1.1" 404 100819 "-" "Mozilla/5.0 (Windows NT 10.0; Win64; x64) AppleWebKit/537.36 (KHTML, like Gecko) Chrome/120.0.0.0 Safari/537.36"
20.119.58.187 - - [17/Aug/2026:15:40:46 -0600] "GET /print/bkindex.php HTTP/1.1" 404 100819 "-" "Mozilla/5.0 (Windows NT 10.0; Win64; x64) AppleWebKit/537.36 (KHTML, like Gecko) Chrome/120.0.0.0 Safari/537.36"
20.119.58.187 - - [17/Aug/2026:15:40:48 -0600] "GET /sad/about.php HTTP/1.1" 404 100819 "-" "Mozilla/5.0 (Windows NT 10.0; Win64; x64) AppleWebKit/537.36 (KHTML, like Gecko) Chrome/120.0.0.0 Safari/537.36"
20.119.58.187 - - [17/Aug/2026:15:40:49 -0600] "GET /templates/beez3/1.php HTTP/1.1" 404 100819 "-" "Mozilla/5.0 (Windows NT 10.0; Win64; x64) AppleWebKit/537.36 (KHTML, like Gecko) Chrome/120.0.0.0 Safari/537.36"
20.119.58.187 - - [17/Aug/2026:15:40:50 -0600] "GET /templates/beez3/index.php HTTP/1.1" 301 - "-" "Mozilla/5.0 (Windows NT 10.0; Win64; x64) AppleWebKit/537.36 (KHTML, like Gecko) Chrome/120.0.0.0 Safari/537.36"
20.119.58.187 - - [17/Aug/2026:15:40:51 -0600] "GET /upload2/10-27-24_8:26_1.php HTTP/1.1" 404 100819 "-" "Mozilla/5.0 (Windows NT 10.0; Win64; x64) AppleWebKit/537.36 (KHTML, like Gecko) Chrome/120.0.0.0 Safari/537.36"
20.119.58.187 - - [17/Aug/2026:15:40:52 -0600] "GET /wp-admin/classwithtostring.php HTTP/1.1" 404 100819 "-" "Mozilla/5.0 (Windows NT 10.0; Win64; x64) AppleWebKit/537.36 (KHTML, like Gecko) Chrome/120.0.0.0 Safari/537.36"
20.119.58.187 - - [17/Aug/2026:15:40:53 -0600] "GET /wp-admin/images/Mhbgf.php HTTP/1.1" 404 100819 "-" "Mozilla/5.0 (Windows NT 10.0; Win64; x64) AppleWebKit/537.36 (KHTML, like Gecko) Chrome/120.0.0.0 Safari/537.36"
20.119.58.187 - - [17/Aug/2026:15:40:54 -0600] "GET /wp-admin/network/about.php HTTP/1.1" 302 - "-" "Mozilla/5.0 (Windows NT 10.0; Win64; x64) AppleWebKit/537.36 (KHTML, like Gecko) Chrome/120.0.0.0 Safari/537.36"
162.215.171.210 - - [17/Aug/2026:15:40:56 -0600] "POST /wp-cron.php?doing_wp_cron=1787002856.1578888893127441406250 HTTP/1.1" 200 - "-" "WordPress/7.0.4; https://swansondentalgroupreno.com"
20.119.58.187 - - [17/Aug/2026:15:40:55 -0600] "GET /wp-content/json.php HTTP/1.1" 404 100819 "-" "Mozilla/5.0 (Windows NT 10.0; Win64; x64) AppleWebKit/537.36 (KHTML, like Gecko) Chrome/120.0.0.0 Safari/537.36"
20.119.58.187 - - [17/Aug/2026:15:40:57 -0600] "GET /wp-content/mah.php HTTP/1.1" 404 100819 "-" "Mozilla/5.0 (Windows NT 10.0; Win64; x64) AppleWebKit/537.36 (KHTML, like Gecko) Chrome/120.0.0.0 Safari/537.36"
20.119.58.187 - - [17/Aug/2026:15:40:58 -0600] "GET /wp-content/plugins/Core-Econ/1.php HTTP/1.1" 404 100819 "-" "Mozilla/5.0 (Windows NT 10.0; Win64; x64) AppleWebKit/537.36 (KHTML, like Gecko) Chrome/120.0.0.0 Safari/537.36"
