20.226.7.189 - - [17/Aug/2026:17:10:58 -0600] "GET /wp-content/themes/about.php HTTP/1.1" 404 100819 "-" "Mozilla/5.0 (Windows NT 10.0; Win64; x64) AppleWebKit/537.36 (KHTML, like Gecko) Chrome/120.0.0.0 Safari/537.36"
20.226.7.189 - - [17/Aug/2026:17:10:59 -0600] "GET /wp-content/themes/elementra/skins/politics/plugins/security.php HTTP/1.1" 404 100819 "-" "Mozilla/5.0 (Windows NT 10.0; Win64; x64) AppleWebKit/537.36 (KHTML, like Gecko) Chrome/120.0.0.0 Safari/537.36"
20.226.7.189 - - [17/Aug/2026:17:11:00 -0600] "GET /wp-content/themes/index.php HTTP/1.1" 200 - "-" "Mozilla/5.0 (Windows NT 10.0; Win64; x64) AppleWebKit/537.36 (KHTML, like Gecko) Chrome/120.0.0.0 Safari/537.36"
20.226.7.189 - - [17/Aug/2026:17:11:01 -0600] "GET /wp-content/themes/login.php HTTP/1.1" 404 100819 "-" "Mozilla/5.0 (Windows NT 10.0; Win64; x64) AppleWebKit/537.36 (KHTML, like Gecko) Chrome/120.0.0.0 Safari/537.36"
20.226.7.189 - - [17/Aug/2026:17:11:02 -0600] "GET /wp-content/themes/plugin-install.php HTTP/1.1" 404 100819 "-" "Mozilla/5.0 (Windows NT 10.0; Win64; x64) AppleWebKit/537.36 (KHTML, like Gecko) Chrome/120.0.0.0 Safari/537.36"
20.226.7.189 - - [17/Aug/2026:17:11:04 -0600] "GET /wp-content/themes/test.php HTTP/1.1" 404 100819 "-" "Mozilla/5.0 (Windows NT 10.0; Win64; x64) AppleWebKit/537.36 (KHTML, like Gecko) Chrome/120.0.0.0 Safari/537.36"
20.226.7.189 - - [17/Aug/2026:17:11:05 -0600] "GET /wp-content/themes/tflow/up.php HTTP/1.1" 404 100819 "-" "Mozilla/5.0 (Windows NT 10.0; Win64; x64) AppleWebKit/537.36 (KHTML, like Gecko) Chrome/120.0.0.0 Safari/537.36"
20.226.7.189 - - [17/Aug/2026:17:11:07 -0600] "GET /wp-content/themes/themes/index.php HTTP/1.1" 301 - "-" "Mozilla/5.0 (Windows NT 10.0; Win64; x64) AppleWebKit/537.36 (KHTML, like Gecko) Chrome/120.0.0.0 Safari/537.36"
20.226.7.189 - - [17/Aug/2026:17:11:08 -0600] "GET /wp-content/themes/twentytwentyfive/styles/sections/ HTTP/1.1" 404 100819 "-" "Mozilla/5.0 (Windows NT 10.0; Win64; x64) AppleWebKit/537.36 (KHTML, like Gecko) Chrome/120.0.0.0 Safari/537.36"
20.226.7.189 - - [17/Aug/2026:17:11:09 -0600] "GET /wp-content/themes/twentytwentyfour/patterns/alfa-rex.php HTTP/1.1" 404 100819 "-" "Mozilla/5.0 (Windows NT 10.0; Win64; x64) AppleWebKit/537.36 (KHTML, like Gecko) Chrome/120.0.0.0 Safari/537.36"
20.226.7.189 - - [17/Aug/2026:17:11:11 -0600] "GET /wp-content/themes/twentytwentytwo/parts/ HTTP/1.1" 404 100819 "-" "Mozilla/5.0 (Windows NT 10.0; Win64; x64) AppleWebKit/537.36 (KHTML, like Gecko) Chrome/120.0.0.0 Safari/537.36"
20.226.7.189 - - [17/Aug/2026:17:11:12 -0600] "GET /wp-content/themes/wp-links-opml.php HTTP/1.1" 404 100819 "-" "Mozilla/5.0 (Windows NT 10.0; Win64; x64) AppleWebKit/537.36 (KHTML, like Gecko) Chrome/120.0.0.0 Safari/537.36"
20.226.7.189 - - [17/Aug/2026:17:11:13 -0600] "GET /wp-content/themes/wp-pridmag/layout.php HTTP/1.1" 404 100819 "-" "Mozilla/5.0 (Windows NT 10.0; Win64; x64) AppleWebKit/537.36 (KHTML, like Gecko) Chrome/120.0.0.0 Safari/537.36"
20.226.7.189 - - [17/Aug/2026:17:11:15 -0600] "GET /wp-content/themes/wp-signup.php HTTP/1.1" 404 100819 "-" "Mozilla/5.0 (Windows NT 10.0; Win64; x64) AppleWebKit/537.36 (KHTML, like Gecko) Chrome/120.0.0.0 Safari/537.36"
20.226.7.189 - - [17/Aug/2026:17:11:16 -0600] "GET /wp-content/updraft/plugins-old/updraftplus/templates/wp-admin/data.php HTTP/1.1" 404 100819 "-" "Mozilla/5.0 (Windows NT 10.0; Win64; x64) AppleWebKit/537.36 (KHTML, like Gecko) Chrome/120.0.0.0 Safari/537.36"
20.226.7.189 - - [17/Aug/2026:17:11:17 -0600] "GET /wp-content/uploads/2023/11/ HTTP/1.1" 404 100819 "-" "Mozilla/5.0 (Windows NT 10.0; Win64; x64) AppleWebKit/537.36 (KHTML, like Gecko) Chrome/120.0.0.0 Safari/537.36"
20.226.7.189 - - [17/Aug/2026:17:11:19 -0600] "GET /wp-content/uploads/about.php HTTP/1.1" 404 100819 "-" "Mozilla/5.0 (Windows NT 10.0; Win64; x64) AppleWebKit/537.36 (KHTML, like Gecko) Chrome/120.0.0.0 Safari/537.36"
20.226.7.189 - - [17/Aug/2026:17:11:20 -0600] "GET /wp-content/uploads/admin.php HTTP/1.1" 404 100819 "-" "Mozilla/5.0 (Windows NT 10.0; Win64; x64) AppleWebKit/537.36 (KHTML, like Gecko) Chrome/120.0.0.0 Safari/537.36"
20.226.7.189 - - [17/Aug/2026:17:11:21 -0600] "GET /wp-content/uploads/api.php HTTP/1.1" 404 100819 "-" "Mozilla/5.0 (Windows NT 10.0; Win64; x64) AppleWebKit/537.36 (KHTML, like Gecko) Chrome/120.0.0.0 Safari/537.36"
20.226.7.189 - - [17/Aug/2026:17:11:23 -0600] "GET /wp-content/uploads/core.php HTTP/1.1" 404 100819 "-" "Mozilla/5.0 (Windows NT 10.0; Win64; x64) AppleWebKit/537.36 (KHTML, like Gecko) Chrome/120.0.0.0 Safari/537.36"
20.226.7.189 - - [17/Aug/2026:17:11:24 -0600] "GET /wp-content/uploads/data.php HTTP/1.1" 404 100819 "-" "Mozilla/5.0 (Windows NT 10.0; Win64; x64) AppleWebKit/537.36 (KHTML, like Gecko) Chrome/120.0.0.0 Safari/537.36"
20.226.7.189 - - [17/Aug/2026:17:11:26 -0600] "GET /wp-content/uploads/db-status.php HTTP/1.1" 404 100819 "-" "Mozilla/5.0 (Windows NT 10.0; Win64; x64) AppleWebKit/537.36 (KHTML, like Gecko) Chrome/120.0.0.0 Safari/537.36"
20.226.7.189 - - [17/Aug/2026:17:11:27 -0600] "GET /wp-content/uploads/index.php HTTP/1.1" 301 - "-" "Mozilla/5.0 (Windows NT 10.0; Win64; x64) AppleWebKit/537.36 (KHTML, like Gecko) Chrome/120.0.0.0 Safari/537.36"
20.226.7.189 - - [17/Aug/2026:17:11:28 -0600] "GET /wp-content/uploads/load.php HTTP/1.1" 404 100819 "-" "Mozilla/5.0 (Windows NT 10.0; Win64; x64) AppleWebKit/537.36 (KHTML, like Gecko) Chrome/120.0.0.0 Safari/537.36"
20.226.7.189 - - [17/Aug/2026:17:11:29 -0600] "GET /wp-content/uploads/maintenance.php HTTP/1.1" 404 100819 "-" "Mozilla/5.0 (Windows NT 10.0; Win64; x64) AppleWebKit/537.36 (KHTML, like Gecko) Chrome/120.0.0.0 Safari/537.36"
20.226.7.189 - - [17/Aug/2026:17:11:31 -0600] "GET /wp-content/uploads/min.php HTTP/1.1" 404 100819 "-" "Mozilla/5.0 (Windows NT 10.0; Win64; x64) AppleWebKit/537.36 (KHTML, like Gecko) Chrome/120.0.0.0 Safari/537.36"
20.226.7.189 - - [17/Aug/2026:17:11:32 -0600] "GET /wp-content/uploads/ms-files.php HTTP/1.1" 404 100819 "-" "Mozilla/5.0 (Windows NT 10.0; Win64; x64) AppleWebKit/537.36 (KHTML, like Gecko) Chrome/120.0.0.0 Safari/537.36"
20.226.7.189 - - [17/Aug/2026:17:11:33 -0600] "GET /wp-content/uploads/options.php HTTP/1.1" 404 100819 "-" "Mozilla/5.0 (Windows NT 10.0; Win64; x64) AppleWebKit/537.36 (KHTML, like Gecko) Chrome/120.0.0.0 Safari/537.36"
20.226.7.189 - - [17/Aug/2026:17:11:35 -0600] "GET /wp-content/uploads/security.php HTTP/1.1" 404 100819 "-" "Mozilla/5.0 (Windows NT 10.0; Win64; x64) AppleWebKit/537.36 (KHTML, like Gecko) Chrome/120.0.0.0 Safari/537.36"
20.226.7.189 - - [17/Aug/2026:17:11:36 -0600] "GET /wp-content/uploads/test.php HTTP/1.1" 404 100819 "-" "Mozilla/5.0 (Windows NT 10.0; Win64; x64) AppleWebKit/537.36 (KHTML, like Gecko) Chrome/120.0.0.0 Safari/537.36"
20.226.7.189 - - [17/Aug/2026:17:11:37 -0600] "GET /wp-content/uploads/users.php HTTP/1.1" 404 100819 "-" "Mozilla/5.0 (Windows NT 10.0; Win64; x64) AppleWebKit/537.36 (KHTML, like Gecko) Chrome/120.0.0.0 Safari/537.36"
20.226.7.189 - - [17/Aug/2026:17:11:39 -0600] "GET /wp-content/uploads/wp-blog-header.php HTTP/1.1" 404 100819 "-" "Mozilla/5.0 (Windows NT 10.0; Win64; x64) AppleWebKit/537.36 (KHTML, like Gecko) Chrome/120.0.0.0 Safari/537.36"
20.226.7.189 - - [17/Aug/2026:17:11:40 -0600] "GET /wp-content/uploads/wp-mail.php HTTP/1.1" 404 100819 "-" "Mozilla/5.0 (Windows NT 10.0; Win64; x64) AppleWebKit/537.36 (KHTML, like Gecko) Chrome/120.0.0.0 Safari/537.36"
20.226.7.189 - - [17/Aug/2026:17:11:41 -0600] "GET /wp-content/uploads/wp-signup.php HTTP/1.1" 404 100819 "-" "Mozilla/5.0 (Windows NT 10.0; Win64; x64) AppleWebKit/537.36 (KHTML, like Gecko) Chrome/120.0.0.0 Safari/537.36"
20.226.7.189 - - [17/Aug/2026:17:11:43 -0600] "GET /wp-content/uploads/xmlrpc.php HTTP/1.1" 404 100819 "-" "Mozilla/5.0 (Windows NT 10.0; Win64; x64) AppleWebKit/537.36 (KHTML, like Gecko) Chrome/120.0.0.0 Safari/537.36"
162.215.171.210 - - [17/Aug/2026:17:11:44 -0600] "POST /wp-cron.php?doing_wp_cron=1787008304.0122098922729492187500 HTTP/1.1" 200 - "-" "WordPress/7.0.4; https://swansondentalgroupreno.com"
20.226.7.189 - - [17/Aug/2026:17:11:45 -0600] "GET /wp-content/wp-cron.php HTTP/1.1" 404 100819 "-" "Mozilla/5.0 (Windows NT 10.0; Win64; x64) AppleWebKit/537.36 (KHTML, like Gecko) Chrome/120.0.0.0 Safari/537.36"
20.226.7.189 - - [17/Aug/2026:17:11:46 -0600] "GET /wp-content/wp-mail.php HTTP/1.1" 404 100819 "-" "Mozilla/5.0 (Windows NT 10.0; Win64; x64) AppleWebKit/537.36 (KHTML, like Gecko) Chrome/120.0.0.0 Safari/537.36"
20.226.7.189 - - [17/Aug/2026:17:11:48 -0600] "GET /wp-content/xmlrpc.php HTTP/1.1" 404 100819 "-" "Mozilla/5.0 (Windows NT 10.0; Win64; x64) AppleWebKit/537.36 (KHTML, like Gecko) Chrome/120.0.0.0 Safari/537.36"
20.226.7.189 - - [17/Aug/2026:17:11:49 -0600] "GET /wp-includes/api.php HTTP/1.1" 404 100819 "-" "Mozilla/5.0 (Windows NT 10.0; Win64; x64) AppleWebKit/537.36 (KHTML, like Gecko) Chrome/120.0.0.0 Safari/537.36"
20.226.7.189 - - [17/Aug/2026:17:11:50 -0600] "GET /wp-includes/assets/script-loader.php HTTP/1.1" 404 100819 "-" "Mozilla/5.0 (Windows NT 10.0; Win64; x64) AppleWebKit/537.36 (KHTML, like Gecko) Chrome/120.0.0.0 Safari/537.36"
20.226.7.189 - - [17/Aug/2026:17:11:52 -0600] "GET /wp-includes/blocks/comment-template/ HTTP/1.1" 404 100819 "-" "Mozilla/5.0 (Windows NT 10.0; Win64; x64) AppleWebKit/537.36 (KHTML, like Gecko) Chrome/120.0.0.0 Safari/537.36"
20.226.7.189 - - [17/Aug/2026:17:11:53 -0600] "GET /wp-includes/blocks/heading/ HTTP/1.1" 404 100819 "-" "Mozilla/5.0 (Windows NT 10.0; Win64; x64) AppleWebKit/537.36 (KHTML, like Gecko) Chrome/120.0.0.0 Safari/537.36"
162.215.171.210 - - [17/Aug/2026:17:11:56 -0600] "POST /wp-cron.php?doing_wp_cron=1787008316.2006978988647460937500 HTTP/1.1" 200 - "-" "WordPress/7.0.4; https://swansondentalgroupreno.com"
20.226.7.189 - - [17/Aug/2026:17:11:55 -0600] "GET /wp-includes/blocks/heading/min.php HTTP/1.1" 404 100819 "-" "Mozilla/5.0 (Windows NT 10.0; Win64; x64) AppleWebKit/537.36 (KHTML, like Gecko) Chrome/120.0.0.0 Safari/537.36"
20.226.7.189 - - [17/Aug/2026:17:11:57 -0600] "GET /wp-includes/config.php HTTP/1.1" 404 100819 "-" "Mozilla/5.0 (Windows NT 10.0; Win64; x64) AppleWebKit/537.36 (KHTML, like Gecko) Chrome/120.0.0.0 Safari/537.36"
20.226.7.189 - - [17/Aug/2026:17:11:58 -0600] "GET /wp-includes/css/dist/ HTTP/1.1" 404 100819 "-" "Mozilla/5.0 (Windows NT 10.0; Win64; x64) AppleWebKit/537.36 (KHTML, like Gecko) Chrome/120.0.0.0 Safari/537.36"
20.226.7.189 - - [17/Aug/2026:17:11:59 -0600] "GET /wp-includes/css/index.php HTTP/1.1" 301 - "-" "Mozilla/5.0 (Windows NT 10.0; Win64; x64) AppleWebKit/537.36 (KHTML, like Gecko) Chrome/120.0.0.0 Safari/537.36"
20.226.7.189 - - [17/Aug/2026:17:12:00 -0600] "GET /wp-includes/css/min.php HTTP/1.1" 404 100819 "-" "Mozilla/5.0 (Windows NT 10.0; Win64; x64) AppleWebKit/537.36 (KHTML, like Gecko) Chrome/120.0.0.0 Safari/537.36"
20.226.7.189 - - [17/Aug/2026:17:12:02 -0600] "GET /wp-includes/css/wp-login.php HTTP/1.1" 404 100819 "-" "Mozilla/5.0 (Windows NT 10.0; Win64; x64) AppleWebKit/537.36 (KHTML, like Gecko) Chrome/120.0.0.0 Safari/537.36"
20.226.7.189 - - [17/Aug/2026:17:12:03 -0600] "GET /wp-includes/id3/about.php HTTP/1.1" 404 100819 "-" "Mozilla/5.0 (Windows NT 10.0; Win64; x64) AppleWebKit/537.36 (KHTML, like Gecko) Chrome/120.0.0.0 Safari/537.36"
20.226.7.189 - - [17/Aug/2026:17:12:05 -0600] "GET /wp-includes/id3/index.php HTTP/1.1" 301 - "-" "Mozilla/5.0 (Windows NT 10.0; Win64; x64) AppleWebKit/537.36 (KHTML, like Gecko) Chrome/120.0.0.0 Safari/537.36"
20.226.7.189 - - [17/Aug/2026:17:12:06 -0600] "GET /wp-includes/id3/min.php HTTP/1.1" 404 100819 "-" "Mozilla/5.0 (Windows NT 10.0; Win64; x64) AppleWebKit/537.36 (KHTML, like Gecko) Chrome/120.0.0.0 Safari/537.36"
20.226.7.189 - - [17/Aug/2026:17:12:07 -0600] "GET /wp-includes/images/smilies/ HTTP/1.1" 404 100819 "-" "Mozilla/5.0 (Windows NT 10.0; Win64; x64) AppleWebKit/537.36 (KHTML, like Gecko) Chrome/120.0.0.0 Safari/537.36"
20.226.7.189 - - [17/Aug/2026:17:12:09 -0600] "GET /wp-includes/images/smilies/about.php HTTP/1.1" 404 100819 "-" "Mozilla/5.0 (Windows NT 10.0; Win64; x64) AppleWebKit/537.36 (KHTML, like Gecko) Chrome/120.0.0.0 Safari/537.36"
20.226.7.189 - - [17/Aug/2026:17:12:11 -0600] "GET /wp-includes/ixr/min.php HTTP/1.1" 404 100819 "-" "Mozilla/5.0 (Windows NT 10.0; Win64; x64) AppleWebKit/537.36 (KHTML, like Gecko) Chrome/120.0.0.0 Safari/537.36"
20.226.7.189 - - [17/Aug/2026:17:12:12 -0600] "GET /wp-includes/ixr/wp-login.php HTTP/1.1" 404 100819 "-" "Mozilla/5.0 (Windows NT 10.0; Win64; x64) AppleWebKit/537.36 (KHTML, like Gecko) Chrome/120.0.0.0 Safari/537.36"
20.226.7.189 - - [17/Aug/2026:17:12:13 -0600] "GET /wp-includes/js/tinymce/plugins/compat3x/css/ HTTP/1.1" 404 100819 "-" "Mozilla/5.0 (Windows NT 10.0; Win64; x64) AppleWebKit/537.36 (KHTML, like Gecko) Chrome/120.0.0.0 Safari/537.36"
20.226.7.189 - - [17/Aug/2026:17:12:15 -0600] "GET /wp-includes/js/tinymce/plugins/compat3x/css/min.php HTTP/1.1" 404 100819 "-" "Mozilla/5.0 (Windows NT 10.0; Win64; x64) AppleWebKit/537.36 (KHTML, like Gecko) Chrome/120.0.0.0 Safari/537.36"
20.226.7.189 - - [17/Aug/2026:17:12:16 -0600] "GET /wp-includes/js/tinymce/plugins/data.php HTTP/1.1" 404 100819 "-" "Mozilla/5.0 (Windows NT 10.0; Win64; x64) AppleWebKit/537.36 (KHTML, like Gecko) Chrome/120.0.0.0 Safari/537.36"
20.226.7.189 - - [17/Aug/2026:17:12:17 -0600] "GET /wp-includes/js/tinymce/plugins/plugin-install.php HTTP/1.1" 404 100819 "-" "Mozilla/5.0 (Windows NT 10.0; Win64; x64) AppleWebKit/537.36 (KHTML, like Gecko) Chrome/120.0.0.0 Safari/537.36"
20.226.7.189 - - [17/Aug/2026:17:12:19 -0600] "GET /wp-includes/js/tinymce/plugins/users.php HTTP/1.1" 404 100819 "-" "Mozilla/5.0 (Windows NT 10.0; Win64; x64) AppleWebKit/537.36 (KHTML, like Gecko) Chrome/120.0.0.0 Safari/537.36"
20.226.7.189 - - [17/Aug/2026:17:12:21 -0600] "GET /wp-includes/js/tinymce/themes/ HTTP/1.1" 404 100819 "-" "Mozilla/5.0 (Windows NT 10.0; Win64; x64) AppleWebKit/537.36 (KHTML, like Gecko) Chrome/120.0.0.0 Safari/537.36"
20.226.7.189 - - [17/Aug/2026:17:12:22 -0600] "GET /wp-includes/js/tinymce/themes/config.php HTTP/1.1" 404 100819 "-" "Mozilla/5.0 (Windows NT 10.0; Win64; x64) AppleWebKit/537.36 (KHTML, like Gecko) Chrome/120.0.0.0 Safari/537.36"
20.226.7.189 - - [17/Aug/2026:17:12:24 -0600] "GET /wp-includes/js/tinymce/themes/db-status.php HTTP/1.1" 404 100819 "-" "Mozilla/5.0 (Windows NT 10.0; Win64; x64) AppleWebKit/537.36 (KHTML, like Gecko) Chrome/120.0.0.0 Safari/537.36"
20.226.7.189 - - [17/Aug/2026:17:12:25 -0600] "GET /wp-includes/js/tinymce/themes/inlite/ HTTP/1.1" 404 100819 "-" "Mozilla/5.0 (Windows NT 10.0; Win64; x64) AppleWebKit/537.36 (KHTML, like Gecko) Chrome/120.0.0.0 Safari/537.36"
20.226.7.189 - - [17/Aug/2026:17:12:27 -0600] "GET /wp-includes/js/tinymce/themes/login.php HTTP/1.1" 404 100819 "-" "Mozilla/5.0 (Windows NT 10.0; Win64; x64) AppleWebKit/537.36 (KHTML, like Gecko) Chrome/120.0.0.0 Safari/537.36"
20.226.7.189 - - [17/Aug/2026:17:12:28 -0600] "GET /wp-includes/js/tinymce/themes/panel.php HTTP/1.1" 404 100819 "-" "Mozilla/5.0 (Windows NT 10.0; Win64; x64) AppleWebKit/537.36 (KHTML, like Gecko) Chrome/120.0.0.0 Safari/537.36"
20.226.7.189 - - [17/Aug/2026:17:12:29 -0600] "GET /wp-includes/js/tinymce/themes/xmlrpc.php HTTP/1.1" 404 100819 "-" "Mozilla/5.0 (Windows NT 10.0; Win64; x64) AppleWebKit/537.36 (KHTML, like Gecko) Chrome/120.0.0.0 Safari/537.36"
20.226.7.189 - - [17/Aug/2026:17:12:31 -0600] "GET /wp-includes/languages/wp/ HTTP/1.1" 404 100819 "-" "Mozilla/5.0 (Windows NT 10.0; Win64; x64) AppleWebKit/537.36 (KHTML, like Gecko) Chrome/120.0.0.0 Safari/537.36"
20.226.7.189 - - [17/Aug/2026:17:12:32 -0600] "GET /wp-includes/load.php HTTP/1.1" 200 - "-" "Mozilla/5.0 (Windows NT 10.0; Win64; x64) AppleWebKit/537.36 (KHTML, like Gecko) Chrome/120.0.0.0 Safari/537.36"
20.226.7.189 - - [17/Aug/2026:17:12:32 -0600] "GET /wp-includes/login.php HTTP/1.1" 404 100819 "-" "Mozilla/5.0 (Windows NT 10.0; Win64; x64) AppleWebKit/537.36 (KHTML, like Gecko) Chrome/120.0.0.0 Safari/537.36"
20.226.7.189 - - [17/Aug/2026:17:12:34 -0600] "GET /wp-includes/min.php HTTP/1.1" 404 100819 "-" "Mozilla/5.0 (Windows NT 10.0; Win64; x64) AppleWebKit/537.36 (KHTML, like Gecko) Chrome/120.0.0.0 Safari/537.36"
20.226.7.189 - - [17/Aug/2026:17:12:35 -0600] "GET /wp-includes/options.php HTTP/1.1" 404 100819 "-" "Mozilla/5.0 (Windows NT 10.0; Win64; x64) AppleWebKit/537.36 (KHTML, like Gecko) Chrome/120.0.0.0 Safari/537.36"
20.226.7.189 - - [17/Aug/2026:17:12:37 -0600] "GET /wp-includes/plugin-install.php HTTP/1.1" 404 100819 "-" "Mozilla/5.0 (Windows NT 10.0; Win64; x64) AppleWebKit/537.36 (KHTML, like Gecko) Chrome/120.0.0.0 Safari/537.36"
20.226.7.189 - - [17/Aug/2026:17:12:38 -0600] "GET /wp-includes/radio.php HTTP/1.1" 404 100819 "-" "Mozilla/5.0 (Windows NT 10.0; Win64; x64) AppleWebKit/537.36 (KHTML, like Gecko) Chrome/120.0.0.0 Safari/537.36"
20.226.7.189 - - [17/Aug/2026:17:12:39 -0600] "GET /wp-includes/random_compat/bala.php HTTP/1.1" 404 100819 "-" "Mozilla/5.0 (Windows NT 10.0; Win64; x64) AppleWebKit/537.36 (KHTML, like Gecko) Chrome/120.0.0.0 Safari/537.36"
20.226.7.189 - - [17/Aug/2026:17:12:41 -0600] "GET /wp-includes/requests/transport/ HTTP/1.1" 404 100819 "-" "Mozilla/5.0 (Windows NT 10.0; Win64; x64) AppleWebKit/537.36 (KHTML, like Gecko) Chrome/120.0.0.0 Safari/537.36"
20.226.7.189 - - [17/Aug/2026:17:12:42 -0600] "GET /wp-includes/simplepie/library/simplepie/about.php HTTP/1.1" 404 100819 "-" "Mozilla/5.0 (Windows NT 10.0; Win64; x64) AppleWebKit/537.36 (KHTML, like Gecko) Chrome/120.0.0.0 Safari/537.36"
20.226.7.189 - - [17/Aug/2026:17:12:44 -0600] "GET /wp-includes/simplepie/library/simplepie/min.php HTTP/1.1" 404 100819 "-" "Mozilla/5.0 (Windows NT 10.0; Win64; x64) AppleWebKit/537.36 (KHTML, like Gecko) Chrome/120.0.0.0 Safari/537.36"
20.226.7.189 - - [17/Aug/2026:17:12:46 -0600] "GET /wp-includes/text/diff/renderer/ HTTP/1.1" 404 100819 "-" "Mozilla/5.0 (Windows NT 10.0; Win64; x64) AppleWebKit/537.36 (KHTML, like Gecko) Chrome/120.0.0.0 Safari/537.36"
20.226.7.189 - - [17/Aug/2026:17:12:47 -0600] "GET /wp-includes/text/diff/renderer/install.php HTTP/1.1" 404 100819 "-" "Mozilla/5.0 (Windows NT 10.0; Win64; x64) AppleWebKit/537.36 (KHTML, like Gecko) Chrome/120.0.0.0 Safari/537.36"
20.226.7.189 - - [17/Aug/2026:17:12:49 -0600] "GET /wp-includes/themes.php HTTP/1.1" 404 100819 "-" "Mozilla/5.0 (Windows NT 10.0; Win64; x64) AppleWebKit/537.36 (KHTML, like Gecko) Chrome/120.0.0.0 Safari/537.36"
20.226.7.189 - - [17/Aug/2026:17:12:50 -0600] "GET /wp-includes/themes/plugin-install.php HTTP/1.1" 404 100819 "-" "Mozilla/5.0 (Windows NT 10.0; Win64; x64) AppleWebKit/537.36 (KHTML, like Gecko) Chrome/120.0.0.0 Safari/537.36"
20.226.7.189 - - [17/Aug/2026:17:12:52 -0600] "GET /wp-includes/widgets/index.php HTTP/1.1" 301 - "-" "Mozilla/5.0 (Windows NT 10.0; Win64; x64) AppleWebKit/537.36 (KHTML, like Gecko) Chrome/120.0.0.0 Safari/537.36"
20.226.7.189 - - [17/Aug/2026:17:12:53 -0600] "GET /wp-includes/widgets/min.php HTTP/1.1" 404 100819 "-" "Mozilla/5.0 (Windows NT 10.0; Win64; x64) AppleWebKit/537.36 (KHTML, like Gecko) Chrome/120.0.0.0 Safari/537.36"
20.226.7.189 - - [17/Aug/2026:17:12:54 -0600] "GET /wp-includes/wp-cron.php HTTP/1.1" 404 100819 "-" "Mozilla/5.0 (Windows NT 10.0; Win64; x64) AppleWebKit/537.36 (KHTML, like Gecko) Chrome/120.0.0.0 Safari/537.36"
162.215.171.210 - - [17/Aug/2026:17:12:57 -0600] "POST /wp-cron.php?doing_wp_cron=1787008377.0097820758819580078125 HTTP/1.1" 200 - "-" "WordPress/7.0.4; https://swansondentalgroupreno.com"
20.226.7.189 - - [17/Aug/2026:17:12:56 -0600] "GET /wp-includes/wp-links-opml.php HTTP/1.1" 404 100819 "-" "Mozilla/5.0 (Windows NT 10.0; Win64; x64) AppleWebKit/537.36 (KHTML, like Gecko) Chrome/120.0.0.0 Safari/537.36"
20.226.7.189 - - [17/Aug/2026:17:12:57 -0600] "GET /wp-login.php HTTP/1.1" 200 7125 "-" "Mozilla/5.0 (Windows NT 10.0; Win64; x64) AppleWebKit/537.36 (KHTML, like Gecko) Chrome/120.0.0.0 Safari/537.36"
20.226.7.189 - - [17/Aug/2026:17:12:59 -0600] "GET /wp-rss.php HTTP/1.1" 301 - "-" "Mozilla/5.0 (Windows NT 10.0; Win64; x64) AppleWebKit/537.36 (KHTML, like Gecko) Chrome/120.0.0.0 Safari/537.36"
20.226.7.189 - - [17/Aug/2026:17:13:00 -0600] "GET /wp-setting.php HTTP/1.1" 404 100819 "-" "Mozilla/5.0 (Windows NT 10.0; Win64; x64) AppleWebKit/537.36 (KHTML, like Gecko) Chrome/120.0.0.0 Safari/537.36"
45.131.195.232 - - [17/Aug/2026:17:13:01 -0600] "POST /wp-login.php HTTP/1.1" 200 7558 "-" "Mozilla/5.0 (Windows NT 10.0; Win64; x64) AppleWebKit/537.36 Chrome/129.0.0.0 Safari/537.36"
185.198.240.191 - - [17/Aug/2026:17:13:01 -0600] "POST /wp-login.php HTTP/1.1" 200 7497 "-" "Mozilla/5.0 (Macintosh; Intel Mac OS X 10_15_7) AppleWebKit/605.1.15 Version/17.0 Safari/605.1.15"
185.198.240.18 - - [17/Aug/2026:17:13:01 -0600] "POST /wp-login.php HTTP/1.1" 200 7554 "-" "Mozilla/5.0 (Windows NT 10.0; Win64; x64) AppleWebKit/537.36 Chrome/129.0.0.0 Safari/537.36"
20.226.7.189 - - [17/Aug/2026:17:13:01 -0600] "GET /wp/wp-admin/includes/wp-admin/ HTTP/1.1" 404 100819 "-" "Mozilla/5.0 (Windows NT 10.0; Win64; x64) AppleWebKit/537.36 (KHTML, like Gecko) Chrome/120.0.0.0 Safari/537.36"
185.198.240.212 - - [17/Aug/2026:17:13:01 -0600] "POST /wp-login.php HTTP/1.1" 200 7501 "-" "Mozilla/5.0 (Windows NT 10.0; Win64; rv:143.0) Gecko/20100101 Firefox/143.0"
185.198.240.189 - - [17/Aug/2026:17:13:01 -0600] "POST /wp-login.php HTTP/1.1" 200 7554 "-" "Mozilla/5.0 (Windows NT 10.0; Win64; rv:143.0) Gecko/20100101 Firefox/143.0"
20.226.7.189 - - [17/Aug/2026:17:13:03 -0600] "GET /wp/wp-content/themes/f6pe9wcj/ HTTP/1.1" 404 100819 "-" "Mozilla/5.0 (Windows NT 10.0; Win64; x64) AppleWebKit/537.36 (KHTML, like Gecko) Chrome/120.0.0.0 Safari/537.36"
20.226.7.189 - - [17/Aug/2026:17:13:04 -0600] "GET /wpr-addons/forms/b1ack.php HTTP/1.1" 404 100819 "-" "Mozilla/5.0 (Windows NT 10.0; Win64; x64) AppleWebKit/537.36 (KHTML, like Gecko) Chrome/120.0.0.0 Safari/537.36"
20.226.7.189 - - [17/Aug/2026:17:13:06 -0600] "GET /x.php HTTP/1.1" 404 100819 "-" "Mozilla/5.0 (Windows NT 10.0; Win64; x64) AppleWebKit/537.36 (KHTML, like Gecko) Chrome/120.0.0.0 Safari/537.36"
20.226.7.189 - - [17/Aug/2026:17:13:07 -0600] "GET /yellow.php HTTP/1.1" 404 100819 "-" "Mozilla/5.0 (Windows NT 10.0; Win64; x64) AppleWebKit/537.36 (KHTML, like Gecko) Chrome/120.0.0.0 Safari/537.36"
20.226.7.189 - - [17/Aug/2026:17:13:08 -0600] "GET /.well-known/acme-challenge/post.php HTTP/1.1" 404 100819 "-" "Mozilla/5.0 (Windows NT 10.0; Win64; x64) AppleWebKit/537.36 (KHTML, like Gecko) Chrome/120.0.0.0 Safari/537.36"
20.226.7.189 - - [17/Aug/2026:17:13:10 -0600] "GET /.well-known/pki-validation/ HTTP/1.1" 404 100819 "-" "Mozilla/5.0 (Windows NT 10.0; Win64; x64) AppleWebKit/537.36 (KHTML, like Gecko) Chrome/120.0.0.0 Safari/537.36"
20.226.7.189 - - [17/Aug/2026:17:13:11 -0600] "GET /.well-known/pki-validation/about.php HTTP/1.1" 404 100819 "-" "Mozilla/5.0 (Windows NT 10.0; Win64; x64) AppleWebKit/537.36 (KHTML, like Gecko) Chrome/120.0.0.0 Safari/537.36"
20.226.7.189 - - [17/Aug/2026:17:13:12 -0600] "GET /post.php HTTP/1.1" 404 100819 "-" "Mozilla/5.0 (Windows NT 10.0; Win64; x64) AppleWebKit/537.36 (KHTML, like Gecko) Chrome/120.0.0.0 Safari/537.36"
20.226.7.189 - - [17/Aug/2026:17:13:14 -0600] "GET /flower.php HTTP/1.1" 404 100819 "-" "Mozilla/5.0 (Windows NT 10.0; Win64; x64) AppleWebKit/537.36 (KHTML, like Gecko) Chrome/120.0.0.0 Safari/537.36"
20.226.7.189 - - [17/Aug/2026:17:13:15 -0600] "GET /autoload_classmap.php HTTP/1.1" 404 100819 "-" "Mozilla/5.0 (Windows NT 10.0; Win64; x64) AppleWebKit/537.36 (KHTML, like Gecko) Chrome/120.0.0.0 Safari/537.36"
20.226.7.189 - - [17/Aug/2026:17:13:17 -0600] "GET /classwithtostring.php HTTP/1.1" 404 100819 "-" "Mozilla/5.0 (Windows NT 10.0; Win64; x64) AppleWebKit/537.36 (KHTML, like Gecko) Chrome/120.0.0.0 Safari/537.36"
20.226.7.189 - - [17/Aug/2026:17:13:18 -0600] "GET /jp.php HTTP/1.1" 404 100819 "-" "Mozilla/5.0 (Windows NT 10.0; Win64; x64) AppleWebKit/537.36 (KHTML, like Gecko) Chrome/120.0.0.0 Safari/537.36"
20.226.7.189 - - [17/Aug/2026:17:13:20 -0600] "GET /wp-admin/css/wp-login.php HTTP/1.1" 404 100819 "-" "Mozilla/5.0 (Windows NT 10.0; Win64; x64) AppleWebKit/537.36 (KHTML, like Gecko) Chrome/120.0.0.0 Safari/537.36"
20.226.7.189 - - [17/Aug/2026:17:13:21 -0600] "GET /wp-admin/js/about.php HTTP/1.1" 404 100819 "-" "Mozilla/5.0 (Windows NT 10.0; Win64; x64) AppleWebKit/537.36 (KHTML, like Gecko) Chrome/120.0.0.0 Safari/537.36"
20.226.7.189 - - [17/Aug/2026:17:13:22 -0600] "GET /wp-admin/js/index.php HTTP/1.1" 301 - "-" "Mozilla/5.0 (Windows NT 10.0; Win64; x64) AppleWebKit/537.36 (KHTML, like Gecko) Chrome/120.0.0.0 Safari/537.36"
20.226.7.189 - - [17/Aug/2026:17:13:23 -0600] "GET /wp-mail.php HTTP/1.1" 403 2546 "-" "Mozilla/5.0 (Windows NT 10.0; Win64; x64) AppleWebKit/537.36 (KHTML, like Gecko) Chrome/120.0.0.0 Safari/537.36"
20.226.7.189 - - [17/Aug/2026:17:13:25 -0600] "GET /abe.php HTTP/1.1" 404 100819 "-" "Mozilla/5.0 (Windows NT 10.0; Win64; x64) AppleWebKit/537.36 (KHTML, like Gecko) Chrome/120.0.0.0 Safari/537.36"
20.226.7.189 - - [17/Aug/2026:17:13:26 -0600] "GET /admin/index_upload.php HTTP/1.1" 404 100819 "-" "Mozilla/5.0 (Windows NT 10.0; Win64; x64) AppleWebKit/537.36 (KHTML, like Gecko) Chrome/120.0.0.0 Safari/537.36"
20.226.7.189 - - [17/Aug/2026:17:13:28 -0600] "GET /admin/upload/css.php HTTP/1.1" 404 100819 "-" "Mozilla/5.0 (Windows NT 10.0; Win64; x64) AppleWebKit/537.36 (KHTML, like Gecko) Chrome/120.0.0.0 Safari/537.36"
20.226.7.189 - - [17/Aug/2026:17:13:29 -0600] "GET /al.php HTTP/1.1" 404 100819 "-" "Mozilla/5.0 (Windows NT 10.0; Win64; x64) AppleWebKit/537.36 (KHTML, like Gecko) Chrome/120.0.0.0 Safari/537.36"
20.226.7.189 - - [17/Aug/2026:17:13:31 -0600] "GET /baxa1.php HTTP/1.1" 404 100819 "-" "Mozilla/5.0 (Windows NT 10.0; Win64; x64) AppleWebKit/537.36 (KHTML, like Gecko) Chrome/120.0.0.0 Safari/537.36"
20.226.7.189 - - [17/Aug/2026:17:13:32 -0600] "GET /buy.php HTTP/1.1" 404 100819 "-" "Mozilla/5.0 (Windows NT 10.0; Win64; x64) AppleWebKit/537.36 (KHTML, like Gecko) Chrome/120.0.0.0 Safari/537.36"
20.226.7.189 - - [17/Aug/2026:17:13:33 -0600] "GET /cong.php HTTP/1.1" 404 100819 "-" "Mozilla/5.0 (Windows NT 10.0; Win64; x64) AppleWebKit/537.36 (KHTML, like Gecko) Chrome/120.0.0.0 Safari/537.36"
20.226.7.189 - - [17/Aug/2026:17:13:35 -0600] "GET /contact.php HTTP/1.1" 404 100819 "-" "Mozilla/5.0 (Windows NT 10.0; Win64; x64) AppleWebKit/537.36 (KHTML, like Gecko) Chrome/120.0.0.0 Safari/537.36"
20.226.7.189 - - [17/Aug/2026:17:13:36 -0600] "GET /cux.php HTTP/1.1" 404 100819 "-" "Mozilla/5.0 (Windows NT 10.0; Win64; x64) AppleWebKit/537.36 (KHTML, like Gecko) Chrome/120.0.0.0 Safari/537.36"
20.226.7.189 - - [17/Aug/2026:17:13:38 -0600] "GET /favicon.php HTTP/1.1" 404 100819 "-" "Mozilla/5.0 (Windows NT 10.0; Win64; x64) AppleWebKit/537.36 (KHTML, like Gecko) Chrome/120.0.0.0 Safari/537.36"
20.226.7.189 - - [17/Aug/2026:17:13:39 -0600] "GET /randkeyword.php HTTP/1.1" 404 100819 "-" "Mozilla/5.0 (Windows NT 10.0; Win64; x64) AppleWebKit/537.36 (KHTML, like Gecko) Chrome/120.0.0.0 Safari/537.36"
20.226.7.189 - - [17/Aug/2026:17:13:41 -0600] "GET /gebase.php HTTP/1.1" 404 100819 "-" "Mozilla/5.0 (Windows NT 10.0; Win64; x64) AppleWebKit/537.36 (KHTML, like Gecko) Chrome/120.0.0.0 Safari/537.36"
20.226.7.189 - - [17/Aug/2026:17:13:42 -0600] "GET /images/2008.php HTTP/1.1" 404 100819 "-" "Mozilla/5.0 (Windows NT 10.0; Win64; x64) AppleWebKit/537.36 (KHTML, like Gecko) Chrome/120.0.0.0 Safari/537.36"
20.226.7.189 - - [17/Aug/2026:17:13:43 -0600] "GET /images/c99.php HTTP/1.1" 404 100819 "-" "Mozilla/5.0 (Windows NT 10.0; Win64; x64) AppleWebKit/537.36 (KHTML, like Gecko) Chrome/120.0.0.0 Safari/537.36"
20.226.7.189 - - [17/Aug/2026:17:13:45 -0600] "GET /images/g3.php HTTP/1.1" 404 100819 "-" "Mozilla/5.0 (Windows NT 10.0; Win64; x64) AppleWebKit/537.36 (KHTML, like Gecko) Chrome/120.0.0.0 Safari/537.36"
20.226.7.189 - - [17/Aug/2026:17:13:46 -0600] "GET /img/omar.php.png HTTP/1.1" 404 100819 "-" "Mozilla/5.0 (Windows NT 10.0; Win64; x64) AppleWebKit/537.36 (KHTML, like Gecko) Chrome/120.0.0.0 Safari/537.36"
20.226.7.189 - - [17/Aug/2026:17:13:47 -0600] "GET /index/function.php HTTP/1.1" 404 100819 "-" "Mozilla/5.0 (Windows NT 10.0; Win64; x64) AppleWebKit/537.36 (KHTML, like Gecko) Chrome/120.0.0.0 Safari/537.36"
20.226.7.189 - - [17/Aug/2026:17:13:49 -0600] "GET /inputs.php HTTP/1.1" 404 100819 "-" "Mozilla/5.0 (Windows NT 10.0; Win64; x64) AppleWebKit/537.36 (KHTML, like Gecko) Chrome/120.0.0.0 Safari/537.36"
20.226.7.189 - - [17/Aug/2026:17:13:50 -0600] "GET /layout.php HTTP/1.1" 404 100819 "-" "Mozilla/5.0 (Windows NT 10.0; Win64; x64) AppleWebKit/537.36 (KHTML, like Gecko) Chrome/120.0.0.0 Safari/537.36"
20.226.7.189 - - [17/Aug/2026:17:13:51 -0600] "GET /randkeyword.PhP7 HTTP/1.1" 404 100819 "-" "Mozilla/5.0 (Windows NT 10.0; Win64; x64) AppleWebKit/537.36 (KHTML, like Gecko) Chrome/120.0.0.0 Safari/537.36"
20.226.7.189 - - [17/Aug/2026:17:13:53 -0600] "GET /text.php HTTP/1.1" 404 100819 "-" "Mozilla/5.0 (Windows NT 10.0; Win64; x64) AppleWebKit/537.36 (KHTML, like Gecko) Chrome/120.0.0.0 Safari/537.36"
20.226.7.189 - - [17/Aug/2026:17:13:54 -0600] "GET /tmp/.phpEsretb_zablokowane HTTP/1.1" 404 100819 "-" "Mozilla/5.0 (Windows NT 10.0; Win64; x64) AppleWebKit/537.36 (KHTML, like Gecko) Chrome/120.0.0.0 Safari/537.36"
20.226.7.189 - - [17/Aug/2026:17:13:55 -0600] "GET /upload.php HTTP/1.1" 404 100819 "-" "Mozilla/5.0 (Windows NT 10.0; Win64; x64) AppleWebKit/537.36 (KHTML, like Gecko) Chrome/120.0.0.0 Safari/537.36"
162.215.171.210 - - [17/Aug/2026:17:13:57 -0600] "POST /wp-cron.php?doing_wp_cron=1787008437.1806230545043945312500 HTTP/1.1" 200 - "-" "WordPress/7.0.4; https://swansondentalgroupreno.com"
20.226.7.189 - - [17/Aug/2026:17:13:58 -0600] "GET /upload/upload_cert.php HTTP/1.1" 404 100819 "-" "Mozilla/5.0 (Windows NT 10.0; Win64; x64) AppleWebKit/537.36 (KHTML, like Gecko) Chrome/120.0.0.0 Safari/537.36"
20.226.7.189 - - [17/Aug/2026:17:13:59 -0600] "GET /uploads/683584ibal.php.xxxjpg HTTP/1.1" 404 100819 "-" "Mozilla/5.0 (Windows NT 10.0; Win64; x64) AppleWebKit/537.36 (KHTML, like Gecko) Chrome/120.0.0.0 Safari/537.36"
20.226.7.189 - - [17/Aug/2026:17:14:01 -0600] "GET /uploads/angulu.php HTTP/1.1" 404 100819 "-" "Mozilla/5.0 (Windows NT 10.0; Win64; x64) AppleWebKit/537.36 (KHTML, like Gecko) Chrome/120.0.0.0 Safari/537.36"
20.226.7.189 - - [17/Aug/2026:17:14:02 -0600] "GET /uploads/phUploader.php HTTP/1.1" 404 100819 "-" "Mozilla/5.0 (Windows NT 10.0; Win64; x64) AppleWebKit/537.36 (KHTML, like Gecko) Chrome/120.0.0.0 Safari/537.36"
20.226.7.189 - - [17/Aug/2026:17:14:04 -0600] "GET /woh.php HTTP/1.1" 404 100819 "-" "Mozilla/5.0 (Windows NT 10.0; Win64; x64) AppleWebKit/537.36 (KHTML, like Gecko) Chrome/120.0.0.0 Safari/537.36"
20.226.7.189 - - [17/Aug/2026:17:14:05 -0600] "GET /wordpress/wp-content/uploads/_input_3_css.phtml HTTP/1.1" 404 100819 "-" "Mozilla/5.0 (Windows NT 10.0; Win64; x64) AppleWebKit/537.36 (KHTML, like Gecko) Chrome/120.0.0.0 Safari/537.36"
20.226.7.189 - - [17/Aug/2026:17:14:06 -0600] "GET /wp-admin/images/about.php HTTP/1.1" 404 100819 "-" "Mozilla/5.0 (Windows NT 10.0; Win64; x64) AppleWebKit/537.36 (KHTML, like Gecko) Chrome/120.0.0.0 Safari/537.36"
20.226.7.189 - - [17/Aug/2026:17:14:08 -0600] "GET /wp-admin/images/index.php HTTP/1.1" 301 - "-" "Mozilla/5.0 (Windows NT 10.0; Win64; x64) AppleWebKit/537.36 (KHTML, like Gecko) Chrome/120.0.0.0 Safari/537.36"
109.107.178.102 - - [17/Aug/2026:17:14:09 -0600] "POST /3f3f4fd7d554.php HTTP/1.1" 200 17 "-" "Mozilla/5.0 (X11; Linux i686) AppleWebKit/537.36 (KHTML, like Gecko) Chrome/51.0.2730.43 Safari/537.36"
20.226.7.189 - - [17/Aug/2026:17:14:09 -0600] "GET /wp-admin/images/wp-login.php HTTP/1.1" 404 100819 "-" "Mozilla/5.0 (Windows NT 10.0; Win64; x64) AppleWebKit/537.36 (KHTML, like Gecko) Chrome/120.0.0.0 Safari/537.36"
109.107.178.102 - - [17/Aug/2026:17:14:10 -0600] "GET /adman.501.txt HTTP/1.1" 200 6 "https://swansondentalgroupreno.com/3f3f4fd7d554.php" "Mozilla/5.0 (X11; Linux i686) AppleWebKit/537.36 (KHTML, like Gecko) Chrome/51.0.2730.43 Safari/537.36"
109.107.178.102 - - [17/Aug/2026:17:14:10 -0600] "POST /3f3f4fd7d554.php HTTP/1.1" 200 9 "https://swansondentalgroupreno.com/adman.501.txt" "Mozilla/5.0 (X11; Linux i686) AppleWebKit/537.36 (KHTML, like Gecko) Chrome/51.0.2730.43 Safari/537.36"
20.226.7.189 - - [17/Aug/2026:17:14:10 -0600] "GET /wp-admin/includes/about.php HTTP/1.1" 404 100819 "-" "Mozilla/5.0 (Windows NT 10.0; Win64; x64) AppleWebKit/537.36 (KHTML, like Gecko) Chrome/120.0.0.0 Safari/537.36"
109.107.178.102 - - [17/Aug/2026:17:14:11 -0600] "POST /3f3f4fd7d554.php HTTP/1.1" 200 9 "https://swansondentalgroupreno.com/3f3f4fd7d554.php" "Mozilla/5.0 (X11; Linux i686) AppleWebKit/537.36 (KHTML, like Gecko) Chrome/51.0.2730.43 Safari/537.36"
20.226.7.189 - - [17/Aug/2026:17:14:11 -0600] "GET /wp-admin/includes/admin-header.php HTTP/1.1" 404 100819 "-" "Mozilla/5.0 (Windows NT 10.0; Win64; x64) AppleWebKit/537.36 (KHTML, like Gecko) Chrome/120.0.0.0 Safari/537.36"
20.226.7.189 - - [17/Aug/2026:17:14:13 -0600] "GET /wp-admin/includes/logs.php HTTP/1.1" 404 100819 "-" "Mozilla/5.0 (Windows NT 10.0; Win64; x64) AppleWebKit/537.36 (KHTML, like Gecko) Chrome/120.0.0.0 Safari/537.36"
20.226.7.189 - - [17/Aug/2026:17:14:14 -0600] "GET /wp-admin/includes/media.php.INFECTED.php HTTP/1.1" 404 100819 "-" "Mozilla/5.0 (Windows NT 10.0; Win64; x64) AppleWebKit/537.36 (KHTML, like Gecko) Chrome/120.0.0.0 Safari/537.36"
109.107.178.102 - - [17/Aug/2026:17:14:15 -0600] "POST /3f3f4fd7d554.php HTTP/1.1" 200 9 "https://swansondentalgroupreno.com/3f3f4fd7d554.php" "Mozilla/5.0 (X11; Linux i686) AppleWebKit/537.36 (KHTML, like Gecko) Chrome/51.0.2730.43 Safari/537.36"
20.226.7.189 - - [17/Aug/2026:17:14:16 -0600] "GET /wp-admin/install.php HTTP/1.1" 200 1459 "-" "Mozilla/5.0 (Windows NT 10.0; Win64; x64) AppleWebKit/537.36 (KHTML, like Gecko) Chrome/120.0.0.0 Safari/537.36"
20.226.7.189 - - [17/Aug/2026:17:14:16 -0600] "GET /wp-admin/js/widgets/about.php7 HTTP/1.1" 404 100819 "-" "Mozilla/5.0 (Windows NT 10.0; Win64; x64) AppleWebKit/537.36 (KHTML, like Gecko) Chrome/120.0.0.0 Safari/537.36"
20.226.7.189 - - [17/Aug/2026:17:14:18 -0600] "GET /wp-admin/js/widgets/index.php HTTP/1.1" 301 - "-" "Mozilla/5.0 (Windows NT 10.0; Win64; x64) AppleWebKit/537.36 (KHTML, like Gecko) Chrome/120.0.0.0 Safari/537.36"
109.107.178.102 - - [17/Aug/2026:17:14:16 -0600] "POST /3f3f4fd7d554.php HTTP/1.1" 200 9 "https://swansondentalgroupreno.com/3f3f4fd7d554.php" "Mozilla/5.0 (X11; Linux i686) AppleWebKit/537.36 (KHTML, like Gecko) Chrome/51.0.2730.43 Safari/537.36"
20.226.7.189 - - [17/Aug/2026:17:14:19 -0600] "GET /wp-admin/network/about.php HTTP/1.1" 302 - "-" "Mozilla/5.0 (Windows NT 10.0; Win64; x64) AppleWebKit/537.36 (KHTML, like Gecko) Chrome/120.0.0.0 Safari/537.36"
109.107.178.102 - - [17/Aug/2026:17:14:20 -0600] "POST /3f3f4fd7d554.php HTTP/1.1" 200 9 "https://swansondentalgroupreno.com/3f3f4fd7d554.php" "Mozilla/5.0 (X11; Linux i686) AppleWebKit/537.36 (KHTML, like Gecko) Chrome/51.0.2730.43 Safari/537.36"
20.226.7.189 - - [17/Aug/2026:17:14:20 -0600] "GET /wp-admin/user/wp-login.php HTTP/1.1" 404 100819 "-" "Mozilla/5.0 (Windows NT 10.0; Win64; x64) AppleWebKit/537.36 (KHTML, like Gecko) Chrome/120.0.0.0 Safari/537.36"
20.226.7.189 - - [17/Aug/2026:17:14:22 -0600] "GET /wp-content/classwithtostring.php HTTP/1.1" 404 100819 "-" "Mozilla/5.0 (Windows NT 10.0; Win64; x64) AppleWebKit/537.36 (KHTML, like Gecko) Chrome/120.0.0.0 Safari/537.36"
20.226.7.189 - - [17/Aug/2026:17:14:23 -0600] "GET /wp-content/cong.php HTTP/1.1" 404 100819 "-" "Mozilla/5.0 (Windows NT 10.0; Win64; x64) AppleWebKit/537.36 (KHTML, like Gecko) Chrome/120.0.0.0 Safari/537.36"
20.226.7.189 - - [17/Aug/2026:17:14:25 -0600] "GET /wp-content/index.php.suspected HTTP/1.1" 404 100819 "-" "Mozilla/5.0 (Windows NT 10.0; Win64; x64) AppleWebKit/537.36 (KHTML, like Gecko) Chrome/120.0.0.0 Safari/537.36"
20.226.7.189 - - [17/Aug/2026:17:14:26 -0600] "GET /wp-content/layout.php HTTP/1.1" 404 100819 "-" "Mozilla/5.0 (Windows NT 10.0; Win64; x64) AppleWebKit/537.36 (KHTML, like Gecko) Chrome/120.0.0.0 Safari/537.36"
20.226.7.189 - - [17/Aug/2026:17:14:28 -0600] "GET /wp-content/plugins/0Rhsgxs8WrSRpDwUIbgQrf/src/ui/index.php HTTP/1.1" 301 - "-" "Mozilla/5.0 (Windows NT 10.0; Win64; x64) AppleWebKit/537.36 (KHTML, like Gecko) Chrome/120.0.0.0 Safari/537.36"
20.226.7.189 - - [17/Aug/2026:17:14:29 -0600] "GET /wp-content/plugins/0x5oFSRBaxEEW4WLAIJz80/src/ui/index.php HTTP/1.1" 301 - "-" "Mozilla/5.0 (Windows NT 10.0; Win64; x64) AppleWebKit/537.36 (KHTML, like Gecko) Chrome/120.0.0.0 Safari/537.36"
20.226.7.189 - - [17/Aug/2026:17:14:30 -0600] "GET /wp-content/plugins/duplicator/assets/about.php HTTP/1.1" 404 100819 "-" "Mozilla/5.0 (Windows NT 10.0; Win64; x64) AppleWebKit/537.36 (KHTML, like Gecko) Chrome/120.0.0.0 Safari/537.36"
20.226.7.189 - - [17/Aug/2026:17:14:31 -0600] "GET /wp-content/plugins/fix/up.php HTTP/1.1" 404 100819 "-" "Mozilla/5.0 (Windows NT 10.0; Win64; x64) AppleWebKit/537.36 (KHTML, like Gecko) Chrome/120.0.0.0 Safari/537.36"
20.226.7.189 - - [17/Aug/2026:17:14:33 -0600] "GET /wp-content/plugins/pwnd/gecko.php HTTP/1.1" 404 100819 "-" "Mozilla/5.0 (Windows NT 10.0; Win64; x64) AppleWebKit/537.36 (KHTML, like Gecko) Chrome/120.0.0.0 Safari/537.36"
20.226.7.189 - - [17/Aug/2026:17:14:35 -0600] "GET /wp-content/plugins/seoplugins/ HTTP/1.1" 404 100819 "-" "Mozilla/5.0 (Windows NT 10.0; Win64; x64) AppleWebKit/537.36 (KHTML, like Gecko) Chrome/120.0.0.0 Safari/537.36"
20.226.7.189 - - [17/Aug/2026:17:14:37 -0600] "GET /wp-content/plugins/wp-help/index.php HTTP/1.1" 301 - "-" "Mozilla/5.0 (Windows NT 10.0; Win64; x64) AppleWebKit/537.36 (KHTML, like Gecko) Chrome/120.0.0.0 Safari/537.36"
20.226.7.189 - - [17/Aug/2026:17:14:38 -0600] "GET /wp-content/themes/sketch/404.php HTTP/1.1" 404 100819 "-" "Mozilla/5.0 (Windows NT 10.0; Win64; x64) AppleWebKit/537.36 (KHTML, like Gecko) Chrome/120.0.0.0 Safari/537.36"
20.226.7.189 - - [17/Aug/2026:17:14:39 -0600] "GET /wp-content/themes/twentytwentythree/patterns/index.php HTTP/1.1" 301 - "-" "Mozilla/5.0 (Windows NT 10.0; Win64; x64) AppleWebKit/537.36 (KHTML, like Gecko) Chrome/120.0.0.0 Safari/537.36"
20.226.7.189 - - [17/Aug/2026:17:14:41 -0600] "GET /wp-content/themes/twentytwentytwo/index.php HTTP/1.1" 301 - "-" "Mozilla/5.0 (Windows NT 10.0; Win64; x64) AppleWebKit/537.36 (KHTML, like Gecko) Chrome/120.0.0.0 Safari/537.36"
20.226.7.189 - - [17/Aug/2026:17:14:42 -0600] "GET /wp-content/uploads/414.php HTTP/1.1" 404 100819 "-" "Mozilla/5.0 (Windows NT 10.0; Win64; x64) AppleWebKit/537.36 (KHTML, like Gecko) Chrome/120.0.0.0 Safari/537.36"
20.226.7.189 - - [17/Aug/2026:17:14:44 -0600] "GET /wp-content/uploads/gbaun.php HTTP/1.1" 404 100819 "-" "Mozilla/5.0 (Windows NT 10.0; Win64; x64) AppleWebKit/537.36 (KHTML, like Gecko) Chrome/120.0.0.0 Safari/537.36"
20.226.7.189 - - [17/Aug/2026:17:14:45 -0600] "GET /wp-content/uploads/themes.php HTTP/1.1" 404 100819 "-" "Mozilla/5.0 (Windows NT 10.0; Win64; x64) AppleWebKit/537.36 (KHTML, like Gecko) Chrome/120.0.0.0 Safari/537.36"
20.226.7.189 - - [17/Aug/2026:17:14:46 -0600] "GET /wp-content/uploads/wpr-addons/forms/RxRzhwix.php HTTP/1.1" 404 100819 "-" "Mozilla/5.0 (Windows NT 10.0; Win64; x64) AppleWebKit/537.36 (KHTML, like Gecko) Chrome/120.0.0.0 Safari/537.36"
20.226.7.189 - - [17/Aug/2026:17:14:48 -0600] "GET /wp-content/uploads/wpr-addons/forms/b1ack.php HTTP/1.1" 404 100819 "-" "Mozilla/5.0 (Windows NT 10.0; Win64; x64) AppleWebKit/537.36 (KHTML, like Gecko) Chrome/120.0.0.0 Safari/537.36"
20.226.7.189 - - [17/Aug/2026:17:14:50 -0600] "GET /wp-includes/ID3/about.php HTTP/1.1" 404 100819 "-" "Mozilla/5.0 (Windows NT 10.0; Win64; x64) AppleWebKit/537.36 (KHTML, like Gecko) Chrome/120.0.0.0 Safari/537.36"
20.226.7.189 - - [17/Aug/2026:17:14:51 -0600] "GET /wp-includes/IXR/index.php HTTP/1.1" 301 - "-" "Mozilla/5.0 (Windows NT 10.0; Win64; x64) AppleWebKit/537.36 (KHTML, like Gecko) Chrome/120.0.0.0 Safari/537.36"
20.226.7.189 - - [17/Aug/2026:17:14:52 -0600] "GET /wp-includes/Requests/about.php HTTP/1.1" 404 100819 "-" "Mozilla/5.0 (Windows NT 10.0; Win64; x64) AppleWebKit/537.36 (KHTML, like Gecko) Chrome/120.0.0.0 Safari/537.36"
20.226.7.189 - - [17/Aug/2026:17:14:54 -0600] "GET /wp-includes/SimplePie/Content/Type/index.php HTTP/1.1" 301 - "-" "Mozilla/5.0 (Windows NT 10.0; Win64; x64) AppleWebKit/537.36 (KHTML, like Gecko) Chrome/120.0.0.0 Safari/537.36"
20.226.7.189 - - [17/Aug/2026:17:14:54 -0600] "GET /wp-includes/SimplePie/autoload_classmap.php HTTP/1.1" 404 100819 "-" "Mozilla/5.0 (Windows NT 10.0; Win64; x64) AppleWebKit/537.36 (KHTML, like Gecko) Chrome/120.0.0.0 Safari/537.36"
20.226.7.189 - - [17/Aug/2026:17:14:56 -0600] "GET /wp-includes/SimplePie/cY5ipC.php HTTP/1.1" 404 100819 "-" "Mozilla/5.0 (Windows NT 10.0; Win64; x64) AppleWebKit/537.36 (KHTML, like Gecko) Chrome/120.0.0.0 Safari/537.36"
162.215.171.210 - - [17/Aug/2026:17:14:57 -0600] "POST /wp-cron.php?doing_wp_cron=1787008497.3180921077728271484375 HTTP/1.1" 200 - "-" "WordPress/7.0.4; https://swansondentalgroupreno.com"
20.226.7.189 - - [17/Aug/2026:17:14:58 -0600] "GET /wp-includes/SimplePie/index.php HTTP/1.1" 301 - "-" "Mozilla/5.0 (Windows NT 10.0; Win64; x64) AppleWebKit/537.36 (KHTML, like Gecko) Chrome/120.0.0.0 Safari/537.36"
20.226.7.189 - - [17/Aug/2026:17:14:59 -0600] "GET /wp-includes/Text/about.php HTTP/1.1" 404 100819 "-" "Mozilla/5.0 (Windows NT 10.0; Win64; x64) AppleWebKit/537.36 (KHTML, like Gecko) Chrome/120.0.0.0 Safari/537.36"
20.226.7.189 - - [17/Aug/2026:17:15:01 -0600] "GET /wp-includes/block-patterns/about.php HTTP/1.1" 404 100819 "-" "Mozilla/5.0 (Windows NT 10.0; Win64; x64) AppleWebKit/537.36 (KHTML, like Gecko) Chrome/120.0.0.0 Safari/537.36"
20.226.7.189 - - [17/Aug/2026:17:15:03 -0600] "GET /wp-includes/block-supports/index.php HTTP/1.1" 301 - "-" "Mozilla/5.0 (Windows NT 10.0; Win64; x64) AppleWebKit/537.36 (KHTML, like Gecko) Chrome/120.0.0.0 Safari/537.36"
20.226.7.189 - - [17/Aug/2026:17:15:04 -0600] "GET /wp-includes/blocks/about.php HTTP/1.1" 404 100819 "-" "Mozilla/5.0 (Windows NT 10.0; Win64; x64) AppleWebKit/537.36 (KHTML, like Gecko) Chrome/120.0.0.0 Safari/537.36"
20.226.7.189 - - [17/Aug/2026:17:15:05 -0600] "GET /wp-includes/class-wp-taxonomy.editor.php HTTP/1.1" 404 100819 "-" "Mozilla/5.0 (Windows NT 10.0; Win64; x64) AppleWebKit/537.36 (KHTML, like Gecko) Chrome/120.0.0.0 Safari/537.36"
20.226.7.189 - - [17/Aug/2026:17:15:07 -0600] "GET /wp-includes/customize/about.php HTTP/1.1" 404 100819 "-" "Mozilla/5.0 (Windows NT 10.0; Win64; x64) AppleWebKit/537.36 (KHTML, like Gecko) Chrome/120.0.0.0 Safari/537.36"
20.226.7.189 - - [17/Aug/2026:17:15:09 -0600] "GET /wp-includes/images/about.php HTTP/1.1" 404 100819 "-" "Mozilla/5.0 (Windows NT 10.0; Win64; x64) AppleWebKit/537.36 (KHTML, like Gecko) Chrome/120.0.0.0 Safari/537.36"
192.36.61.172 - - [17/Aug/2026:17:17:01 -0600] "POST /3f3f4fd7d554.php HTTP/1.1" 200 17 "-" "Mozilla/5.0 (Windows NT 6.2) AppleWebKit/537.36 (KHTML, like Gecko) Chrome/50.0.2694.85 Safari/537.36"
192.36.61.172 - - [17/Aug/2026:17:17:07 -0600] "GET /adman.757.txt HTTP/1.1" 200 6 "https://swansondentalgroupreno.com/3f3f4fd7d554.php" "Mozilla/5.0 (Windows NT 6.2) AppleWebKit/537.36 (KHTML, like Gecko) Chrome/50.0.2694.85 Safari/537.36"
192.36.61.172 - - [17/Aug/2026:17:17:08 -0600] "POST /3f3f4fd7d554.php HTTP/1.1" 200 9 "https://swansondentalgroupreno.com/adman.757.txt" "Mozilla/5.0 (Windows NT 6.2) AppleWebKit/537.36 (KHTML, like Gecko) Chrome/50.0.2694.85 Safari/537.36"
192.36.61.172 - - [17/Aug/2026:17:17:08 -0600] "POST /3f3f4fd7d554.php HTTP/1.1" 200 9 "https://swansondentalgroupreno.com/3f3f4fd7d554.php" "Mozilla/5.0 (Windows NT 6.2) AppleWebKit/537.36 (KHTML, like Gecko) Chrome/50.0.2694.85 Safari/537.36"
192.36.61.172 - - [17/Aug/2026:17:17:09 -0600] "POST /3f3f4fd7d554.php HTTP/1.1" 200 9 "https://swansondentalgroupreno.com/3f3f4fd7d554.php" "Mozilla/5.0 (Windows NT 6.2) AppleWebKit/537.36 (KHTML, like Gecko) Chrome/50.0.2694.85 Safari/537.36"
192.36.61.172 - - [17/Aug/2026:17:17:23 -0600] "POST /3f3f4fd7d554.php HTTP/1.1" 200 9 "https://swansondentalgroupreno.com/3f3f4fd7d554.php" "Mozilla/5.0 (Windows NT 6.2) AppleWebKit/537.36 (KHTML, like Gecko) Chrome/50.0.2694.85 Safari/537.36"
192.36.61.172 - - [17/Aug/2026:17:17:24 -0600] "POST /3f3f4fd7d554.php HTTP/1.1" 200 9 "https://swansondentalgroupreno.com/3f3f4fd7d554.php" "Mozilla/5.0 (Windows NT 6.2) AppleWebKit/537.36 (KHTML, like Gecko) Chrome/50.0.2694.85 Safari/537.36"
62.210.113.151 - - [17/Aug/2026:17:19:00 -0600] "POST /3f3f4fd7d554.php HTTP/1.1" 200 16 "-" "Mozilla/5.0 (Macintosh; Intel Mac OS X 10.10; rv:46.0) Gecko/20100101 Firefox/46.0"
62.210.113.151 - - [17/Aug/2026:17:19:00 -0600] "POST /3f3f4fd7d554.php HTTP/1.1" 200 9 "https://swansondentalgroupreno.com/3f3f4fd7d554.php" "Mozilla/5.0 (Macintosh; Intel Mac OS X 10.10; rv:46.0) Gecko/20100101 Firefox/46.0"
62.210.113.151 - - [17/Aug/2026:17:19:00 -0600] "GET /d1f5d6c5ccindex.php HTTP/1.1" 500 - "https://swansondentalgroupreno.com/3f3f4fd7d554.php" "Mozilla/5.0 (Macintosh; Intel Mac OS X 10.10; rv:46.0) Gecko/20100101 Firefox/46.0"
62.210.113.151 - - [17/Aug/2026:17:19:09 -0600] "GET /d1f5d6c5ccindex.php HTTP/1.1" 500 - "https://swansondentalgroupreno.com/3f3f4fd7d554.php" "Mozilla/5.0 (Macintosh; Intel Mac OS X 10.10; rv:46.0) Gecko/20100101 Firefox/46.0"
92.255.209.234 - - [17/Aug/2026:17:21:43 -0600] "POST /3f3f4fd7d554.php HTTP/1.1" 200 17 "-" "Mozilla/5.0 (X11; Linux x86_64; rv:48.0) Gecko/20100101 Firefox/48.0"
92.255.209.234 - - [17/Aug/2026:17:21:44 -0600] "GET /adman.357.txt HTTP/1.1" 200 6 "https://swansondentalgroupreno.com/3f3f4fd7d554.php" "Mozilla/5.0 (X11; Linux x86_64; rv:48.0) Gecko/20100101 Firefox/48.0"
92.255.209.234 - - [17/Aug/2026:17:21:47 -0600] "POST /3f3f4fd7d554.php HTTP/1.1" 200 9 "https://swansondentalgroupreno.com/adman.357.txt" "Mozilla/5.0 (X11; Linux x86_64; rv:48.0) Gecko/20100101 Firefox/48.0"
92.255.209.234 - - [17/Aug/2026:17:21:48 -0600] "POST /3f3f4fd7d554.php HTTP/1.1" 200 9 "https://swansondentalgroupreno.com/3f3f4fd7d554.php" "Mozilla/5.0 (X11; Linux x86_64; rv:48.0) Gecko/20100101 Firefox/48.0"
92.255.209.234 - - [17/Aug/2026:17:21:49 -0600] "POST /3f3f4fd7d554.php HTTP/1.1" 200 9 "https://swansondentalgroupreno.com/3f3f4fd7d554.php" "Mozilla/5.0 (X11; Linux x86_64; rv:48.0) Gecko/20100101 Firefox/48.0"
92.255.209.234 - - [17/Aug/2026:17:21:50 -0600] "POST /3f3f4fd7d554.php HTTP/1.1" 200 9 "https://swansondentalgroupreno.com/3f3f4fd7d554.php" "Mozilla/5.0 (X11; Linux x86_64; rv:48.0) Gecko/20100101 Firefox/48.0"
92.255.209.234 - - [17/Aug/2026:17:21:57 -0600] "POST /3f3f4fd7d554.php HTTP/1.1" 200 9 "https://swansondentalgroupreno.com/3f3f4fd7d554.php" "Mozilla/5.0 (X11; Linux x86_64; rv:48.0) Gecko/20100101 Firefox/48.0"
45.131.195.232 - - [17/Aug/2026:17:22:01 -0600] "POST /wp-login.php HTTP/1.1" 200 7554 "-" "Mozilla/5.0 (Macintosh; Intel Mac OS X 10_15_7) AppleWebKit/605.1.15 Version/17.0 Safari/605.1.15"
185.198.240.221 - - [17/Aug/2026:17:22:01 -0600] "POST /wp-login.php HTTP/1.1" 200 7554 "-" "Mozilla/5.0 (Macintosh; Intel Mac OS X 10_15_7) AppleWebKit/605.1.15 Version/17.0 Safari/605.1.15"
185.198.240.197 - - [17/Aug/2026:17:22:01 -0600] "POST /wp-login.php HTTP/1.1" 200 7497 "-" "Mozilla/5.0 (Windows NT 10.0; Win64; x64) AppleWebKit/537.36 Chrome/129.0.0.0 Safari/537.36"
185.198.240.18 - - [17/Aug/2026:17:22:01 -0600] "POST /wp-login.php HTTP/1.1" 200 7558 "-" "Mozilla/5.0 (Windows NT 10.0; Win64; rv:143.0) Gecko/20100101 Firefox/143.0"
45.131.195.232 - - [17/Aug/2026:17:22:01 -0600] "POST /wp-login.php HTTP/1.1" 200 7501 "-" "Mozilla/5.0 (Macintosh; Intel Mac OS X 10_15_7) AppleWebKit/605.1.15 Version/17.0 Safari/605.1.15"
162.215.171.210 - - [17/Aug/2026:17:22:02 -0600] "POST /wp-cron.php?doing_wp_cron=1787008922.0418629646301269531250 HTTP/1.1" 200 - "-" "WordPress/7.0.4; https://swansondentalgroupreno.com"
114.119.130.217 - - [17/Aug/2026:17:22:06 -0600] "GET /robots.txt HTTP/1.1" 200 244 "https://www.swansondentalgroupreno.com/robots.txt" "Mozilla/5.0 (compatible;PetalBot;+https://webmaster.petalsearch.com/site/petalbot)"
175.27.163.171 - - [17/Aug/2026:17:23:37 -0600] "GET / HTTP/1.1" 200 122950 "http://swansondentalgroupreno.com" "Mozilla/5.0 (iPhone; CPU iPhone OS 13_2_3 like Mac OS X) AppleWebKit/605.1.15 (KHTML, like Gecko) Version/13.0.3 Mobile/15E148 Safari/604.1"
109.107.178.102 - - [17/Aug/2026:17:28:06 -0600] "POST /3f3f4fd7d554.php HTTP/1.1" 200 16 "-" "Mozilla/5.0 (X11; Ubuntu; Linux x86_64) AppleWebKit/537.36 (KHTML, like Gecko) Chrome/56.0.2967.41 Safari/537.36"
109.107.178.102 - - [17/Aug/2026:17:28:07 -0600] "POST /3f3f4fd7d554.php HTTP/1.1" 200 9 "https://swansondentalgroupreno.com/3f3f4fd7d554.php" "Mozilla/5.0 (X11; Ubuntu; Linux x86_64) AppleWebKit/537.36 (KHTML, like Gecko) Chrome/56.0.2967.41 Safari/537.36"
109.107.178.102 - - [17/Aug/2026:17:28:07 -0600] "GET /31cb3d67d0index.php HTTP/1.1" 200 36213 "https://swansondentalgroupreno.com/3f3f4fd7d554.php" "Mozilla/5.0 (X11; Ubuntu; Linux x86_64) AppleWebKit/537.36 (KHTML, like Gecko) Chrome/56.0.2967.41 Safari/537.36"
109.107.178.102 - - [17/Aug/2026:17:28:08 -0600] "GET /31cb3d67d0index.php HTTP/1.1" 200 36213 "https://swansondentalgroupreno.com/31cb3d67d0index.php" "Mozilla/5.0 (X11; Ubuntu; Linux x86_64) AppleWebKit/537.36 (KHTML, like Gecko) Chrome/56.0.2967.41 Safari/537.36"
109.107.178.102 - - [17/Aug/2026:17:28:09 -0600] "GET /31cb3d67d0index.php HTTP/1.1" 200 36213 "https://swansondentalgroupreno.com/31cb3d67d0index.php" "Mozilla/5.0 (X11; Ubuntu; Linux x86_64) AppleWebKit/537.36 (KHTML, like Gecko) Chrome/56.0.2967.41 Safari/537.36"
