162.215.171.210 - - [17/Aug/2026:10:26:09 -0600] "POST /wp-cron.php?doing_wp_cron=1786983969.8578739166259765625000 HTTP/1.1" 200 - "-" "WordPress/7.0.4; https://swansondentalgroupreno.com"
54.70.53.60 - - [17/Aug/2026:10:26:11 -0600] "GET / HTTP/1.1" 200 122950 "-" "Mozilla/5.0 (Windows NT 10.0; Win64; x64) AppleWebKit/537.36 (KHTML, like Gecko) Chrome/148.0.0.0 Safari/537.36"
54.70.53.60 - - [17/Aug/2026:10:26:12 -0600] "GET /wp-content/plugins/genesis-blocks/dist/style-blocks.build.css?ver=1781276667 HTTP/1.1" 200 41453 "https://swansondentalgroupreno.com/" "Mozilla/5.0 (Windows NT 10.0; Win64; x64) AppleWebKit/537.36 (KHTML, like Gecko) Chrome/148.0.0.0 Safari/537.36"
54.70.53.60 - - [17/Aug/2026:10:26:12 -0600] "GET /wp-content/plugins/contact-form-7/includes/css/styles.css?ver=6.1.6 HTTP/1.1" 200 2979 "https://swansondentalgroupreno.com/" "Mozilla/5.0 (Windows NT 10.0; Win64; x64) AppleWebKit/537.36 (KHTML, like Gecko) Chrome/148.0.0.0 Safari/537.36"
54.70.53.60 - - [17/Aug/2026:10:26:12 -0600] "GET /wp-content/themes/swanson/style.css?ver=7.0.4 HTTP/1.1" 200 1874 "https://swansondentalgroupreno.com/" "Mozilla/5.0 (Windows NT 10.0; Win64; x64) AppleWebKit/537.36 (KHTML, like Gecko) Chrome/148.0.0.0 Safari/537.36"
54.70.53.60 - - [17/Aug/2026:10:26:12 -0600] "GET /wp-content/plugins/maxslider/assets/css/maxslider.css?ver=1.2.4 HTTP/1.1" 200 4687 "https://swansondentalgroupreno.com/" "Mozilla/5.0 (Windows NT 10.0; Win64; x64) AppleWebKit/537.36 (KHTML, like Gecko) Chrome/148.0.0.0 Safari/537.36"
54.70.53.60 - - [17/Aug/2026:10:26:12 -0600] "GET /wp-content/plugins/maxslider/assets/vendor/slick/slick.css?ver=1.6.0 HTTP/1.1" 200 1729 "https://swansondentalgroupreno.com/" "Mozilla/5.0 (Windows NT 10.0; Win64; x64) AppleWebKit/537.36 (KHTML, like Gecko) Chrome/148.0.0.0 Safari/537.36"
54.70.53.60 - - [17/Aug/2026:10:26:12 -0600] "GET /wp-includes/js/jquery/jquery.min.js?ver=3.7.1 HTTP/1.1" 200 87553 "https://swansondentalgroupreno.com/" "Mozilla/5.0 (Windows NT 10.0; Win64; x64) AppleWebKit/537.36 (KHTML, like Gecko) Chrome/148.0.0.0 Safari/537.36"
54.70.53.60 - - [17/Aug/2026:10:26:12 -0600] "GET /wp-content/themes/swanson/js/hamburgers.min.css HTTP/1.1" 200 22458 "https://swansondentalgroupreno.com/" "Mozilla/5.0 (Windows NT 10.0; Win64; x64) AppleWebKit/537.36 (KHTML, like Gecko) Chrome/148.0.0.0 Safari/537.36"
54.70.53.60 - - [17/Aug/2026:10:26:12 -0600] "GET /wp-content/themes/swanson/js/jquery.matchHeight-min.js HTTP/1.1" 200 3380 "https://swansondentalgroupreno.com/" "Mozilla/5.0 (Windows NT 10.0; Win64; x64) AppleWebKit/537.36 (KHTML, like Gecko) Chrome/148.0.0.0 Safari/537.36"
54.70.53.60 - - [17/Aug/2026:10:26:12 -0600] "GET /wp-content/themes/swanson/images/logo@2x.png HTTP/1.1" 200 18926 "https://swansondentalgroupreno.com/" "Mozilla/5.0 (Windows NT 10.0; Win64; x64) AppleWebKit/537.36 (KHTML, like Gecko) Chrome/148.0.0.0 Safari/537.36"
54.70.53.60 - - [17/Aug/2026:10:26:12 -0600] "GET /wp-includes/js/jquery/jquery-migrate.min.js?ver=3.4.1 HTTP/1.1" 200 13577 "https://swansondentalgroupreno.com/" "Mozilla/5.0 (Windows NT 10.0; Win64; x64) AppleWebKit/537.36 (KHTML, like Gecko) Chrome/148.0.0.0 Safari/537.36"
54.70.53.60 - - [17/Aug/2026:10:26:13 -0600] "GET /wp-content/themes/swanson/images/bluecall.svg HTTP/1.1" 200 515 "https://swansondentalgroupreno.com/" "Mozilla/5.0 (Windows NT 10.0; Win64; x64) AppleWebKit/537.36 (KHTML, like Gecko) Chrome/148.0.0.0 Safari/537.36"
54.70.53.60 - - [17/Aug/2026:10:26:14 -0600] "GET /wp-content/uploads/2024/04/cosmeticdentistry.svg HTTP/1.1" 200 3180 "https://swansondentalgroupreno.com/" "Mozilla/5.0 (Windows NT 10.0; Win64; x64) AppleWebKit/537.36 (KHTML, like Gecko) Chrome/148.0.0.0 Safari/537.36"
54.70.53.60 - - [17/Aug/2026:10:26:14 -0600] "GET /wp-content/uploads/2024/04/preventativecare.svg HTTP/1.1" 200 3825 "https://swansondentalgroupreno.com/" "Mozilla/5.0 (Windows NT 10.0; Win64; x64) AppleWebKit/537.36 (KHTML, like Gecko) Chrome/148.0.0.0 Safari/537.36"
54.70.53.60 - - [17/Aug/2026:10:26:14 -0600] "GET /wp-content/uploads/2024/04/restorativetreatments.svg HTTP/1.1" 200 3504 "https://swansondentalgroupreno.com/" "Mozilla/5.0 (Windows NT 10.0; Win64; x64) AppleWebKit/537.36 (KHTML, like Gecko) Chrome/148.0.0.0 Safari/537.36"
54.70.53.60 - - [17/Aug/2026:10:26:14 -0600] "GET /wp-includes/js/dist/hooks.min.js?ver=7496969728ca0f95732d HTTP/1.1" 200 5050 "https://swansondentalgroupreno.com/" "Mozilla/5.0 (Windows NT 10.0; Win64; x64) AppleWebKit/537.36 (KHTML, like Gecko) Chrome/148.0.0.0 Safari/537.36"
54.70.53.60 - - [17/Aug/2026:10:26:14 -0600] "GET /wp-includes/js/dist/i18n.min.js?ver=781d11515ad3d91786ec HTTP/1.1" 200 5732 "https://swansondentalgroupreno.com/" "Mozilla/5.0 (Windows NT 10.0; Win64; x64) AppleWebKit/537.36 (KHTML, like Gecko) Chrome/148.0.0.0 Safari/537.36"
54.70.53.60 - - [17/Aug/2026:10:26:14 -0600] "GET /wp-content/plugins/contact-form-7/includes/swv/js/index.js?ver=6.1.6 HTTP/1.1" 200 12512 "https://swansondentalgroupreno.com/" "Mozilla/5.0 (Windows NT 10.0; Win64; x64) AppleWebKit/537.36 (KHTML, like Gecko) Chrome/148.0.0.0 Safari/537.36"
54.70.53.60 - - [17/Aug/2026:10:26:14 -0600] "GET /wp-content/uploads/2025/08/Insta-white.svg HTTP/1.1" 200 2225 "https://swansondentalgroupreno.com/" "Mozilla/5.0 (Windows NT 10.0; Win64; x64) AppleWebKit/537.36 (KHTML, like Gecko) Chrome/148.0.0.0 Safari/537.36"
54.70.53.60 - - [17/Aug/2026:10:26:14 -0600] "GET /wp-content/uploads/2025/08/x-white.svg HTTP/1.1" 200 413 "https://swansondentalgroupreno.com/" "Mozilla/5.0 (Windows NT 10.0; Win64; x64) AppleWebKit/537.36 (KHTML, like Gecko) Chrome/148.0.0.0 Safari/537.36"
54.70.53.60 - - [17/Aug/2026:10:26:14 -0600] "GET /wp-content/themes/swanson/images/facebook.svg HTTP/1.1" 200 404 "https://swansondentalgroupreno.com/" "Mozilla/5.0 (Windows NT 10.0; Win64; x64) AppleWebKit/537.36 (KHTML, like Gecko) Chrome/148.0.0.0 Safari/537.36"
54.70.53.60 - - [17/Aug/2026:10:26:14 -0600] "GET /wp-content/plugins/genesis-blocks/dist/assets/js/dismiss.js?ver=1781276667 HTTP/1.1" 200 923 "https://swansondentalgroupreno.com/" "Mozilla/5.0 (Windows NT 10.0; Win64; x64) AppleWebKit/537.36 (KHTML, like Gecko) Chrome/148.0.0.0 Safari/537.36"
54.70.53.60 - - [17/Aug/2026:10:26:14 -0600] "GET /wp-content/plugins/maxslider/assets/vendor/slick/slick.js?ver=1.6.0 HTTP/1.1" 200 84265 "https://swansondentalgroupreno.com/" "Mozilla/5.0 (Windows NT 10.0; Win64; x64) AppleWebKit/537.36 (KHTML, like Gecko) Chrome/148.0.0.0 Safari/537.36"
54.70.53.60 - - [17/Aug/2026:10:26:14 -0600] "GET /wp-content/plugins/contact-form-7-honeypot/legacy-honeypot/includes/js/honeypot-refill.js?ver=3.6.1 HTTP/1.1" 200 3821 "https://swansondentalgroupreno.com/" "Mozilla/5.0 (Windows NT 10.0; Win64; x64) AppleWebKit/537.36 (KHTML, like Gecko) Chrome/148.0.0.0 Safari/537.36"
54.70.53.60 - - [17/Aug/2026:10:26:14 -0600] "GET /wp-content/plugins/contact-form-7/includes/js/index.js?ver=6.1.6 HTTP/1.1" 200 13452 "https://swansondentalgroupreno.com/" "Mozilla/5.0 (Windows NT 10.0; Win64; x64) AppleWebKit/537.36 (KHTML, like Gecko) Chrome/148.0.0.0 Safari/537.36"
54.70.53.60 - - [17/Aug/2026:10:26:14 -0600] "GET /wp-content/plugins/maxslider/assets/js/maxslider.js?ver=1.2.4 HTTP/1.1" 200 1209 "https://swansondentalgroupreno.com/" "Mozilla/5.0 (Windows NT 10.0; Win64; x64) AppleWebKit/537.36 (KHTML, like Gecko) Chrome/148.0.0.0 Safari/537.36"
54.70.53.60 - - [17/Aug/2026:10:26:14 -0600] "GET /wp-includes/js/dist/vendor/wp-polyfill.min.js?ver=3.15.0 HTTP/1.1" 200 33744 "https://swansondentalgroupreno.com/" "Mozilla/5.0 (Windows NT 10.0; Win64; x64) AppleWebKit/537.36 (KHTML, like Gecko) Chrome/148.0.0.0 Safari/537.36"
54.70.53.60 - - [17/Aug/2026:10:26:14 -0600] "GET /wp-content/plugins/contact-form-7/modules/recaptcha/index.js?ver=6.1.6 HTTP/1.1" 200 934 "https://swansondentalgroupreno.com/" "Mozilla/5.0 (Windows NT 10.0; Win64; x64) AppleWebKit/537.36 (KHTML, like Gecko) Chrome/148.0.0.0 Safari/537.36"
54.70.53.60 - - [17/Aug/2026:10:26:14 -0600] "GET /wp-content/themes/swanson/images/closecall.svg HTTP/1.1" 200 5176 "https://swansondentalgroupreno.com/" "Mozilla/5.0 (Windows NT 10.0; Win64; x64) AppleWebKit/537.36 (KHTML, like Gecko) Chrome/148.0.0.0 Safari/537.36"
54.70.53.60 - - [17/Aug/2026:10:26:14 -0600] "GET /wp-content/uploads/2024/04/specialtyservices.svg HTTP/1.1" 200 4000 "https://swansondentalgroupreno.com/" "Mozilla/5.0 (Windows NT 10.0; Win64; x64) AppleWebKit/537.36 (KHTML, like Gecko) Chrome/148.0.0.0 Safari/537.36"
54.70.53.60 - - [17/Aug/2026:10:26:14 -0600] "GET /wp-content/uploads/2026/02/qr-code.png HTTP/1.1" 200 650 "https://swansondentalgroupreno.com/" "Mozilla/5.0 (Windows NT 10.0; Win64; x64) AppleWebKit/537.36 (KHTML, like Gecko) Chrome/148.0.0.0 Safari/537.36"
54.70.53.60 - - [17/Aug/2026:10:26:14 -0600] "GET /wp-content/uploads/2024/05/DSC_9616.jpg HTTP/1.1" 200 149508 "https://swansondentalgroupreno.com/" "Mozilla/5.0 (Windows NT 10.0; Win64; x64) AppleWebKit/537.36 (KHTML, like Gecko) Chrome/148.0.0.0 Safari/537.36"
54.70.53.60 - - [17/Aug/2026:10:26:14 -0600] "GET /wp-content/plugins/elfsight-slider-cc/assets/elfsight-slider.js?ver=1.1.0 HTTP/1.1" 200 467217 "https://swansondentalgroupreno.com/" "Mozilla/5.0 (Windows NT 10.0; Win64; x64) AppleWebKit/537.36 (KHTML, like Gecko) Chrome/148.0.0.0 Safari/537.36"
54.70.53.60 - - [17/Aug/2026:10:26:14 -0600] "GET /wp-content/uploads/2024/04/homeoffice@2x.jpg HTTP/1.1" 200 532884 "https://swansondentalgroupreno.com/" "Mozilla/5.0 (Windows NT 10.0; Win64; x64) AppleWebKit/537.36 (KHTML, like Gecko) Chrome/148.0.0.0 Safari/537.36"
54.70.53.60 - - [17/Aug/2026:10:26:15 -0600] "GET /wp-content/uploads/2024/04/reviewsbg.jpg HTTP/1.1" 200 287206 "https://swansondentalgroupreno.com/" "Mozilla/5.0 (Windows NT 10.0; Win64; x64) AppleWebKit/537.36 (KHTML, like Gecko) Chrome/148.0.0.0 Safari/537.36"
54.70.53.60 - - [17/Aug/2026:10:26:19 -0600] "GET /wp-content/uploads/2025/12/slider1b-1.png HTTP/1.1" 200 566660 "https://swansondentalgroupreno.com/" "Mozilla/5.0 (Windows NT 10.0; Win64; x64) AppleWebKit/537.36 (KHTML, like Gecko) Chrome/148.0.0.0 Safari/537.36"
54.70.53.60 - - [17/Aug/2026:10:26:19 -0600] "GET /wp-content/uploads/2025/12/Mask-group-2-1.png HTTP/1.1" 200 711518 "https://swansondentalgroupreno.com/" "Mozilla/5.0 (Windows NT 10.0; Win64; x64) AppleWebKit/537.36 (KHTML, like Gecko) Chrome/148.0.0.0 Safari/537.36"
54.70.53.60 - - [17/Aug/2026:10:26:19 -0600] "GET /wp-json/contact-form-7/v1/contact-forms/39/feedback/schema HTTP/1.1" 200 946 "https://swansondentalgroupreno.com/" "Mozilla/5.0 (Windows NT 10.0; Win64; x64) AppleWebKit/537.36 (KHTML, like Gecko) Chrome/148.0.0.0 Safari/537.36"
54.70.53.60 - - [17/Aug/2026:10:26:21 -0600] "GET /wp-content/uploads/2025/12/mobileee-1.png HTTP/1.1" 200 1123252 "https://swansondentalgroupreno.com/" "Mozilla/5.0 (Windows NT 10.0; Win64; x64) AppleWebKit/537.36 (KHTML, like Gecko) Chrome/148.0.0.0 Safari/537.36"
54.70.53.60 - - [17/Aug/2026:10:26:21 -0600] "GET /wp-content/uploads/2025/12/slider-mobile1.png HTTP/1.1" 200 625378 "https://swansondentalgroupreno.com/" "Mozilla/5.0 (Windows NT 10.0; Win64; x64) AppleWebKit/537.36 (KHTML, like Gecko) Chrome/148.0.0.0 Safari/537.36"
54.70.53.60 - - [17/Aug/2026:10:26:24 -0600] "GET /wp-includes/js/wp-emoji-release.min.js?ver=7.0.4 HTTP/1.1" 200 22752 "https://swansondentalgroupreno.com/" "Mozilla/5.0 (Windows NT 10.0; Win64; x64) AppleWebKit/537.36 (KHTML, like Gecko) Chrome/148.0.0.0 Safari/537.36"
161.35.42.198 - - [17/Aug/2026:10:28:49 -0600] "POST /wp-login.php HTTP/1.1" 200 7497 "-" "Mozilla/5.0"
161.35.42.198 - - [17/Aug/2026:10:28:49 -0600] "POST /wp-login.php HTTP/1.1" 200 7560 "-" "Mozilla/5.0"
161.35.42.198 - - [17/Aug/2026:10:28:49 -0600] "POST /wp-login.php HTTP/1.1" 200 7554 "-" "Mozilla/5.0"
161.35.42.198 - - [17/Aug/2026:10:28:49 -0600] "POST /wp-login.php HTTP/1.1" 200 7554 "-" "Mozilla/5.0"
161.35.42.198 - - [17/Aug/2026:10:28:49 -0600] "POST /wp-login.php HTTP/1.1" 200 7554 "-" "Mozilla/5.0"
161.35.42.198 - - [17/Aug/2026:10:28:49 -0600] "POST /wp-login.php HTTP/1.1" 200 7554 "-" "Mozilla/5.0"
161.35.42.198 - - [17/Aug/2026:10:28:49 -0600] "POST /wp-login.php HTTP/1.1" 200 7554 "-" "Mozilla/5.0"
161.35.42.198 - - [17/Aug/2026:10:28:49 -0600] "POST /wp-login.php HTTP/1.1" 200 7554 "-" "Mozilla/5.0"
161.35.42.198 - - [17/Aug/2026:10:28:49 -0600] "POST /wp-login.php HTTP/1.1" 200 7558 "-" "Mozilla/5.0"
162.215.171.210 - - [17/Aug/2026:10:28:50 -0600] "POST /wp-cron.php?doing_wp_cron=1786984130.6135289669036865234375 HTTP/1.1" 200 - "-" "WordPress/7.0.4; https://swansondentalgroupreno.com"
216.73.217.150 - - [17/Aug/2026:10:33:55 -0600] "GET /robots.txt HTTP/1.1" 200 244 "-" "Mozilla/5.0 AppleWebKit/537.36 (KHTML, like Gecko; compatible; ClaudeBot/1.0; +claudebot@anthropic.com)"
216.73.217.150 - - [17/Aug/2026:10:33:55 -0600] "GET /sitemap_index.xml HTTP/1.1" 200 973 "-" "Mozilla/5.0 AppleWebKit/537.36 (KHTML, like Gecko; compatible; ClaudeBot/1.0; +claudebot@anthropic.com)"
162.215.171.210 - - [17/Aug/2026:10:33:56 -0600] "POST /wp-cron.php?doing_wp_cron=1786984436.6203229427337646484375 HTTP/1.1" 200 - "-" "WordPress/7.0.4; https://swansondentalgroupreno.com"
143.198.53.13 - - [17/Aug/2026:10:34:25 -0600] "POST /wp-login.php HTTP/1.1" 200 7497 "-" "Mozilla/5.0"
143.198.53.13 - - [17/Aug/2026:10:34:25 -0600] "POST /wp-login.php HTTP/1.1" 200 7554 "-" "Mozilla/5.0"
143.198.53.13 - - [17/Aug/2026:10:34:25 -0600] "POST /wp-login.php HTTP/1.1" 200 7558 "-" "Mozilla/5.0"
143.198.53.13 - - [17/Aug/2026:10:34:25 -0600] "POST /wp-login.php HTTP/1.1" 200 7560 "-" "Mozilla/5.0"
143.198.53.13 - - [17/Aug/2026:10:34:25 -0600] "POST /wp-login.php HTTP/1.1" 200 7554 "-" "Mozilla/5.0"
143.198.53.13 - - [17/Aug/2026:10:34:26 -0600] "POST /wp-login.php HTTP/1.1" 200 7554 "-" "Mozilla/5.0"
143.198.53.13 - - [17/Aug/2026:10:34:26 -0600] "POST /wp-login.php HTTP/1.1" 200 7554 "-" "Mozilla/5.0"
143.198.53.13 - - [17/Aug/2026:10:34:26 -0600] "POST /wp-login.php HTTP/1.1" 200 7554 "-" "Mozilla/5.0"
143.198.53.13 - - [17/Aug/2026:10:34:26 -0600] "POST /wp-login.php HTTP/1.1" 200 7554 "-" "Mozilla/5.0"
40.77.167.10 - - [17/Aug/2026:10:34:45 -0600] "GET /cl77qk1k HTTP/1.1" 404 100819 "-" "Mozilla/5.0 AppleWebKit/537.36 (KHTML, like Gecko; compatible; bingbot/2.0; +http://www.bing.com/bingbot.htm) Chrome/116.0.1938.76 Safari/537.36"
162.215.171.210 - - [17/Aug/2026:10:34:56 -0600] "POST /wp-cron.php?doing_wp_cron=1786984496.4955189228057861328125 HTTP/1.1" 200 - "-" "WordPress/7.0.4; https://swansondentalgroupreno.com"
51.79.180.242 - - [17/Aug/2026:10:34:55 -0600] "POST /?rest_route=/batch/v1 HTTP/1.1" 207 16 "-" "Mozilla/5.0"
51.79.180.242 - - [17/Aug/2026:10:34:58 -0600] "POST /?rest_route=/batch/v1 HTTP/1.1" 207 478 "-" "Mozilla/5.0"
51.79.180.242 - - [17/Aug/2026:10:34:59 -0600] "POST /wp-json/batch/v1 HTTP/1.1" 207 478 "-" "Mozilla/5.0"
51.79.180.242 - - [17/Aug/2026:10:35:01 -0600] "POST /?rest_route=/batch/v1 HTTP/1.1" 207 478 "-" "Mozilla/5.0"
51.79.180.242 - - [17/Aug/2026:10:35:03 -0600] "POST /wp-json/batch/v1 HTTP/1.1" 207 478 "-" "Mozilla/5.0"
51.79.180.242 - - [17/Aug/2026:10:35:05 -0600] "POST /?rest_route=/batch/v1 HTTP/1.1" 207 478 "-" "Mozilla/5.0"
51.79.180.242 - - [17/Aug/2026:10:35:06 -0600] "POST /wp-json/batch/v1 HTTP/1.1" 207 478 "-" "Mozilla/5.0"
54.68.112.93 - - [17/Aug/2026:10:38:49 -0600] "GET /?sucurianticache=991096617 HTTP/1.1" 200 122976 "-" "Sucuri Uptime Monitor"
173.230.133.164 - - [17/Aug/2026:10:38:51 -0600] "GET /?sucurianticache=947101066 HTTP/1.1" 200 122976 "-" "Sucuri Uptime Monitor"
185.198.240.213 - - [17/Aug/2026:10:38:53 -0600] "GET /wp-login.php HTTP/1.1" 200 7125 "-" "Mozilla/5.0 (Macintosh; Intel Mac OS X 10_15_7) AppleWebKit/605.1.15 Version/17.0 Safari/605.1.15"
185.198.240.213 - - [17/Aug/2026:10:38:55 -0600] "GET /?author=1 HTTP/1.1" 301 - "-" "Mozilla/5.0 (Windows NT 10.0; Win64; x64) AppleWebKit/537.36 Chrome/129.0.0.0 Safari/537.36"
162.215.171.210 - - [17/Aug/2026:10:38:56 -0600] "POST /wp-cron.php?doing_wp_cron=1786984736.0013489723205566406250 HTTP/1.1" 200 - "-" "WordPress/7.0.4; https://swansondentalgroupreno.com"
185.198.240.213 - - [17/Aug/2026:10:38:57 -0600] "GET /?rest_route=/wp/v2/users HTTP/1.1" 200 7834 "-" "Mozilla/5.0 (Windows NT 10.0; Win64; rv:143.0) Gecko/20100101 Firefox/143.0"
185.198.240.213 - - [17/Aug/2026:10:38:58 -0600] "GET /?author=2 HTTP/1.1" 301 - "-" "Mozilla/5.0 (Windows NT 10.0; Win64; x64) AppleWebKit/537.36 Chrome/129.0.0.0 Safari/537.36"
185.198.240.213 - - [17/Aug/2026:10:38:59 -0600] "GET /?rest_route=/wp/v2/users HTTP/1.1" 200 7834 "-" "Mozilla/5.0 (Macintosh; Intel Mac OS X 10_15_7) AppleWebKit/605.1.15 Version/17.0 Safari/605.1.15"
185.198.240.213 - - [17/Aug/2026:10:39:00 -0600] "GET /?author=3 HTTP/1.1" 200 100791 "-" "Mozilla/5.0 (Windows NT 10.0; Win64; x64) AppleWebKit/537.36 Chrome/129.0.0.0 Safari/537.36"
185.198.240.213 - - [17/Aug/2026:10:39:03 -0600] "GET /?rest_route=/wp/v2/users HTTP/1.1" 200 7834 "-" "Mozilla/5.0 (Windows NT 10.0; Win64; rv:143.0) Gecko/20100101 Firefox/143.0"
185.198.240.213 - - [17/Aug/2026:10:39:04 -0600] "GET /?author=4 HTTP/1.1" 200 100791 "-" "Mozilla/5.0 (Macintosh; Intel Mac OS X 10_15_7) AppleWebKit/605.1.15 Version/17.0 Safari/605.1.15"
185.198.240.213 - - [17/Aug/2026:10:39:06 -0600] "GET /?rest_route=/wp/v2/users HTTP/1.1" 200 7834 "-" "Mozilla/5.0 (Windows NT 10.0; Win64; rv:143.0) Gecko/20100101 Firefox/143.0"
185.198.240.213 - - [17/Aug/2026:10:39:07 -0600] "GET /?author=5 HTTP/1.1" 200 100809 "-" "Mozilla/5.0 (Windows NT 10.0; Win64; rv:143.0) Gecko/20100101 Firefox/143.0"
185.198.240.213 - - [17/Aug/2026:10:39:08 -0600] "GET /?rest_route=/wp/v2/users HTTP/1.1" 200 7834 "-" "Mozilla/5.0 (Windows NT 10.0; Win64; rv:143.0) Gecko/20100101 Firefox/143.0"
161.35.42.198 - - [17/Aug/2026:10:39:09 -0600] "POST /wp-login.php HTTP/1.1" 200 7497 "-" "Mozilla/5.0"
161.35.42.198 - - [17/Aug/2026:10:39:09 -0600] "POST /wp-login.php HTTP/1.1" 200 7558 "-" "Mozilla/5.0"
161.35.42.198 - - [17/Aug/2026:10:39:09 -0600] "POST /wp-login.php HTTP/1.1" 200 7554 "-" "Mozilla/5.0"
161.35.42.198 - - [17/Aug/2026:10:39:09 -0600] "POST /wp-login.php HTTP/1.1" 200 7554 "-" "Mozilla/5.0"
161.35.42.198 - - [17/Aug/2026:10:39:09 -0600] "POST /wp-login.php HTTP/1.1" 200 7560 "-" "Mozilla/5.0"
161.35.42.198 - - [17/Aug/2026:10:39:09 -0600] "POST /wp-login.php HTTP/1.1" 200 7554 "-" "Mozilla/5.0"
161.35.42.198 - - [17/Aug/2026:10:39:09 -0600] "POST /wp-login.php HTTP/1.1" 200 7554 "-" "Mozilla/5.0"
161.35.42.198 - - [17/Aug/2026:10:39:09 -0600] "POST /wp-login.php HTTP/1.1" 200 7554 "-" "Mozilla/5.0"
161.35.42.198 - - [17/Aug/2026:10:39:09 -0600] "POST /wp-login.php HTTP/1.1" 200 7554 "-" "Mozilla/5.0"
54.39.6.58 - - [17/Aug/2026:10:41:52 -0600] "GET /sitemap_index.xml HTTP/1.1" 200 973 "-" "Mozilla/5.0 (compatible; AhrefsBot/7.0; +http://ahrefs.com/robot/)"
162.215.171.210 - - [17/Aug/2026:10:41:53 -0600] "POST /wp-cron.php?doing_wp_cron=1786984913.8826389312744140625000 HTTP/1.1" 200 - "-" "WordPress/7.0.4; https://swansondentalgroupreno.com"
162.215.171.210 - - [17/Aug/2026:10:41:57 -0600] "POST /wp-cron.php?doing_wp_cron=1786984917.2718870639801025390625 HTTP/1.1" 200 - "-" "WordPress/7.0.4; https://swansondentalgroupreno.com"
54.39.136.123 - - [17/Aug/2026:10:41:56 -0600] "GET /post-sitemap.xml HTTP/1.1" 200 1603 "-" "Mozilla/5.0 (compatible; AhrefsBot/7.0; +http://ahrefs.com/robot/)"
142.44.225.180 - - [17/Aug/2026:10:41:59 -0600] "GET /page-sitemap.xml HTTP/1.1" 200 2551 "-" "Mozilla/5.0 (compatible; AhrefsBot/7.0; +http://ahrefs.com/robot/)"
142.44.220.218 - - [17/Aug/2026:10:42:02 -0600] "GET /service-sitemap.xml HTTP/1.1" 200 4296 "-" "Mozilla/5.0 (compatible; AhrefsBot/7.0; +http://ahrefs.com/robot/)"
167.114.139.85 - - [17/Aug/2026:10:42:04 -0600] "GET /category-sitemap.xml HTTP/1.1" 200 1321 "-" "Mozilla/5.0 (compatible; AhrefsBot/7.0; +http://ahrefs.com/robot/)"
148.113.130.46 - - [17/Aug/2026:10:42:06 -0600] "GET /author-sitemap.xml HTTP/1.1" 200 758 "-" "Mozilla/5.0 (compatible; AhrefsBot/7.0; +http://ahrefs.com/robot/)"
198.235.24.133 - - [17/Aug/2026:10:47:24 -0600] "GET / HTTP/1.1" 301 - "-" "Hello from Palo Alto Networks, find out more about our scans in https://docs-cortex.paloaltonetworks.com/r/1/Cortex-Xpanse/Scanning-activity"
162.215.171.210 - - [17/Aug/2026:10:47:24 -0600] "POST /wp-cron.php?doing_wp_cron=1786985244.7317678928375244140625 HTTP/1.1" 200 - "-" "WordPress/7.0.4; https://swansondentalgroupreno.com"
198.235.24.133 - - [17/Aug/2026:10:47:26 -0600] "GET / HTTP/1.1" 200 122950 "-" "Hello from Palo Alto Networks, find out more about our scans in https://docs-cortex.paloaltonetworks.com/r/1/Cortex-Xpanse/Scanning-activity"
84.235.168.63 - - [17/Aug/2026:10:47:27 -0600] "GET /wp-content/plugins/pods/readme.txt HTTP/1.1" 404 100819 "-" "Mozilla/5.0 (Windows NT 10.0; Win64; x64; rv:126.0) Gecko/20100101 Firefox/126.0"
84.235.168.63 - - [17/Aug/2026:10:47:29 -0600] "GET /wp-content/plugins/pods/init.php HTTP/1.1" 200 2 "-" "Mozilla/5.0 (Windows NT 10.0; Win64; x64; rv:126.0) Gecko/20100101 Firefox/126.0"
84.235.168.63 - - [17/Aug/2026:10:47:29 -0600] "POST /wp-admin/admin-ajax.php HTTP/1.1" 200 2 "-" "Mozilla/5.0 (Windows NT 10.0; Win64; x64; rv:126.0) Gecko/20100101 Firefox/126.0"
84.235.168.63 - - [17/Aug/2026:10:47:31 -0600] "POST /wp-login.php HTTP/1.1" 200 7489 "-" "Mozilla/5.0 (Macintosh; Intel Mac OS X 10_15_7) AppleWebKit/537.36 (KHTML, like Gecko) Chrome/124.0.0.0 Safari/537.36"
161.35.42.198 - - [17/Aug/2026:10:49:27 -0600] "POST /wp-login.php HTTP/1.1" 200 7558 "-" "Mozilla/5.0"
161.35.42.198 - - [17/Aug/2026:10:49:27 -0600] "POST /wp-login.php HTTP/1.1" 200 7554 "-" "Mozilla/5.0"
161.35.42.198 - - [17/Aug/2026:10:49:27 -0600] "POST /wp-login.php HTTP/1.1" 200 7560 "-" "Mozilla/5.0"
161.35.42.198 - - [17/Aug/2026:10:49:27 -0600] "POST /wp-login.php HTTP/1.1" 200 7554 "-" "Mozilla/5.0"
161.35.42.198 - - [17/Aug/2026:10:49:27 -0600] "POST /wp-login.php HTTP/1.1" 200 7554 "-" "Mozilla/5.0"
161.35.42.198 - - [17/Aug/2026:10:49:27 -0600] "POST /wp-login.php HTTP/1.1" 200 7554 "-" "Mozilla/5.0"
161.35.42.198 - - [17/Aug/2026:10:49:27 -0600] "POST /wp-login.php HTTP/1.1" 200 7554 "-" "Mozilla/5.0"
161.35.42.198 - - [17/Aug/2026:10:49:27 -0600] "POST /wp-login.php HTTP/1.1" 200 7554 "-" "Mozilla/5.0"
162.215.171.210 - - [17/Aug/2026:10:49:28 -0600] "POST /wp-cron.php?doing_wp_cron=1786985368.0317740440368652343750 HTTP/1.1" 200 - "-" "WordPress/7.0.4; https://swansondentalgroupreno.com"
161.35.42.198 - - [17/Aug/2026:10:49:27 -0600] "POST /wp-login.php HTTP/1.1" 200 7497 "-" "Mozilla/5.0"
143.198.53.13 - - [17/Aug/2026:10:50:11 -0600] "POST /wp-login.php HTTP/1.1" 200 7497 "-" "Mozilla/5.0"
143.198.53.13 - - [17/Aug/2026:10:50:11 -0600] "POST /wp-login.php HTTP/1.1" 200 7560 "-" "Mozilla/5.0"
143.198.53.13 - - [17/Aug/2026:10:50:11 -0600] "POST /wp-login.php HTTP/1.1" 200 7558 "-" "Mozilla/5.0"
143.198.53.13 - - [17/Aug/2026:10:50:11 -0600] "POST /wp-login.php HTTP/1.1" 200 7554 "-" "Mozilla/5.0"
143.198.53.13 - - [17/Aug/2026:10:50:11 -0600] "POST /wp-login.php HTTP/1.1" 200 7554 "-" "Mozilla/5.0"
143.198.53.13 - - [17/Aug/2026:10:50:11 -0600] "POST /wp-login.php HTTP/1.1" 200 7554 "-" "Mozilla/5.0"
143.198.53.13 - - [17/Aug/2026:10:50:11 -0600] "POST /wp-login.php HTTP/1.1" 200 7554 "-" "Mozilla/5.0"
143.198.53.13 - - [17/Aug/2026:10:50:11 -0600] "POST /wp-login.php HTTP/1.1" 200 7554 "-" "Mozilla/5.0"
162.215.171.210 - - [17/Aug/2026:10:50:12 -0600] "POST /wp-cron.php?doing_wp_cron=1786985412.2585771083831787109375 HTTP/1.1" 200 - "-" "WordPress/7.0.4; https://swansondentalgroupreno.com"
143.198.53.13 - - [17/Aug/2026:10:50:11 -0600] "POST /wp-login.php HTTP/1.1" 200 7554 "-" "Mozilla/5.0"
204.168.248.226 - - [17/Aug/2026:10:50:41 -0600] "GET /wp-content/uploads/2023/04/Dental-Implants-Banner-1-558x155.jpg HTTP/1.1" 301 - "-" "Mozilla/5.0 (X11; Ubuntu; Linux x86_64; rv:72.0) Gecko/20100101 Firefox/72.0"
204.168.248.226 - - [17/Aug/2026:10:50:42 -0600] "GET /wp-content/uploads/2023/04/Dental-Implants-Banner-1-558x155.jpg HTTP/1.1" 404 100819 "-" "Mozilla/5.0 (X11; Ubuntu; Linux x86_64; rv:72.0) Gecko/20100101 Firefox/72.0"
162.215.171.210 - - [17/Aug/2026:10:50:58 -0600] "POST /wp-cron.php?doing_wp_cron=1786985458.3494060039520263671875 HTTP/1.1" 200 - "-" "WordPress/7.0.4; https://swansondentalgroupreno.com"
74.207.234.126 - - [17/Aug/2026:10:50:57 -0600] "GET / HTTP/1.1" 200 122950 "-" "Mozilla/5.0 (Windows NT 10.0; Win64; x64) AppleWebKit/537.36 (KHTML, like Gecko) Chrome/120.0.0.0 Safari/537.36"
35.162.140.124 - - [17/Aug/2026:10:55:18 -0600] "GET /?rnd=1786985716400 HTTP/1.1" 200 122968 "http://www.swansondentalgroupreno.com/?rnd=1786985716400" "Sucuri-UptimeMonitoring"
192.178.6.34 - - [17/Aug/2026:10:57:31 -0600] "GET / HTTP/1.1" 200 122950 "-" "Mozilla/5.0 (compatible; Googlebot/2.1; +http://www.google.com/bot.html)"
192.178.6.34 - - [17/Aug/2026:10:57:36 -0600] "GET / HTTP/1.1" 200 122950 "-" "Mozilla/5.0 (Linux; Android 6.0.1; Nexus 5X Build/MMB29P) AppleWebKit/537.36 (KHTML, like Gecko) Chrome/99.0.4844.84 Mobile Safari/537.36 (compatible; Googlebot/2.1; +http://www.google.com/bot.html)"
192.178.6.35 - - [17/Aug/2026:10:57:38 -0600] "GET /wp-content/plugins/genesis-blocks/dist/style-blocks.build.css?ver=1781276667 HTTP/1.1" 200 41453 "https://swansondentalgroupreno.com/" "Mozilla/5.0 (Linux; Android 6.0.1; Nexus 5X Build/MMB29P) AppleWebKit/537.36 (KHTML, like Gecko) Chrome/151.0.7922.108 Mobile Safari/537.36 (compatible; Googlebot/2.1; +http://www.google.com/bot.html)"
192.178.6.35 - - [17/Aug/2026:10:57:38 -0600] "GET /wp-content/plugins/genesis-blocks/dist/style-blocks.build.css?ver=1781276667 HTTP/1.1" 200 41453 "https://swansondentalgroupreno.com/" "Mozilla/5.0 AppleWebKit/537.36 (KHTML, like Gecko; compatible; Googlebot/2.1; +http://www.google.com/bot.html) Chrome/151.0.7922.108 Safari/537.36"
192.178.6.34 - - [17/Aug/2026:10:57:39 -0600] "GET /wp-content/themes/swanson/js/hamburgers.min.css HTTP/1.1" 200 22458 "https://swansondentalgroupreno.com/" "Mozilla/5.0 (Linux; Android 6.0.1; Nexus 5X Build/MMB29P) AppleWebKit/537.36 (KHTML, like Gecko) Chrome/151.0.7922.108 Mobile Safari/537.36 (compatible; Googlebot/2.1; +http://www.google.com/bot.html)"
192.178.6.34 - - [17/Aug/2026:10:57:40 -0600] "GET /wp-content/themes/swanson/js/hamburgers.min.css HTTP/1.1" 200 22458 "https://swansondentalgroupreno.com/" "Mozilla/5.0 AppleWebKit/537.36 (KHTML, like Gecko; compatible; Googlebot/2.1; +http://www.google.com/bot.html) Chrome/151.0.7922.108 Safari/537.36"
192.178.6.34 - - [17/Aug/2026:10:57:40 -0600] "GET /wp-includes/js/dist/vendor/wp-polyfill.min.js?ver=3.15.0 HTTP/1.1" 200 33744 "https://swansondentalgroupreno.com/" "Mozilla/5.0 (Linux; Android 6.0.1; Nexus 5X Build/MMB29P) AppleWebKit/537.36 (KHTML, like Gecko) Chrome/151.0.7922.108 Mobile Safari/537.36 (compatible; Googlebot/2.1; +http://www.google.com/bot.html)"
192.178.6.34 - - [17/Aug/2026:10:57:41 -0600] "GET /wp-includes/js/dist/vendor/wp-polyfill.min.js?ver=3.15.0 HTTP/1.1" 200 33744 "https://swansondentalgroupreno.com/" "Mozilla/5.0 AppleWebKit/537.36 (KHTML, like Gecko; compatible; Googlebot/2.1; +http://www.google.com/bot.html) Chrome/151.0.7922.108 Safari/537.36"
192.178.6.34 - - [17/Aug/2026:10:57:41 -0600] "GET /wp-content/uploads/2025/08/Insta-white.svg HTTP/1.1" 200 2225 "https://swansondentalgroupreno.com/" "Mozilla/5.0 (Linux; Android 6.0.1; Nexus 5X Build/MMB29P) AppleWebKit/537.36 (KHTML, like Gecko) Chrome/151.0.7922.108 Mobile Safari/537.36 (compatible; Googlebot/2.1; +http://www.google.com/bot.html)"
192.178.6.34 - - [17/Aug/2026:10:57:42 -0600] "GET /wp-content/themes/swanson/images/closecall.svg HTTP/1.1" 200 5176 "https://swansondentalgroupreno.com/" "Mozilla/5.0 (Linux; Android 6.0.1; Nexus 5X Build/MMB29P) AppleWebKit/537.36 (KHTML, like Gecko) Chrome/151.0.7922.108 Mobile Safari/537.36 (compatible; Googlebot/2.1; +http://www.google.com/bot.html)"
192.178.6.34 - - [17/Aug/2026:10:57:42 -0600] "GET /wp-content/themes/swanson/images/facebook.svg HTTP/1.1" 200 404 "https://swansondentalgroupreno.com/" "Mozilla/5.0 (Linux; Android 6.0.1; Nexus 5X Build/MMB29P) AppleWebKit/537.36 (KHTML, like Gecko) Chrome/151.0.7922.108 Mobile Safari/537.36 (compatible; Googlebot/2.1; +http://www.google.com/bot.html)"
192.178.6.34 - - [17/Aug/2026:10:57:43 -0600] "GET /wp-content/themes/swanson/images/facebook.svg HTTP/1.1" 200 404 "https://swansondentalgroupreno.com/" "Mozilla/5.0 AppleWebKit/537.36 (KHTML, like Gecko; compatible; Googlebot/2.1; +http://www.google.com/bot.html) Chrome/151.0.7922.108 Safari/537.36"
192.178.6.34 - - [17/Aug/2026:10:57:43 -0600] "GET /wp-content/themes/swanson/images/closecall.svg HTTP/1.1" 200 5176 "https://swansondentalgroupreno.com/" "Mozilla/5.0 AppleWebKit/537.36 (KHTML, like Gecko; compatible; Googlebot/2.1; +http://www.google.com/bot.html) Chrome/151.0.7922.108 Safari/537.36"
192.178.6.34 - - [17/Aug/2026:10:57:44 -0600] "GET /wp-content/uploads/2025/08/Insta-white.svg HTTP/1.1" 200 2225 "https://swansondentalgroupreno.com/" "Mozilla/5.0 AppleWebKit/537.36 (KHTML, like Gecko; compatible; Googlebot/2.1; +http://www.google.com/bot.html) Chrome/151.0.7922.108 Safari/537.36"
192.178.6.34 - - [17/Aug/2026:10:57:44 -0600] "GET /wp-json/contact-form-7/v1/contact-forms/39/feedback/schema HTTP/1.1" 200 946 "https://swansondentalgroupreno.com/" "Mozilla/5.0 AppleWebKit/537.36 (KHTML, like Gecko; compatible; Googlebot/2.1; +http://www.google.com/bot.html) Chrome/151.0.7922.108 Safari/537.36"
192.178.6.34 - - [17/Aug/2026:10:57:46 -0600] "GET / HTTP/1.1" 200 122950 "-" "Mozilla/5.0 (compatible; Googlebot/2.1; +http://www.google.com/bot.html)"
192.178.6.34 - - [17/Aug/2026:10:57:47 -0600] "GET / HTTP/1.1" 200 122950 "-" "Mozilla/5.0 (Linux; Android 6.0.1; Nexus 5X Build/MMB29P) AppleWebKit/537.36 (KHTML, like Gecko) Chrome/99.0.4844.84 Mobile Safari/537.36 (compatible; Googlebot/2.1; +http://www.google.com/bot.html)"
192.178.6.34 - - [17/Aug/2026:10:57:48 -0600] "GET /wp-content/uploads/2024/04/specialtyservices.svg HTTP/1.1" 200 4000 "https://swansondentalgroupreno.com/" "Mozilla/5.0 (Linux; Android 6.0.1; Nexus 5X Build/MMB29P) AppleWebKit/537.36 (KHTML, like Gecko) Chrome/151.0.7922.108 Mobile Safari/537.36 (compatible; Googlebot/2.1; +http://www.google.com/bot.html)"
192.178.6.34 - - [17/Aug/2026:10:57:57 -0600] "GET /wp-content/uploads/2024/04/specialtyservices.svg HTTP/1.1" 200 4000 "https://swansondentalgroupreno.com/" "Mozilla/5.0 AppleWebKit/537.36 (KHTML, like Gecko; compatible; Googlebot/2.1; +http://www.google.com/bot.html) Chrome/150.0.7871.186 Safari/537.36"
192.178.6.34 - - [17/Aug/2026:10:57:57 -0600] "GET /wp-content/plugins/maxslider/assets/vendor/slick/slick.js?ver=1.6.0 HTTP/1.1" 200 84265 "https://swansondentalgroupreno.com/" "Mozilla/5.0 AppleWebKit/537.36 (KHTML, like Gecko; compatible; Googlebot/2.1; +http://www.google.com/bot.html) Chrome/150.0.7871.186 Safari/537.36"
194.164.107.4 - - [17/Aug/2026:10:59:35 -0600] "GET / HTTP/1.1" 301 - "-" "Mozilla/5.0 (Windows NT 10.0; Win64; x64) AppleWebKit/537.36 (KHTML, like Gecko) Chrome/133.0.0.0 Safari/537.36"
162.215.171.210 - - [17/Aug/2026:10:59:36 -0600] "POST /wp-cron.php?doing_wp_cron=1786985976.4050509929656982421875 HTTP/1.1" 200 - "-" "WordPress/7.0.4; https://swansondentalgroupreno.com"
194.164.107.4 - - [17/Aug/2026:10:59:38 -0600] "GET / HTTP/1.1" 200 122950 "https://www.swansondentalgroupreno.com/" "Mozilla/5.0 (Windows NT 10.0; Win64; x64) AppleWebKit/537.36 (KHTML, like Gecko) Chrome/133.0.0.0 Safari/537.36"
161.35.42.198 - - [17/Aug/2026:10:59:50 -0600] "POST /wp-login.php HTTP/1.1" 200 7558 "-" "Mozilla/5.0"
161.35.42.198 - - [17/Aug/2026:10:59:50 -0600] "POST /wp-login.php HTTP/1.1" 200 7497 "-" "Mozilla/5.0"
161.35.42.198 - - [17/Aug/2026:10:59:50 -0600] "POST /wp-login.php HTTP/1.1" 200 7554 "-" "Mozilla/5.0"
161.35.42.198 - - [17/Aug/2026:10:59:50 -0600] "POST /wp-login.php HTTP/1.1" 200 7560 "-" "Mozilla/5.0"
161.35.42.198 - - [17/Aug/2026:10:59:50 -0600] "POST /wp-login.php HTTP/1.1" 200 7554 "-" "Mozilla/5.0"
161.35.42.198 - - [17/Aug/2026:10:59:50 -0600] "POST /wp-login.php HTTP/1.1" 200 7554 "-" "Mozilla/5.0"
161.35.42.198 - - [17/Aug/2026:10:59:50 -0600] "POST /wp-login.php HTTP/1.1" 200 7554 "-" "Mozilla/5.0"
161.35.42.198 - - [17/Aug/2026:10:59:50 -0600] "POST /wp-login.php HTTP/1.1" 200 7554 "-" "Mozilla/5.0"
161.35.42.198 - - [17/Aug/2026:10:59:50 -0600] "POST /wp-login.php HTTP/1.1" 200 7554 "-" "Mozilla/5.0"
92.98.138.198 - - [17/Aug/2026:11:00:48 -0600] "POST /xmlrpc.php HTTP/1.1" 200 403 "-" "Jetpack by WordPress.com (Jetpack 13.0; WordPress 6.2)"
162.215.171.210 - - [17/Aug/2026:11:00:49 -0600] "POST /wp-cron.php?doing_wp_cron=1786986049.1338000297546386718750 HTTP/1.1" 200 - "-" "WordPress/7.0.4; https://swansondentalgroupreno.com"
162.215.171.210 - - [17/Aug/2026:11:00:56 -0600] "POST /wp-cron.php?doing_wp_cron=1786986056.3203361034393310546875 HTTP/1.1" 200 - "-" "WordPress/7.0.4; https://swansondentalgroupreno.com"
92.98.138.198 - - [17/Aug/2026:11:00:55 -0600] "POST /xmlrpc.php HTTP/1.1" 200 403 "-" "Jetpack by WordPress.com (Jetpack 12.0; WordPress 6.2)"
92.98.138.198 - - [17/Aug/2026:11:01:00 -0600] "POST /xmlrpc.php HTTP/1.1" 200 403 "-" "Jetpack/12.5; WordPress/6.4; http://site27256109.com"
92.98.138.198 - - [17/Aug/2026:11:01:10 -0600] "POST /xmlrpc.php HTTP/1.1" 200 403 "-" "Jetpack by WordPress.com (Jetpack 12.5; WordPress 6.1)"
92.98.138.198 - - [17/Aug/2026:11:01:21 -0600] "POST /xmlrpc.php HTTP/1.1" 200 403 "-" "Jetpack by WordPress.com"
92.98.138.198 - - [17/Aug/2026:11:01:31 -0600] "POST /xmlrpc.php HTTP/1.1" 200 403 "-" "Jetpack/13.0; WordPress/6.3; http://site55552333.com"
92.98.138.198 - - [17/Aug/2026:11:01:42 -0600] "POST /xmlrpc.php HTTP/1.1" 200 403 "-" "Jetpack by WordPress.com (Jetpack 12.5; WordPress 6.3)"
92.98.138.198 - - [17/Aug/2026:11:01:52 -0600] "POST /xmlrpc.php HTTP/1.1" 200 403 "-" "Jetpack by WordPress.com"
162.215.171.210 - - [17/Aug/2026:11:01:53 -0600] "POST /wp-cron.php?doing_wp_cron=1786986113.9599139690399169921875 HTTP/1.1" 200 - "-" "WordPress/7.0.4; https://swansondentalgroupreno.com"
92.98.138.198 - - [17/Aug/2026:11:02:03 -0600] "POST /xmlrpc.php HTTP/1.1" 200 403 "-" "Jetpack by WordPress.com"
162.215.171.210 - - [17/Aug/2026:11:02:04 -0600] "POST /wp-cron.php?doing_wp_cron=1786986124.6046249866485595703125 HTTP/1.1" 200 - "-" "WordPress/7.0.4; https://swansondentalgroupreno.com"
92.98.138.198 - - [17/Aug/2026:11:02:14 -0600] "POST /xmlrpc.php HTTP/1.1" 200 403 "-" "Jetpack by WordPress.com"
92.98.138.198 - - [17/Aug/2026:11:02:24 -0600] "POST /xmlrpc.php HTTP/1.1" 200 403 "-" "Jetpack/12.0; WordPress/6.2; http://site57288833.com"
92.98.138.198 - - [17/Aug/2026:11:02:35 -0600] "POST /xmlrpc.php HTTP/1.1" 200 403 "-" "Jetpack/12.1; WordPress/6.2; http://site72206616.com"
92.98.138.198 - - [17/Aug/2026:11:02:45 -0600] "POST /xmlrpc.php HTTP/1.1" 200 403 "-" "Jetpack by WordPress.com"
162.215.171.210 - - [17/Aug/2026:11:02:57 -0600] "POST /wp-cron.php?doing_wp_cron=1786986176.9919369220733642578125 HTTP/1.1" 200 - "-" "WordPress/7.0.4; https://swansondentalgroupreno.com"
92.98.138.198 - - [17/Aug/2026:11:02:56 -0600] "POST /xmlrpc.php HTTP/1.1" 200 403 "-" "Jetpack by WordPress.com"
92.98.138.198 - - [17/Aug/2026:11:03:06 -0600] "POST /xmlrpc.php HTTP/1.1" 200 403 "-" "WordPress.com; https://wordpress.com"
92.98.138.198 - - [17/Aug/2026:11:03:17 -0600] "POST /xmlrpc.php HTTP/1.1" 200 403 "-" "Jetpack by WordPress.com (Jetpack 12.1; WordPress 6.3)"
92.98.138.198 - - [17/Aug/2026:11:03:27 -0600] "POST /xmlrpc.php HTTP/1.1" 200 403 "-" "Jetpack/13.0; WordPress/6.2; http://site53616477.com"
92.98.138.198 - - [17/Aug/2026:11:03:38 -0600] "POST /xmlrpc.php HTTP/1.1" 200 403 "-" "Jetpack by WordPress.com"
92.98.138.198 - - [17/Aug/2026:11:03:48 -0600] "POST /xmlrpc.php HTTP/1.1" 200 403 "-" "WordPress.com; https://wordpress.com"
162.215.171.210 - - [17/Aug/2026:11:04:00 -0600] "POST /wp-cron.php?doing_wp_cron=1786986240.3516740798950195312500 HTTP/1.1" 200 - "-" "WordPress/7.0.4; https://swansondentalgroupreno.com"
92.98.138.198 - - [17/Aug/2026:11:03:59 -0600] "POST /xmlrpc.php HTTP/1.1" 200 403 "-" "Jetpack by WordPress.com (Jetpack 12.5; WordPress 6.2)"
92.98.138.198 - - [17/Aug/2026:11:04:09 -0600] "POST /xmlrpc.php HTTP/1.1" 200 403 "-" "WordPress.com; https://wordpress.com"
92.98.138.198 - - [17/Aug/2026:11:04:20 -0600] "POST /xmlrpc.php HTTP/1.1" 200 403 "-" "Jetpack by WordPress.com"
92.98.138.198 - - [17/Aug/2026:11:04:30 -0600] "POST /xmlrpc.php HTTP/1.1" 200 403 "-" "Jetpack by WordPress.com (Jetpack 12.0; WordPress 6.1)"
92.98.138.198 - - [17/Aug/2026:11:04:41 -0600] "POST /xmlrpc.php HTTP/1.1" 200 403 "-" "Jetpack/12.0; WordPress/6.1; http://site55181036.com"
92.98.138.198 - - [17/Aug/2026:11:04:51 -0600] "POST /xmlrpc.php HTTP/1.1" 200 403 "-" "Jetpack/12.0; WordPress/6.1; http://site68352842.com"
162.215.171.210 - - [17/Aug/2026:11:05:03 -0600] "POST /wp-cron.php?doing_wp_cron=1786986303.3424110412597656250000 HTTP/1.1" 200 - "-" "WordPress/7.0.4; https://swansondentalgroupreno.com"
92.98.138.198 - - [17/Aug/2026:11:05:02 -0600] "POST /xmlrpc.php HTTP/1.1" 200 403 "-" "Jetpack by WordPress.com (Jetpack 13.0; WordPress 6.1)"
92.98.138.198 - - [17/Aug/2026:11:05:12 -0600] "POST /xmlrpc.php HTTP/1.1" 200 403 "-" "Jetpack by WordPress.com"
92.98.138.198 - - [17/Aug/2026:11:05:23 -0600] "POST /xmlrpc.php HTTP/1.1" 200 403 "-" "Jetpack by WordPress.com (Jetpack 12.0; WordPress 6.2)"
92.98.138.198 - - [17/Aug/2026:11:05:33 -0600] "POST /xmlrpc.php HTTP/1.1" 200 403 "-" "Jetpack by WordPress.com"
92.98.138.198 - - [17/Aug/2026:11:05:44 -0600] "POST /xmlrpc.php HTTP/1.1" 200 403 "-" "Jetpack by WordPress.com"
143.198.53.13 - - [17/Aug/2026:11:05:46 -0600] "POST /wp-login.php HTTP/1.1" 200 7497 "-" "Mozilla/5.0"
143.198.53.13 - - [17/Aug/2026:11:05:46 -0600] "POST /wp-login.php HTTP/1.1" 200 7558 "-" "Mozilla/5.0"
143.198.53.13 - - [17/Aug/2026:11:05:46 -0600] "POST /wp-login.php HTTP/1.1" 200 7554 "-" "Mozilla/5.0"
143.198.53.13 - - [17/Aug/2026:11:05:46 -0600] "POST /wp-login.php HTTP/1.1" 200 7560 "-" "Mozilla/5.0"
143.198.53.13 - - [17/Aug/2026:11:05:46 -0600] "POST /wp-login.php HTTP/1.1" 200 7554 "-" "Mozilla/5.0"
143.198.53.13 - - [17/Aug/2026:11:05:46 -0600] "POST /wp-login.php HTTP/1.1" 200 7554 "-" "Mozilla/5.0"
143.198.53.13 - - [17/Aug/2026:11:05:46 -0600] "POST /wp-login.php HTTP/1.1" 200 7554 "-" "Mozilla/5.0"
143.198.53.13 - - [17/Aug/2026:11:05:46 -0600] "POST /wp-login.php HTTP/1.1" 200 7554 "-" "Mozilla/5.0"
143.198.53.13 - - [17/Aug/2026:11:05:46 -0600] "POST /wp-login.php HTTP/1.1" 200 7554 "-" "Mozilla/5.0"
92.98.138.198 - - [17/Aug/2026:11:05:55 -0600] "POST /xmlrpc.php HTTP/1.1" 200 403 "-" "Jetpack by WordPress.com (Jetpack 12.0; WordPress 6.4)"
162.215.171.210 - - [17/Aug/2026:11:06:06 -0600] "POST /wp-cron.php?doing_wp_cron=1786986366.3545598983764648437500 HTTP/1.1" 200 - "-" "WordPress/7.0.4; https://swansondentalgroupreno.com"
92.98.138.198 - - [17/Aug/2026:11:06:05 -0600] "POST /xmlrpc.php HTTP/1.1" 200 403 "-" "Jetpack by WordPress.com"
92.98.138.198 - - [17/Aug/2026:11:06:16 -0600] "POST /xmlrpc.php HTTP/1.1" 200 403 "-" "WordPress.com; https://wordpress.com"
92.98.138.198 - - [17/Aug/2026:11:06:26 -0600] "POST /xmlrpc.php HTTP/1.1" 200 403 "-" "WordPress.com; https://wordpress.com"
92.98.138.198 - - [17/Aug/2026:11:06:37 -0600] "POST /xmlrpc.php HTTP/1.1" 200 403 "-" "WordPress.com; https://wordpress.com"
162.215.171.210 - - [17/Aug/2026:11:06:48 -0600] "POST /wp-cron.php?doing_wp_cron=1786986408.6249809265136718750000 HTTP/1.1" 200 - "-" "WordPress/7.0.4; https://swansondentalgroupreno.com"
92.98.138.198 - - [17/Aug/2026:11:06:47 -0600] "POST /xmlrpc.php HTTP/1.1" 200 403 "-" "Jetpack/12.0; WordPress/6.3; http://site70854911.com"
162.215.171.210 - - [17/Aug/2026:11:06:59 -0600] "POST /wp-cron.php?doing_wp_cron=1786986419.3266310691833496093750 HTTP/1.1" 200 - "-" "WordPress/7.0.4; https://swansondentalgroupreno.com"
92.98.138.198 - - [17/Aug/2026:11:06:58 -0600] "POST /xmlrpc.php HTTP/1.1" 200 403 "-" "Jetpack by WordPress.com (Jetpack 12.1; WordPress 6.2)"
92.98.138.198 - - [17/Aug/2026:11:07:08 -0600] "POST /xmlrpc.php HTTP/1.1" 200 403 "-" "WordPress.com; https://wordpress.com"
92.98.138.198 - - [17/Aug/2026:11:07:19 -0600] "POST /xmlrpc.php HTTP/1.1" 200 403 "-" "Jetpack by WordPress.com"
92.98.138.198 - - [17/Aug/2026:11:07:29 -0600] "POST /xmlrpc.php HTTP/1.1" 200 403 "-" "Jetpack by WordPress.com"
92.98.138.198 - - [17/Aug/2026:11:07:40 -0600] "POST /xmlrpc.php HTTP/1.1" 200 403 "-" "Jetpack by WordPress.com"
92.98.138.198 - - [17/Aug/2026:11:07:50 -0600] "POST /xmlrpc.php HTTP/1.1" 200 403 "-" "Jetpack by WordPress.com (Jetpack 12.1; WordPress 6.2)"
162.215.171.210 - - [17/Aug/2026:11:08:02 -0600] "POST /wp-cron.php?doing_wp_cron=1786986482.2504100799560546875000 HTTP/1.1" 200 - "-" "WordPress/7.0.4; https://swansondentalgroupreno.com"
92.98.138.198 - - [17/Aug/2026:11:08:01 -0600] "POST /xmlrpc.php HTTP/1.1" 200 403 "-" "Jetpack by WordPress.com (Jetpack 12.1; WordPress 6.3)"
92.98.138.198 - - [17/Aug/2026:11:08:11 -0600] "POST /xmlrpc.php HTTP/1.1" 200 403 "-" "WordPress.com; https://wordpress.com"
92.98.138.198 - - [17/Aug/2026:11:08:22 -0600] "POST /xmlrpc.php HTTP/1.1" 200 403 "-" "Jetpack/13.0; WordPress/6.1; http://site76666986.com"
92.98.138.198 - - [17/Aug/2026:11:08:32 -0600] "POST /xmlrpc.php HTTP/1.1" 200 403 "-" "WordPress.com; https://wordpress.com"
92.98.138.198 - - [17/Aug/2026:11:08:43 -0600] "POST /xmlrpc.php HTTP/1.1" 200 403 "-" "WordPress.com; https://wordpress.com"
92.98.138.198 - - [17/Aug/2026:11:08:54 -0600] "POST /xmlrpc.php HTTP/1.1" 200 403 "-" "Jetpack/12.0; WordPress/6.3; http://site62433070.com"
162.215.171.210 - - [17/Aug/2026:11:09:05 -0600] "POST /wp-cron.php?doing_wp_cron=1786986545.4804980754852294921875 HTTP/1.1" 200 - "-" "WordPress/7.0.4; https://swansondentalgroupreno.com"
92.98.138.198 - - [17/Aug/2026:11:09:04 -0600] "POST /xmlrpc.php HTTP/1.1" 200 403 "-" "Jetpack/12.1; WordPress/6.3; http://site50242774.com"
92.98.138.198 - - [17/Aug/2026:11:09:15 -0600] "POST /xmlrpc.php HTTP/1.1" 200 403 "-" "Jetpack by WordPress.com (Jetpack 13.0; WordPress 6.3)"
92.98.138.198 - - [17/Aug/2026:11:09:25 -0600] "POST /xmlrpc.php HTTP/1.1" 200 403 "-" "Jetpack by WordPress.com"
92.98.138.198 - - [17/Aug/2026:11:09:36 -0600] "POST /xmlrpc.php HTTP/1.1" 200 403 "-" "Jetpack/13.0; WordPress/6.2; http://site79337018.com"
92.98.138.198 - - [17/Aug/2026:11:09:46 -0600] "POST /xmlrpc.php HTTP/1.1" 200 403 "-" "Jetpack by WordPress.com (Jetpack 12.1; WordPress 6.3)"
162.215.171.210 - - [17/Aug/2026:11:09:58 -0600] "POST /wp-cron.php?doing_wp_cron=1786986598.1229190826416015625000 HTTP/1.1" 200 - "-" "WordPress/7.0.4; https://swansondentalgroupreno.com"
92.98.138.198 - - [17/Aug/2026:11:09:57 -0600] "POST /xmlrpc.php HTTP/1.1" 200 403 "-" "Jetpack by WordPress.com (Jetpack 12.5; WordPress 6.4)"
92.98.138.198 - - [17/Aug/2026:11:10:07 -0600] "POST /xmlrpc.php HTTP/1.1" 200 403 "-" "Jetpack/13.0; WordPress/6.3; http://site11455575.com"
161.35.42.198 - - [17/Aug/2026:11:10:08 -0600] "POST /wp-login.php HTTP/1.1" 200 7497 "-" "Mozilla/5.0"
161.35.42.198 - - [17/Aug/2026:11:10:08 -0600] "POST /wp-login.php HTTP/1.1" 200 7558 "-" "Mozilla/5.0"
161.35.42.198 - - [17/Aug/2026:11:10:08 -0600] "POST /wp-login.php HTTP/1.1" 200 7554 "-" "Mozilla/5.0"
161.35.42.198 - - [17/Aug/2026:11:10:08 -0600] "POST /wp-login.php HTTP/1.1" 200 7554 "-" "Mozilla/5.0"
161.35.42.198 - - [17/Aug/2026:11:10:08 -0600] "POST /wp-login.php HTTP/1.1" 200 7554 "-" "Mozilla/5.0"
161.35.42.198 - - [17/Aug/2026:11:10:08 -0600] "POST /wp-login.php HTTP/1.1" 200 7554 "-" "Mozilla/5.0"
161.35.42.198 - - [17/Aug/2026:11:10:08 -0600] "POST /wp-login.php HTTP/1.1" 200 7554 "-" "Mozilla/5.0"
161.35.42.198 - - [17/Aug/2026:11:10:08 -0600] "POST /wp-login.php HTTP/1.1" 200 7554 "-" "Mozilla/5.0"
161.35.42.198 - - [17/Aug/2026:11:10:08 -0600] "POST /wp-login.php HTTP/1.1" 200 7560 "-" "Mozilla/5.0"
92.98.138.198 - - [17/Aug/2026:11:10:18 -0600] "POST /xmlrpc.php HTTP/1.1" 200 403 "-" "Jetpack by WordPress.com"
40.77.167.123 - - [17/Aug/2026:11:10:28 -0600] "GET /sitemap_index.xml HTTP/1.1" 200 973 "-" "Mozilla/5.0 AppleWebKit/537.36 (KHTML, like Gecko; compatible; bingbot/2.0; +http://www.bing.com/bingbot.htm) Chrome/116.0.1938.76 Safari/537.36"
92.98.138.198 - - [17/Aug/2026:11:10:28 -0600] "POST /xmlrpc.php HTTP/1.1" 200 403 "-" "Jetpack by WordPress.com (Jetpack 13.0; WordPress 6.1)"
92.98.138.198 - - [17/Aug/2026:11:10:39 -0600] "POST /xmlrpc.php HTTP/1.1" 200 403 "-" "WordPress.com; https://wordpress.com"
92.98.138.198 - - [17/Aug/2026:11:10:49 -0600] "POST /xmlrpc.php HTTP/1.1" 200 403 "-" "WordPress.com; https://wordpress.com"
162.215.171.210 - - [17/Aug/2026:11:11:01 -0600] "POST /wp-cron.php?doing_wp_cron=1786986661.4000051021575927734375 HTTP/1.1" 200 - "-" "WordPress/7.0.4; https://swansondentalgroupreno.com"
92.98.138.198 - - [17/Aug/2026:11:11:00 -0600] "POST /xmlrpc.php HTTP/1.1" 200 403 "-" "Jetpack by WordPress.com"
92.98.138.198 - - [17/Aug/2026:11:11:10 -0600] "POST /xmlrpc.php HTTP/1.1" 200 403 "-" "Jetpack/12.1; WordPress/6.2; http://site65565287.com"
92.98.138.198 - - [17/Aug/2026:11:11:21 -0600] "POST /xmlrpc.php HTTP/1.1" 200 403 "-" "Jetpack/13.0; WordPress/6.1; http://site60101707.com"
92.98.138.198 - - [17/Aug/2026:11:11:31 -0600] "POST /xmlrpc.php HTTP/1.1" 200 403 "-" "Jetpack by WordPress.com"
92.98.138.198 - - [17/Aug/2026:11:11:42 -0600] "POST /xmlrpc.php HTTP/1.1" 200 403 "-" "Jetpack by WordPress.com"
92.98.138.198 - - [17/Aug/2026:11:11:53 -0600] "POST /xmlrpc.php HTTP/1.1" 200 403 "-" "Jetpack by WordPress.com (Jetpack 13.0; WordPress 6.2)"
162.215.171.210 - - [17/Aug/2026:11:11:53 -0600] "POST /wp-cron.php?doing_wp_cron=1786986713.8177680969238281250000 HTTP/1.1" 200 - "-" "WordPress/7.0.4; https://swansondentalgroupreno.com"
162.215.171.210 - - [17/Aug/2026:11:12:04 -0600] "POST /wp-cron.php?doing_wp_cron=1786986724.4723830223083496093750 HTTP/1.1" 200 - "-" "WordPress/7.0.4; https://swansondentalgroupreno.com"
92.98.138.198 - - [17/Aug/2026:11:12:03 -0600] "POST /xmlrpc.php HTTP/1.1" 200 403 "-" "Jetpack by WordPress.com"
92.98.138.198 - - [17/Aug/2026:11:12:14 -0600] "POST /xmlrpc.php HTTP/1.1" 200 403 "-" "Jetpack by WordPress.com"
52.167.144.180 - - [17/Aug/2026:11:12:16 -0600] "GET /py2bewh HTTP/1.1" 404 100819 "-" "Mozilla/5.0 AppleWebKit/537.36 (KHTML, like Gecko; compatible; bingbot/2.0; +http://www.bing.com/bingbot.htm) Chrome/116.0.1938.76 Safari/537.36"
92.98.138.198 - - [17/Aug/2026:11:12:24 -0600] "POST /xmlrpc.php HTTP/1.1" 200 403 "-" "Jetpack/13.0; WordPress/6.2; http://site10004790.com"
92.98.138.198 - - [17/Aug/2026:11:12:35 -0600] "POST /xmlrpc.php HTTP/1.1" 200 403 "-" "WordPress.com; https://wordpress.com"
92.98.138.198 - - [17/Aug/2026:11:12:45 -0600] "POST /xmlrpc.php HTTP/1.1" 200 403 "-" "Jetpack by WordPress.com (Jetpack 13.0; WordPress 6.3)"
162.215.171.210 - - [17/Aug/2026:11:12:57 -0600] "POST /wp-cron.php?doing_wp_cron=1786986777.1166980266571044921875 HTTP/1.1" 200 - "-" "WordPress/7.0.4; https://swansondentalgroupreno.com"
92.98.138.198 - - [17/Aug/2026:11:12:56 -0600] "POST /xmlrpc.php HTTP/1.1" 200 403 "-" "Jetpack by WordPress.com (Jetpack 13.0; WordPress 6.2)"
92.98.138.198 - - [17/Aug/2026:11:13:06 -0600] "POST /xmlrpc.php HTTP/1.1" 200 403 "-" "Jetpack/12.0; WordPress/6.4; http://site47209243.com"
92.98.138.198 - - [17/Aug/2026:11:13:17 -0600] "POST /xmlrpc.php HTTP/1.1" 200 403 "-" "Jetpack/12.1; WordPress/6.4; http://site51429875.com"
92.98.138.198 - - [17/Aug/2026:11:13:27 -0600] "POST /xmlrpc.php HTTP/1.1" 200 403 "-" "WordPress.com; https://wordpress.com"
92.98.138.198 - - [17/Aug/2026:11:13:38 -0600] "POST /xmlrpc.php HTTP/1.1" 200 403 "-" "WordPress.com; https://wordpress.com"
92.98.138.198 - - [17/Aug/2026:11:13:48 -0600] "POST /xmlrpc.php HTTP/1.1" 200 403 "-" "Jetpack by WordPress.com"
162.215.171.210 - - [17/Aug/2026:11:14:00 -0600] "POST /wp-cron.php?doing_wp_cron=1786986840.1708359718322753906250 HTTP/1.1" 200 - "-" "WordPress/7.0.4; https://swansondentalgroupreno.com"
92.98.138.198 - - [17/Aug/2026:11:13:59 -0600] "POST /xmlrpc.php HTTP/1.1" 200 403 "-" "Jetpack by WordPress.com"
92.98.138.198 - - [17/Aug/2026:11:14:09 -0600] "POST /xmlrpc.php HTTP/1.1" 200 403 "-" "WordPress.com; https://wordpress.com"
92.98.138.198 - - [17/Aug/2026:11:14:20 -0600] "POST /xmlrpc.php HTTP/1.1" 200 403 "-" "Jetpack by WordPress.com (Jetpack 12.0; WordPress 6.1)"
92.98.138.198 - - [17/Aug/2026:11:14:30 -0600] "POST /xmlrpc.php HTTP/1.1" 200 403 "-" "Jetpack by WordPress.com"
92.98.138.198 - - [17/Aug/2026:11:14:41 -0600] "POST /xmlrpc.php HTTP/1.1" 200 403 "-" "Jetpack/12.0; WordPress/6.2; http://site75041748.com"
92.98.138.198 - - [17/Aug/2026:11:14:51 -0600] "POST /xmlrpc.php HTTP/1.1" 200 403 "-" "Jetpack by WordPress.com (Jetpack 13.0; WordPress 6.3)"
162.215.171.210 - - [17/Aug/2026:11:15:03 -0600] "POST /wp-cron.php?doing_wp_cron=1786986903.2184491157531738281250 HTTP/1.1" 200 - "-" "WordPress/7.0.4; https://swansondentalgroupreno.com"
92.98.138.198 - - [17/Aug/2026:11:15:02 -0600] "POST /xmlrpc.php HTTP/1.1" 200 403 "-" "Jetpack by WordPress.com (Jetpack 13.0; WordPress 6.1)"
90.228.247.190 - - [17/Aug/2026:11:15:08 -0600] "POST /xmlrpc.php HTTP/1.1" 200 403 "-" "WordPress.com; https://wordpress.com"
92.98.138.198 - - [17/Aug/2026:11:15:12 -0600] "POST /xmlrpc.php HTTP/1.1" 200 403 "-" "Jetpack by WordPress.com"
92.98.138.198 - - [17/Aug/2026:11:15:23 -0600] "POST /xmlrpc.php HTTP/1.1" 200 403 "-" "WordPress.com; https://wordpress.com"
147.185.187.49 - - [17/Aug/2026:11:15:29 -0600] "GET / HTTP/1.1" 200 122950 "-" "Mozilla/5.0 (Macintosh; Intel Mac OS X 10_15_7) AppleWebKit/537.36 (KHTML, like Gecko) Chrome/150.0.0.0 Safari/537.36"
